[INFO] fetching crate id_effect_proc_macro 0.6.0...
[INFO] testing id_effect_proc_macro-0.6.0 against 1.100.0-beta.1+cargoflags=--release for beta-release-1.100-2
[INFO] extracting crate id_effect_proc_macro 0.6.0 into /workspace/builds/worker-2-tc2/source
[INFO] started tweaking crates.io crate id_effect_proc_macro 0.6.0
[INFO] removed 0 missing examples
[INFO] removed 0 missing tests
[INFO] finished tweaking crates.io crate id_effect_proc_macro 0.6.0
[INFO] tweaked toml for crates.io crate id_effect_proc_macro 0.6.0 written to /workspace/builds/worker-2-tc2/source/Cargo.toml
[INFO] validating manifest of crates.io crate id_effect_proc_macro 0.6.0 on toolchain 1.100.0-beta.1
[INFO] running `Command { std: CARGO_HOME="/workspace/cargo-home" RUSTUP_HOME="/workspace/rustup-home" "/workspace/cargo-home/bin/cargo" "+1.100.0-beta.1" "metadata" "--manifest-path" "Cargo.toml" "--no-deps", kill_on_drop: false }`
[INFO] crate crates.io crate id_effect_proc_macro 0.6.0 already has a lockfile, it will not be regenerated
[INFO] running `Command { std: CARGO_HOME="/workspace/cargo-home" RUSTUP_HOME="/workspace/rustup-home" "/workspace/cargo-home/bin/cargo" "+1.100.0-beta.1" "fetch" "--manifest-path" "Cargo.toml", kill_on_drop: false }`
[INFO] running `Command { std: "docker" "create" "-v" "/var/lib/crater-agent-workspace/builds/worker-2-tc2/source:/opt/rustwide/workdir:ro,Z" "-v" "/var/lib/crater-agent-workspace/builds/worker-2-tc2/target:/opt/rustwide/target:rw,Z" "-v" "/var/lib/crater-agent-workspace/cargo-home:/opt/rustwide/cargo-home:ro,Z" "-v" "/var/lib/crater-agent-workspace/rustup-home:/opt/rustwide/rustup-home:ro,Z" "-m" "1610612736" "--network" "none" "ghcr.io/rust-lang/crates-build-env/linux@sha256:77db811e55d90add9212f6832c23229e3de5f1c1f9905e8cb07319ea15df73ac" "sleep" "infinity", kill_on_drop: false }`
[INFO] [stdout] 28b9ed62028692deabc4dfd85ffe33f14833b98de686b7b0c24d29c2fd9e59aa
[INFO] running `Command { std: "docker" "start" "28b9ed62028692deabc4dfd85ffe33f14833b98de686b7b0c24d29c2fd9e59aa", kill_on_drop: false }`
[INFO] running `Command { std: "docker" "inspect" "28b9ed62028692deabc4dfd85ffe33f14833b98de686b7b0c24d29c2fd9e59aa", kill_on_drop: false }`
[INFO] running `Command { std: "docker" "exec" "-e" "SOURCE_DIR=/opt/rustwide/workdir" "-e" "CARGO_HOME=/opt/rustwide/cargo-home" "-e" "RUSTUP_HOME=/opt/rustwide/rustup-home" "-e" "CARGO_TARGET_DIR=/opt/rustwide/target" "-w" "/opt/rustwide/workdir" "--user" "0:0" "28b9ed62028692deabc4dfd85ffe33f14833b98de686b7b0c24d29c2fd9e59aa" "/opt/rustwide/cargo-home/bin/cargo" "+1.100.0-beta.1" "metadata" "--no-deps" "--format-version=1", kill_on_drop: false }`
[INFO] running `Command { std: "docker" "inspect" "28b9ed62028692deabc4dfd85ffe33f14833b98de686b7b0c24d29c2fd9e59aa", kill_on_drop: false }`
[INFO] running `Command { std: "docker" "exec" "-e" "SOURCE_DIR=/opt/rustwide/workdir" "-e" "CARGO_HOME=/opt/rustwide/cargo-home" "-e" "RUSTUP_HOME=/opt/rustwide/rustup-home" "-e" "CARGO_TARGET_DIR=/opt/rustwide/target" "-e" "CARGO_INCREMENTAL=0" "-e" "RUST_BACKTRACE=full" "-e" "RUSTFLAGS=--cap-lints=warn" "-e" "RUSTDOCFLAGS=--cap-lints=warn" "-w" "/opt/rustwide/workdir" "--user" "0:0" "28b9ed62028692deabc4dfd85ffe33f14833b98de686b7b0c24d29c2fd9e59aa" "/opt/rustwide/cargo-home/bin/cargo" "+1.100.0-beta.1" "build" "--frozen" "--message-format=json" "--release", kill_on_drop: false }`
[INFO] [stderr]    Compiling id_effect_proc_macro v0.6.0 (/opt/rustwide/workdir)
[INFO] [stderr]     Finished `release` profile [optimized] target(s) in 9.34s
[INFO] running `Command { std: "docker" "inspect" "28b9ed62028692deabc4dfd85ffe33f14833b98de686b7b0c24d29c2fd9e59aa", kill_on_drop: false }`
[INFO] running `Command { std: "docker" "exec" "-e" "SOURCE_DIR=/opt/rustwide/workdir" "-e" "CARGO_HOME=/opt/rustwide/cargo-home" "-e" "RUSTUP_HOME=/opt/rustwide/rustup-home" "-e" "CARGO_TARGET_DIR=/opt/rustwide/target" "-e" "CARGO_INCREMENTAL=0" "-e" "RUST_BACKTRACE=full" "-e" "RUSTFLAGS=--cap-lints=warn" "-e" "RUSTDOCFLAGS=--cap-lints=warn" "-w" "/opt/rustwide/workdir" "--user" "0:0" "28b9ed62028692deabc4dfd85ffe33f14833b98de686b7b0c24d29c2fd9e59aa" "/opt/rustwide/cargo-home/bin/cargo" "+1.100.0-beta.1" "test" "--frozen" "--no-run" "--message-format=json" "--release", kill_on_drop: false }`
[INFO] [stderr]    Compiling id_effect_proc_macro v0.6.0 (/opt/rustwide/workdir)
[INFO] [stderr]    Compiling syn v2.0.119
[INFO] [stdout] error[E0433]: cannot find module or crate `id_effect` in this scope
[INFO] [stdout]  --> examples/derive_schema.rs:8:5
[INFO] [stdout]   |
[INFO] [stdout] 8 | use id_effect::schema::{HasSchema, Unknown};
[INFO] [stdout]   |     ^^^^^^^^^ use of unresolved module or unlinked crate `id_effect`
[INFO] [stdout]   |
[INFO] [stdout]   = help: if you wanted to use a crate named `id_effect`, use `cargo add id_effect` to add it to your `Cargo.toml`
[INFO] [stdout] 
[INFO] [stdout] 
[INFO] [stdout] error[E0432]: unresolved import `id_effect`
[INFO] [stdout]  --> examples/derive_schema.rs:9:5
[INFO] [stdout]   |
[INFO] [stdout] 9 | use id_effect::{Effect, Schema, effect, run_blocking, succeed};
[INFO] [stdout]   |     ^^^^^^^^^ use of unresolved module or unlinked crate `id_effect`
[INFO] [stdout]   |
[INFO] [stdout]   = help: if you wanted to use a crate named `id_effect`, use `cargo add id_effect` to add it to your `Cargo.toml`
[INFO] [stdout] 
[INFO] [stdout] 
[INFO] [stdout] error: cannot find attribute `schema` in this scope
[INFO] [stdout]   --> examples/derive_schema.rs:13:5
[INFO] [stdout]    |
[INFO] [stdout] 13 |   #[schema("user_name")]
[INFO] [stdout]    |     ^^^^^^
[INFO] [stdout]    |
[INFO] [stdout]    = note: `schema` is an attribute that can be used by the derive macros `Schema` and `SchemaParser`, you might be missing a `derive` attribute
[INFO] [stdout] 
[INFO] [stdout] 
[INFO] [stdout] error[E0599]: no associated function or constant named `schema` found for struct `User` in the current scope
[INFO] [stdout]   --> examples/derive_schema.rs:26:20
[INFO] [stdout]    |
[INFO] [stdout] 12 | struct User {
[INFO] [stdout]    | ----------- associated function or constant `schema` not found for this struct
[INFO] [stdout] ...
[INFO] [stdout] 26 |   let wire = User::schema().encode(User {
[INFO] [stdout]    |                    ^^^^^^ associated function or constant not found in `User`
[INFO] [stdout] 
[INFO] [stdout] 
[INFO] [stdout] Some errors have detailed explanations: E0432, E0433, E0599.
[INFO] [stdout] 
[INFO] [stdout] For more information about an error, try `rustc --explain E0432`.
[INFO] [stdout] 
[INFO] [stdout] error[E0433]: cannot find module or crate `id_effect` in this scope
[INFO] [stdout]  --> tests/derive_stubs.rs:1:5
[INFO] [stdout]   |
[INFO] [stdout] 1 | use id_effect::schema::{HasSchema, Unknown};
[INFO] [stdout]   |     ^^^^^^^^^ use of unresolved module or unlinked crate `id_effect`
[INFO] [stdout]   |
[INFO] [stdout]   = help: if you wanted to use a crate named `id_effect`, use `cargo add id_effect` to add it to your `Cargo.toml`
[INFO] [stdout] 
[INFO] [stdout] 
[INFO] [stderr] error: could not compile `id_effect_proc_macro` (example "derive_schema") due to 4 previous errors
[INFO] [stderr] warning: build failed, waiting for other jobs to finish...
[INFO] [stdout] error[E0433]: cannot find `id_effect_optics` in the list of imported crates
[INFO] [stdout]  --> tests/derive_stubs.rs:4:10
[INFO] [stdout]   |
[INFO] [stdout] 4 | #[derive(Optics)]
[INFO] [stdout]   |          ^^^^^^ could not find `id_effect_optics` in the list of imported crates
[INFO] [stdout]   |
[INFO] [stdout]   = note: this error originates in the derive macro `Optics` (in Nightly builds, run with -Z macro-backtrace for more info)
[INFO] [stdout] 
[INFO] [stdout] 
[INFO] [stdout] error[E0433]: cannot find `id_effect_optics` in the list of imported crates
[INFO] [stdout]   --> tests/derive_stubs.rs:10:10
[INFO] [stdout]    |
[INFO] [stdout] 10 | #[derive(Optics)]
[INFO] [stdout]    |          ^^^^^^ could not find `id_effect_optics` in the list of imported crates
[INFO] [stdout]    |
[INFO] [stdout]    = note: this error originates in the derive macro `Optics` (in Nightly builds, run with -Z macro-backtrace for more info)
[INFO] [stdout] 
[INFO] [stdout] 
[INFO] [stdout] error[E0433]: cannot find `id_effect` in the list of imported crates
[INFO] [stdout]   --> tests/derive_stubs.rs:16:35
[INFO] [stdout]    |
[INFO] [stdout] 16 | #[derive(Clone, Debug, PartialEq, Schema)]
[INFO] [stdout]    |                                   ^^^^^^ could not find `id_effect` in the list of imported crates
[INFO] [stdout]    |
[INFO] [stdout]    = note: this error originates in the derive macro `Schema` (in Nightly builds, run with -Z macro-backtrace for more info)
[INFO] [stdout] 
[INFO] [stdout] 
[INFO] [stdout] error[E0433]: cannot find `id_effect` in the list of imported crates
[INFO] [stdout]   --> tests/derive_stubs.rs:24:35
[INFO] [stdout]    |
[INFO] [stdout] 24 | #[derive(Clone, Debug, PartialEq, SchemaParser)]
[INFO] [stdout]    |                                   ^^^^^^^^^^^^ could not find `id_effect` in the list of imported crates
[INFO] [stdout]    |
[INFO] [stdout]    = note: this error originates in the derive macro `SchemaParser` (in Nightly builds, run with -Z macro-backtrace for more info)
[INFO] [stdout] 
[INFO] [stdout] 
[INFO] [stdout] error[E0433]: cannot find `id_effect` in the list of imported crates
[INFO] [stdout]   --> tests/derive_stubs.rs:16:35
[INFO] [stdout]    |
[INFO] [stdout] 16 | #[derive(Clone, Debug, PartialEq, Schema)]
[INFO] [stdout]    |                                   ^^^^^^ could not find `id_effect` in the list of imported crates
[INFO] [stdout]    |
[INFO] [stdout]    = note: this error originates in the derive macro `Schema` (in Nightly builds, run with -Z macro-backtrace for more info)
[INFO] [stdout] help: consider importing this type alias
[INFO] [stdout]    |
[INFO] [stdout]  1 + use std::string::ParseError;
[INFO] [stdout]    |
[INFO] [stdout] 
[INFO] [stdout] 
[INFO] [stdout] error[E0433]: cannot find `id_effect` in the list of imported crates
[INFO] [stdout]   --> tests/derive_stubs.rs:24:35
[INFO] [stdout]    |
[INFO] [stdout] 24 | #[derive(Clone, Debug, PartialEq, SchemaParser)]
[INFO] [stdout]    |                                   ^^^^^^^^^^^^ could not find `id_effect` in the list of imported crates
[INFO] [stdout]    |
[INFO] [stdout]    = note: this error originates in the derive macro `SchemaParser` (in Nightly builds, run with -Z macro-backtrace for more info)
[INFO] [stdout] help: consider importing this type alias
[INFO] [stdout]    |
[INFO] [stdout]  1 + use std::string::ParseError;
[INFO] [stdout]    |
[INFO] [stdout] 
[INFO] [stdout] 
[INFO] [stdout] For more information about this error, try `rustc --explain E0433`.
[INFO] [stdout] 
[INFO] [stderr] error: could not compile `id_effect_proc_macro` (test "derive_stubs") due to 7 previous errors
[INFO] running `Command { std: "docker" "inspect" "28b9ed62028692deabc4dfd85ffe33f14833b98de686b7b0c24d29c2fd9e59aa", kill_on_drop: false }`
[INFO] running `Command { std: "docker" "rm" "-f" "28b9ed62028692deabc4dfd85ffe33f14833b98de686b7b0c24d29c2fd9e59aa", kill_on_drop: false }`
[INFO] [stdout] 28b9ed62028692deabc4dfd85ffe33f14833b98de686b7b0c24d29c2fd9e59aa
