[INFO] fetching crate icu_calendar 2.3.0...
[INFO] testing icu_calendar-2.3.0 against 1.99.0-beta.8+cargoflags=--release for beta-release-1.100-2
[INFO] extracting crate icu_calendar 2.3.0 into /workspace/builds/worker-2-tc1/source
[INFO] started tweaking crates.io crate icu_calendar 2.3.0
[INFO] removed 0 missing tests
[INFO] finished tweaking crates.io crate icu_calendar 2.3.0
[INFO] tweaked toml for crates.io crate icu_calendar 2.3.0 written to /workspace/builds/worker-2-tc1/source/Cargo.toml
[INFO] validating manifest of crates.io crate icu_calendar 2.3.0 on toolchain 1.99.0-beta.8
[INFO] running `Command { std: CARGO_HOME="/workspace/cargo-home" RUSTUP_HOME="/workspace/rustup-home" "/workspace/cargo-home/bin/cargo" "+1.99.0-beta.8" "metadata" "--manifest-path" "Cargo.toml" "--no-deps", kill_on_drop: false }`
[INFO] crate crates.io crate icu_calendar 2.3.0 already has a lockfile, it will not be regenerated
[INFO] running `Command { std: CARGO_HOME="/workspace/cargo-home" RUSTUP_HOME="/workspace/rustup-home" "/workspace/cargo-home/bin/cargo" "+1.99.0-beta.8" "fetch" "--manifest-path" "Cargo.toml", kill_on_drop: false }`
[INFO] [stderr]     Updating crates.io index
[INFO] [stderr]  Downloading crates ...
[INFO] [stderr]   Downloaded databake v0.2.1
[INFO] [stderr]   Downloaded databake-derive v0.2.1
[INFO] [stderr]   Downloaded ureq v3.2.1
[INFO] [stderr]   Downloaded icu_calendar_data v2.3.0
[INFO] [stderr]   Downloaded ixdtf v0.6.6
[INFO] [stderr]   Downloaded clap v4.4.18
[INFO] [stderr]   Downloaded clap_builder v4.4.18
[INFO] [stderr]   Downloaded calendrical_calculations v0.2.4
[INFO] running `Command { std: "docker" "create" "-v" "/var/lib/crater-agent-workspace/builds/worker-2-tc1/source:/opt/rustwide/workdir:ro,Z" "-v" "/var/lib/crater-agent-workspace/builds/worker-2-tc1/target:/opt/rustwide/target:rw,Z" "-v" "/var/lib/crater-agent-workspace/cargo-home:/opt/rustwide/cargo-home:ro,Z" "-v" "/var/lib/crater-agent-workspace/rustup-home:/opt/rustwide/rustup-home:ro,Z" "-m" "1610612736" "--network" "none" "ghcr.io/rust-lang/crates-build-env/linux@sha256:77db811e55d90add9212f6832c23229e3de5f1c1f9905e8cb07319ea15df73ac" "sleep" "infinity", kill_on_drop: false }`
[INFO] [stdout] 725abf86f248134ce3843d5251131f9f46ca49f5e111c28f26d0be946c305964
[INFO] running `Command { std: "docker" "start" "725abf86f248134ce3843d5251131f9f46ca49f5e111c28f26d0be946c305964", kill_on_drop: false }`
[INFO] running `Command { std: "docker" "inspect" "725abf86f248134ce3843d5251131f9f46ca49f5e111c28f26d0be946c305964", kill_on_drop: false }`
[INFO] running `Command { std: "docker" "exec" "-e" "SOURCE_DIR=/opt/rustwide/workdir" "-e" "CARGO_HOME=/opt/rustwide/cargo-home" "-e" "RUSTUP_HOME=/opt/rustwide/rustup-home" "-e" "CARGO_TARGET_DIR=/opt/rustwide/target" "-w" "/opt/rustwide/workdir" "--user" "0:0" "725abf86f248134ce3843d5251131f9f46ca49f5e111c28f26d0be946c305964" "/opt/rustwide/cargo-home/bin/cargo" "+1.99.0-beta.8" "metadata" "--no-deps" "--format-version=1", kill_on_drop: false }`
[INFO] running `Command { std: "docker" "inspect" "725abf86f248134ce3843d5251131f9f46ca49f5e111c28f26d0be946c305964", kill_on_drop: false }`
[INFO] running `Command { std: "docker" "exec" "-e" "SOURCE_DIR=/opt/rustwide/workdir" "-e" "CARGO_HOME=/opt/rustwide/cargo-home" "-e" "RUSTUP_HOME=/opt/rustwide/rustup-home" "-e" "CARGO_TARGET_DIR=/opt/rustwide/target" "-e" "CARGO_INCREMENTAL=0" "-e" "RUST_BACKTRACE=full" "-e" "RUSTFLAGS=--cap-lints=warn" "-e" "RUSTDOCFLAGS=--cap-lints=warn" "-w" "/opt/rustwide/workdir" "--user" "0:0" "725abf86f248134ce3843d5251131f9f46ca49f5e111c28f26d0be946c305964" "/opt/rustwide/cargo-home/bin/cargo" "+1.99.0-beta.8" "build" "--frozen" "--message-format=json" "--release", kill_on_drop: false }`
[INFO] [stderr]    Compiling syn v2.0.119
[INFO] [stderr]    Compiling syn v3.0.3
[INFO] [stderr]    Compiling writeable v0.6.4
[INFO] [stderr]    Compiling icu_locale_fallback_data v2.3.0
[INFO] [stderr]    Compiling litemap v0.8.3
[INFO] [stderr]    Compiling icu_calendar_data v2.3.0
[INFO] [stderr]    Compiling ixdtf v0.6.6
[INFO] [stderr]    Compiling core_maths v0.1.1
[INFO] [stderr]    Compiling synstructure v0.13.2
[INFO] [stderr]    Compiling displaydoc v0.2.7
[INFO] [stderr]    Compiling zerovec-derive v0.11.4
[INFO] [stderr]    Compiling zerofrom-derive v0.1.7
[INFO] [stderr]    Compiling yoke-derive v0.8.2
[INFO] [stderr]    Compiling zerotrie v0.2.5
[INFO] [stderr]    Compiling calendrical_calculations v0.2.4
[INFO] [stderr]    Compiling zerofrom v0.1.8
[INFO] [stderr]    Compiling yoke v0.8.3
[INFO] [stderr]    Compiling zerovec v0.11.7
[INFO] [stderr]    Compiling tinystr v0.8.4
[INFO] [stderr]    Compiling potential_utf v0.1.6
[INFO] [stderr]    Compiling icu_locale_core v2.3.0
[INFO] [stderr]    Compiling icu_provider v2.3.0
[INFO] [stderr]    Compiling icu_locale_fallback v2.3.0
[INFO] [stderr]    Compiling icu_calendar v2.3.0 (/opt/rustwide/workdir)
[INFO] [stderr]     Finished `release` profile [optimized] target(s) in 18.85s
[INFO] running `Command { std: "docker" "inspect" "725abf86f248134ce3843d5251131f9f46ca49f5e111c28f26d0be946c305964", kill_on_drop: false }`
[INFO] running `Command { std: "docker" "exec" "-e" "SOURCE_DIR=/opt/rustwide/workdir" "-e" "CARGO_HOME=/opt/rustwide/cargo-home" "-e" "RUSTUP_HOME=/opt/rustwide/rustup-home" "-e" "CARGO_TARGET_DIR=/opt/rustwide/target" "-e" "CARGO_INCREMENTAL=0" "-e" "RUST_BACKTRACE=full" "-e" "RUSTFLAGS=--cap-lints=warn" "-e" "RUSTDOCFLAGS=--cap-lints=warn" "-w" "/opt/rustwide/workdir" "--user" "0:0" "725abf86f248134ce3843d5251131f9f46ca49f5e111c28f26d0be946c305964" "/opt/rustwide/cargo-home/bin/cargo" "+1.99.0-beta.8" "test" "--frozen" "--no-run" "--message-format=json" "--release", kill_on_drop: false }`
[INFO] [stderr]    Compiling find-msvc-tools v0.1.10
[INFO] [stderr]    Compiling serde v1.0.229
[INFO] [stderr]    Compiling either v1.17.0
[INFO] [stderr]    Compiling getrandom v0.2.17
[INFO] [stderr]    Compiling serde_derive v1.0.229
[INFO] [stderr]    Compiling rustls-pki-types v1.15.1
[INFO] [stderr]    Compiling httparse v1.10.1
[INFO] [stderr]    Compiling log v0.4.33
[INFO] [stderr]    Compiling half v2.4.1
[INFO] [stderr]    Compiling clap_lex v0.6.0
[INFO] [stderr]    Compiling rustls v0.23.43
[INFO] [stderr]    Compiling time-macros v0.2.32
[INFO] [stderr]    Compiling regex-automata v0.4.18
[INFO] [stderr]    Compiling http v1.5.0
[INFO] [stderr]    Compiling serde_json v1.0.151
[INFO] [stderr]    Compiling rayon-core v1.12.1
[INFO] [stderr]    Compiling time-core v0.1.9
[INFO] [stderr]    Compiling clap_builder v4.4.18
[INFO] [stderr]    Compiling tempfile v3.27.0
[INFO] [stderr]    Compiling cc v1.4.2
[INFO] [stderr]    Compiling itertools v0.10.5
[INFO] [stderr]    Compiling flate2 v1.1.9
[INFO] [stderr]    Compiling plotters v0.3.7
[INFO] [stderr]    Compiling ciborium-ll v0.2.2
[INFO] [stderr]    Compiling is-terminal v0.4.17
[INFO] [stderr]    Compiling console v0.16.4
[INFO] [stderr]    Compiling rayon v1.10.0
[INFO] [stderr]    Compiling webpki-roots v1.0.9
[INFO] [stderr]    Compiling colored v3.1.1
[INFO] [stderr]    Compiling similar v2.7.0
[INFO] [stderr]    Compiling utf8-zero v0.8.1
[INFO] [stderr]    Compiling ureq-proto v0.5.3
[INFO] [stderr]    Compiling itertools v0.14.0
[INFO] [stderr]    Compiling time v0.3.55
[INFO] [stderr]    Compiling insta v1.48.0
[INFO] [stderr]    Compiling ring v0.17.14
[INFO] [stderr]    Compiling criterion-plot v0.5.0
[INFO] [stderr]    Compiling clap v4.4.18
[INFO] [stderr]    Compiling regex v1.13.1
[INFO] [stderr]    Compiling simple_logger v5.2.0
[INFO] [stderr]    Compiling ciborium v0.2.2
[INFO] [stderr]    Compiling tinytemplate v1.2.1
[INFO] [stderr]    Compiling criterion v0.5.1
[INFO] [stderr]    Compiling rustls-webpki v0.103.14
[INFO] [stderr]    Compiling ureq v3.2.1
[INFO] [stderr]    Compiling icu_calendar v2.3.0 (/opt/rustwide/workdir)
[INFO] [stdout] error[E0432]: unresolved imports `icu_calendar::cal::hijri::HijriYear`, `icu_calendar::cal::hijri::Rules`
[INFO] [stdout]   --> tests/reingold.rs:8:5
[INFO] [stdout]    |
[INFO] [stdout]  8 |     HijriYear, Rules, TabularAlgorithm, TabularAlgorithmEpoch, TabularAlgorithmLeapYears,
[INFO] [stdout]    |     ^^^^^^^^^  ^^^^^ no `Rules` in `cal::hijri`
[INFO] [stdout]    |     |
[INFO] [stdout]    |     no `HijriYear` in `cal::hijri`
[INFO] [stdout]    |
[INFO] [stdout] note: found an item that was configured out
[INFO] [stdout]   --> src/cal/mod.rs:49:37
[INFO] [stdout]    |
[INFO] [stdout] 48 |     #[cfg(feature = "unstable")]
[INFO] [stdout]    |           -------------------- the item is gated behind the `unstable` feature
[INFO] [stdout] 49 |     pub use super::hijri_internal::{HijriYear, Rules};
[INFO] [stdout]    |                                     ^^^^^^^^^
[INFO] [stdout] note: found an item that was configured out
[INFO] [stdout]   --> src/cal/mod.rs:49:48
[INFO] [stdout]    |
[INFO] [stdout] 48 |     #[cfg(feature = "unstable")]
[INFO] [stdout]    |           -------------------- the item is gated behind the `unstable` feature
[INFO] [stdout] 49 |     pub use super::hijri_internal::{HijriYear, Rules};
[INFO] [stdout]    |                                                ^^^^^
[INFO] [stdout] 
[INFO] [stdout] 
[INFO] [stderr] error: could not compile `icu_calendar` (test "reingold") due to 1 previous error
[INFO] [stdout] For more information about this error, try `rustc --explain E0432`.
[INFO] [stdout] 
[INFO] [stderr] warning: build failed, waiting for other jobs to finish...
[INFO] [stdout] error[E0433]: cannot find module or crate `databake` in this scope
[INFO] [stdout]    --> src/provider.rs:657:5
[INFO] [stdout]     |
[INFO] [stdout] 657 |     databake::test_bake!(
[INFO] [stdout]     |     ^^^^^^^^ use of unresolved module or unlinked crate `databake`
[INFO] [stdout] 
[INFO] [stdout] 
[INFO] [stdout] error[E0433]: cannot find module or crate `databake` in this scope
[INFO] [stdout]    --> src/provider.rs:672:5
[INFO] [stdout]     |
[INFO] [stdout] 672 |     databake::test_bake!(
[INFO] [stdout]     |     ^^^^^^^^ use of unresolved module or unlinked crate `databake`
[INFO] [stdout] 
[INFO] [stdout] 
[INFO] [stdout] error[E0277]: the trait bound `provider::JapaneseEras: serde::Deserialize<'de>` is not satisfied
[INFO] [stdout]     --> src/provider.rs:643:32
[INFO] [stdout]      |
[INFO] [stdout]  643 |         serde_json::from_str::<JapaneseEras>(&serde_json::to_string(&eras).unwrap()).unwrap(),
[INFO] [stdout]      |                                ^^^^^^^^^^^^ unsatisfied trait bound
[INFO] [stdout]      |
[INFO] [stdout] help: the trait `east_asian_traditional_internal::test::test_against_kasi_data::_::_serde::Deserialize<'_>` is not implemented for `provider::JapaneseEras`
[INFO] [stdout]     --> src/provider.rs:299:1
[INFO] [stdout]      |
[INFO] [stdout]  299 | pub struct JapaneseEras(Option<PackedEra>);
[INFO] [stdout]      | ^^^^^^^^^^^^^^^^^^^^^^^
[INFO] [stdout]      = note: for local types consider adding `#[derive(serde::Deserialize)]` to your `provider::JapaneseEras` type
[INFO] [stdout]      = note: for types from other crates check whether the crate offers a `serde` feature flag
[INFO] [stdout]      = help: the following other types implement trait `east_asian_traditional_internal::test::test_against_kasi_data::_::_serde::Deserialize<'de>`:
[INFO] [stdout]                &'a Path
[INFO] [stdout]                &'a [u8]
[INFO] [stdout]                &'a str
[INFO] [stdout]                ()
[INFO] [stdout]                (T,)
[INFO] [stdout]                (T0, T1)
[INFO] [stdout]                (T0, T1, T2)
[INFO] [stdout]                (T0, T1, T2, T3)
[INFO] [stdout]              and 141 others
[INFO] [stdout] note: required by a bound in `serde_json::from_str`
[INFO] [stdout]     --> /opt/rustwide/cargo-home/registry/src/index.crates.io-1949cf8c6b5b557f/serde_json-1.0.151/src/de.rs:2711:8
[INFO] [stdout]      |
[INFO] [stdout] 2709 | pub fn from_str<'a, T>(s: &'a str) -> Result<T>
[INFO] [stdout]      |        -------- required by a bound in this function
[INFO] [stdout] 2710 | where
[INFO] [stdout] 2711 |     T: de::Deserialize<'a>,
[INFO] [stdout]      |        ^^^^^^^^^^^^^^^^^^^ required by this bound in `from_str`
[INFO] [stdout] 
[INFO] [stdout] 
[INFO] [stdout] error[E0277]: the trait bound `provider::JapaneseEras: serde::Serialize` is not satisfied
[INFO] [stdout]     --> src/provider.rs:643:69
[INFO] [stdout]      |
[INFO] [stdout]  643 |         serde_json::from_str::<JapaneseEras>(&serde_json::to_string(&eras).unwrap()).unwrap(),
[INFO] [stdout]      |                                               --------------------- ^^^^^ unsatisfied trait bound
[INFO] [stdout]      |                                               |
[INFO] [stdout]      |                                               required by a bound introduced by this call
[INFO] [stdout]      |
[INFO] [stdout] help: the trait `Serialize` is not implemented for `provider::JapaneseEras`
[INFO] [stdout]     --> src/provider.rs:299:1
[INFO] [stdout]      |
[INFO] [stdout]  299 | pub struct JapaneseEras(Option<PackedEra>);
[INFO] [stdout]      | ^^^^^^^^^^^^^^^^^^^^^^^
[INFO] [stdout]      = note: for local types consider adding `#[derive(serde::Serialize)]` to your `provider::JapaneseEras` type
[INFO] [stdout]      = note: for types from other crates check whether the crate offers a `serde` feature flag
[INFO] [stdout]      = help: the following other types implement trait `Serialize`:
[INFO] [stdout]                &'a T
[INFO] [stdout]                &'a mut T
[INFO] [stdout]                ()
[INFO] [stdout]                (T,)
[INFO] [stdout]                (T0, T1)
[INFO] [stdout]                (T0, T1, T2)
[INFO] [stdout]                (T0, T1, T2, T3)
[INFO] [stdout]                (T0, T1, T2, T3, T4)
[INFO] [stdout]              and 129 others
[INFO] [stdout] note: required by a bound in `serde_json::to_string`
[INFO] [stdout]     --> /opt/rustwide/cargo-home/registry/src/index.crates.io-1949cf8c6b5b557f/serde_json-1.0.151/src/ser.rs:2247:17
[INFO] [stdout]      |
[INFO] [stdout] 2245 | pub fn to_string<T>(value: &T) -> Result<String>
[INFO] [stdout]      |        --------- required by a bound in this function
[INFO] [stdout] 2246 | where
[INFO] [stdout] 2247 |     T: ?Sized + Serialize,
[INFO] [stdout]      |                 ^^^^^^^^^ required by this bound in `to_string`
[INFO] [stdout] 
[INFO] [stdout] 
[INFO] [stdout] error[E0277]: the trait bound `provider::JapaneseEras: serde::Deserialize<'de>` is not satisfied
[INFO] [stdout]     --> src/provider.rs:650:32
[INFO] [stdout]      |
[INFO] [stdout]  650 |         serde_json::from_str::<JapaneseEras>(&serde_json::to_string(&eras).unwrap()).unwrap(),
[INFO] [stdout]      |                                ^^^^^^^^^^^^ unsatisfied trait bound
[INFO] [stdout]      |
[INFO] [stdout] help: the trait `east_asian_traditional_internal::test::test_against_kasi_data::_::_serde::Deserialize<'_>` is not implemented for `provider::JapaneseEras`
[INFO] [stdout]     --> src/provider.rs:299:1
[INFO] [stdout]      |
[INFO] [stdout]  299 | pub struct JapaneseEras(Option<PackedEra>);
[INFO] [stdout]      | ^^^^^^^^^^^^^^^^^^^^^^^
[INFO] [stdout]      = note: for local types consider adding `#[derive(serde::Deserialize)]` to your `provider::JapaneseEras` type
[INFO] [stdout]      = note: for types from other crates check whether the crate offers a `serde` feature flag
[INFO] [stdout]      = help: the following other types implement trait `east_asian_traditional_internal::test::test_against_kasi_data::_::_serde::Deserialize<'de>`:
[INFO] [stdout]                &'a Path
[INFO] [stdout]                &'a [u8]
[INFO] [stdout]                &'a str
[INFO] [stdout]                ()
[INFO] [stdout]                (T,)
[INFO] [stdout]                (T0, T1)
[INFO] [stdout]                (T0, T1, T2)
[INFO] [stdout]                (T0, T1, T2, T3)
[INFO] [stdout]              and 141 others
[INFO] [stdout] note: required by a bound in `serde_json::from_str`
[INFO] [stdout]     --> /opt/rustwide/cargo-home/registry/src/index.crates.io-1949cf8c6b5b557f/serde_json-1.0.151/src/de.rs:2711:8
[INFO] [stdout]      |
[INFO] [stdout] 2709 | pub fn from_str<'a, T>(s: &'a str) -> Result<T>
[INFO] [stdout]      |        -------- required by a bound in this function
[INFO] [stdout] 2710 | where
[INFO] [stdout] 2711 |     T: de::Deserialize<'a>,
[INFO] [stdout]      |        ^^^^^^^^^^^^^^^^^^^ required by this bound in `from_str`
[INFO] [stdout] 
[INFO] [stdout] 
[INFO] [stdout] error[E0277]: the trait bound `provider::JapaneseEras: serde::Serialize` is not satisfied
[INFO] [stdout]     --> src/provider.rs:650:69
[INFO] [stdout]      |
[INFO] [stdout]  650 |         serde_json::from_str::<JapaneseEras>(&serde_json::to_string(&eras).unwrap()).unwrap(),
[INFO] [stdout]      |                                               --------------------- ^^^^^ unsatisfied trait bound
[INFO] [stdout]      |                                               |
[INFO] [stdout]      |                                               required by a bound introduced by this call
[INFO] [stdout]      |
[INFO] [stdout] help: the trait `Serialize` is not implemented for `provider::JapaneseEras`
[INFO] [stdout]     --> src/provider.rs:299:1
[INFO] [stdout]      |
[INFO] [stdout]  299 | pub struct JapaneseEras(Option<PackedEra>);
[INFO] [stdout]      | ^^^^^^^^^^^^^^^^^^^^^^^
[INFO] [stdout]      = note: for local types consider adding `#[derive(serde::Serialize)]` to your `provider::JapaneseEras` type
[INFO] [stdout]      = note: for types from other crates check whether the crate offers a `serde` feature flag
[INFO] [stdout]      = help: the following other types implement trait `Serialize`:
[INFO] [stdout]                &'a T
[INFO] [stdout]                &'a mut T
[INFO] [stdout]                ()
[INFO] [stdout]                (T,)
[INFO] [stdout]                (T0, T1)
[INFO] [stdout]                (T0, T1, T2)
[INFO] [stdout]                (T0, T1, T2, T3)
[INFO] [stdout]                (T0, T1, T2, T3, T4)
[INFO] [stdout]              and 129 others
[INFO] [stdout] note: required by a bound in `serde_json::to_string`
[INFO] [stdout]     --> /opt/rustwide/cargo-home/registry/src/index.crates.io-1949cf8c6b5b557f/serde_json-1.0.151/src/ser.rs:2247:17
[INFO] [stdout]      |
[INFO] [stdout] 2245 | pub fn to_string<T>(value: &T) -> Result<String>
[INFO] [stdout]      |        --------- required by a bound in this function
[INFO] [stdout] 2246 | where
[INFO] [stdout] 2247 |     T: ?Sized + Serialize,
[INFO] [stdout]      |                 ^^^^^^^^^ required by this bound in `to_string`
[INFO] [stdout] 
[INFO] [stdout] 
[INFO] [stdout] Some errors have detailed explanations: E0277, E0433.
[INFO] [stdout] 
[INFO] [stdout] For more information about an error, try `rustc --explain E0277`.
[INFO] [stdout] 
[INFO] [stderr] error: could not compile `icu_calendar` (lib test) due to 6 previous errors
[INFO] running `Command { std: "docker" "inspect" "725abf86f248134ce3843d5251131f9f46ca49f5e111c28f26d0be946c305964", kill_on_drop: false }`
[INFO] running `Command { std: "docker" "rm" "-f" "725abf86f248134ce3843d5251131f9f46ca49f5e111c28f26d0be946c305964", kill_on_drop: false }`
[INFO] [stdout] 725abf86f248134ce3843d5251131f9f46ca49f5e111c28f26d0be946c305964
