[INFO] fetching crate ic-sqlite-vfs 2.1.0...
[INFO] testing ic-sqlite-vfs-2.1.0 against 1.99.0-beta.8+cargoflags=--release for beta-release-1.100-2
[INFO] extracting crate ic-sqlite-vfs 2.1.0 into /workspace/builds/worker-5-tc1/source
[INFO] removed /workspace/builds/worker-5-tc1/source/.cargo/config.toml
[INFO] removed /workspace/builds/worker-5-tc1/source/rust-toolchain.toml
[INFO] started tweaking crates.io crate ic-sqlite-vfs 2.1.0
[INFO] removed 0 missing tests
[INFO] finished tweaking crates.io crate ic-sqlite-vfs 2.1.0
[INFO] tweaked toml for crates.io crate ic-sqlite-vfs 2.1.0 written to /workspace/builds/worker-5-tc1/source/Cargo.toml
[INFO] validating manifest of crates.io crate ic-sqlite-vfs 2.1.0 on toolchain 1.99.0-beta.8
[INFO] running `Command { std: CARGO_HOME="/workspace/cargo-home" RUSTUP_HOME="/workspace/rustup-home" "/workspace/cargo-home/bin/cargo" "+1.99.0-beta.8" "metadata" "--manifest-path" "Cargo.toml" "--no-deps", kill_on_drop: false }`
[INFO] crate crates.io crate ic-sqlite-vfs 2.1.0 already has a lockfile, it will not be regenerated
[INFO] running `Command { std: CARGO_HOME="/workspace/cargo-home" RUSTUP_HOME="/workspace/rustup-home" "/workspace/cargo-home/bin/cargo" "+1.99.0-beta.8" "fetch" "--manifest-path" "Cargo.toml", kill_on_drop: false }`
[INFO] [stderr]     Updating crates.io index
[INFO] [stderr]  Downloading crates ...
[INFO] [stderr]   Downloaded ic_principal v0.1.3
[INFO] [stderr]   Downloaded ic0 v1.1.0
[INFO] [stderr]   Downloaded ic-cdk v0.20.1
[INFO] [stderr]   Downloaded ic-cdk-macros v0.20.1
[INFO] [stderr]   Downloaded ic-error-types v0.2.0
[INFO] [stderr]   Downloaded candid_derive v0.10.28
[INFO] [stderr]   Downloaded ic-cdk-executor v2.0.0
[INFO] [stderr]   Downloaded ic-stable-structures v0.7.0
[INFO] [stderr]   Downloaded candid v0.10.28
[INFO] running `Command { std: "docker" "create" "-v" "/var/lib/crater-agent-workspace/builds/worker-5-tc1/source:/opt/rustwide/workdir:ro,Z" "-v" "/var/lib/crater-agent-workspace/builds/worker-5-tc1/target:/opt/rustwide/target:rw,Z" "-v" "/var/lib/crater-agent-workspace/cargo-home:/opt/rustwide/cargo-home:ro,Z" "-v" "/var/lib/crater-agent-workspace/rustup-home:/opt/rustwide/rustup-home:ro,Z" "-m" "1610612736" "--network" "none" "ghcr.io/rust-lang/crates-build-env/linux@sha256:77db811e55d90add9212f6832c23229e3de5f1c1f9905e8cb07319ea15df73ac" "sleep" "infinity", kill_on_drop: false }`
[INFO] [stdout] 6e460377d9e0a01352980c8dd0cd3c5c0647780b3cbdea3fa3f67a22e95886ce
[INFO] running `Command { std: "docker" "start" "6e460377d9e0a01352980c8dd0cd3c5c0647780b3cbdea3fa3f67a22e95886ce", kill_on_drop: false }`
[INFO] running `Command { std: "docker" "inspect" "6e460377d9e0a01352980c8dd0cd3c5c0647780b3cbdea3fa3f67a22e95886ce", kill_on_drop: false }`
[INFO] running `Command { std: "docker" "exec" "-e" "SOURCE_DIR=/opt/rustwide/workdir" "-e" "CARGO_HOME=/opt/rustwide/cargo-home" "-e" "RUSTUP_HOME=/opt/rustwide/rustup-home" "-e" "CARGO_TARGET_DIR=/opt/rustwide/target" "-w" "/opt/rustwide/workdir" "--user" "0:0" "6e460377d9e0a01352980c8dd0cd3c5c0647780b3cbdea3fa3f67a22e95886ce" "/opt/rustwide/cargo-home/bin/cargo" "+1.99.0-beta.8" "metadata" "--no-deps" "--format-version=1", kill_on_drop: false }`
[INFO] running `Command { std: "docker" "inspect" "6e460377d9e0a01352980c8dd0cd3c5c0647780b3cbdea3fa3f67a22e95886ce", kill_on_drop: false }`
[INFO] running `Command { std: "docker" "exec" "-e" "SOURCE_DIR=/opt/rustwide/workdir" "-e" "CARGO_HOME=/opt/rustwide/cargo-home" "-e" "RUSTUP_HOME=/opt/rustwide/rustup-home" "-e" "CARGO_TARGET_DIR=/opt/rustwide/target" "-e" "CARGO_INCREMENTAL=0" "-e" "RUST_BACKTRACE=full" "-e" "RUSTFLAGS=--cap-lints=warn" "-e" "RUSTDOCFLAGS=--cap-lints=warn" "-w" "/opt/rustwide/workdir" "--user" "0:0" "6e460377d9e0a01352980c8dd0cd3c5c0647780b3cbdea3fa3f67a22e95886ce" "/opt/rustwide/cargo-home/bin/cargo" "+1.99.0-beta.8" "build" "--frozen" "--message-format=json" "--release", kill_on_drop: false }`
[INFO] [stderr]    Compiling object v0.37.3
[INFO] [stderr]    Compiling typenum v1.20.0
[INFO] [stderr]    Compiling either v1.15.0
[INFO] [stderr]    Compiling stacker v0.1.24
[INFO] [stderr]    Compiling num-traits v0.2.19
[INFO] [stderr]    Compiling lazy_static v1.5.0
[INFO] [stderr]    Compiling syn v1.0.109
[INFO] [stderr]    Compiling thiserror-impl v1.0.69
[INFO] [stderr]    Compiling serde v1.0.228
[INFO] [stderr]    Compiling darling_core v0.23.0
[INFO] [stderr]    Compiling typed-arena v2.0.2
[INFO] [stderr]    Compiling arrayvec v0.5.2
[INFO] [stderr]    Compiling data-encoding v2.11.0
[INFO] [stderr]    Compiling unicode-width v0.2.2
[INFO] [stderr]    Compiling strum_macros v0.26.4
[INFO] [stderr]    Compiling candid_derive v0.10.28
[INFO] [stderr]    Compiling serde_bytes v0.11.19
[INFO] [stderr]    Compiling ic-cdk-executor v2.0.0
[INFO] [stderr]    Compiling pretty v0.12.5
[INFO] [stderr]    Compiling byteorder v1.5.0
[INFO] [stderr]    Compiling leb128 v0.2.6
[INFO] [stderr]    Compiling num-bigint v0.4.6
[INFO] [stderr]    Compiling thiserror-impl v2.0.18
[INFO] [stderr]    Compiling generic-array v0.14.7
[INFO] [stderr]    Compiling ic0 v1.1.0
[INFO] [stderr]    Compiling ic-sqlite-vfs v2.1.0 (/opt/rustwide/workdir)
[INFO] [stderr]    Compiling thiserror v1.0.69
[INFO] [stderr]    Compiling thiserror v2.0.18
[INFO] [stderr]    Compiling num-integer v0.1.46
[INFO] [stderr]    Compiling block-buffer v0.10.4
[INFO] [stderr]    Compiling crypto-common v0.1.7
[INFO] [stderr]    Compiling digest v0.10.7
[INFO] [stderr]    Compiling strum v0.26.3
[INFO] [stderr]    Compiling ic-error-types v0.2.0
[INFO] [stderr]    Compiling sha2 v0.10.9
[INFO] [stderr]    Compiling ic_principal v0.1.3
[INFO] [stderr]    Compiling darling_macro v0.23.0
[INFO] [stderr]    Compiling darling v0.23.0
[INFO] [stderr]    Compiling ar_archive_writer v0.5.1
[INFO] [stderr]    Compiling binread_derive v2.1.0
[INFO] [stderr]    Compiling psm v0.1.31
[INFO] [stderr]    Compiling binread v2.2.0
[INFO] [stderr]    Compiling candid v0.10.28
[INFO] [stderr]    Compiling ic-cdk-macros v0.20.1
[INFO] [stderr]    Compiling ic-cdk v0.20.1
[INFO] [stderr]     Finished `release` profile [optimized] target(s) in 1m 39s
[INFO] running `Command { std: "docker" "inspect" "6e460377d9e0a01352980c8dd0cd3c5c0647780b3cbdea3fa3f67a22e95886ce", kill_on_drop: false }`
[INFO] running `Command { std: "docker" "exec" "-e" "SOURCE_DIR=/opt/rustwide/workdir" "-e" "CARGO_HOME=/opt/rustwide/cargo-home" "-e" "RUSTUP_HOME=/opt/rustwide/rustup-home" "-e" "CARGO_TARGET_DIR=/opt/rustwide/target" "-e" "CARGO_INCREMENTAL=0" "-e" "RUST_BACKTRACE=full" "-e" "RUSTFLAGS=--cap-lints=warn" "-e" "RUSTDOCFLAGS=--cap-lints=warn" "-w" "/opt/rustwide/workdir" "--user" "0:0" "6e460377d9e0a01352980c8dd0cd3c5c0647780b3cbdea3fa3f67a22e95886ce" "/opt/rustwide/cargo-home/bin/cargo" "+1.99.0-beta.8" "test" "--frozen" "--no-run" "--message-format=json" "--release", kill_on_drop: false }`
[INFO] [stderr]    Compiling rand_core v0.9.5
[INFO] [stderr]    Compiling futures-core v0.3.32
[INFO] [stderr]    Compiling ppv-lite86 v0.2.21
[INFO] [stderr]    Compiling sdd v3.0.10
[INFO] [stderr]    Compiling serial_test_derive v3.4.0
[INFO] [stderr]    Compiling unarray v0.1.4
[INFO] [stderr]    Compiling ic-stable-structures v0.7.0
[INFO] [stderr]    Compiling parking_lot v0.12.5
[INFO] [stderr]    Compiling futures-util v0.3.32
[INFO] [stderr]    Compiling scc v2.4.0
[INFO] [stderr]    Compiling rand_xorshift v0.4.0
[INFO] [stderr]    Compiling rand v0.9.4
[INFO] [stderr]    Compiling rand_chacha v0.9.0
[INFO] [stderr]    Compiling proptest v1.11.0
[INFO] [stderr]    Compiling futures-executor v0.3.32
[INFO] [stderr]    Compiling serial_test v3.4.0
[INFO] [stderr]    Compiling ic-sqlite-vfs v2.1.0 (/opt/rustwide/workdir)
[INFO] [stdout] error[E0432]: unresolved import `ic_sqlite_vfs::test_support`
[INFO] [stdout]   --> tests/typed_api.rs:3:20
[INFO] [stdout]    |
[INFO] [stdout]  3 | use ic_sqlite_vfs::test_support::lock;
[INFO] [stdout]    |                    ^^^^^^^^^^^^ could not find `test_support` in `ic_sqlite_vfs`
[INFO] [stdout]    |
[INFO] [stdout] note: found an item that was configured out
[INFO] [stdout]   --> src/lib.rs:31:9
[INFO] [stdout]    |
[INFO] [stdout] 29 | #[cfg(any(test, debug_assertions))]
[INFO] [stdout]    |          ------------------------ the item is gated here
[INFO] [stdout] 30 | #[doc(hidden)]
[INFO] [stdout] 31 | pub mod test_support;
[INFO] [stdout]    |         ^^^^^^^^^^^^
[INFO] [stdout] 
[INFO] [stdout] 
[INFO] [stdout] error[E0432]: unresolved import `ic_sqlite_vfs::test_support`
[INFO] [stdout]   --> tests/typed_api.rs:4:20
[INFO] [stdout]    |
[INFO] [stdout]  4 | use ic_sqlite_vfs::test_support::memory;
[INFO] [stdout]    |                    ^^^^^^^^^^^^ could not find `test_support` in `ic_sqlite_vfs`
[INFO] [stdout]    |
[INFO] [stdout] note: found an item that was configured out
[INFO] [stdout]   --> src/lib.rs:31:9
[INFO] [stdout]    |
[INFO] [stdout] 29 | #[cfg(any(test, debug_assertions))]
[INFO] [stdout]    |          ------------------------ the item is gated here
[INFO] [stdout] 30 | #[doc(hidden)]
[INFO] [stdout] 31 | pub mod test_support;
[INFO] [stdout]    |         ^^^^^^^^^^^^
[INFO] [stdout] 
[INFO] [stdout] 
[INFO] [stdout] error[E0432]: unresolved import `ic_sqlite_vfs::test_support`
[INFO] [stdout]   --> tests/fts5.rs:7:20
[INFO] [stdout]    |
[INFO] [stdout]  7 | use ic_sqlite_vfs::test_support::lock;
[INFO] [stdout]    |                    ^^^^^^^^^^^^ could not find `test_support` in `ic_sqlite_vfs`
[INFO] [stdout]    |
[INFO] [stdout] note: found an item that was configured out
[INFO] [stdout]   --> src/lib.rs:31:9
[INFO] [stdout]    |
[INFO] [stdout] 29 | #[cfg(any(test, debug_assertions))]
[INFO] [stdout]    |          ------------------------ the item is gated here
[INFO] [stdout] 30 | #[doc(hidden)]
[INFO] [stdout] 31 | pub mod test_support;
[INFO] [stdout]    |         ^^^^^^^^^^^^
[INFO] [stdout] 
[INFO] [stdout] 
[INFO] [stdout] error[E0432]: unresolved import `ic_sqlite_vfs::test_support`
[INFO] [stdout]   --> tests/fts5.rs:8:20
[INFO] [stdout]    |
[INFO] [stdout]  8 | use ic_sqlite_vfs::test_support::memory;
[INFO] [stdout]    |                    ^^^^^^^^^^^^ could not find `test_support` in `ic_sqlite_vfs`
[INFO] [stdout]    |
[INFO] [stdout] note: found an item that was configured out
[INFO] [stdout]   --> src/lib.rs:31:9
[INFO] [stdout]    |
[INFO] [stdout] 29 | #[cfg(any(test, debug_assertions))]
[INFO] [stdout]    |          ------------------------ the item is gated here
[INFO] [stdout] 30 | #[doc(hidden)]
[INFO] [stdout] 31 | pub mod test_support;
[INFO] [stdout]    |         ^^^^^^^^^^^^
[INFO] [stdout] 
[INFO] [stdout] 
[INFO] [stdout] error[E0432]: unresolved import `ic_sqlite_vfs::test_support`
[INFO] [stdout]   --> tests/sqlite_security.rs:2:20
[INFO] [stdout]    |
[INFO] [stdout]  2 | use ic_sqlite_vfs::test_support::{ffi, lock, memory};
[INFO] [stdout]    |                    ^^^^^^^^^^^^ could not find `test_support` in `ic_sqlite_vfs`
[INFO] [stdout]    |
[INFO] [stdout] note: found an item that was configured out
[INFO] [stdout]   --> src/lib.rs:31:9
[INFO] [stdout]    |
[INFO] [stdout] 29 | #[cfg(any(test, debug_assertions))]
[INFO] [stdout]    |          ------------------------ the item is gated here
[INFO] [stdout] 30 | #[doc(hidden)]
[INFO] [stdout] 31 | pub mod test_support;
[INFO] [stdout]    |         ^^^^^^^^^^^^
[INFO] [stdout] 
[INFO] [stdout] 
[INFO] [stdout] error[E0432]: unresolved import `ic_sqlite_vfs::test_support`
[INFO] [stdout]   --> tests/sqlite_perf_probe.rs:6:20
[INFO] [stdout]    |
[INFO] [stdout]  6 | use ic_sqlite_vfs::test_support::lock;
[INFO] [stdout]    |                    ^^^^^^^^^^^^ could not find `test_support` in `ic_sqlite_vfs`
[INFO] [stdout]    |
[INFO] [stdout] note: found an item that was configured out
[INFO] [stdout]   --> src/lib.rs:31:9
[INFO] [stdout]    |
[INFO] [stdout] 29 | #[cfg(any(test, debug_assertions))]
[INFO] [stdout]    |          ------------------------ the item is gated here
[INFO] [stdout] 30 | #[doc(hidden)]
[INFO] [stdout] 31 | pub mod test_support;
[INFO] [stdout]    |         ^^^^^^^^^^^^
[INFO] [stdout] 
[INFO] [stdout] 
[INFO] [stdout] error[E0432]: unresolved import `ic_sqlite_vfs::test_support`
[INFO] [stdout]   --> tests/sqlite_perf_probe.rs:7:20
[INFO] [stdout]    |
[INFO] [stdout]  7 | use ic_sqlite_vfs::test_support::memory;
[INFO] [stdout]    |                    ^^^^^^^^^^^^ could not find `test_support` in `ic_sqlite_vfs`
[INFO] [stdout]    |
[INFO] [stdout] note: found an item that was configured out
[INFO] [stdout]   --> src/lib.rs:31:9
[INFO] [stdout]    |
[INFO] [stdout] 29 | #[cfg(any(test, debug_assertions))]
[INFO] [stdout]    |          ------------------------ the item is gated here
[INFO] [stdout] 30 | #[doc(hidden)]
[INFO] [stdout] 31 | pub mod test_support;
[INFO] [stdout]    |         ^^^^^^^^^^^^
[INFO] [stdout] 
[INFO] [stdout] 
[INFO] [stdout] error[E0432]: unresolved import `ic_sqlite_vfs::test_support`
[INFO] [stdout]   --> tests/sqlite_perf_probe.rs:10:20
[INFO] [stdout]    |
[INFO] [stdout] 10 | use ic_sqlite_vfs::test_support::Superblock;
[INFO] [stdout]    |                    ^^^^^^^^^^^^ could not find `test_support` in `ic_sqlite_vfs`
[INFO] [stdout]    |
[INFO] [stdout] note: found an item that was configured out
[INFO] [stdout]   --> src/lib.rs:31:9
[INFO] [stdout]    |
[INFO] [stdout] 29 | #[cfg(any(test, debug_assertions))]
[INFO] [stdout]    |          ------------------------ the item is gated here
[INFO] [stdout] 30 | #[doc(hidden)]
[INFO] [stdout] 31 | pub mod test_support;
[INFO] [stdout]    |         ^^^^^^^^^^^^
[INFO] [stdout] 
[INFO] [stdout] 
[INFO] [stdout] error[E0432]: unresolved import `ic_sqlite_vfs::test_support`
[INFO] [stdout]   --> tests/stable_memory.rs:1:20
[INFO] [stdout]    |
[INFO] [stdout]  1 | use ic_sqlite_vfs::test_support::memory;
[INFO] [stdout]    |                    ^^^^^^^^^^^^ could not find `test_support` in `ic_sqlite_vfs`
[INFO] [stdout]    |
[INFO] [stdout] note: found an item that was configured out
[INFO] [stdout]   --> src/lib.rs:31:9
[INFO] [stdout]    |
[INFO] [stdout] 29 | #[cfg(any(test, debug_assertions))]
[INFO] [stdout]    |          ------------------------ the item is gated here
[INFO] [stdout] 30 | #[doc(hidden)]
[INFO] [stdout] 31 | pub mod test_support;
[INFO] [stdout]    |         ^^^^^^^^^^^^
[INFO] [stdout] 
[INFO] [stdout] 
[INFO] [stdout] For more information about this error, try `rustc --explain E0432`.
[INFO] [stdout] 
[INFO] [stdout] error[E0432]: unresolved import `ic_sqlite_vfs::test_support`
[INFO] [stdout]   --> tests/checksum.rs:2:20
[INFO] [stdout]    |
[INFO] [stdout]  2 | use ic_sqlite_vfs::test_support::lock;
[INFO] [stdout]    |                    ^^^^^^^^^^^^ could not find `test_support` in `ic_sqlite_vfs`
[INFO] [stdout]    |
[INFO] [stdout] note: found an item that was configured out
[INFO] [stdout]   --> src/lib.rs:31:9
[INFO] [stdout]    |
[INFO] [stdout] 29 | #[cfg(any(test, debug_assertions))]
[INFO] [stdout]    |          ------------------------ the item is gated here
[INFO] [stdout] 30 | #[doc(hidden)]
[INFO] [stdout] 31 | pub mod test_support;
[INFO] [stdout]    |         ^^^^^^^^^^^^
[INFO] [stdout] 
[INFO] [stdout] 
[INFO] [stdout] error[E0432]: unresolved import `ic_sqlite_vfs::test_support`
[INFO] [stdout]   --> tests/update_budget.rs:2:20
[INFO] [stdout]    |
[INFO] [stdout]  2 | use ic_sqlite_vfs::test_support::{lock, memory};
[INFO] [stdout]    |                    ^^^^^^^^^^^^ could not find `test_support` in `ic_sqlite_vfs`
[INFO] [stdout]    |
[INFO] [stdout] note: found an item that was configured out
[INFO] [stdout]   --> src/lib.rs:31:9
[INFO] [stdout]    |
[INFO] [stdout] 29 | #[cfg(any(test, debug_assertions))]
[INFO] [stdout]    |          ------------------------ the item is gated here
[INFO] [stdout] 30 | #[doc(hidden)]
[INFO] [stdout] 31 | pub mod test_support;
[INFO] [stdout]    |         ^^^^^^^^^^^^
[INFO] [stdout] 
[INFO] [stdout] 
[INFO] [stdout] error[E0432]: unresolved import `ic_sqlite_vfs::test_support`
[INFO] [stdout]   --> tests/stress.rs:2:20
[INFO] [stdout]    |
[INFO] [stdout]  2 | use ic_sqlite_vfs::test_support::lock;
[INFO] [stdout]    |                    ^^^^^^^^^^^^ could not find `test_support` in `ic_sqlite_vfs`
[INFO] [stdout]    |
[INFO] [stdout] note: found an item that was configured out
[INFO] [stdout]   --> src/lib.rs:31:9
[INFO] [stdout]    |
[INFO] [stdout] 29 | #[cfg(any(test, debug_assertions))]
[INFO] [stdout]    |          ------------------------ the item is gated here
[INFO] [stdout] 30 | #[doc(hidden)]
[INFO] [stdout] 31 | pub mod test_support;
[INFO] [stdout]    |         ^^^^^^^^^^^^
[INFO] [stdout] 
[INFO] [stdout] 
[INFO] [stdout] error[E0432]: unresolved import `ic_sqlite_vfs::test_support`
[INFO] [stdout]   --> tests/stress.rs:3:20
[INFO] [stdout]    |
[INFO] [stdout]  3 | use ic_sqlite_vfs::test_support::memory;
[INFO] [stdout]    |                    ^^^^^^^^^^^^ could not find `test_support` in `ic_sqlite_vfs`
[INFO] [stdout]    |
[INFO] [stdout] note: found an item that was configured out
[INFO] [stdout]   --> src/lib.rs:31:9
[INFO] [stdout]    |
[INFO] [stdout] 29 | #[cfg(any(test, debug_assertions))]
[INFO] [stdout]    |          ------------------------ the item is gated here
[INFO] [stdout] 30 | #[doc(hidden)]
[INFO] [stdout] 31 | pub mod test_support;
[INFO] [stdout]    |         ^^^^^^^^^^^^
[INFO] [stdout] 
[INFO] [stdout] 
[INFO] [stdout] error[E0432]: unresolved import `ic_sqlite_vfs::test_support`
[INFO] [stdout]   --> tests/stress.rs:4:20
[INFO] [stdout]    |
[INFO] [stdout]  4 | use ic_sqlite_vfs::test_support::Superblock;
[INFO] [stdout]    |                    ^^^^^^^^^^^^ could not find `test_support` in `ic_sqlite_vfs`
[INFO] [stdout]    |
[INFO] [stdout] note: found an item that was configured out
[INFO] [stdout]   --> src/lib.rs:31:9
[INFO] [stdout]    |
[INFO] [stdout] 29 | #[cfg(any(test, debug_assertions))]
[INFO] [stdout]    |          ------------------------ the item is gated here
[INFO] [stdout] 30 | #[doc(hidden)]
[INFO] [stdout] 31 | pub mod test_support;
[INFO] [stdout]    |         ^^^^^^^^^^^^
[INFO] [stdout] 
[INFO] [stdout] 
[INFO] [stdout] For more information about this error, try `rustc --explain E0432`.
[INFO] [stdout] 
[INFO] [stderr] error: could not compile `ic-sqlite-vfs` (test "fts5") due to 2 previous errors
[INFO] [stderr] warning: build failed, waiting for other jobs to finish...
[INFO] [stdout] error[E0432]: unresolved import `ic_sqlite_vfs::test_support`
[INFO] [stdout]   --> tests/checksum.rs:3:20
[INFO] [stdout]    |
[INFO] [stdout]  3 | use ic_sqlite_vfs::test_support::memory;
[INFO] [stdout]    |                    ^^^^^^^^^^^^ could not find `test_support` in `ic_sqlite_vfs`
[INFO] [stdout]    |
[INFO] [stdout] note: found an item that was configured out
[INFO] [stdout]   --> src/lib.rs:31:9
[INFO] [stdout]    |
[INFO] [stdout] 29 | #[cfg(any(test, debug_assertions))]
[INFO] [stdout]    |          ------------------------ the item is gated here
[INFO] [stdout] 30 | #[doc(hidden)]
[INFO] [stdout] 31 | pub mod test_support;
[INFO] [stdout]    |         ^^^^^^^^^^^^
[INFO] [stdout] 
[INFO] [stdout] 
[INFO] [stdout] error[E0432]: unresolved import `ic_sqlite_vfs::test_support`
[INFO] [stdout]   --> tests/checksum.rs:4:20
[INFO] [stdout]    |
[INFO] [stdout]  4 | use ic_sqlite_vfs::test_support::Superblock;
[INFO] [stdout]    |                    ^^^^^^^^^^^^ could not find `test_support` in `ic_sqlite_vfs`
[INFO] [stdout]    |
[INFO] [stdout] note: found an item that was configured out
[INFO] [stdout]   --> src/lib.rs:31:9
[INFO] [stdout]    |
[INFO] [stdout] 29 | #[cfg(any(test, debug_assertions))]
[INFO] [stdout]    |          ------------------------ the item is gated here
[INFO] [stdout] 30 | #[doc(hidden)]
[INFO] [stdout] 31 | pub mod test_support;
[INFO] [stdout]    |         ^^^^^^^^^^^^
[INFO] [stdout] 
[INFO] [stdout] 
[INFO] [stderr] error: could not compile `ic-sqlite-vfs` (test "sqlite_security") due to 1 previous error
[INFO] [stdout] error[E0432]: unresolved import `ic_sqlite_vfs::test_support`
[INFO] [stdout]   --> tests/memory_manager_compat.rs:2:20
[INFO] [stdout]    |
[INFO] [stdout]  2 | use ic_sqlite_vfs::test_support::Memory;
[INFO] [stdout]    |                    ^^^^^^^^^^^^ could not find `test_support` in `ic_sqlite_vfs`
[INFO] [stdout]    |
[INFO] [stdout] note: found an item that was configured out
[INFO] [stdout]   --> src/lib.rs:31:9
[INFO] [stdout]    |
[INFO] [stdout] 29 | #[cfg(any(test, debug_assertions))]
[INFO] [stdout]    |          ------------------------ the item is gated here
[INFO] [stdout] 30 | #[doc(hidden)]
[INFO] [stdout] 31 | pub mod test_support;
[INFO] [stdout]    |         ^^^^^^^^^^^^
[INFO] [stdout] 
[INFO] [stdout] 
[INFO] [stdout] error[E0432]: unresolved import `ic_sqlite_vfs::test_support`
[INFO] [stdout]   --> tests/strict_api.rs:3:20
[INFO] [stdout]    |
[INFO] [stdout]  3 | use ic_sqlite_vfs::test_support::lock;
[INFO] [stdout]    |                    ^^^^^^^^^^^^ could not find `test_support` in `ic_sqlite_vfs`
[INFO] [stdout]    |
[INFO] [stdout] note: found an item that was configured out
[INFO] [stdout]   --> src/lib.rs:31:9
[INFO] [stdout]    |
[INFO] [stdout] 29 | #[cfg(any(test, debug_assertions))]
[INFO] [stdout]    |          ------------------------ the item is gated here
[INFO] [stdout] 30 | #[doc(hidden)]
[INFO] [stdout] 31 | pub mod test_support;
[INFO] [stdout]    |         ^^^^^^^^^^^^
[INFO] [stdout] 
[INFO] [stdout] 
[INFO] [stdout] error[E0432]: unresolved import `ic_sqlite_vfs::test_support`
[INFO] [stdout]   --> tests/strict_api.rs:4:20
[INFO] [stdout]    |
[INFO] [stdout]  4 | use ic_sqlite_vfs::test_support::memory;
[INFO] [stdout]    |                    ^^^^^^^^^^^^ could not find `test_support` in `ic_sqlite_vfs`
[INFO] [stdout]    |
[INFO] [stdout] note: found an item that was configured out
[INFO] [stdout]   --> src/lib.rs:31:9
[INFO] [stdout]    |
[INFO] [stdout] 29 | #[cfg(any(test, debug_assertions))]
[INFO] [stdout]    |          ------------------------ the item is gated here
[INFO] [stdout] 30 | #[doc(hidden)]
[INFO] [stdout] 31 | pub mod test_support;
[INFO] [stdout]    |         ^^^^^^^^^^^^
[INFO] [stdout] 
[INFO] [stdout] 
[INFO] [stdout] error[E0432]: unresolved import `ic_sqlite_vfs::test_support`
[INFO] [stdout]   --> tests/query_budget.rs:2:20
[INFO] [stdout]    |
[INFO] [stdout]  2 | use ic_sqlite_vfs::test_support::{lock, memory};
[INFO] [stdout]    |                    ^^^^^^^^^^^^ could not find `test_support` in `ic_sqlite_vfs`
[INFO] [stdout]    |
[INFO] [stdout] note: found an item that was configured out
[INFO] [stdout]   --> src/lib.rs:31:9
[INFO] [stdout]    |
[INFO] [stdout] 29 | #[cfg(any(test, debug_assertions))]
[INFO] [stdout]    |          ------------------------ the item is gated here
[INFO] [stdout] 30 | #[doc(hidden)]
[INFO] [stdout] 31 | pub mod test_support;
[INFO] [stdout]    |         ^^^^^^^^^^^^
[INFO] [stdout] 
[INFO] [stdout] 
[INFO] [stdout] error[E0433]: cannot find `test_support` in `ic_sqlite_vfs`
[INFO] [stdout]   --> tests/update_budget.rs:46:37
[INFO] [stdout]    |
[INFO] [stdout] 46 |         let before = ic_sqlite_vfs::test_support::stable_blob::storage_stats().unwrap();
[INFO] [stdout]    |                                     ^^^^^^^^^^^^ could not find `test_support` in `ic_sqlite_vfs`
[INFO] [stdout]    |
[INFO] [stdout] note: found an item that was configured out
[INFO] [stdout]   --> src/lib.rs:31:9
[INFO] [stdout]    |
[INFO] [stdout] 29 | #[cfg(any(test, debug_assertions))]
[INFO] [stdout]    |          ------------------------ the item is gated here
[INFO] [stdout] 30 | #[doc(hidden)]
[INFO] [stdout] 31 | pub mod test_support;
[INFO] [stdout]    |         ^^^^^^^^^^^^
[INFO] [stdout] 
[INFO] [stdout] 
[INFO] [stdout] error[E0432]: unresolved import `ic_sqlite_vfs::test_support`
[INFO] [stdout]   --> tests/sqlite_features.rs:6:20
[INFO] [stdout]    |
[INFO] [stdout]  6 | use ic_sqlite_vfs::test_support::lock;
[INFO] [stdout]    |                    ^^^^^^^^^^^^ could not find `test_support` in `ic_sqlite_vfs`
[INFO] [stdout]    |
[INFO] [stdout] note: found an item that was configured out
[INFO] [stdout]   --> src/lib.rs:31:9
[INFO] [stdout]    |
[INFO] [stdout] 29 | #[cfg(any(test, debug_assertions))]
[INFO] [stdout]    |          ------------------------ the item is gated here
[INFO] [stdout] 30 | #[doc(hidden)]
[INFO] [stdout] 31 | pub mod test_support;
[INFO] [stdout]    |         ^^^^^^^^^^^^
[INFO] [stdout] 
[INFO] [stdout] 
[INFO] [stdout] error[E0432]: unresolved import `ic_sqlite_vfs::test_support`
[INFO] [stdout]   --> tests/sqlite_features.rs:7:20
[INFO] [stdout]    |
[INFO] [stdout]  7 | use ic_sqlite_vfs::test_support::memory;
[INFO] [stdout]    |                    ^^^^^^^^^^^^ could not find `test_support` in `ic_sqlite_vfs`
[INFO] [stdout]    |
[INFO] [stdout] note: found an item that was configured out
[INFO] [stdout]   --> src/lib.rs:31:9
[INFO] [stdout]    |
[INFO] [stdout] 29 | #[cfg(any(test, debug_assertions))]
[INFO] [stdout]    |          ------------------------ the item is gated here
[INFO] [stdout] 30 | #[doc(hidden)]
[INFO] [stdout] 31 | pub mod test_support;
[INFO] [stdout]    |         ^^^^^^^^^^^^
[INFO] [stdout] 
[INFO] [stdout] 
[INFO] [stdout] error[E0433]: cannot find `test_support` in `ic_sqlite_vfs`
[INFO] [stdout]   --> tests/update_budget.rs:66:36
[INFO] [stdout]    |
[INFO] [stdout] 66 |         let after = ic_sqlite_vfs::test_support::stable_blob::storage_stats().unwrap();
[INFO] [stdout]    |                                    ^^^^^^^^^^^^ could not find `test_support` in `ic_sqlite_vfs`
[INFO] [stdout]    |
[INFO] [stdout] note: found an item that was configured out
[INFO] [stdout]   --> src/lib.rs:31:9
[INFO] [stdout]    |
[INFO] [stdout] 29 | #[cfg(any(test, debug_assertions))]
[INFO] [stdout]    |          ------------------------ the item is gated here
[INFO] [stdout] 30 | #[doc(hidden)]
[INFO] [stdout] 31 | pub mod test_support;
[INFO] [stdout]    |         ^^^^^^^^^^^^
[INFO] [stdout] 
[INFO] [stdout] 
[INFO] [stdout] For more information about this error, try `rustc --explain E0432`.
[INFO] [stdout] 
[INFO] [stdout] For more information about this error, try `rustc --explain E0432`.
[INFO] [stdout] 
[INFO] [stderr] error: could not compile `ic-sqlite-vfs` (test "typed_api") due to 2 previous errors
[INFO] [stdout] For more information about this error, try `rustc --explain E0432`.
[INFO] [stdout] 
[INFO] [stderr] error: could not compile `ic-sqlite-vfs` (test "memory_manager_compat") due to 1 previous error
[INFO] [stderr] error: could not compile `ic-sqlite-vfs` (test "stable_memory") due to 1 previous error
[INFO] [stdout] error[E0433]: cannot find `test_support` in `ic_sqlite_vfs`
[INFO] [stdout]    --> tests/update_budget.rs:364:45
[INFO] [stdout]     |
[INFO] [stdout] 364 |             _statement: *mut ic_sqlite_vfs::test_support::ffi::sqlite3_stmt,
[INFO] [stdout]     |                                             ^^^^^^^^^^^^ could not find `test_support` in `ic_sqlite_vfs`
[INFO] [stdout]     |
[INFO] [stdout] note: found an item that was configured out
[INFO] [stdout]    --> src/lib.rs:31:9
[INFO] [stdout]     |
[INFO] [stdout]  29 | #[cfg(any(test, debug_assertions))]
[INFO] [stdout]     |          ------------------------ the item is gated here
[INFO] [stdout]  30 | #[doc(hidden)]
[INFO] [stdout]  31 | pub mod test_support;
[INFO] [stdout]     |         ^^^^^^^^^^^^
[INFO] [stdout] 
[INFO] [stdout] 
[INFO] [stdout] For more information about this error, try `rustc --explain E0432`.
[INFO] [stdout] 
[INFO] [stdout] For more information about this error, try `rustc --explain E0432`.
[INFO] [stdout] 
[INFO] [stdout] For more information about this error, try `rustc --explain E0432`.
[INFO] [stdout] 
[INFO] [stdout] error[E0432]: unresolved import `ic_sqlite_vfs::test_support`
[INFO] [stdout]   --> tests/vfs_roundtrip.rs:3:20
[INFO] [stdout]    |
[INFO] [stdout]  3 | use ic_sqlite_vfs::test_support::memory;
[INFO] [stdout]    |                    ^^^^^^^^^^^^ could not find `test_support` in `ic_sqlite_vfs`
[INFO] [stdout]    |
[INFO] [stdout] note: found an item that was configured out
[INFO] [stdout]   --> src/lib.rs:31:9
[INFO] [stdout]    |
[INFO] [stdout] 29 | #[cfg(any(test, debug_assertions))]
[INFO] [stdout]    |          ------------------------ the item is gated here
[INFO] [stdout] 30 | #[doc(hidden)]
[INFO] [stdout] 31 | pub mod test_support;
[INFO] [stdout]    |         ^^^^^^^^^^^^
[INFO] [stdout] 
[INFO] [stdout] 
[INFO] [stderr] error: could not compile `ic-sqlite-vfs` (test "checksum") due to 3 previous errors
[INFO] [stdout] error[E0432]: unresolved import `ic_sqlite_vfs::test_support`
[INFO] [stdout]   --> tests/vfs_roundtrip.rs:4:20
[INFO] [stdout]    |
[INFO] [stdout]  4 | use ic_sqlite_vfs::test_support::stable_blob;
[INFO] [stdout]    |                    ^^^^^^^^^^^^ could not find `test_support` in `ic_sqlite_vfs`
[INFO] [stdout]    |
[INFO] [stdout] note: found an item that was configured out
[INFO] [stdout]   --> src/lib.rs:31:9
[INFO] [stdout]    |
[INFO] [stdout] 29 | #[cfg(any(test, debug_assertions))]
[INFO] [stdout]    |          ------------------------ the item is gated here
[INFO] [stdout] 30 | #[doc(hidden)]
[INFO] [stdout] 31 | pub mod test_support;
[INFO] [stdout]    |         ^^^^^^^^^^^^
[INFO] [stdout] 
[INFO] [stdout] 
[INFO] [stdout] error[E0432]: unresolved import `ic_sqlite_vfs::test_support`
[INFO] [stdout]   --> tests/vfs_roundtrip.rs:5:20
[INFO] [stdout]    |
[INFO] [stdout]  5 | use ic_sqlite_vfs::test_support::{ffi, lock, vfs, Memory, Superblock};
[INFO] [stdout]    |                    ^^^^^^^^^^^^ could not find `test_support` in `ic_sqlite_vfs`
[INFO] [stdout]    |
[INFO] [stdout] note: found an item that was configured out
[INFO] [stdout]   --> src/lib.rs:31:9
[INFO] [stdout]    |
[INFO] [stdout] 29 | #[cfg(any(test, debug_assertions))]
[INFO] [stdout]    |          ------------------------ the item is gated here
[INFO] [stdout] 30 | #[doc(hidden)]
[INFO] [stdout] 31 | pub mod test_support;
[INFO] [stdout]    |         ^^^^^^^^^^^^
[INFO] [stdout] 
[INFO] [stdout] 
[INFO] [stderr] error: could not compile `ic-sqlite-vfs` (test "sqlite_perf_probe") due to 3 previous errors
[INFO] [stderr] error: could not compile `ic-sqlite-vfs` (test "strict_api") due to 2 previous errors
[INFO] [stdout] error[E0433]: cannot find `test_support` in `ic_sqlite_vfs`
[INFO] [stdout]    --> tests/update_budget.rs:373:37
[INFO] [stdout]     |
[INFO] [stdout] 373 |         let before = ic_sqlite_vfs::test_support::stable_blob::storage_stats().unwrap();
[INFO] [stdout]     |                                     ^^^^^^^^^^^^ could not find `test_support` in `ic_sqlite_vfs`
[INFO] [stdout]     |
[INFO] [stdout] note: found an item that was configured out
[INFO] [stdout]    --> src/lib.rs:31:9
[INFO] [stdout]     |
[INFO] [stdout]  29 | #[cfg(any(test, debug_assertions))]
[INFO] [stdout]     |          ------------------------ the item is gated here
[INFO] [stdout]  30 | #[doc(hidden)]
[INFO] [stdout]  31 | pub mod test_support;
[INFO] [stdout]     |         ^^^^^^^^^^^^
[INFO] [stdout] 
[INFO] [stdout] 
[INFO] [stdout] For more information about this error, try `rustc --explain E0432`.
[INFO] [stdout] 
[INFO] [stderr] error: could not compile `ic-sqlite-vfs` (test "stress") due to 3 previous errors
[INFO] [stdout] For more information about this error, try `rustc --explain E0432`.
[INFO] [stdout] 
[INFO] [stdout] error[E0433]: cannot find `test_support` in `ic_sqlite_vfs`
[INFO] [stdout]    --> tests/update_budget.rs:383:36
[INFO] [stdout]     |
[INFO] [stdout] 383 |         let after = ic_sqlite_vfs::test_support::stable_blob::storage_stats().unwrap();
[INFO] [stdout]     |                                    ^^^^^^^^^^^^ could not find `test_support` in `ic_sqlite_vfs`
[INFO] [stdout]     |
[INFO] [stdout] note: found an item that was configured out
[INFO] [stdout]    --> src/lib.rs:31:9
[INFO] [stdout]     |
[INFO] [stdout]  29 | #[cfg(any(test, debug_assertions))]
[INFO] [stdout]     |          ------------------------ the item is gated here
[INFO] [stdout]  30 | #[doc(hidden)]
[INFO] [stdout]  31 | pub mod test_support;
[INFO] [stdout]     |         ^^^^^^^^^^^^
[INFO] [stdout] 
[INFO] [stdout] 
[INFO] [stderr] error: could not compile `ic-sqlite-vfs` (test "query_budget") due to 1 previous error
[INFO] [stdout] For more information about this error, try `rustc --explain E0432`.
[INFO] [stdout] 
[INFO] [stdout] error[E0433]: cannot find `test_support` in `ic_sqlite_vfs`
[INFO] [stdout]    --> tests/vfs_roundtrip.rs:294:24
[INFO] [stdout]     |
[INFO] [stdout] 294 |         ic_sqlite_vfs::test_support::meta::CURRENT_LAYOUT_VERSION
[INFO] [stdout]     |                        ^^^^^^^^^^^^ could not find `test_support` in `ic_sqlite_vfs`
[INFO] [stdout]     |
[INFO] [stdout] note: found an item that was configured out
[INFO] [stdout]    --> src/lib.rs:31:9
[INFO] [stdout]     |
[INFO] [stdout]  29 | #[cfg(any(test, debug_assertions))]
[INFO] [stdout]     |          ------------------------ the item is gated here
[INFO] [stdout]  30 | #[doc(hidden)]
[INFO] [stdout]  31 | pub mod test_support;
[INFO] [stdout]     |         ^^^^^^^^^^^^
[INFO] [stdout] 
[INFO] [stdout] 
[INFO] [stderr] error: could not compile `ic-sqlite-vfs` (test "sqlite_features") due to 2 previous errors
[INFO] [stdout] error[E0433]: cannot find `test_support` in `ic_sqlite_vfs`
[INFO] [stdout]    --> tests/vfs_roundtrip.rs:772:24
[INFO] [stdout]     |
[INFO] [stdout] 772 |         ic_sqlite_vfs::test_support::meta::fnv1a64(expected)
[INFO] [stdout]     |                        ^^^^^^^^^^^^ could not find `test_support` in `ic_sqlite_vfs`
[INFO] [stdout]     |
[INFO] [stdout] note: found an item that was configured out
[INFO] [stdout]    --> src/lib.rs:31:9
[INFO] [stdout]     |
[INFO] [stdout]  29 | #[cfg(any(test, debug_assertions))]
[INFO] [stdout]     |          ------------------------ the item is gated here
[INFO] [stdout]  30 | #[doc(hidden)]
[INFO] [stdout]  31 | pub mod test_support;
[INFO] [stdout]     |         ^^^^^^^^^^^^
[INFO] [stdout] 
[INFO] [stdout] 
[INFO] [stdout] Some errors have detailed explanations: E0432, E0433.
[INFO] [stdout] 
[INFO] [stdout] For more information about an error, try `rustc --explain E0432`.
[INFO] [stdout] 
[INFO] [stderr] error: could not compile `ic-sqlite-vfs` (test "update_budget") due to 6 previous errors
[INFO] [stdout] error[E0599]: no method named `grow` found for struct `ic_sqlite_vfs::stable::memory_manager::VirtualMemory<M>` in the current scope
[INFO] [stdout]    --> tests/vfs_roundtrip.rs:304:26
[INFO] [stdout]     |
[INFO] [stdout] 304 |     assert_eq!(db_memory.grow(1), 0);
[INFO] [stdout]     |                          ^^^^ method not found in `ic_sqlite_vfs::stable::memory_manager::VirtualMemory<Rc<RefCell<Vec<u8>>>>`
[INFO] [stdout]     |
[INFO] [stdout]    ::: src/stable/raw_memory.rs:23:8
[INFO] [stdout]     |
[INFO] [stdout]  23 |     fn grow(&self, pages: u64) -> i64;
[INFO] [stdout]     |        ---- the method is available for `ic_sqlite_vfs::stable::memory_manager::VirtualMemory<Rc<RefCell<Vec<u8>>>>` here
[INFO] [stdout]     |
[INFO] [stdout]     = help: items from traits can only be used if the trait is in scope
[INFO] [stdout] help: trait `Memory` which provides `grow` is implemented but not in scope; perhaps you want to import it
[INFO] [stdout]     |
[INFO] [stdout]   1 + use ic_sqlite_vfs::stable::raw_memory::Memory;
[INFO] [stdout]     |
[INFO] [stdout] 
[INFO] [stdout] 
[INFO] [stdout] error[E0599]: no method named `write` found for struct `ic_sqlite_vfs::stable::memory_manager::VirtualMemory<M>` in the current scope
[INFO] [stdout]    --> tests/vfs_roundtrip.rs:305:15
[INFO] [stdout]     |
[INFO] [stdout] 305 |     db_memory.write(0, header);
[INFO] [stdout]     |               ^^^^^ method not found in `ic_sqlite_vfs::stable::memory_manager::VirtualMemory<Rc<RefCell<Vec<u8>>>>`
[INFO] [stdout]     |
[INFO] [stdout]    ::: src/stable/raw_memory.rs:25:8
[INFO] [stdout]     |
[INFO] [stdout]  25 |     fn write(&self, offset: u64, src: &[u8]);
[INFO] [stdout]     |        ----- the method is available for `ic_sqlite_vfs::stable::memory_manager::VirtualMemory<Rc<RefCell<Vec<u8>>>>` here
[INFO] [stdout]     |
[INFO] [stdout]     = help: items from traits can only be used if the trait is in scope
[INFO] [stdout] help: trait `Memory` which provides `write` is implemented but not in scope; perhaps you want to import it
[INFO] [stdout]     |
[INFO] [stdout]   1 + use ic_sqlite_vfs::stable::raw_memory::Memory;
[INFO] [stdout]     |
[INFO] [stdout] 
[INFO] [stdout] 
[INFO] [stdout] error[E0599]: no method named `read` found for struct `ic_sqlite_vfs::stable::memory_manager::VirtualMemory<M>` in the current scope
[INFO] [stdout]    --> tests/vfs_roundtrip.rs:316:15
[INFO] [stdout]     |
[INFO] [stdout] 316 |     db_memory.read(0, &mut preserved);
[INFO] [stdout]     |               ^^^^ method not found in `ic_sqlite_vfs::stable::memory_manager::VirtualMemory<Rc<RefCell<Vec<u8>>>>`
[INFO] [stdout]     |
[INFO] [stdout]    ::: src/stable/raw_memory.rs:24:8
[INFO] [stdout]     |
[INFO] [stdout]  24 |     fn read(&self, offset: u64, dst: &mut [u8]);
[INFO] [stdout]     |        ---- the method is available for `ic_sqlite_vfs::stable::memory_manager::VirtualMemory<Rc<RefCell<Vec<u8>>>>` here
[INFO] [stdout]     |
[INFO] [stdout]     = help: items from traits can only be used if the trait is in scope
[INFO] [stdout] help: trait `Memory` which provides `read` is implemented but not in scope; perhaps you want to import it
[INFO] [stdout]     |
[INFO] [stdout]   1 + use ic_sqlite_vfs::stable::raw_memory::Memory;
[INFO] [stdout]     |
[INFO] [stdout] 
[INFO] [stdout] 
[INFO] [stdout] error[E0599]: no method named `grow` found for struct `ic_sqlite_vfs::stable::memory_manager::VirtualMemory<M>` in the current scope
[INFO] [stdout]    --> tests/vfs_roundtrip.rs:326:26
[INFO] [stdout]     |
[INFO] [stdout] 326 |     assert_eq!(db_memory.grow(1), 0);
[INFO] [stdout]     |                          ^^^^ method not found in `ic_sqlite_vfs::stable::memory_manager::VirtualMemory<Rc<RefCell<Vec<u8>>>>`
[INFO] [stdout]     |
[INFO] [stdout]    ::: src/stable/raw_memory.rs:23:8
[INFO] [stdout]     |
[INFO] [stdout]  23 |     fn grow(&self, pages: u64) -> i64;
[INFO] [stdout]     |        ---- the method is available for `ic_sqlite_vfs::stable::memory_manager::VirtualMemory<Rc<RefCell<Vec<u8>>>>` here
[INFO] [stdout]     |
[INFO] [stdout]     = help: items from traits can only be used if the trait is in scope
[INFO] [stdout] help: trait `Memory` which provides `grow` is implemented but not in scope; perhaps you want to import it
[INFO] [stdout]     |
[INFO] [stdout]   1 + use ic_sqlite_vfs::stable::raw_memory::Memory;
[INFO] [stdout]     |
[INFO] [stdout] 
[INFO] [stdout] 
[INFO] [stdout] error[E0599]: no method named `write` found for struct `ic_sqlite_vfs::stable::memory_manager::VirtualMemory<M>` in the current scope
[INFO] [stdout]    --> tests/vfs_roundtrip.rs:327:15
[INFO] [stdout]     |
[INFO] [stdout] 327 |     db_memory.write(0, &header);
[INFO] [stdout]     |               ^^^^^ method not found in `ic_sqlite_vfs::stable::memory_manager::VirtualMemory<Rc<RefCell<Vec<u8>>>>`
[INFO] [stdout]     |
[INFO] [stdout]    ::: src/stable/raw_memory.rs:25:8
[INFO] [stdout]     |
[INFO] [stdout]  25 |     fn write(&self, offset: u64, src: &[u8]);
[INFO] [stdout]     |        ----- the method is available for `ic_sqlite_vfs::stable::memory_manager::VirtualMemory<Rc<RefCell<Vec<u8>>>>` here
[INFO] [stdout]     |
[INFO] [stdout]     = help: items from traits can only be used if the trait is in scope
[INFO] [stdout] help: trait `Memory` which provides `write` is implemented but not in scope; perhaps you want to import it
[INFO] [stdout]     |
[INFO] [stdout]   1 + use ic_sqlite_vfs::stable::raw_memory::Memory;
[INFO] [stdout]     |
[INFO] [stdout] 
[INFO] [stdout] 
[INFO] [stdout] error[E0599]: no method named `read` found for struct `ic_sqlite_vfs::stable::memory_manager::VirtualMemory<M>` in the current scope
[INFO] [stdout]    --> tests/vfs_roundtrip.rs:338:15
[INFO] [stdout]     |
[INFO] [stdout] 338 |     db_memory.read(0, &mut preserved);
[INFO] [stdout]     |               ^^^^ method not found in `ic_sqlite_vfs::stable::memory_manager::VirtualMemory<Rc<RefCell<Vec<u8>>>>`
[INFO] [stdout]     |
[INFO] [stdout]    ::: src/stable/raw_memory.rs:24:8
[INFO] [stdout]     |
[INFO] [stdout]  24 |     fn read(&self, offset: u64, dst: &mut [u8]);
[INFO] [stdout]     |        ---- the method is available for `ic_sqlite_vfs::stable::memory_manager::VirtualMemory<Rc<RefCell<Vec<u8>>>>` here
[INFO] [stdout]     |
[INFO] [stdout]     = help: items from traits can only be used if the trait is in scope
[INFO] [stdout] help: trait `Memory` which provides `read` is implemented but not in scope; perhaps you want to import it
[INFO] [stdout]     |
[INFO] [stdout]   1 + use ic_sqlite_vfs::stable::raw_memory::Memory;
[INFO] [stdout]     |
[INFO] [stdout] 
[INFO] [stdout] 
[INFO] [stdout] Some errors have detailed explanations: E0432, E0433, E0599.
[INFO] [stdout] 
[INFO] [stdout] For more information about an error, try `rustc --explain E0432`.
[INFO] [stdout] 
[INFO] [stderr] error: could not compile `ic-sqlite-vfs` (test "vfs_roundtrip") due to 11 previous errors
[INFO] running `Command { std: "docker" "inspect" "6e460377d9e0a01352980c8dd0cd3c5c0647780b3cbdea3fa3f67a22e95886ce", kill_on_drop: false }`
[INFO] running `Command { std: "docker" "rm" "-f" "6e460377d9e0a01352980c8dd0cd3c5c0647780b3cbdea3fa3f67a22e95886ce", kill_on_drop: false }`
[INFO] [stdout] 6e460377d9e0a01352980c8dd0cd3c5c0647780b3cbdea3fa3f67a22e95886ce
