[INFO] fetching crate ic-certificate-verification 4.0.0...
[INFO] testing ic-certificate-verification-4.0.0 against 1.100.0-beta.1+cargoflags=--release for beta-release-1.100-2
[INFO] extracting crate ic-certificate-verification 4.0.0 into /workspace/builds/worker-1-tc2/source
[INFO] started tweaking crates.io crate ic-certificate-verification 4.0.0
[INFO] finished tweaking crates.io crate ic-certificate-verification 4.0.0
[INFO] tweaked toml for crates.io crate ic-certificate-verification 4.0.0 written to /workspace/builds/worker-1-tc2/source/Cargo.toml
[INFO] validating manifest of crates.io crate ic-certificate-verification 4.0.0 on toolchain 1.100.0-beta.1
[INFO] running `Command { std: CARGO_HOME="/workspace/cargo-home" RUSTUP_HOME="/workspace/rustup-home" "/workspace/cargo-home/bin/cargo" "+1.100.0-beta.1" "metadata" "--manifest-path" "Cargo.toml" "--no-deps", kill_on_drop: false }`
[INFO] crate crates.io crate ic-certificate-verification 4.0.0 already has a lockfile, it will not be regenerated
[INFO] running `Command { std: CARGO_HOME="/workspace/cargo-home" RUSTUP_HOME="/workspace/rustup-home" "/workspace/cargo-home/bin/cargo" "+1.100.0-beta.1" "fetch" "--manifest-path" "Cargo.toml", kill_on_drop: false }`
[INFO] running `Command { std: "docker" "create" "-v" "/var/lib/crater-agent-workspace/builds/worker-1-tc2/source:/opt/rustwide/workdir:ro,Z" "-v" "/var/lib/crater-agent-workspace/builds/worker-1-tc2/target:/opt/rustwide/target:rw,Z" "-v" "/var/lib/crater-agent-workspace/cargo-home:/opt/rustwide/cargo-home:ro,Z" "-v" "/var/lib/crater-agent-workspace/rustup-home:/opt/rustwide/rustup-home:ro,Z" "-m" "1610612736" "--network" "none" "ghcr.io/rust-lang/crates-build-env/linux@sha256:77db811e55d90add9212f6832c23229e3de5f1c1f9905e8cb07319ea15df73ac" "sleep" "infinity", kill_on_drop: false }`
[INFO] [stdout] 7e09eb92dff183aa89da36e3ba1c55144d497a9ee19a905bb1d4001d4cfd7153
[INFO] running `Command { std: "docker" "start" "7e09eb92dff183aa89da36e3ba1c55144d497a9ee19a905bb1d4001d4cfd7153", kill_on_drop: false }`
[INFO] running `Command { std: "docker" "inspect" "7e09eb92dff183aa89da36e3ba1c55144d497a9ee19a905bb1d4001d4cfd7153", kill_on_drop: false }`
[INFO] running `Command { std: "docker" "exec" "-e" "SOURCE_DIR=/opt/rustwide/workdir" "-e" "CARGO_HOME=/opt/rustwide/cargo-home" "-e" "RUSTUP_HOME=/opt/rustwide/rustup-home" "-e" "CARGO_TARGET_DIR=/opt/rustwide/target" "-w" "/opt/rustwide/workdir" "--user" "0:0" "7e09eb92dff183aa89da36e3ba1c55144d497a9ee19a905bb1d4001d4cfd7153" "/opt/rustwide/cargo-home/bin/cargo" "+1.100.0-beta.1" "metadata" "--no-deps" "--format-version=1", kill_on_drop: false }`
[INFO] running `Command { std: "docker" "inspect" "7e09eb92dff183aa89da36e3ba1c55144d497a9ee19a905bb1d4001d4cfd7153", kill_on_drop: false }`
[INFO] running `Command { std: "docker" "exec" "-e" "SOURCE_DIR=/opt/rustwide/workdir" "-e" "CARGO_HOME=/opt/rustwide/cargo-home" "-e" "RUSTUP_HOME=/opt/rustwide/rustup-home" "-e" "CARGO_TARGET_DIR=/opt/rustwide/target" "-e" "CARGO_INCREMENTAL=0" "-e" "RUST_BACKTRACE=full" "-e" "RUSTFLAGS=--cap-lints=warn" "-e" "RUSTDOCFLAGS=--cap-lints=warn" "-w" "/opt/rustwide/workdir" "--user" "0:0" "7e09eb92dff183aa89da36e3ba1c55144d497a9ee19a905bb1d4001d4cfd7153" "/opt/rustwide/cargo-home/bin/cargo" "+1.100.0-beta.1" "build" "--frozen" "--message-format=json" "--release", kill_on_drop: false }`
[INFO] [stderr]    Compiling syn v2.0.114
[INFO] [stderr]    Compiling generic-array v0.14.9
[INFO] [stderr]    Compiling object v0.37.3
[INFO] [stderr]    Compiling rand_core v0.6.4
[INFO] [stderr]    Compiling zerocopy v0.8.37
[INFO] [stderr]    Compiling syn v1.0.109
[INFO] [stderr]    Compiling stacker v0.1.22
[INFO] [stderr]    Compiling arrayvec v0.5.2
[INFO] [stderr]    Compiling ff v0.13.1
[INFO] [stderr]    Compiling serde_bytes v0.11.19
[INFO] [stderr]    Compiling group v0.13.0
[INFO] [stderr]    Compiling pretty v0.12.5
[INFO] [stderr]    Compiling pairing v0.23.0
[INFO] [stderr]    Compiling memchr v2.7.6
[INFO] [stderr]    Compiling leb128 v0.2.5
[INFO] [stderr]    Compiling parking_lot_core v0.9.12
[INFO] [stderr]    Compiling rand v0.8.8
[INFO] [stderr]    Compiling crypto-common v0.1.6
[INFO] [stderr]    Compiling block-buffer v0.10.4
[INFO] [stderr]    Compiling cached_proc_macro_types v0.1.1
[INFO] [stderr]    Compiling digest v0.10.7
[INFO] [stderr]    Compiling web-time v1.1.0
[INFO] [stderr]    Compiling parking_lot v0.12.5
[INFO] [stderr]    Compiling sha2 v0.10.9
[INFO] [stderr]    Compiling ic_bls12_381 v0.10.1
[INFO] [stderr]    Compiling ic-certification v4.0.0
[INFO] [stderr]    Compiling nom v7.1.3
[INFO] [stderr]    Compiling ic-verify-bls-signature v0.6.0
[INFO] [stderr]    Compiling ar_archive_writer v0.5.1
[INFO] [stderr]    Compiling darling_core v0.20.11
[INFO] [stderr]    Compiling binread_derive v2.1.0
[INFO] [stderr]    Compiling psm v0.1.29
[INFO] [stderr]    Compiling ahash v0.8.12
[INFO] [stderr]    Compiling hashbrown v0.14.5
[INFO] [stderr]    Compiling serde_derive v1.0.228
[INFO] [stderr]    Compiling thiserror-impl v1.0.69
[INFO] [stderr]    Compiling candid_derive v0.10.20
[INFO] [stderr]    Compiling binread v2.2.0
[INFO] [stderr]    Compiling thiserror v1.0.69
[INFO] [stderr]    Compiling darling_macro v0.20.11
[INFO] [stderr]    Compiling darling v0.20.11
[INFO] [stderr]    Compiling cached_proc_macro v0.23.0
[INFO] [stderr]    Compiling cached v0.54.0
[INFO] [stderr]    Compiling serde v1.0.228
[INFO] [stderr]    Compiling ic_principal v0.1.2
[INFO] [stderr]    Compiling num-bigint v0.4.6
[INFO] [stderr]    Compiling candid v0.10.20
[INFO] [stderr]    Compiling ic-cbor v4.0.0
[INFO] [stderr]    Compiling ic-certificate-verification v4.0.0 (/opt/rustwide/workdir)
[INFO] [stderr]     Finished `release` profile [optimized] target(s) in 1m 12s
[INFO] running `Command { std: "docker" "inspect" "7e09eb92dff183aa89da36e3ba1c55144d497a9ee19a905bb1d4001d4cfd7153", kill_on_drop: false }`
[INFO] running `Command { std: "docker" "exec" "-e" "SOURCE_DIR=/opt/rustwide/workdir" "-e" "CARGO_HOME=/opt/rustwide/cargo-home" "-e" "RUSTUP_HOME=/opt/rustwide/rustup-home" "-e" "CARGO_TARGET_DIR=/opt/rustwide/target" "-e" "CARGO_INCREMENTAL=0" "-e" "RUST_BACKTRACE=full" "-e" "RUSTFLAGS=--cap-lints=warn" "-e" "RUSTDOCFLAGS=--cap-lints=warn" "-w" "/opt/rustwide/workdir" "--user" "0:0" "7e09eb92dff183aa89da36e3ba1c55144d497a9ee19a905bb1d4001d4cfd7153" "/opt/rustwide/cargo-home/bin/cargo" "+1.100.0-beta.1" "test" "--frozen" "--no-run" "--message-format=json" "--release", kill_on_drop: false }`
[INFO] [stderr]    Compiling ff v0.13.1
[INFO] [stderr]    Compiling ppv-lite86 v0.2.21
[INFO] [stderr]    Compiling group v0.13.0
[INFO] [stderr]    Compiling pairing v0.23.0
[INFO] [stderr]    Compiling ic_bls12_381 v0.10.1
[INFO] [stderr]    Compiling rand_chacha v0.3.1
[INFO] [stderr]    Compiling rand v0.8.8
[INFO] [stderr]    Compiling ic-verify-bls-signature v0.6.0
[INFO] [stderr]    Compiling ic-certificate-verification v4.0.0 (/opt/rustwide/workdir)
[INFO] [stdout] error[E0432]: unresolved import `ic_certification_testing`
[INFO] [stdout]    --> src/certificate_verification.rs:218:9
[INFO] [stdout]     |
[INFO] [stdout] 218 |     use ic_certification_testing::{CertificateBuilder, CertificateData};
[INFO] [stdout]     |         ^^^^^^^^^^^^^^^^^^^^^^^^ use of unresolved module or unlinked crate `ic_certification_testing`
[INFO] [stdout]     |
[INFO] [stdout] help: there is a crate or module with a similar name
[INFO] [stdout]     |
[INFO] [stdout] 218 -     use ic_certification_testing::{CertificateBuilder, CertificateData};
[INFO] [stdout] 218 +     use ic_certification::{CertificateBuilder, CertificateData};
[INFO] [stdout]     |
[INFO] [stdout] 
[INFO] [stdout] 
[INFO] [stdout] error[E0432]: unresolved import `ic_response_verification_test_utils`
[INFO] [stdout]    --> src/certificate_verification.rs:219:9
[INFO] [stdout]     |
[INFO] [stdout] 219 |     use ic_response_verification_test_utils::{get_current_timestamp, get_timestamp, AssetTree};
[INFO] [stdout]     |         ^^^^^^^^^^^^^^^^^^^^^^^^^^^^^^^^^^^ use of unresolved module or unlinked crate `ic_response_verification_test_utils`
[INFO] [stdout]     |
[INFO] [stdout]     = help: if you wanted to use a crate named `ic_response_verification_test_utils`, use `cargo add ic_response_verification_test_utils` to add it to your `Cargo.toml`
[INFO] [stdout] 
[INFO] [stdout] 
[INFO] [stdout] error[E0432]: unresolved import `ic_types`
[INFO] [stdout]    --> src/certificate_verification.rs:220:9
[INFO] [stdout]     |
[INFO] [stdout] 220 |     use ic_types::CanisterId;
[INFO] [stdout]     |         ^^^^^^^^ use of unresolved module or unlinked crate `ic_types`
[INFO] [stdout]     |
[INFO] [stdout]     = help: if you wanted to use a crate named `ic_types`, use `cargo add ic_types` to add it to your `Cargo.toml`
[INFO] [stdout] 
[INFO] [stdout] 
[INFO] [stdout] For more information about this error, try `rustc --explain E0432`.
[INFO] [stdout] 
[INFO] [stderr] error: could not compile `ic-certificate-verification` (lib test) due to 3 previous errors
[INFO] running `Command { std: "docker" "inspect" "7e09eb92dff183aa89da36e3ba1c55144d497a9ee19a905bb1d4001d4cfd7153", kill_on_drop: false }`
[INFO] running `Command { std: "docker" "rm" "-f" "7e09eb92dff183aa89da36e3ba1c55144d497a9ee19a905bb1d4001d4cfd7153", kill_on_drop: false }`
[INFO] [stdout] 7e09eb92dff183aa89da36e3ba1c55144d497a9ee19a905bb1d4001d4cfd7153
