[INFO] fetching crate ibm_db 1.0.8...
[INFO] testing ibm_db-1.0.8 against 1.100.0-beta.1+cargoflags=--release for beta-release-1.100-2
[INFO] extracting crate ibm_db 1.0.8 into /workspace/builds/worker-2-tc2/source
[INFO] started tweaking crates.io crate ibm_db 1.0.8
[INFO] removed 0 missing examples
[INFO] finished tweaking crates.io crate ibm_db 1.0.8
[INFO] tweaked toml for crates.io crate ibm_db 1.0.8 written to /workspace/builds/worker-2-tc2/source/Cargo.toml
[INFO] validating manifest of crates.io crate ibm_db 1.0.8 on toolchain 1.100.0-beta.1
[INFO] running `Command { std: CARGO_HOME="/workspace/cargo-home" RUSTUP_HOME="/workspace/rustup-home" "/workspace/cargo-home/bin/cargo" "+1.100.0-beta.1" "metadata" "--manifest-path" "Cargo.toml" "--no-deps", kill_on_drop: false }`
[INFO] crate crates.io crate ibm_db 1.0.8 already has a lockfile, it will not be regenerated
[INFO] running `Command { std: CARGO_HOME="/workspace/cargo-home" RUSTUP_HOME="/workspace/rustup-home" "/workspace/cargo-home/bin/cargo" "+1.100.0-beta.1" "fetch" "--manifest-path" "Cargo.toml", kill_on_drop: false }`
[INFO] running `Command { std: "docker" "create" "-v" "/var/lib/crater-agent-workspace/builds/worker-2-tc2/source:/opt/rustwide/workdir:ro,Z" "-v" "/var/lib/crater-agent-workspace/builds/worker-2-tc2/target:/opt/rustwide/target:rw,Z" "-v" "/var/lib/crater-agent-workspace/cargo-home:/opt/rustwide/cargo-home:ro,Z" "-v" "/var/lib/crater-agent-workspace/rustup-home:/opt/rustwide/rustup-home:ro,Z" "-m" "1610612736" "--network" "none" "ghcr.io/rust-lang/crates-build-env/linux@sha256:77db811e55d90add9212f6832c23229e3de5f1c1f9905e8cb07319ea15df73ac" "sleep" "infinity", kill_on_drop: false }`
[INFO] [stdout] 19beb3913ad786833f71ce7611fb6d18952c1c6b28c52ee1f82c62c36eb673e8
[INFO] running `Command { std: "docker" "start" "19beb3913ad786833f71ce7611fb6d18952c1c6b28c52ee1f82c62c36eb673e8", kill_on_drop: false }`
[INFO] running `Command { std: "docker" "inspect" "19beb3913ad786833f71ce7611fb6d18952c1c6b28c52ee1f82c62c36eb673e8", kill_on_drop: false }`
[INFO] running `Command { std: "docker" "exec" "-e" "SOURCE_DIR=/opt/rustwide/workdir" "-e" "CARGO_HOME=/opt/rustwide/cargo-home" "-e" "RUSTUP_HOME=/opt/rustwide/rustup-home" "-e" "CARGO_TARGET_DIR=/opt/rustwide/target" "-w" "/opt/rustwide/workdir" "--user" "0:0" "19beb3913ad786833f71ce7611fb6d18952c1c6b28c52ee1f82c62c36eb673e8" "/opt/rustwide/cargo-home/bin/cargo" "+1.100.0-beta.1" "metadata" "--no-deps" "--format-version=1", kill_on_drop: false }`
[INFO] running `Command { std: "docker" "inspect" "19beb3913ad786833f71ce7611fb6d18952c1c6b28c52ee1f82c62c36eb673e8", kill_on_drop: false }`
[INFO] running `Command { std: "docker" "exec" "-e" "SOURCE_DIR=/opt/rustwide/workdir" "-e" "CARGO_HOME=/opt/rustwide/cargo-home" "-e" "RUSTUP_HOME=/opt/rustwide/rustup-home" "-e" "CARGO_TARGET_DIR=/opt/rustwide/target" "-e" "CARGO_INCREMENTAL=0" "-e" "RUST_BACKTRACE=full" "-e" "RUSTFLAGS=--cap-lints=warn" "-e" "RUSTDOCFLAGS=--cap-lints=warn" "-w" "/opt/rustwide/workdir" "--user" "0:0" "19beb3913ad786833f71ce7611fb6d18952c1c6b28c52ee1f82c62c36eb673e8" "/opt/rustwide/cargo-home/bin/cargo" "+1.100.0-beta.1" "build" "--frozen" "--message-format=json" "--release", kill_on_drop: false }`
[INFO] [stderr]    Compiling proc-macro2 v1.0.106
[INFO] [stderr]    Compiling libc v0.2.186
[INFO] [stderr]    Compiling quote v1.0.45
[INFO] [stderr]    Compiling unicode-ident v1.0.24
[INFO] [stderr]    Compiling find-msvc-tools v0.1.9
[INFO] [stderr]    Compiling shlex v2.0.1
[INFO] [stderr]    Compiling icu_normalizer_data v2.2.0
[INFO] [stderr]    Compiling icu_properties_data v2.2.0
[INFO] [stderr]    Compiling stable_deref_trait v1.2.1
[INFO] [stderr]    Compiling cfg-if v1.0.4
[INFO] [stderr]    Compiling rustix v1.1.4
[INFO] [stderr]    Compiling crc32fast v1.5.0
[INFO] [stderr]    Compiling pkg-config v0.3.33
[INFO] [stderr]    Compiling cc v1.2.63
[INFO] [stderr]    Compiling object v0.37.3
[INFO] [stderr]    Compiling thiserror v1.0.69
[INFO] [stderr]    Compiling litemap v0.8.2
[INFO] [stderr]    Compiling writeable v0.6.3
[INFO] [stderr]    Compiling utf8_iter v1.0.4
[INFO] [stderr]    Compiling smallvec v1.15.1
[INFO] [stderr]    Compiling rustls v0.23.40
[INFO] [stderr]    Compiling zeroize v1.8.2
[INFO] [stderr]    Compiling simd-adler32 v0.3.9
[INFO] [stderr]    Compiling getrandom v0.4.2
[INFO] [stderr]    Compiling adler2 v2.0.1
[INFO] [stderr]    Compiling rustls-pki-types v1.14.1
[INFO] [stderr]    Compiling syn v2.0.117
[INFO] [stderr]    Compiling miniz_oxide v0.8.9
[INFO] [stderr]    Compiling winapi-build v0.1.1
[INFO] [stderr]    Compiling user32-sys v0.2.0
[INFO] [stderr]    Compiling error-chain v0.12.4
[INFO] [stderr]    Compiling linux-raw-sys v0.12.1
[INFO] [stderr]    Compiling untrusted v0.9.0
[INFO] [stderr]    Compiling memchr v2.8.1
[INFO] [stderr]    Compiling bitflags v2.11.1
[INFO] [stderr]    Compiling getrandom v0.2.17
[INFO] [stderr]    Compiling ring v0.17.14
[INFO] [stderr]    Compiling bzip2-sys v0.1.13+1.0.8
[INFO] [stderr]    Compiling sys-info v0.7.0
[INFO] [stderr]    Compiling once_cell v1.21.4
[INFO] [stderr]    Compiling percent-encoding v2.3.2
[INFO] [stderr]    Compiling gimli v0.32.3
[INFO] [stderr]    Compiling parking_lot_core v0.9.12
[INFO] [stderr]    Compiling form_urlencoded v1.2.2
[INFO] [stderr]    Compiling flate2 v1.1.9
[INFO] [stderr]    Compiling synstructure v0.13.2
[INFO] [stderr]    Compiling webpki-roots v1.0.7
[INFO] [stderr]    Compiling scopeguard v1.2.0
[INFO] [stderr]    Compiling rustc-demangle v0.1.27
[INFO] [stderr]    Compiling zerofrom-derive v0.1.7
[INFO] [stderr]    Compiling yoke-derive v0.8.2
[INFO] [stderr]    Compiling zerovec-derive v0.11.3
[INFO] [stderr]    Compiling displaydoc v0.2.6
[INFO] [stderr]    Compiling zerofrom v0.1.8
[INFO] [stderr]    Compiling yoke v0.8.2
[INFO] [stderr]    Compiling thiserror-impl v1.0.69
[INFO] [stderr]    Compiling zerotrie v0.2.4
[INFO] [stderr]    Compiling addr2line v0.25.1
[INFO] [stderr]    Compiling serde_core v1.0.228
[INFO] [stderr]    Compiling log v0.4.30
[INFO] [stderr]    Compiling zerovec v0.11.6
[INFO] [stderr]    Compiling subtle v2.6.1
[INFO] [stderr]    Compiling lock_api v0.4.14
[INFO] [stderr]    Compiling tinystr v0.8.3
[INFO] [stderr]    Compiling potential_utf v0.1.5
[INFO] [stderr]    Compiling webpki-roots v0.26.11
[INFO] [stderr]    Compiling icu_collections v2.2.0
[INFO] [stderr]    Compiling icu_locale_core v2.2.0
[INFO] [stderr]    Compiling bzip2 v0.4.4
[INFO] [stderr]    Compiling xattr v1.6.1
[INFO] [stderr]    Compiling rustls-webpki v0.103.13
[INFO] [stderr]    Compiling icu_provider v2.2.0
[INFO] [stderr]    Compiling icu_properties v2.2.0
[INFO] [stderr]    Compiling icu_normalizer v2.2.0
[INFO] [stderr]    Compiling backtrace v0.3.76
[INFO] [stderr]    Compiling uname v0.1.1
[INFO] [stderr]    Compiling time v0.1.45
[INFO] [stderr]    Compiling idna_adapter v1.2.2
[INFO] [stderr]    Compiling idna v1.1.0
[INFO] [stderr]    Compiling filetime v0.2.29
[INFO] [stderr]    Compiling byteorder v1.5.0
[INFO] [stderr]    Compiling url v2.5.8
[INFO] [stderr]    Compiling fastrand v2.4.1
[INFO] [stderr]    Compiling odbc-sys v0.8.2
[INFO] [stderr]    Compiling base64 v0.22.1
[INFO] [stderr]    Compiling winapi v0.2.8
[INFO] [stderr]    Compiling tempfile v3.27.0
[INFO] [stderr]    Compiling zip v0.5.13
[INFO] [stderr]    Compiling tar v0.4.46
[INFO] [stderr]    Compiling bitness v0.4.0
[INFO] [stderr]    Compiling parking_lot v0.12.5
[INFO] [stderr]    Compiling csv-core v0.1.13
[INFO] [stderr]    Compiling ureq v2.12.1
[INFO] [stderr]    Compiling dirs v1.0.5
[INFO] [stderr]    Compiling itoa v1.0.18
[INFO] [stderr]    Compiling ryu v1.0.23
[INFO] [stderr]    Compiling term v0.5.2
[INFO] [stderr]    Compiling scheduled-thread-pool v0.2.7
[INFO] [stderr]    Compiling ibm_db v1.0.8 (/opt/rustwide/workdir)
[INFO] [stderr]    Compiling atty v0.2.14
[INFO] [stderr]    Compiling unicode-width v0.1.14
[INFO] [stderr]    Compiling encode_unicode v0.3.6
[INFO] [stderr]    Compiling csv v1.4.0
[INFO] [stderr]    Compiling lazy_static v1.5.0
[INFO] [stderr]    Compiling prettytable-rs v0.8.0
[INFO] [stderr]    Compiling odbc-safe v0.5.0
[INFO] [stderr]    Compiling r2d2 v0.8.10
[INFO] [stderr]    Compiling encoding_rs v0.8.35
[INFO] [stdout] warning: use of deprecated associated function `core::num::<impl i64>::max_value`: replaced by the `MAX` associated constant on this type
[INFO] [stdout]   --> src/statement/output.rs:51:52
[INFO] [stdout]    |
[INFO] [stdout] 51 |         if buffer.len() - start_pos > ffi::SQLLEN::max_value() as usize {
[INFO] [stdout]    |                                                    ^^^^^^^^^
[INFO] [stdout]    |
[INFO] [stdout]    = note: `#[warn(deprecated)]` on by default
[INFO] [stdout] 
[INFO] [stdout] 
[INFO] [stdout] warning: use of deprecated associated function `core::num::<impl i64>::max_value`: replaced by the `MAX` associated constant on this type
[INFO] [stdout]   --> src/statement/output.rs:52:67
[INFO] [stdout]    |
[INFO] [stdout] 52 |             panic!("buffer is larger than {} bytes", ffi::SQLLEN::max_value());
[INFO] [stdout]    |                                                                   ^^^^^^^^^
[INFO] [stdout] 
[INFO] [stdout] 
[INFO] [stdout] warning: use of deprecated associated function `core::num::<impl i32>::max_value`: replaced by the `MAX` associated constant on this type
[INFO] [stdout]    --> src/statement/mod.rs:351:38
[INFO] [stdout]     |
[INFO] [stdout] 351 |         if length > ffi::SQLINTEGER::max_value() as usize {
[INFO] [stdout]     |                                      ^^^^^^^^^
[INFO] [stdout] 
[INFO] [stdout] 
[INFO] [stdout] warning: use of deprecated associated function `core::num::<impl i32>::max_value`: replaced by the `MAX` associated constant on this type
[INFO] [stdout]    --> src/statement/mod.rs:372:38
[INFO] [stdout]     |
[INFO] [stdout] 372 |         if length > ffi::SQLINTEGER::max_value() as usize {
[INFO] [stdout]     |                                      ^^^^^^^^^
[INFO] [stdout] 
[INFO] [stdout] 
[INFO] [stdout] warning: suspicious definition of the runtime `malloc` symbol used by the standard library
[INFO] [stdout]     --> src/lib.rs:2738:23
[INFO] [stdout]      |
[INFO] [stdout] 2738 | } unsafe extern "C" { pub fn malloc (__size : :: std :: os :: raw :: c_ulong) -> * mut :: std :: os :: raw :: c_void ;
[INFO] [stdout]      |                       ^^^^^^^^^^^^^^^^^^^^^^^^^^^^^^^^^^^^^^^^^^^^^^^^^^^^^^^^^^^^^^^^^^^^^^^^^^^^^^^^^^^^^^^^^^^^^^^^
[INFO] [stdout]      |
[INFO] [stdout]      = note: expected `unsafe extern "C" fn(usize) -> *mut c_void` (for the current target)
[INFO] [stdout]              found    `unsafe extern "C" fn(u64) -> *mut c_void`
[INFO] [stdout]      = help: either fix the signature or remove any attributes like `#[unsafe(no_mangle)]`, `#[unsafe(export_name = "malloc")]`, or `#[link_name = "malloc"]`
[INFO] [stdout]      = help: allow this lint if the signature is compatible
[INFO] [stdout]      = note: `#[warn(suspicious_runtime_symbol_definitions)]` on by default
[INFO] [stdout] 
[INFO] [stdout] 
[INFO] [stdout] warning: suspicious definition of the runtime `realloc` symbol used by the standard library
[INFO] [stdout]     --> src/lib.rs:2740:23
[INFO] [stdout]      |
[INFO] [stdout] 2740 | ... { pub fn realloc (__ptr : * mut :: std :: os :: raw :: c_void , __size : :: std :: os :: raw :: c_ulong) -> * mut :: std :: os :: raw :: c_void ;
[INFO] [stdout]      |       ^^^^^^^^^^^^^^^^^^^^^^^^^^^^^^^^^^^^^^^^^^^^^^^^^^^^^^^^^^^^^^^^^^^^^^^^^^^^^^^^^^^^^^^^^^^^^^^^^^^^^^^^^^^^^^^^^^^^^^^^^^^^^^^^^^^^^^^^^^^^^^^
[INFO] [stdout]      |
[INFO] [stdout]      = note: expected `unsafe extern "C" fn(*mut c_void, usize) -> *mut c_void` (for the current target)
[INFO] [stdout]              found    `unsafe extern "C" fn(*mut c_void, u64) -> *mut c_void`
[INFO] [stdout]      = help: either fix the signature or remove any attributes like `#[unsafe(no_mangle)]`, `#[unsafe(export_name = "realloc")]`, or `#[link_name = "realloc"]`
[INFO] [stdout]      = help: allow this lint if the signature is compatible
[INFO] [stdout] 
[INFO] [stdout] 
[INFO] [stdout] warning: suspicious definition of the runtime `exit` symbol used by the standard library
[INFO] [stdout]     --> src/lib.rs:2750:23
[INFO] [stdout]      |
[INFO] [stdout] 2750 | } unsafe extern "C" { pub fn exit (__status : :: std :: os :: raw :: c_int) ;
[INFO] [stdout]      |                       ^^^^^^^^^^^^^^^^^^^^^^^^^^^^^^^^^^^^^^^^^^^^^^^^^^^^^^^
[INFO] [stdout]      |
[INFO] [stdout]      = note: expected `unsafe extern "C" fn(i32) -> !` (for the current target)
[INFO] [stdout]              found    `unsafe extern "C" fn(i32)`
[INFO] [stdout]      = help: either fix the signature or remove any attributes like `#[unsafe(no_mangle)]`, `#[unsafe(export_name = "exit")]`, or `#[link_name = "exit"]`
[INFO] [stdout]      = help: allow this lint if the signature is compatible
[INFO] [stdout] 
[INFO] [stdout] 
[INFO] [stdout] error: linking with `cc` failed: exit status: 1
[INFO] [stdout]   |
[INFO] [stdout]   = note:  "cc" "-m64" "/opt/rustwide/target/release/build/ibm_db/cb3037614853a5cd/out/rustcElotHx/symbols.o" "<2 object files omitted>" "-Wl,--as-needed" "-Wl,-Bstatic" "/opt/rustwide/target/release/build/ibm_db/f77ff48209e78d53/out/libibm_db-f77ff48209e78d53.rlib" "/opt/rustwide/target/release/build/r2d2/26e574893b966f65/out/libr2d2-26e574893b966f65.rlib" "/opt/rustwide/target/release/build/scheduled-thread-pool/3d700ae072732a52/out/libscheduled_thread_pool-3d700ae072732a52.rlib" "/opt/rustwide/target/release/build/parking_lot/2048c7202bb3f5b9/out/libparking_lot-2048c7202bb3f5b9.rlib" "/opt/rustwide/target/release/build/parking_lot_core/7c89f14cb539b113/out/libparking_lot_core-7c89f14cb539b113.rlib" "/opt/rustwide/target/release/build/libc/9127009e093ab63a/out/liblibc-9127009e093ab63a.rlib" "/opt/rustwide/target/release/build/smallvec/cba087a5aa4d51ce/out/libsmallvec-cba087a5aa4d51ce.rlib" "/opt/rustwide/target/release/build/lock_api/0c6a3406bef68330/out/liblock_api-0c6a3406bef68330.rlib" "/opt/rustwide/target/release/build/scopeguard/5f9373ec660020b4/out/libscopeguard-5f9373ec660020b4.rlib" "/opt/rustwide/target/release/build/encoding_rs/67555cf9c7c10d62/out/libencoding_rs-67555cf9c7c10d62.rlib" "/opt/rustwide/target/release/build/cfg-if/6d8dca19095bb388/out/libcfg_if-6d8dca19095bb388.rlib" "/opt/rustwide/target/release/build/odbc-safe/c46877695c2e3552/out/libodbc_safe-c46877695c2e3552.rlib" "/opt/rustwide/target/release/build/odbc-sys/08a841251aa11a99/out/libodbc_sys-08a841251aa11a99.rlib" "/opt/rustwide/target/release/build/lazy_static/fdd6af0286056ca3/out/liblazy_static-fdd6af0286056ca3.rlib" "/opt/rustwide/target/release/build/log/d8470719bcbd688e/out/liblog-d8470719bcbd688e.rlib" "<sysroot>/lib/rustlib/x86_64-unknown-linux-gnu/lib/{libstd-*,libpanic_unwind-*,libobject-*,libmemchr-*,libaddr2line-*,libgimli-*,libcfg_if-*,librustc_demangle-*,libstd_detect-*,libhashbrown-*,librustc_std_workspace_alloc-*,libminiz_oxide-*,libadler2-*,libunwind-*,liblibc-*,librustc_std_workspace_core-*,liballoc-*,libcore-*,libcompiler_builtins-*}.rlib" "-Wl,-Bdynamic" "-ldb2" "-lodbc" "-lgcc_s" "-lutil" "-lrt" "-lpthread" "-lm" "-ldl" "-lc" "-L" "/opt/rustwide/target/release/build/ibm_db/cb3037614853a5cd/out/rustcElotHx/raw-dylibs" "-B<sysroot>/lib/rustlib/x86_64-unknown-linux-gnu/bin/gcc-ld" "-fuse-ld=lld" "-Wl,--eh-frame-hdr" "-Wl,-z,noexecstack" "-L" "/opt/rustwide/target/release/build/sys-info/872fcc1e19df9ffb/out" "-L" "/opt/rustwide/target/release/build/ring/88fc90073dc74f8b/out" "-L" "./lib" "-L" "/usr/lib" "-L" "<sysroot>/lib/rustlib/x86_64-unknown-linux-gnu/lib" "-o" "/opt/rustwide/target/release/build/ibm_db/cb3037614853a5cd/out/ibm_db" "-Wl,--gc-sections" "-pie" "-Wl,-z,relro,-z,now" "-Wl,-O1" "-Wl,--strip-debug" "-nodefaultlibs"
[INFO] [stdout]   = note: some arguments are omitted. use `--verbose` to show all linker arguments
[INFO] [stdout]   = note: rust-lld: error: unable to find library -ldb2
[INFO] [stdout]           rust-lld: error: unable to find library -lodbc
[INFO] [stdout]           collect2: error: ld returned 1 exit status
[INFO] [stdout]           
[INFO] [stdout] 
[INFO] [stdout] 
[INFO] [stderr] error: could not compile `ibm_db` (bin "ibm_db") due to 1 previous error
[INFO] [stderr] warning: build failed, waiting for other jobs to finish...
[INFO] [stderr] warning: unused dependency `error-chain`
[INFO] [stderr]   --> Cargo.toml:48:15
[INFO] [stderr]    |
[INFO] [stderr] 48 | [dependencies.error-chain]
[INFO] [stderr]    |               ^^^^^^^^^^^^
[INFO] [stderr]    |
[INFO] [stderr]    = note: `cargo::unused_dependencies` is set to `warn` by default
[INFO] [stderr] help: consider removing the dependency on `error-chain`
[INFO] [stderr] warning: unused dependency `prettytable-rs`
[INFO] [stderr]   --> Cargo.toml:66:15
[INFO] [stderr]    |
[INFO] [stderr] 66 | [dependencies.prettytable-rs]
[INFO] [stderr]    |               ^^^^^^^^^^^^^^^
[INFO] [stderr]    |
[INFO] [stderr] help: consider removing the dependency on `prettytable-rs`
[INFO] [stderr] warning: unused dependency `tempfile`
[INFO] [stderr]   --> Cargo.toml:78:15
[INFO] [stderr]    |
[INFO] [stderr] 78 | [dependencies.tempfile]
[INFO] [stderr]    |               ^^^^^^^^^
[INFO] [stderr]    |
[INFO] [stderr] help: consider removing the dependency on `tempfile`
[INFO] [stderr] warning: unused dependency `user32-sys`
[INFO] [stderr]   --> Cargo.toml:84:15
[INFO] [stderr]    |
[INFO] [stderr] 84 | [dependencies.user32-sys]
[INFO] [stderr]    |               ^^^^^^^^^^^
[INFO] [stderr]    |
[INFO] [stderr] help: consider removing the dependency on `user32-sys`
[INFO] [stderr] warning: unused dependency `bitness`
[INFO] [stderr]  --> Cargo.toml:9:21
[INFO] [stderr]   |
[INFO] [stderr] 9 | [build-dependencies.bitness]
[INFO] [stderr]   |                     ^^^^^^^^
[INFO] [stderr]   |
[INFO] [stderr] help: consider removing the dependency on `bitness`
[INFO] [stderr] warning: unused dependency `error-chain`
[INFO] [stderr]   --> Cargo.toml:15:21
[INFO] [stderr]    |
[INFO] [stderr] 15 | [build-dependencies.error-chain]
[INFO] [stderr]    |                     ^^^^^^^^^^^^
[INFO] [stderr]    |
[INFO] [stderr] help: consider removing the dependency on `error-chain`
[INFO] [stderr] warning: unused dependency `sys-info`
[INFO] [stderr]   --> Cargo.toml:21:21
[INFO] [stderr]    |
[INFO] [stderr] 21 | [build-dependencies.sys-info]
[INFO] [stderr]    |                     ^^^^^^^^^
[INFO] [stderr]    |
[INFO] [stderr] help: consider removing the dependency on `sys-info`
[INFO] [stderr] warning: unused dependency `tar`
[INFO] [stderr]   --> Cargo.toml:24:21
[INFO] [stderr]    |
[INFO] [stderr] 24 | [build-dependencies.tar]
[INFO] [stderr]    |                     ^^^^
[INFO] [stderr]    |
[INFO] [stderr] help: consider removing the dependency on `tar`
[INFO] [stderr] warning: unused dependency `tempfile`
[INFO] [stderr]   --> Cargo.toml:27:21
[INFO] [stderr]    |
[INFO] [stderr] 27 | [build-dependencies.tempfile]
[INFO] [stderr]    |                     ^^^^^^^^^
[INFO] [stderr]    |
[INFO] [stderr] help: consider removing the dependency on `tempfile`
[INFO] [stderr] warning: unused dependency `ureq`
[INFO] [stderr]   --> Cargo.toml:30:21
[INFO] [stderr]    |
[INFO] [stderr] 30 | [build-dependencies.ureq]
[INFO] [stderr]    |                     ^^^^^
[INFO] [stderr]    |
[INFO] [stderr] help: consider removing the dependency on `ureq`
[INFO] [stderr] warning: unused dependency `user32-sys`
[INFO] [stderr]   --> Cargo.toml:33:21
[INFO] [stderr]    |
[INFO] [stderr] 33 | [build-dependencies.user32-sys]
[INFO] [stderr]    |                     ^^^^^^^^^^^
[INFO] [stderr]    |
[INFO] [stderr] help: consider removing the dependency on `user32-sys`
[INFO] [stderr] warning: unused dependency `zip`
[INFO] [stderr]   --> Cargo.toml:39:21
[INFO] [stderr]    |
[INFO] [stderr] 39 | [build-dependencies.zip]
[INFO] [stderr]    |                     ^^^^
[INFO] [stderr]    |
[INFO] [stderr] help: consider removing the dependency on `zip`
[INFO] [stderr] warning: `ibm_db` (manifest) generated 12 warnings
[INFO] running `Command { std: "docker" "inspect" "19beb3913ad786833f71ce7611fb6d18952c1c6b28c52ee1f82c62c36eb673e8", kill_on_drop: false }`
[INFO] running `Command { std: "docker" "rm" "-f" "19beb3913ad786833f71ce7611fb6d18952c1c6b28c52ee1f82c62c36eb673e8", kill_on_drop: false }`
[INFO] [stdout] 19beb3913ad786833f71ce7611fb6d18952c1c6b28c52ee1f82c62c36eb673e8
