[INFO] fetching crate ib-matcher 0.4.5...
[INFO] testing ib-matcher-0.4.5 against 1.99.0-beta.8+cargoflags=--release for beta-release-1.100-2
[INFO] extracting crate ib-matcher 0.4.5 into /workspace/builds/worker-6-tc1/source
[INFO] started tweaking crates.io crate ib-matcher 0.4.5
[INFO] removed 0 missing examples
[INFO] finished tweaking crates.io crate ib-matcher 0.4.5
[INFO] tweaked toml for crates.io crate ib-matcher 0.4.5 written to /workspace/builds/worker-6-tc1/source/Cargo.toml
[INFO] validating manifest of crates.io crate ib-matcher 0.4.5 on toolchain 1.99.0-beta.8
[INFO] running `Command { std: CARGO_HOME="/workspace/cargo-home" RUSTUP_HOME="/workspace/rustup-home" "/workspace/cargo-home/bin/cargo" "+1.99.0-beta.8" "metadata" "--manifest-path" "Cargo.toml" "--no-deps", kill_on_drop: false }`
[INFO] crate crates.io crate ib-matcher 0.4.5 already has a lockfile, it will not be regenerated
[INFO] running `Command { std: CARGO_HOME="/workspace/cargo-home" RUSTUP_HOME="/workspace/rustup-home" "/workspace/cargo-home/bin/cargo" "+1.99.0-beta.8" "fetch" "--manifest-path" "Cargo.toml", kill_on_drop: false }`
[INFO] [stderr]     Updating crates.io index
[INFO] [stderr]  Downloading crates ...
[INFO] [stderr]   Downloaded include-bytes-zstd-macro v0.1.0
[INFO] [stderr]   Downloaded include-bytes-zstd v0.1.0
[INFO] [stderr]   Downloaded ib-unicode v0.2.1
[INFO] [stderr]   Downloaded ruzstd v0.3.1
[INFO] [stderr]   Downloaded daachorse v1.0.0
[INFO] [stderr]   Downloaded bon v3.6.4
[INFO] [stderr]   Downloaded serde_derive v1.0.193
[INFO] [stderr]   Downloaded arraystring v0.3.0
[INFO] [stderr]   Downloaded prettyplease v0.2.35
[INFO] [stderr]   Downloaded serde v1.0.193
[INFO] [stderr]   Downloaded bon-macros v3.6.4
[INFO] [stderr]   Downloaded serde_json v1.0.109
[INFO] [stderr]   Downloaded ib-romaji v0.2.1
[INFO] running `Command { std: "docker" "create" "-v" "/var/lib/crater-agent-workspace/builds/worker-6-tc1/source:/opt/rustwide/workdir:ro,Z" "-v" "/var/lib/crater-agent-workspace/builds/worker-6-tc1/target:/opt/rustwide/target:rw,Z" "-v" "/var/lib/crater-agent-workspace/cargo-home:/opt/rustwide/cargo-home:ro,Z" "-v" "/var/lib/crater-agent-workspace/rustup-home:/opt/rustwide/rustup-home:ro,Z" "-m" "1610612736" "--network" "none" "ghcr.io/rust-lang/crates-build-env/linux@sha256:77db811e55d90add9212f6832c23229e3de5f1c1f9905e8cb07319ea15df73ac" "sleep" "infinity", kill_on_drop: false }`
[INFO] [stdout] d858e264f517dd564d6fc25e29012571afed024bc7779f17820efa3f6008b851
[INFO] running `Command { std: "docker" "start" "d858e264f517dd564d6fc25e29012571afed024bc7779f17820efa3f6008b851", kill_on_drop: false }`
[INFO] running `Command { std: "docker" "inspect" "d858e264f517dd564d6fc25e29012571afed024bc7779f17820efa3f6008b851", kill_on_drop: false }`
[INFO] running `Command { std: "docker" "exec" "-e" "SOURCE_DIR=/opt/rustwide/workdir" "-e" "CARGO_HOME=/opt/rustwide/cargo-home" "-e" "RUSTUP_HOME=/opt/rustwide/rustup-home" "-e" "CARGO_TARGET_DIR=/opt/rustwide/target" "-w" "/opt/rustwide/workdir" "--user" "0:0" "d858e264f517dd564d6fc25e29012571afed024bc7779f17820efa3f6008b851" "/opt/rustwide/cargo-home/bin/cargo" "+1.99.0-beta.8" "metadata" "--no-deps" "--format-version=1", kill_on_drop: false }`
[INFO] running `Command { std: "docker" "inspect" "d858e264f517dd564d6fc25e29012571afed024bc7779f17820efa3f6008b851", kill_on_drop: false }`
[INFO] running `Command { std: "docker" "exec" "-e" "SOURCE_DIR=/opt/rustwide/workdir" "-e" "CARGO_HOME=/opt/rustwide/cargo-home" "-e" "RUSTUP_HOME=/opt/rustwide/rustup-home" "-e" "CARGO_TARGET_DIR=/opt/rustwide/target" "-e" "CARGO_INCREMENTAL=0" "-e" "RUST_BACKTRACE=full" "-e" "RUSTFLAGS=--cap-lints=warn" "-e" "RUSTDOCFLAGS=--cap-lints=warn" "-w" "/opt/rustwide/workdir" "--user" "0:0" "d858e264f517dd564d6fc25e29012571afed024bc7779f17820efa3f6008b851" "/opt/rustwide/cargo-home/bin/cargo" "+1.99.0-beta.8" "build" "--frozen" "--message-format=json" "--release", kill_on_drop: false }`
[INFO] [stderr]    Compiling unicode-ident v1.0.12
[INFO] [stderr]    Compiling prettyplease v0.2.35
[INFO] [stderr]    Compiling rustversion v1.0.21
[INFO] [stderr]    Compiling bstr v1.12.0
[INFO] [stderr]    Compiling aho-corasick v1.1.3
[INFO] [stderr]    Compiling proc-macro2 v1.0.95
[INFO] [stderr]    Compiling ib-unicode v0.2.1
[INFO] [stderr]    Compiling quote v1.0.40
[INFO] [stderr]    Compiling syn v2.0.104
[INFO] [stderr]    Compiling darling_core v0.20.11
[INFO] [stderr]    Compiling darling_macro v0.20.11
[INFO] [stderr]    Compiling darling v0.20.11
[INFO] [stderr]    Compiling bon-macros v3.6.4
[INFO] [stderr]    Compiling bon v3.6.4
[INFO] [stderr]    Compiling ib-matcher v0.4.5 (/opt/rustwide/workdir)
[INFO] [stdout] warning: variable does not need to be mutable
[INFO] [stdout]    --> src/matcher/analyze.rs:184:13
[INFO] [stdout]     |
[INFO] [stdout] 184 |         let mut any_matched_single_char = false;
[INFO] [stdout]     |             ----^^^^^^^^^^^^^^^^^^^^^^^
[INFO] [stdout]     |             |
[INFO] [stdout]     |             help: remove this `mut`
[INFO] [stdout]     |
[INFO] [stdout]     = note: `#[warn(unused_mut)]` (part of `#[warn(unused)]`) on by default
[INFO] [stdout] 
[INFO] [stdout] 
[INFO] [stdout] warning: fields `s` and `s_lowercase` are never read
[INFO] [stdout]    --> src/matcher/mod.rs:177:5
[INFO] [stdout]     |
[INFO] [stdout] 174 | struct PatternChar<'a> {
[INFO] [stdout]     |        ----------- fields in this struct
[INFO] [stdout] ...
[INFO] [stdout] 177 |     s: &'a str,
[INFO] [stdout]     |     ^
[INFO] [stdout] 178 |     s_lowercase: &'a str,
[INFO] [stdout]     |     ^^^^^^^^^^^
[INFO] [stdout]     |
[INFO] [stdout]     = note: `PatternChar` has a derived impl for the trait `Debug`, but this is intentionally ignored during dead code analysis
[INFO] [stdout]     = note: `#[warn(dead_code)]` (part of `#[warn(unused)]`) on by default
[INFO] [stdout] 
[INFO] [stdout] 
[INFO] [stdout] warning: field `is_pattern_partial` is never read
[INFO] [stdout]   --> src/matcher/analyze.rs:35:5
[INFO] [stdout]    |
[INFO] [stdout] 33 | pub(crate) struct PatternAnalyzer<'a> {
[INFO] [stdout]    |                   --------------- field in this struct
[INFO] [stdout] 34 |     pattern: &'a str,
[INFO] [stdout] 35 |     is_pattern_partial: bool,
[INFO] [stdout]    |     ^^^^^^^^^^^^^^^^^^
[INFO] [stdout] 
[INFO] [stdout] 
[INFO] [stderr]     Finished `release` profile [optimized] target(s) in 16.35s
[INFO] running `Command { std: "docker" "inspect" "d858e264f517dd564d6fc25e29012571afed024bc7779f17820efa3f6008b851", kill_on_drop: false }`
[INFO] running `Command { std: "docker" "exec" "-e" "SOURCE_DIR=/opt/rustwide/workdir" "-e" "CARGO_HOME=/opt/rustwide/cargo-home" "-e" "RUSTUP_HOME=/opt/rustwide/rustup-home" "-e" "CARGO_TARGET_DIR=/opt/rustwide/target" "-e" "CARGO_INCREMENTAL=0" "-e" "RUST_BACKTRACE=full" "-e" "RUSTFLAGS=--cap-lints=warn" "-e" "RUSTDOCFLAGS=--cap-lints=warn" "-w" "/opt/rustwide/workdir" "--user" "0:0" "d858e264f517dd564d6fc25e29012571afed024bc7779f17820efa3f6008b851" "/opt/rustwide/cargo-home/bin/cargo" "+1.99.0-beta.8" "test" "--frozen" "--no-run" "--message-format=json" "--release", kill_on_drop: false }`
[INFO] [stderr]    Compiling serde v1.0.193
[INFO] [stderr]    Compiling serde_derive v1.0.193
[INFO] [stderr]    Compiling serde_json v1.0.109
[INFO] [stderr]    Compiling regex-syntax v0.8.5
[INFO] [stderr]    Compiling clap_builder v4.5.40
[INFO] [stderr]    Compiling daachorse v1.0.0
[INFO] [stdout] warning: variable does not need to be mutable
[INFO] [stdout]    --> src/matcher/analyze.rs:184:13
[INFO] [stdout]     |
[INFO] [stdout] 184 |         let mut any_matched_single_char = false;
[INFO] [stdout]     |             ----^^^^^^^^^^^^^^^^^^^^^^^
[INFO] [stdout]     |             |
[INFO] [stdout]     |             help: remove this `mut`
[INFO] [stdout]     |
[INFO] [stdout]     = note: `#[warn(unused_mut)]` (part of `#[warn(unused)]`) on by default
[INFO] [stdout] 
[INFO] [stdout] 
[INFO] [stdout] warning: fields `s` and `s_lowercase` are never read
[INFO] [stdout]    --> src/matcher/mod.rs:177:5
[INFO] [stdout]     |
[INFO] [stdout] 174 | struct PatternChar<'a> {
[INFO] [stdout]     |        ----------- fields in this struct
[INFO] [stdout] ...
[INFO] [stdout] 177 |     s: &'a str,
[INFO] [stdout]     |     ^
[INFO] [stdout] 178 |     s_lowercase: &'a str,
[INFO] [stdout]     |     ^^^^^^^^^^^
[INFO] [stdout]     |
[INFO] [stdout]     = note: `PatternChar` has a derived impl for the trait `Debug`, but this is intentionally ignored during dead code analysis
[INFO] [stdout]     = note: `#[warn(dead_code)]` (part of `#[warn(unused)]`) on by default
[INFO] [stdout] 
[INFO] [stdout] 
[INFO] [stdout] warning: field `is_pattern_partial` is never read
[INFO] [stdout]   --> src/matcher/analyze.rs:35:5
[INFO] [stdout]    |
[INFO] [stdout] 33 | pub(crate) struct PatternAnalyzer<'a> {
[INFO] [stdout]    |                   --------------- field in this struct
[INFO] [stdout] 34 |     pattern: &'a str,
[INFO] [stdout] 35 |     is_pattern_partial: bool,
[INFO] [stdout]    |     ^^^^^^^^^^^^^^^^^^
[INFO] [stdout] 
[INFO] [stdout] 
[INFO] [stderr]    Compiling regex-automata v0.4.9
[INFO] [stderr]    Compiling clap v4.5.40
[INFO] [stderr]    Compiling ciborium v0.2.2
[INFO] [stderr]    Compiling regex v1.11.1
[INFO] [stderr]    Compiling tinytemplate v1.2.1
[INFO] [stderr]    Compiling criterion v0.6.0
[INFO] [stderr]    Compiling ib-matcher v0.4.5 (/opt/rustwide/workdir)
[INFO] [stdout] error[E0432]: unresolved imports `ib_matcher::matcher::PinyinMatchConfig`, `ib_matcher::matcher::RomajiMatchConfig`, `ib_matcher::pinyin`
[INFO] [stdout]    --> examples/basic.rs:2:26
[INFO] [stdout]     |
[INFO] [stdout]   2 |     matcher::{IbMatcher, PinyinMatchConfig, RomajiMatchConfig},
[INFO] [stdout]     |                          ^^^^^^^^^^^^^^^^^  ^^^^^^^^^^^^^^^^^ no `RomajiMatchConfig` in `matcher`
[INFO] [stdout]     |                          |
[INFO] [stdout]     |                          no `PinyinMatchConfig` in `matcher`
[INFO] [stdout]   3 |     pinyin::PinyinNotation,
[INFO] [stdout]     |     ^^^^^^ could not find `pinyin` in `ib_matcher`
[INFO] [stdout]     |
[INFO] [stdout] note: found an item that was configured out
[INFO] [stdout]    --> src/lib.rs:200:9
[INFO] [stdout]     |
[INFO] [stdout] 199 | #[cfg(feature = "pinyin")]
[INFO] [stdout]     |       ------------------ the item is gated behind the `pinyin` feature
[INFO] [stdout] 200 | pub mod pinyin;
[INFO] [stdout]     |         ^^^^^^
[INFO] [stdout] help: a similar name exists in the module
[INFO] [stdout]     |
[INFO] [stdout]   2 -     matcher::{IbMatcher, PinyinMatchConfig, RomajiMatchConfig},
[INFO] [stdout]   2 +     matcher::{IbMatcher, PlainMatchConfig, RomajiMatchConfig},
[INFO] [stdout]     |
[INFO] [stdout] help: a similar name exists in the module
[INFO] [stdout]     |
[INFO] [stdout]   2 -     matcher::{IbMatcher, PinyinMatchConfig, RomajiMatchConfig},
[INFO] [stdout]   2 +     matcher::{IbMatcher, PinyinMatchConfig, PlainMatchConfig},
[INFO] [stdout]     |
[INFO] [stdout] 
[INFO] [stdout] 
[INFO] [stdout] error[E0599]: no method named `pinyin` found for struct `IbMatcherBuilder<'a, 'p, HaystackStr, S>` in the current scope
[INFO] [stdout]   --> examples/basic.rs:15:10
[INFO] [stdout]    |
[INFO] [stdout] 14 |       let matcher = IbMatcher::builder("pysousuoeve")
[INFO] [stdout]    |  ___________________-
[INFO] [stdout] 15 | |         .pinyin(PinyinMatchConfig::notations(
[INFO] [stdout]    | |         -^^^^^^ method not found in `IbMatcherBuilder<'_, '_, str>`
[INFO] [stdout]    | |_________|
[INFO] [stdout]    |
[INFO] [stdout] 
[INFO] [stdout] 
[INFO] [stdout] error[E0599]: no method named `romaji` found for struct `IbMatcherBuilder<'a, 'p, HaystackStr, S>` in the current scope
[INFO] [stdout]   --> examples/basic.rs:22:10
[INFO] [stdout]    |
[INFO] [stdout] 21 |       let matcher = IbMatcher::builder("konosuba")
[INFO] [stdout]    |  ___________________-
[INFO] [stdout] 22 | |         .romaji(RomajiMatchConfig::default())
[INFO] [stdout]    | |         -^^^^^^ method not found in `IbMatcherBuilder<'_, '_, str>`
[INFO] [stdout]    | |_________|
[INFO] [stdout]    |
[INFO] [stdout] 
[INFO] [stdout] 
[INFO] [stdout] Some errors have detailed explanations: E0432, E0599.
[INFO] [stdout] 
[INFO] [stdout] For more information about an error, try `rustc --explain E0432`.
[INFO] [stdout] 
[INFO] [stderr] error: could not compile `ib-matcher` (example "basic") due to 3 previous errors
[INFO] [stderr] warning: build failed, waiting for other jobs to finish...
[INFO] [stdout] error[E0432]: unresolved import `crate::pinyin`
[INFO] [stdout]    --> src/matcher/analyze.rs:303:16
[INFO] [stdout]     |
[INFO] [stdout] 303 |     use crate::pinyin::PinyinData;
[INFO] [stdout]     |                ^^^^^^ could not find `pinyin` in the crate root
[INFO] [stdout]     |
[INFO] [stdout] note: found an item that was configured out
[INFO] [stdout]    --> src/lib.rs:200:9
[INFO] [stdout]     |
[INFO] [stdout] 199 | #[cfg(feature = "pinyin")]
[INFO] [stdout]     |       ------------------ the item is gated behind the `pinyin` feature
[INFO] [stdout] 200 | pub mod pinyin;
[INFO] [stdout]     |         ^^^^^^
[INFO] [stdout] 
[INFO] [stdout] 
[INFO] [stdout] error[E0433]: cannot find `regex` in the crate root
[INFO] [stdout]    --> src/lib.rs:223:9
[INFO] [stdout]     |
[INFO] [stdout] 223 |         regex::{cp::Regex, Match},
[INFO] [stdout]     |         ^^^^^ could not find `regex` in the crate root
[INFO] [stdout]     |
[INFO] [stdout] note: found an item that was configured out
[INFO] [stdout]    --> src/lib.rs:202:9
[INFO] [stdout]     |
[INFO] [stdout] 201 | #[cfg(feature = "regex-automata")]
[INFO] [stdout]     |       -------------------------- the item is gated behind the `regex-automata` feature
[INFO] [stdout] 202 | pub mod regex;
[INFO] [stdout]     |         ^^^^^
[INFO] [stdout] 
[INFO] [stdout] 
[INFO] [stdout] error[E0432]: unresolved import `crate::pinyin`
[INFO] [stdout]     --> src/matcher/mod.rs:1081:31
[INFO] [stdout]      |
[INFO] [stdout] 1081 |     use crate::{assert_match, pinyin::PinyinNotation};
[INFO] [stdout]      |                               ^^^^^^ could not find `pinyin` in the crate root
[INFO] [stdout]      |
[INFO] [stdout] note: found an item that was configured out
[INFO] [stdout]     --> src/lib.rs:200:9
[INFO] [stdout]      |
[INFO] [stdout]  199 | #[cfg(feature = "pinyin")]
[INFO] [stdout]      |       ------------------ the item is gated behind the `pinyin` feature
[INFO] [stdout]  200 | pub mod pinyin;
[INFO] [stdout]      |         ^^^^^^
[INFO] [stdout] 
[INFO] [stdout] 
[INFO] [stdout] error[E0432]: unresolved imports `crate::regex`, `crate::matcher::PinyinMatchConfig`, `crate::matcher::RomajiMatchConfig`
[INFO] [stdout]    --> src/lib.rs:222:32
[INFO] [stdout]     |
[INFO] [stdout] 222 |         matcher::{MatchConfig, PinyinMatchConfig, RomajiMatchConfig},
[INFO] [stdout]     |                                ^^^^^^^^^^^^^^^^^  ^^^^^^^^^^^^^^^^^ no `RomajiMatchConfig` in `matcher`
[INFO] [stdout]     |                                |
[INFO] [stdout]     |                                no `PinyinMatchConfig` in `matcher`
[INFO] [stdout] 223 |         regex::{cp::Regex, Match},
[INFO] [stdout]     |         ^^^^^ could not find `regex` in the crate root
[INFO] [stdout]     |
[INFO] [stdout] note: found an item that was configured out
[INFO] [stdout]    --> src/lib.rs:202:9
[INFO] [stdout]     |
[INFO] [stdout] 201 | #[cfg(feature = "regex-automata")]
[INFO] [stdout]     |       -------------------------- the item is gated behind the `regex-automata` feature
[INFO] [stdout] 202 | pub mod regex;
[INFO] [stdout]     |         ^^^^^
[INFO] [stdout] help: a similar name exists in the module
[INFO] [stdout]     |
[INFO] [stdout] 222 -         matcher::{MatchConfig, PinyinMatchConfig, RomajiMatchConfig},
[INFO] [stdout] 222 +         matcher::{MatchConfig, PlainMatchConfig, RomajiMatchConfig},
[INFO] [stdout]     |
[INFO] [stdout] help: a similar name exists in the module
[INFO] [stdout]     |
[INFO] [stdout] 222 -         matcher::{MatchConfig, PinyinMatchConfig, RomajiMatchConfig},
[INFO] [stdout] 222 +         matcher::{MatchConfig, PinyinMatchConfig, PlainMatchConfig},
[INFO] [stdout]     |
[INFO] [stdout] 
[INFO] [stdout] 
[INFO] [stdout] error[E0433]: cannot find type `PinyinNotation` in this scope
[INFO] [stdout]    --> src/matcher/analyze.rs:310:25
[INFO] [stdout]     |
[INFO] [stdout] 310 |         let notations = PinyinNotation::Ascii | PinyinNotation::AsciiFirstLetter;
[INFO] [stdout]     |                         ^^^^^^^^^^^^^^ use of undeclared type `PinyinNotation`
[INFO] [stdout] 
[INFO] [stdout] 
[INFO] [stdout] error[E0433]: cannot find type `PinyinNotation` in this scope
[INFO] [stdout]    --> src/matcher/analyze.rs:310:49
[INFO] [stdout]     |
[INFO] [stdout] 310 |         let notations = PinyinNotation::Ascii | PinyinNotation::AsciiFirstLetter;
[INFO] [stdout]     |                                                 ^^^^^^^^^^^^^^ use of undeclared type `PinyinNotation`
[INFO] [stdout] 
[INFO] [stdout] 
[INFO] [stdout] error[E0433]: cannot find type `PinyinMatchConfig` in this scope
[INFO] [stdout]    --> src/matcher/analyze.rs:312:22
[INFO] [stdout]     |
[INFO] [stdout] 312 |         let pinyin = PinyinMatchConfig::builder(notations)
[INFO] [stdout]     |                      ^^^^^^^^^^^^^^^^^ use of undeclared type `PinyinMatchConfig`
[INFO] [stdout] 
[INFO] [stdout] 
[INFO] [stdout] error[E0599]: no method named `pinyin` found for struct `PatternAnalyzerBuilder<'a, S>` in the current scope
[INFO] [stdout]    --> src/matcher/analyze.rs:316:58
[INFO] [stdout]     |
[INFO] [stdout]  53 | #[bon]
[INFO] [stdout]     | ------ method `pinyin` not found for this struct
[INFO] [stdout] ...
[INFO] [stdout] 316 |         let analyzer = PatternAnalyzer::builder(pattern).pinyin(&pinyin).build();
[INFO] [stdout]     |                                                          ^^^^^^ method not found in `PatternAnalyzerBuilder<'_>`
[INFO] [stdout] 
[INFO] [stdout] 
[INFO] [stdout] error[E0433]: cannot find type `PinyinNotation` in this scope
[INFO] [stdout]    --> src/matcher/analyze.rs:322:43
[INFO] [stdout]     |
[INFO] [stdout] 322 |         let pinyin_data = PinyinData::new(PinyinNotation::all());
[INFO] [stdout]     |                                           ^^^^^^^^^^^^^^ use of undeclared type `PinyinNotation`
[INFO] [stdout] 
[INFO] [stdout] 
[INFO] [stdout] error[E0433]: cannot find type `PinyinMatchConfig` in this scope
[INFO] [stdout]    --> src/matcher/analyze.rs:324:13
[INFO] [stdout]     |
[INFO] [stdout] 324 |             PinyinMatchConfig::builder(PinyinNotation::Ascii | PinyinNotation::AsciiFirstLetter)
[INFO] [stdout]     |             ^^^^^^^^^^^^^^^^^ use of undeclared type `PinyinMatchConfig`
[INFO] [stdout] 
[INFO] [stdout] 
[INFO] [stdout] error[E0433]: cannot find type `PinyinNotation` in this scope
[INFO] [stdout]    --> src/matcher/analyze.rs:324:40
[INFO] [stdout]     |
[INFO] [stdout] 324 |             PinyinMatchConfig::builder(PinyinNotation::Ascii | PinyinNotation::AsciiFirstLetter)
[INFO] [stdout]     |                                        ^^^^^^^^^^^^^^ use of undeclared type `PinyinNotation`
[INFO] [stdout] 
[INFO] [stdout] 
[INFO] [stdout] error[E0433]: cannot find type `PinyinNotation` in this scope
[INFO] [stdout]    --> src/matcher/analyze.rs:324:64
[INFO] [stdout]     |
[INFO] [stdout] 324 |             PinyinMatchConfig::builder(PinyinNotation::Ascii | PinyinNotation::AsciiFirstLetter)
[INFO] [stdout]     |                                                                ^^^^^^^^^^^^^^ use of undeclared type `PinyinNotation`
[INFO] [stdout] 
[INFO] [stdout] 
[INFO] [stdout] error[E0599]: no method named `pinyin` found for struct `PatternAnalyzerBuilder<'a, S>` in the current scope
[INFO] [stdout]    --> src/matcher/analyze.rs:329:14
[INFO] [stdout]     |
[INFO] [stdout]  53 |   #[bon]
[INFO] [stdout]     |   ------ method `pinyin` not found for this struct
[INFO] [stdout] ...
[INFO] [stdout] 328 |           let mut analyzer = PatternAnalyzer::builder("pysousuoeve")
[INFO] [stdout]     |  ____________________________-
[INFO] [stdout] 329 | |             .pinyin(&pinyin)
[INFO] [stdout]     | |             -^^^^^^ method not found in `PatternAnalyzerBuilder<'_>`
[INFO] [stdout]     | |_____________|
[INFO] [stdout]     |
[INFO] [stdout] 
[INFO] [stdout] 
[INFO] [stdout] error[E0433]: cannot find type `PinyinNotation` in this scope
[INFO] [stdout]    --> src/matcher/analyze.rs:334:13
[INFO] [stdout]     |
[INFO] [stdout] 334 |             PinyinNotation::Ascii | PinyinNotation::AsciiFirstLetter
[INFO] [stdout]     |             ^^^^^^^^^^^^^^ use of undeclared type `PinyinNotation`
[INFO] [stdout] 
[INFO] [stdout] 
[INFO] [stdout] error[E0433]: cannot find type `PinyinNotation` in this scope
[INFO] [stdout]    --> src/matcher/analyze.rs:334:37
[INFO] [stdout]     |
[INFO] [stdout] 334 |             PinyinNotation::Ascii | PinyinNotation::AsciiFirstLetter
[INFO] [stdout]     |                                     ^^^^^^^^^^^^^^ use of undeclared type `PinyinNotation`
[INFO] [stdout] 
[INFO] [stdout] 
[INFO] [stdout] error[E0599]: no method named `pinyin` found for struct `PatternAnalyzerBuilder<'a, S>` in the current scope
[INFO] [stdout]    --> src/matcher/analyze.rs:337:64
[INFO] [stdout]     |
[INFO] [stdout]  53 | #[bon]
[INFO] [stdout]     | ------ method `pinyin` not found for this struct
[INFO] [stdout] ...
[INFO] [stdout] 337 |         let mut analyzer = PatternAnalyzer::builder("pyssEve").pinyin(&pinyin).build();
[INFO] [stdout]     |                                                                ^^^^^^ method not found in `PatternAnalyzerBuilder<'_>`
[INFO] [stdout] 
[INFO] [stdout] 
[INFO] [stdout] error[E0433]: cannot find type `PinyinNotation` in this scope
[INFO] [stdout]    --> src/matcher/analyze.rs:341:13
[INFO] [stdout]     |
[INFO] [stdout] 341 |             PinyinNotation::AsciiFirstLetter
[INFO] [stdout]     |             ^^^^^^^^^^^^^^ use of undeclared type `PinyinNotation`
[INFO] [stdout] 
[INFO] [stdout] 
[INFO] [stdout] error[E0433]: cannot find type `PinyinNotation` in this scope
[INFO] [stdout]    --> src/matcher/analyze.rs:347:43
[INFO] [stdout]     |
[INFO] [stdout] 347 |         let pinyin_data = PinyinData::new(PinyinNotation::all());
[INFO] [stdout]     |                                           ^^^^^^^^^^^^^^ use of undeclared type `PinyinNotation`
[INFO] [stdout] 
[INFO] [stdout] 
[INFO] [stdout] error[E0433]: cannot find type `PinyinMatchConfig` in this scope
[INFO] [stdout]    --> src/matcher/analyze.rs:349:13
[INFO] [stdout]     |
[INFO] [stdout] 349 |             PinyinMatchConfig::builder(PinyinNotation::Ascii | PinyinNotation::AsciiFirstLetter)
[INFO] [stdout]     |             ^^^^^^^^^^^^^^^^^ use of undeclared type `PinyinMatchConfig`
[INFO] [stdout] 
[INFO] [stdout] 
[INFO] [stdout] error[E0433]: cannot find type `PinyinNotation` in this scope
[INFO] [stdout]    --> src/matcher/analyze.rs:349:40
[INFO] [stdout]     |
[INFO] [stdout] 349 |             PinyinMatchConfig::builder(PinyinNotation::Ascii | PinyinNotation::AsciiFirstLetter)
[INFO] [stdout]     |                                        ^^^^^^^^^^^^^^ use of undeclared type `PinyinNotation`
[INFO] [stdout] 
[INFO] [stdout] 
[INFO] [stdout] error[E0433]: cannot find type `PinyinNotation` in this scope
[INFO] [stdout]    --> src/matcher/analyze.rs:349:64
[INFO] [stdout]     |
[INFO] [stdout] 349 |             PinyinMatchConfig::builder(PinyinNotation::Ascii | PinyinNotation::AsciiFirstLetter)
[INFO] [stdout]     |                                                                ^^^^^^^^^^^^^^ use of undeclared type `PinyinNotation`
[INFO] [stdout] 
[INFO] [stdout] 
[INFO] [stdout] error[E0599]: no method named `pinyin` found for struct `PatternAnalyzerBuilder<'a, S>` in the current scope
[INFO] [stdout]    --> src/matcher/analyze.rs:353:62
[INFO] [stdout]     |
[INFO] [stdout]  53 | #[bon]
[INFO] [stdout]     | ------ method `pinyin` not found for this struct
[INFO] [stdout] ...
[INFO] [stdout] 353 |         let mut analyzer = PatternAnalyzer::builder("pinyi").pinyin(&pinyin).build();
[INFO] [stdout]     |                                                              ^^^^^^ method not found in `PatternAnalyzerBuilder<'_>`
[INFO] [stdout] 
[INFO] [stdout] 
[INFO] [stdout] error[E0599]: no method named `pinyin` found for struct `PatternAnalyzerBuilder<'a, S>` in the current scope
[INFO] [stdout]    --> src/matcher/analyze.rs:362:14
[INFO] [stdout]     |
[INFO] [stdout]  53 |   #[bon]
[INFO] [stdout]     |   ------ method `pinyin` not found for this struct
[INFO] [stdout] ...
[INFO] [stdout] 361 |           let mut analyzer = PatternAnalyzer::builder("pysousuoeve")
[INFO] [stdout]     |  ____________________________-
[INFO] [stdout] 362 | |             .pinyin(&pinyin)
[INFO] [stdout]     | |             -^^^^^^ method not found in `PatternAnalyzerBuilder<'_>`
[INFO] [stdout]     | |_____________|
[INFO] [stdout]     |
[INFO] [stdout] 
[INFO] [stdout] 
[INFO] [stdout] error[E0599]: no method named `pinyin` found for struct `PatternAnalyzerBuilder<'a, S>` in the current scope
[INFO] [stdout]    --> src/matcher/analyze.rs:371:64
[INFO] [stdout]     |
[INFO] [stdout]  53 | #[bon]
[INFO] [stdout]     | ------ method `pinyin` not found for this struct
[INFO] [stdout] ...
[INFO] [stdout] 371 |         let mut analyzer = PatternAnalyzer::builder("pyssEve").pinyin(&pinyin).build();
[INFO] [stdout]     |                                                                ^^^^^^ method not found in `PatternAnalyzerBuilder<'_>`
[INFO] [stdout] 
[INFO] [stdout] 
[INFO] [stdout] error[E0599]: no method named `pinyin` found for struct `PatternAnalyzerBuilder<'a, S>` in the current scope
[INFO] [stdout]    --> src/matcher/analyze.rs:379:64
[INFO] [stdout]     |
[INFO] [stdout]  53 | #[bon]
[INFO] [stdout]     | ------ method `pinyin` not found for this struct
[INFO] [stdout] ...
[INFO] [stdout] 379 |         let mut analyzer = PatternAnalyzer::builder("pysseve").pinyin(&pinyin).build();
[INFO] [stdout]     |                                                                ^^^^^^ method not found in `PatternAnalyzerBuilder<'_>`
[INFO] [stdout] 
[INFO] [stdout] 
[INFO] [stdout] error[E0433]: cannot find type `PinyinNotation` in this scope
[INFO] [stdout]    --> src/matcher/analyze.rs:390:43
[INFO] [stdout]     |
[INFO] [stdout] 390 |         let pinyin_data = PinyinData::new(PinyinNotation::all());
[INFO] [stdout]     |                                           ^^^^^^^^^^^^^^ use of undeclared type `PinyinNotation`
[INFO] [stdout] 
[INFO] [stdout] 
[INFO] [stdout] error[E0433]: cannot find type `PinyinMatchConfig` in this scope
[INFO] [stdout]    --> src/matcher/analyze.rs:392:13
[INFO] [stdout]     |
[INFO] [stdout] 392 |             PinyinMatchConfig::builder(PinyinNotation::Ascii | PinyinNotation::AsciiFirstLetter)
[INFO] [stdout]     |             ^^^^^^^^^^^^^^^^^ use of undeclared type `PinyinMatchConfig`
[INFO] [stdout] 
[INFO] [stdout] 
[INFO] [stdout] error[E0433]: cannot find type `PinyinNotation` in this scope
[INFO] [stdout]    --> src/matcher/analyze.rs:392:40
[INFO] [stdout]     |
[INFO] [stdout] 392 |             PinyinMatchConfig::builder(PinyinNotation::Ascii | PinyinNotation::AsciiFirstLetter)
[INFO] [stdout]     |                                        ^^^^^^^^^^^^^^ use of undeclared type `PinyinNotation`
[INFO] [stdout] 
[INFO] [stdout] 
[INFO] [stdout] error[E0433]: cannot find type `PinyinNotation` in this scope
[INFO] [stdout]    --> src/matcher/analyze.rs:392:64
[INFO] [stdout]     |
[INFO] [stdout] 392 |             PinyinMatchConfig::builder(PinyinNotation::Ascii | PinyinNotation::AsciiFirstLetter)
[INFO] [stdout]     |                                                                ^^^^^^^^^^^^^^ use of undeclared type `PinyinNotation`
[INFO] [stdout] 
[INFO] [stdout] 
[INFO] [stdout] error[E0599]: no method named `pinyin` found for struct `PatternAnalyzerBuilder<'a, S>` in the current scope
[INFO] [stdout]    --> src/matcher/analyze.rs:396:63
[INFO] [stdout]     |
[INFO] [stdout]  53 | #[bon]
[INFO] [stdout]     | ------ method `pinyin` not found for this struct
[INFO] [stdout] ...
[INFO] [stdout] 396 |         let mut analyzer = PatternAnalyzer::builder("pysswe").pinyin(&pinyin).build();
[INFO] [stdout]     |                                                               ^^^^^^ method not found in `PatternAnalyzerBuilder<'_>`
[INFO] [stdout] 
[INFO] [stdout] 
[INFO] [stdout] error[E0599]: no method named `pinyin` found for struct `PatternAnalyzerBuilder<'a, S>` in the current scope
[INFO] [stdout]    --> src/matcher/analyze.rs:406:14
[INFO] [stdout]     |
[INFO] [stdout]  53 |   #[bon]
[INFO] [stdout]     |   ------ method `pinyin` not found for this struct
[INFO] [stdout] ...
[INFO] [stdout] 404 |           let mut analyzer = PatternAnalyzer::builder("pysswe")
[INFO] [stdout]     |  ____________________________-
[INFO] [stdout] 405 | |             .is_pattern_partial(true)
[INFO] [stdout] 406 | |             .pinyin(&pinyin)
[INFO] [stdout]     | |             -^^^^^^ method not found in `PatternAnalyzerBuilder<'_, pattern_analyzer_builder::SetIsPatternPartial>`
[INFO] [stdout]     | |_____________|
[INFO] [stdout]     |
[INFO] [stdout] 
[INFO] [stdout] 
[INFO] [stdout] error[E0599]: no method named `pinyin` found for struct `PatternAnalyzerBuilder<'a, S>` in the current scope
[INFO] [stdout]    --> src/matcher/analyze.rs:415:64
[INFO] [stdout]     |
[INFO] [stdout]  53 | #[bon]
[INFO] [stdout]     | ------ method `pinyin` not found for this struct
[INFO] [stdout] ...
[INFO] [stdout] 415 |         let mut analyzer = PatternAnalyzer::builder("pyssyon").pinyin(&pinyin).build();
[INFO] [stdout]     |                                                                ^^^^^^ method not found in `PatternAnalyzerBuilder<'_>`
[INFO] [stdout] 
[INFO] [stdout] 
[INFO] [stdout] error[E0599]: no method named `pinyin` found for struct `PatternAnalyzerBuilder<'a, S>` in the current scope
[INFO] [stdout]    --> src/matcher/analyze.rs:425:14
[INFO] [stdout]     |
[INFO] [stdout]  53 |   #[bon]
[INFO] [stdout]     |   ------ method `pinyin` not found for this struct
[INFO] [stdout] ...
[INFO] [stdout] 423 |           let mut analyzer = PatternAnalyzer::builder("pyssyon")
[INFO] [stdout]     |  ____________________________-
[INFO] [stdout] 424 | |             .is_pattern_partial(true)
[INFO] [stdout] 425 | |             .pinyin(&pinyin)
[INFO] [stdout]     | |             -^^^^^^ method not found in `PatternAnalyzerBuilder<'_, pattern_analyzer_builder::SetIsPatternPartial>`
[INFO] [stdout]     | |_____________|
[INFO] [stdout]     |
[INFO] [stdout] 
[INFO] [stdout] 
[INFO] [stdout] error[E0599]: no method named `pinyin` found for struct `PatternAnalyzerBuilder<'a, S>` in the current scope
[INFO] [stdout]    --> src/matcher/analyze.rs:434:64
[INFO] [stdout]     |
[INFO] [stdout]  53 | #[bon]
[INFO] [stdout]     | ------ method `pinyin` not found for this struct
[INFO] [stdout] ...
[INFO] [stdout] 434 |         let mut analyzer = PatternAnalyzer::builder("pyssyon").pinyin(&pinyin).build();
[INFO] [stdout]     |                                                                ^^^^^^ method not found in `PatternAnalyzerBuilder<'_>`
[INFO] [stdout] 
[INFO] [stdout] 
[INFO] [stdout] error[E0599]: no method named `pinyin` found for struct `PatternAnalyzerBuilder<'a, S>` in the current scope
[INFO] [stdout]    --> src/matcher/analyze.rs:442:65
[INFO] [stdout]     |
[INFO] [stdout]  53 | #[bon]
[INFO] [stdout]     | ------ method `pinyin` not found for this struct
[INFO] [stdout] ...
[INFO] [stdout] 442 |         let mut analyzer = PatternAnalyzer::builder("pyssxion").pinyin(&pinyin).build();
[INFO] [stdout]     |                                                                 ^^^^^^ method not found in `PatternAnalyzerBuilder<'_>`
[INFO] [stdout] 
[INFO] [stdout] 
[INFO] [stdout] error[E0599]: no method named `pinyin` found for struct `PatternAnalyzerBuilder<'a, S>` in the current scope
[INFO] [stdout]    --> src/matcher/analyze.rs:452:14
[INFO] [stdout]     |
[INFO] [stdout]  53 |   #[bon]
[INFO] [stdout]     |   ------ method `pinyin` not found for this struct
[INFO] [stdout] ...
[INFO] [stdout] 450 |           let mut analyzer = PatternAnalyzer::builder("pyssxion")
[INFO] [stdout]     |  ____________________________-
[INFO] [stdout] 451 | |             .is_pattern_partial(true)
[INFO] [stdout] 452 | |             .pinyin(&pinyin)
[INFO] [stdout]     | |             -^^^^^^ method not found in `PatternAnalyzerBuilder<'_, pattern_analyzer_builder::SetIsPatternPartial>`
[INFO] [stdout]     | |_____________|
[INFO] [stdout]     |
[INFO] [stdout] 
[INFO] [stdout] 
[INFO] [stdout] error[E0433]: cannot find type `RomajiMatchConfig` in this scope
[INFO] [stdout]    --> src/matcher/analyze.rs:465:22
[INFO] [stdout]     |
[INFO] [stdout] 465 |         let romaji = RomajiMatchConfig::builder().romanizer(&romanizer).build();
[INFO] [stdout]     |                      ^^^^^^^^^^^^^^^^^ use of undeclared type `RomajiMatchConfig`
[INFO] [stdout] 
[INFO] [stdout] 
[INFO] [stdout] error[E0433]: cannot find type `PinyinNotation` in this scope
[INFO] [stdout]    --> src/matcher/analyze.rs:466:43
[INFO] [stdout]     |
[INFO] [stdout] 466 |         let pinyin_data = PinyinData::new(PinyinNotation::all());
[INFO] [stdout]     |                                           ^^^^^^^^^^^^^^ use of undeclared type `PinyinNotation`
[INFO] [stdout] 
[INFO] [stdout] 
[INFO] [stdout] error[E0433]: cannot find type `PinyinMatchConfig` in this scope
[INFO] [stdout]    --> src/matcher/analyze.rs:468:13
[INFO] [stdout]     |
[INFO] [stdout] 468 |             PinyinMatchConfig::builder(PinyinNotation::Ascii | PinyinNotation::AsciiFirstLetter)
[INFO] [stdout]     |             ^^^^^^^^^^^^^^^^^ use of undeclared type `PinyinMatchConfig`
[INFO] [stdout] 
[INFO] [stdout] 
[INFO] [stdout] error[E0433]: cannot find type `PinyinNotation` in this scope
[INFO] [stdout]    --> src/matcher/analyze.rs:468:40
[INFO] [stdout]     |
[INFO] [stdout] 468 |             PinyinMatchConfig::builder(PinyinNotation::Ascii | PinyinNotation::AsciiFirstLetter)
[INFO] [stdout]     |                                        ^^^^^^^^^^^^^^ use of undeclared type `PinyinNotation`
[INFO] [stdout] 
[INFO] [stdout] 
[INFO] [stdout] error[E0433]: cannot find type `PinyinNotation` in this scope
[INFO] [stdout]    --> src/matcher/analyze.rs:468:64
[INFO] [stdout]     |
[INFO] [stdout] 468 |             PinyinMatchConfig::builder(PinyinNotation::Ascii | PinyinNotation::AsciiFirstLetter)
[INFO] [stdout]     |                                                                ^^^^^^^^^^^^^^ use of undeclared type `PinyinNotation`
[INFO] [stdout] 
[INFO] [stdout] 
[INFO] [stdout] error[E0599]: no method named `romaji` found for struct `PatternAnalyzerBuilder<'a, S>` in the current scope
[INFO] [stdout]    --> src/matcher/analyze.rs:473:14
[INFO] [stdout]     |
[INFO] [stdout]  53 |   #[bon]
[INFO] [stdout]     |   ------ method `romaji` not found for this struct
[INFO] [stdout] ...
[INFO] [stdout] 472 |           let mut analyzer = PatternAnalyzer::builder("tsutsutsutsu")
[INFO] [stdout]     |  ____________________________-
[INFO] [stdout] 473 | |             .romaji(&romaji)
[INFO] [stdout]     | |             -^^^^^^ method not found in `PatternAnalyzerBuilder<'_>`
[INFO] [stdout]     | |_____________|
[INFO] [stdout]     |
[INFO] [stdout] 
[INFO] [stdout] 
[INFO] [stdout] error[E0599]: no method named `pinyin` found for struct `PatternAnalyzerBuilder<'a, S>` in the current scope
[INFO] [stdout]    --> src/matcher/analyze.rs:483:14
[INFO] [stdout]     |
[INFO] [stdout]  53 |   #[bon]
[INFO] [stdout]     |   ------ method `pinyin` not found for this struct
[INFO] [stdout] ...
[INFO] [stdout] 482 |           let mut analyzer = PatternAnalyzer::builder("tsutsutsutsu")
[INFO] [stdout]     |  ____________________________-
[INFO] [stdout] 483 | |             .pinyin(&pinyin)
[INFO] [stdout]     | |             -^^^^^^ method not found in `PatternAnalyzerBuilder<'_>`
[INFO] [stdout]     | |_____________|
[INFO] [stdout]     |
[INFO] [stdout] 
[INFO] [stdout] 
[INFO] [stdout] error[E0599]: no method named `pinyin` found for struct `PatternAnalyzerBuilder<'a, S>` in the current scope
[INFO] [stdout]    --> src/matcher/analyze.rs:494:14
[INFO] [stdout]     |
[INFO] [stdout]  53 |   #[bon]
[INFO] [stdout]     |   ------ method `pinyin` not found for this struct
[INFO] [stdout] ...
[INFO] [stdout] 493 |           let mut analyzer = PatternAnalyzer::builder("kusanomuragari")
[INFO] [stdout]     |  ____________________________-
[INFO] [stdout] 494 | |             .pinyin(&pinyin)
[INFO] [stdout]     | |             -^^^^^^ method not found in `PatternAnalyzerBuilder<'_>`
[INFO] [stdout]     | |_____________|
[INFO] [stdout]     |
[INFO] [stdout] 
[INFO] [stdout] 
[INFO] [stdout] error[E0599]: no method named `pinyin` found for struct `IbMatcherBuilder<'a, 'p, HaystackStr, S>` in the current scope
[INFO] [stdout]     --> src/matcher/mod.rs:1096:14
[INFO] [stdout]      |
[INFO] [stdout]  264 |   #[bon]
[INFO] [stdout]      |   ------ method `pinyin` not found for this struct
[INFO] [stdout] ...
[INFO] [stdout] 1095 |           let matcher = IbMatcher::builder("pysseve")
[INFO] [stdout]      |  _______________________-
[INFO] [stdout] 1096 | |             .pinyin(PinyinMatchConfig::notations(PinyinNotation::Ascii))
[INFO] [stdout]      | |             -^^^^^^ method not found in `IbMatcherBuilder<'_, '_, str>`
[INFO] [stdout]      | |_____________|
[INFO] [stdout]      |
[INFO] [stdout] 
[INFO] [stdout] 
[INFO] [stdout] error[E0433]: cannot find type `PinyinMatchConfig` in this scope
[INFO] [stdout]     --> src/matcher/mod.rs:1096:21
[INFO] [stdout]      |
[INFO] [stdout] 1096 |             .pinyin(PinyinMatchConfig::notations(PinyinNotation::Ascii))
[INFO] [stdout]      |                     ^^^^^^^^^^^^^^^^^ use of undeclared type `PinyinMatchConfig`
[INFO] [stdout]      |
[INFO] [stdout] help: a struct with a similar name exists
[INFO] [stdout]      |
[INFO] [stdout] 1096 -             .pinyin(PinyinMatchConfig::notations(PinyinNotation::Ascii))
[INFO] [stdout] 1096 +             .pinyin(PlainMatchConfig::notations(PinyinNotation::Ascii))
[INFO] [stdout]      |
[INFO] [stdout] 
[INFO] [stdout] 
[INFO] [stdout] error[E0599]: no method named `pinyin` found for struct `IbMatcherBuilder<'a, 'p, HaystackStr, S>` in the current scope
[INFO] [stdout]     --> src/matcher/mod.rs:1111:14
[INFO] [stdout]      |
[INFO] [stdout]  264 |   #[bon]
[INFO] [stdout]      |   ------ method `pinyin` not found for this struct
[INFO] [stdout] ...
[INFO] [stdout] 1110 |           let matcher = IbMatcher::builder("xing")
[INFO] [stdout]      |  _______________________-
[INFO] [stdout] 1111 | |             .pinyin(PinyinMatchConfig::notations(PinyinNotation::Ascii))
[INFO] [stdout]      | |             -^^^^^^ method not found in `IbMatcherBuilder<'_, '_, str>`
[INFO] [stdout]      | |_____________|
[INFO] [stdout]      |
[INFO] [stdout] 
[INFO] [stdout] 
[INFO] [stdout] error[E0433]: cannot find type `PinyinMatchConfig` in this scope
[INFO] [stdout]     --> src/matcher/mod.rs:1111:21
[INFO] [stdout]      |
[INFO] [stdout] 1111 |             .pinyin(PinyinMatchConfig::notations(PinyinNotation::Ascii))
[INFO] [stdout]      |                     ^^^^^^^^^^^^^^^^^ use of undeclared type `PinyinMatchConfig`
[INFO] [stdout]      |
[INFO] [stdout] help: a struct with a similar name exists
[INFO] [stdout]      |
[INFO] [stdout] 1111 -             .pinyin(PinyinMatchConfig::notations(PinyinNotation::Ascii))
[INFO] [stdout] 1111 +             .pinyin(PlainMatchConfig::notations(PinyinNotation::Ascii))
[INFO] [stdout]      |
[INFO] [stdout] 
[INFO] [stdout] 
[INFO] [stdout] error[E0599]: no method named `pinyin` found for struct `IbMatcherBuilder<'a, 'p, HaystackStr, S>` in the current scope
[INFO] [stdout]     --> src/matcher/mod.rs:1119:14
[INFO] [stdout]      |
[INFO] [stdout]  264 |   #[bon]
[INFO] [stdout]      |   ------ method `pinyin` not found for this struct
[INFO] [stdout] ...
[INFO] [stdout] 1118 |           let matcher = IbMatcher::builder("ke")
[INFO] [stdout]      |  _______________________-
[INFO] [stdout] 1119 | |             .pinyin(PinyinMatchConfig::notations(PinyinNotation::Ascii))
[INFO] [stdout]      | |             -^^^^^^ method not found in `IbMatcherBuilder<'_, '_, str>`
[INFO] [stdout]      | |_____________|
[INFO] [stdout]      |
[INFO] [stdout] 
[INFO] [stdout] 
[INFO] [stdout] error[E0433]: cannot find type `PinyinMatchConfig` in this scope
[INFO] [stdout]     --> src/matcher/mod.rs:1119:21
[INFO] [stdout]      |
[INFO] [stdout] 1119 |             .pinyin(PinyinMatchConfig::notations(PinyinNotation::Ascii))
[INFO] [stdout]      |                     ^^^^^^^^^^^^^^^^^ use of undeclared type `PinyinMatchConfig`
[INFO] [stdout]      |
[INFO] [stdout] help: a struct with a similar name exists
[INFO] [stdout]      |
[INFO] [stdout] 1119 -             .pinyin(PinyinMatchConfig::notations(PinyinNotation::Ascii))
[INFO] [stdout] 1119 +             .pinyin(PlainMatchConfig::notations(PinyinNotation::Ascii))
[INFO] [stdout]      |
[INFO] [stdout] 
[INFO] [stdout] 
[INFO] [stdout] error[E0599]: no method named `pinyin` found for struct `IbMatcherBuilder<'a, 'p, HaystackStr, S>` in the current scope
[INFO] [stdout]     --> src/matcher/mod.rs:1127:14
[INFO] [stdout]      |
[INFO] [stdout]  264 |   #[bon]
[INFO] [stdout]      |   ------ method `pinyin` not found for this struct
[INFO] [stdout] ...
[INFO] [stdout] 1126 |           let matcher = IbMatcher::builder("")
[INFO] [stdout]      |  _______________________-
[INFO] [stdout] 1127 | |             .pinyin(PinyinMatchConfig::notations(PinyinNotation::Ascii))
[INFO] [stdout]      | |             -^^^^^^ method not found in `IbMatcherBuilder<'_, '_, str>`
[INFO] [stdout]      | |_____________|
[INFO] [stdout]      |
[INFO] [stdout] 
[INFO] [stdout] 
[INFO] [stdout] error[E0433]: cannot find type `PinyinMatchConfig` in this scope
[INFO] [stdout]     --> src/matcher/mod.rs:1127:21
[INFO] [stdout]      |
[INFO] [stdout] 1127 |             .pinyin(PinyinMatchConfig::notations(PinyinNotation::Ascii))
[INFO] [stdout]      |                     ^^^^^^^^^^^^^^^^^ use of undeclared type `PinyinMatchConfig`
[INFO] [stdout]      |
[INFO] [stdout] help: a struct with a similar name exists
[INFO] [stdout]      |
[INFO] [stdout] 1127 -             .pinyin(PinyinMatchConfig::notations(PinyinNotation::Ascii))
[INFO] [stdout] 1127 +             .pinyin(PlainMatchConfig::notations(PinyinNotation::Ascii))
[INFO] [stdout]      |
[INFO] [stdout] 
[INFO] [stdout] 
[INFO] [stdout] error[E0599]: no method named `pinyin` found for struct `IbMatcherBuilder<'a, 'p, HaystackStr, S>` in the current scope
[INFO] [stdout]     --> src/matcher/mod.rs:1133:14
[INFO] [stdout]      |
[INFO] [stdout]  264 |   #[bon]
[INFO] [stdout]      |   ------ method `pinyin` not found for this struct
[INFO] [stdout] ...
[INFO] [stdout] 1132 |           let matcher = IbMatcher::builder("ke")
[INFO] [stdout]      |  _______________________-
[INFO] [stdout] 1133 | |             .pinyin(PinyinMatchConfig::notations(
[INFO] [stdout]      | |             -^^^^^^ method not found in `IbMatcherBuilder<'_, '_, str>`
[INFO] [stdout]      | |_____________|
[INFO] [stdout]      |
[INFO] [stdout] 
[INFO] [stdout] 
[INFO] [stdout] error[E0433]: cannot find type `PinyinMatchConfig` in this scope
[INFO] [stdout]     --> src/matcher/mod.rs:1133:21
[INFO] [stdout]      |
[INFO] [stdout] 1133 |             .pinyin(PinyinMatchConfig::notations(
[INFO] [stdout]      |                     ^^^^^^^^^^^^^^^^^ use of undeclared type `PinyinMatchConfig`
[INFO] [stdout]      |
[INFO] [stdout] help: a struct with a similar name exists
[INFO] [stdout]      |
[INFO] [stdout] 1133 -             .pinyin(PinyinMatchConfig::notations(
[INFO] [stdout] 1133 +             .pinyin(PlainMatchConfig::notations(
[INFO] [stdout]      |
[INFO] [stdout] 
[INFO] [stdout] 
[INFO] [stdout] error[E0599]: no method named `pinyin` found for struct `IbMatcherBuilder<'a, 'p, HaystackStr, S>` in the current scope
[INFO] [stdout]     --> src/matcher/mod.rs:1203:14
[INFO] [stdout]      |
[INFO] [stdout]  264 |   #[bon]
[INFO] [stdout]      |   ------ method `pinyin` not found for this struct
[INFO] [stdout] ...
[INFO] [stdout] 1201 |           let matcher = IbMatcher::builder("xing")
[INFO] [stdout]      |  _______________________-
[INFO] [stdout] 1202 | |             .case_insensitive(false)
[INFO] [stdout] 1203 | |             .pinyin(
[INFO] [stdout]      | |             -^^^^^^ method not found in `IbMatcherBuilder<'_, '_, str, ib_matcher_builder::SetPlain>`
[INFO] [stdout]      | |_____________|
[INFO] [stdout]      |
[INFO] [stdout] 
[INFO] [stdout] 
[INFO] [stdout] error[E0433]: cannot find type `PinyinMatchConfig` in this scope
[INFO] [stdout]     --> src/matcher/mod.rs:1204:17
[INFO] [stdout]      |
[INFO] [stdout] 1204 |                 PinyinMatchConfig::builder(PinyinNotation::Ascii)
[INFO] [stdout]      |                 ^^^^^^^^^^^^^^^^^ use of undeclared type `PinyinMatchConfig`
[INFO] [stdout]      |
[INFO] [stdout] help: a struct with a similar name exists
[INFO] [stdout]      |
[INFO] [stdout] 1204 -                 PinyinMatchConfig::builder(PinyinNotation::Ascii)
[INFO] [stdout] 1204 +                 PlainMatchConfig::builder(PinyinNotation::Ascii)
[INFO] [stdout]      |
[INFO] [stdout] 
[INFO] [stdout] 
[INFO] [stdout] error[E0599]: no method named `pinyin` found for struct `IbMatcherBuilder<'a, 'p, HaystackStr, S>` in the current scope
[INFO] [stdout]     --> src/matcher/mod.rs:1215:14
[INFO] [stdout]      |
[INFO] [stdout]  264 |   #[bon]
[INFO] [stdout]      |   ------ method `pinyin` not found for this struct
[INFO] [stdout] ...
[INFO] [stdout] 1213 |           let matcher = IbMatcher::builder("XING")
[INFO] [stdout]      |  _______________________-
[INFO] [stdout] 1214 | |             .plain(PlainMatchConfig::case_insensitive(true))
[INFO] [stdout] 1215 | |             .pinyin(
[INFO] [stdout]      | |             -^^^^^^ method not found in `IbMatcherBuilder<'_, '_, str, ib_matcher_builder::SetPlain>`
[INFO] [stdout]      | |_____________|
[INFO] [stdout]      |
[INFO] [stdout] 
[INFO] [stdout] 
[INFO] [stdout] error[E0433]: cannot find type `PinyinMatchConfig` in this scope
[INFO] [stdout]     --> src/matcher/mod.rs:1216:17
[INFO] [stdout]      |
[INFO] [stdout] 1216 |                 PinyinMatchConfig::builder(PinyinNotation::Ascii)
[INFO] [stdout]      |                 ^^^^^^^^^^^^^^^^^ use of undeclared type `PinyinMatchConfig`
[INFO] [stdout]      |
[INFO] [stdout] help: a struct with a similar name exists
[INFO] [stdout]      |
[INFO] [stdout] 1216 -                 PinyinMatchConfig::builder(PinyinNotation::Ascii)
[INFO] [stdout] 1216 +                 PlainMatchConfig::builder(PinyinNotation::Ascii)
[INFO] [stdout]      |
[INFO] [stdout] 
[INFO] [stdout] 
[INFO] [stdout] error[E0599]: no method named `pinyin` found for struct `IbMatcherBuilder<'a, 'p, HaystackStr, S>` in the current scope
[INFO] [stdout]     --> src/matcher/mod.rs:1227:14
[INFO] [stdout]      |
[INFO] [stdout]  264 |   #[bon]
[INFO] [stdout]      |   ------ method `pinyin` not found for this struct
[INFO] [stdout] ...
[INFO] [stdout] 1225 |           let matcher = IbMatcher::builder("XING")
[INFO] [stdout]      |  _______________________-
[INFO] [stdout] 1226 | |             .plain(PlainMatchConfig::case_insensitive(true))
[INFO] [stdout] 1227 | |             .pinyin(
[INFO] [stdout]      | |             -^^^^^^ method not found in `IbMatcherBuilder<'_, '_, str, ib_matcher_builder::SetPlain>`
[INFO] [stdout]      | |_____________|
[INFO] [stdout]      |
[INFO] [stdout] 
[INFO] [stdout] 
[INFO] [stdout] error[E0433]: cannot find type `PinyinMatchConfig` in this scope
[INFO] [stdout]     --> src/matcher/mod.rs:1228:17
[INFO] [stdout]      |
[INFO] [stdout] 1228 |                 PinyinMatchConfig::builder(PinyinNotation::Ascii)
[INFO] [stdout]      |                 ^^^^^^^^^^^^^^^^^ use of undeclared type `PinyinMatchConfig`
[INFO] [stdout]      |
[INFO] [stdout] help: a struct with a similar name exists
[INFO] [stdout]      |
[INFO] [stdout] 1228 -                 PinyinMatchConfig::builder(PinyinNotation::Ascii)
[INFO] [stdout] 1228 +                 PlainMatchConfig::builder(PinyinNotation::Ascii)
[INFO] [stdout]      |
[INFO] [stdout] 
[INFO] [stdout] 
[INFO] [stdout] error[E0599]: no method named `pinyin` found for struct `IbMatcherBuilder<'a, 'p, HaystackStr, S>` in the current scope
[INFO] [stdout]     --> src/matcher/mod.rs:1239:14
[INFO] [stdout]      |
[INFO] [stdout]  264 |   #[bon]
[INFO] [stdout]      |   ------ method `pinyin` not found for this struct
[INFO] [stdout] ...
[INFO] [stdout] 1237 |           let matcher = IbMatcher::builder("XiNG")
[INFO] [stdout]      |  _______________________-
[INFO] [stdout] 1238 | |             .plain(PlainMatchConfig::case_insensitive(false))
[INFO] [stdout] 1239 | |             .pinyin(
[INFO] [stdout]      | |             -^^^^^^ method not found in `IbMatcherBuilder<'_, '_, str, ib_matcher_builder::SetPlain>`
[INFO] [stdout]      | |_____________|
[INFO] [stdout]      |
[INFO] [stdout] 
[INFO] [stdout] 
[INFO] [stdout] error[E0433]: cannot find type `PinyinMatchConfig` in this scope
[INFO] [stdout]     --> src/matcher/mod.rs:1240:17
[INFO] [stdout]      |
[INFO] [stdout] 1240 |                 PinyinMatchConfig::builder(PinyinNotation::Ascii)
[INFO] [stdout]      |                 ^^^^^^^^^^^^^^^^^ use of undeclared type `PinyinMatchConfig`
[INFO] [stdout]      |
[INFO] [stdout] help: a struct with a similar name exists
[INFO] [stdout]      |
[INFO] [stdout] 1240 -                 PinyinMatchConfig::builder(PinyinNotation::Ascii)
[INFO] [stdout] 1240 +                 PlainMatchConfig::builder(PinyinNotation::Ascii)
[INFO] [stdout]      |
[INFO] [stdout] 
[INFO] [stdout] 
[INFO] [stdout] error[E0599]: no method named `pinyin` found for struct `IbMatcherBuilder<'a, 'p, HaystackStr, S>` in the current scope
[INFO] [stdout]     --> src/matcher/mod.rs:1254:14
[INFO] [stdout]      |
[INFO] [stdout]  264 |   #[bon]
[INFO] [stdout]      |   ------ method `pinyin` not found for this struct
[INFO] [stdout] ...
[INFO] [stdout] 1252 |           let matcher = IbMatcher::builder("xing")
[INFO] [stdout]      |  _______________________-
[INFO] [stdout] 1253 | |             .plain(None)
[INFO] [stdout] 1254 | |             .pinyin(PinyinMatchConfig::notations(PinyinNotation::Ascii))
[INFO] [stdout]      | |             -^^^^^^ method not found in `IbMatcherBuilder<'_, '_, str, ib_matcher_builder::SetPlain>`
[INFO] [stdout]      | |_____________|
[INFO] [stdout]      |
[INFO] [stdout] 
[INFO] [stdout] 
[INFO] [stdout] error[E0433]: cannot find type `PinyinMatchConfig` in this scope
[INFO] [stdout]     --> src/matcher/mod.rs:1254:21
[INFO] [stdout]      |
[INFO] [stdout] 1254 |             .pinyin(PinyinMatchConfig::notations(PinyinNotation::Ascii))
[INFO] [stdout]      |                     ^^^^^^^^^^^^^^^^^ use of undeclared type `PinyinMatchConfig`
[INFO] [stdout]      |
[INFO] [stdout] help: a struct with a similar name exists
[INFO] [stdout]      |
[INFO] [stdout] 1254 -             .pinyin(PinyinMatchConfig::notations(PinyinNotation::Ascii))
[INFO] [stdout] 1254 +             .pinyin(PlainMatchConfig::notations(PinyinNotation::Ascii))
[INFO] [stdout]      |
[INFO] [stdout] 
[INFO] [stdout] 
[INFO] [stdout] error[E0599]: no method named `pinyin` found for struct `IbMatcherBuilder<'a, 'p, HaystackStr, S>` in the current scope
[INFO] [stdout]     --> src/matcher/mod.rs:1263:14
[INFO] [stdout]      |
[INFO] [stdout]  264 |   #[bon]
[INFO] [stdout]      |   ------ method `pinyin` not found for this struct
[INFO] [stdout] ...
[INFO] [stdout] 1261 |           let matcher = IbMatcher::builder("ke")
[INFO] [stdout]      |  _______________________-
[INFO] [stdout] 1262 | |             .plain(None)
[INFO] [stdout] 1263 | |             .pinyin(PinyinMatchConfig::notations(PinyinNotation::Ascii))
[INFO] [stdout]      | |             -^^^^^^ method not found in `IbMatcherBuilder<'_, '_, str, ib_matcher_builder::SetPlain>`
[INFO] [stdout]      | |_____________|
[INFO] [stdout]      |
[INFO] [stdout] 
[INFO] [stdout] 
[INFO] [stdout] error[E0433]: cannot find type `PinyinMatchConfig` in this scope
[INFO] [stdout]     --> src/matcher/mod.rs:1263:21
[INFO] [stdout]      |
[INFO] [stdout] 1263 |             .pinyin(PinyinMatchConfig::notations(PinyinNotation::Ascii))
[INFO] [stdout]      |                     ^^^^^^^^^^^^^^^^^ use of undeclared type `PinyinMatchConfig`
[INFO] [stdout]      |
[INFO] [stdout] help: a struct with a similar name exists
[INFO] [stdout]      |
[INFO] [stdout] 1263 -             .pinyin(PinyinMatchConfig::notations(PinyinNotation::Ascii))
[INFO] [stdout] 1263 +             .pinyin(PlainMatchConfig::notations(PinyinNotation::Ascii))
[INFO] [stdout]      |
[INFO] [stdout] 
[INFO] [stdout] 
[INFO] [stdout] error[E0599]: no method named `pinyin` found for struct `IbMatcherBuilder<'a, 'p, HaystackStr, S>` in the current scope
[INFO] [stdout]     --> src/matcher/mod.rs:1272:14
[INFO] [stdout]      |
[INFO] [stdout]  264 |   #[bon]
[INFO] [stdout]      |   ------ method `pinyin` not found for this struct
[INFO] [stdout] ...
[INFO] [stdout] 1270 |           let matcher = IbMatcher::builder("")
[INFO] [stdout]      |  _______________________-
[INFO] [stdout] 1271 | |             .plain(None)
[INFO] [stdout] 1272 | |             .pinyin(PinyinMatchConfig::notations(PinyinNotation::Ascii))
[INFO] [stdout]      | |             -^^^^^^ method not found in `IbMatcherBuilder<'_, '_, str, ib_matcher_builder::SetPlain>`
[INFO] [stdout]      | |_____________|
[INFO] [stdout]      |
[INFO] [stdout] 
[INFO] [stdout] 
[INFO] [stdout] error[E0433]: cannot find type `PinyinMatchConfig` in this scope
[INFO] [stdout]     --> src/matcher/mod.rs:1272:21
[INFO] [stdout]      |
[INFO] [stdout] 1272 |             .pinyin(PinyinMatchConfig::notations(PinyinNotation::Ascii))
[INFO] [stdout]      |                     ^^^^^^^^^^^^^^^^^ use of undeclared type `PinyinMatchConfig`
[INFO] [stdout]      |
[INFO] [stdout] help: a struct with a similar name exists
[INFO] [stdout]      |
[INFO] [stdout] 1272 -             .pinyin(PinyinMatchConfig::notations(PinyinNotation::Ascii))
[INFO] [stdout] 1272 +             .pinyin(PlainMatchConfig::notations(PinyinNotation::Ascii))
[INFO] [stdout]      |
[INFO] [stdout] 
[INFO] [stdout] 
[INFO] [stdout] error[E0599]: no method named `pinyin` found for struct `IbMatcherBuilder<'a, 'p, HaystackStr, S>` in the current scope
[INFO] [stdout]     --> src/matcher/mod.rs:1279:14
[INFO] [stdout]      |
[INFO] [stdout]  264 |   #[bon]
[INFO] [stdout]      |   ------ method `pinyin` not found for this struct
[INFO] [stdout] ...
[INFO] [stdout] 1277 |           let matcher = IbMatcher::builder("ke")
[INFO] [stdout]      |  _______________________-
[INFO] [stdout] 1278 | |             .plain(None)
[INFO] [stdout] 1279 | |             .pinyin(PinyinMatchConfig::notations(
[INFO] [stdout]      | |             -^^^^^^ method not found in `IbMatcherBuilder<'_, '_, str, ib_matcher_builder::SetPlain>`
[INFO] [stdout]      | |_____________|
[INFO] [stdout]      |
[INFO] [stdout] 
[INFO] [stdout] 
[INFO] [stdout] error[E0433]: cannot find type `PinyinMatchConfig` in this scope
[INFO] [stdout]     --> src/matcher/mod.rs:1279:21
[INFO] [stdout]      |
[INFO] [stdout] 1279 |             .pinyin(PinyinMatchConfig::notations(
[INFO] [stdout]      |                     ^^^^^^^^^^^^^^^^^ use of undeclared type `PinyinMatchConfig`
[INFO] [stdout]      |
[INFO] [stdout] help: a struct with a similar name exists
[INFO] [stdout]      |
[INFO] [stdout] 1279 -             .pinyin(PinyinMatchConfig::notations(
[INFO] [stdout] 1279 +             .pinyin(PlainMatchConfig::notations(
[INFO] [stdout]      |
[INFO] [stdout] 
[INFO] [stdout] 
[INFO] [stdout] error[E0433]: cannot find type `PinyinMatchConfig` in this scope
[INFO] [stdout]     --> src/matcher/mod.rs:1294:13
[INFO] [stdout]      |
[INFO] [stdout] 1294 |             PinyinMatchConfig::notations(PinyinNotation::Ascii | PinyinNotation::AsciiFirstLetter);
[INFO] [stdout]      |             ^^^^^^^^^^^^^^^^^ use of undeclared type `PinyinMatchConfig`
[INFO] [stdout]      |
[INFO] [stdout] help: a struct with a similar name exists
[INFO] [stdout]      |
[INFO] [stdout] 1294 -             PinyinMatchConfig::notations(PinyinNotation::Ascii | PinyinNotation::AsciiFirstLetter);
[INFO] [stdout] 1294 +             PlainMatchConfig::notations(PinyinNotation::Ascii | PinyinNotation::AsciiFirstLetter);
[INFO] [stdout]      |
[INFO] [stdout] 
[INFO] [stdout] 
[INFO] [stdout] error[E0433]: cannot find type `RomajiMatchConfig` in this scope
[INFO] [stdout]     --> src/matcher/mod.rs:1296:22
[INFO] [stdout]      |
[INFO] [stdout] 1296 |         let romaji = RomajiMatchConfig::builder().romanizer(&romanizer).build();
[INFO] [stdout]      |                      ^^^^^^^^^^^^^^^^^ use of undeclared type `RomajiMatchConfig`
[INFO] [stdout]      |
[INFO] [stdout] help: a struct with a similar name exists
[INFO] [stdout]      |
[INFO] [stdout] 1296 -         let romaji = RomajiMatchConfig::builder().romanizer(&romanizer).build();
[INFO] [stdout] 1296 +         let romaji = PlainMatchConfig::builder().romanizer(&romanizer).build();
[INFO] [stdout]      |
[INFO] [stdout] 
[INFO] [stdout] 
[INFO] [stdout] error[E0599]: no method named `pinyin` found for struct `IbMatcherBuilder<'a, 'p, HaystackStr, S>` in the current scope
[INFO] [stdout]     --> src/matcher/mod.rs:1299:14
[INFO] [stdout]      |
[INFO] [stdout]  264 |   #[bon]
[INFO] [stdout]      |   ------ method `pinyin` not found for this struct
[INFO] [stdout] ...
[INFO] [stdout] 1298 |           let matcher = IbMatcher::builder("burua")
[INFO] [stdout]      |  _______________________-
[INFO] [stdout] 1299 | |             .pinyin(PinyinMatchConfig::notations(
[INFO] [stdout]      | |             -^^^^^^ method not found in `IbMatcherBuilder<'_, '_, str>`
[INFO] [stdout]      | |_____________|
[INFO] [stdout]      |
[INFO] [stdout] 
[INFO] [stdout] 
[INFO] [stdout] error[E0433]: cannot find type `PinyinMatchConfig` in this scope
[INFO] [stdout]     --> src/matcher/mod.rs:1299:21
[INFO] [stdout]      |
[INFO] [stdout] 1299 |             .pinyin(PinyinMatchConfig::notations(
[INFO] [stdout]      |                     ^^^^^^^^^^^^^^^^^ use of undeclared type `PinyinMatchConfig`
[INFO] [stdout]      |
[INFO] [stdout] help: a struct with a similar name exists
[INFO] [stdout]      |
[INFO] [stdout] 1299 -             .pinyin(PinyinMatchConfig::notations(
[INFO] [stdout] 1299 +             .pinyin(PlainMatchConfig::notations(
[INFO] [stdout]      |
[INFO] [stdout] 
[INFO] [stdout] 
[INFO] [stdout] error[E0599]: no method named `pinyin` found for struct `IbMatcherBuilder<'a, 'p, HaystackStr, S>` in the current scope
[INFO] [stdout]     --> src/matcher/mod.rs:1307:14
[INFO] [stdout]      |
[INFO] [stdout]  264 |   #[bon]
[INFO] [stdout]      |   ------ method `pinyin` not found for this struct
[INFO] [stdout] ...
[INFO] [stdout] 1306 |           let matcher = IbMatcher::builder("burua")
[INFO] [stdout]      |  _______________________-
[INFO] [stdout] 1307 | |             .pinyin(PinyinMatchConfig::notations(
[INFO] [stdout]      | |             -^^^^^^ method not found in `IbMatcherBuilder<'_, '_, str>`
[INFO] [stdout]      | |_____________|
[INFO] [stdout]      |
[INFO] [stdout] 
[INFO] [stdout] 
[INFO] [stdout] error[E0433]: cannot find type `PinyinMatchConfig` in this scope
[INFO] [stdout]     --> src/matcher/mod.rs:1307:21
[INFO] [stdout]      |
[INFO] [stdout] 1307 |             .pinyin(PinyinMatchConfig::notations(
[INFO] [stdout]      |                     ^^^^^^^^^^^^^^^^^ use of undeclared type `PinyinMatchConfig`
[INFO] [stdout]      |
[INFO] [stdout] help: a struct with a similar name exists
[INFO] [stdout]      |
[INFO] [stdout] 1307 -             .pinyin(PinyinMatchConfig::notations(
[INFO] [stdout] 1307 +             .pinyin(PlainMatchConfig::notations(
[INFO] [stdout]      |
[INFO] [stdout] 
[INFO] [stdout] 
[INFO] [stdout] error[E0599]: no method named `pinyin` found for struct `IbMatcherBuilder<'a, 'p, HaystackStr, S>` in the current scope
[INFO] [stdout]     --> src/matcher/mod.rs:1318:14
[INFO] [stdout]      |
[INFO] [stdout]  264 |   #[bon]
[INFO] [stdout]      |   ------ method `pinyin` not found for this struct
[INFO] [stdout] ...
[INFO] [stdout] 1317 |           let matcher = IbMatcher::builder("shiraimu")
[INFO] [stdout]      |  _______________________-
[INFO] [stdout] 1318 | |             .pinyin(PinyinMatchConfig::notations(
[INFO] [stdout]      | |             -^^^^^^ method not found in `IbMatcherBuilder<'_, '_, str>`
[INFO] [stdout]      | |_____________|
[INFO] [stdout]      |
[INFO] [stdout] 
[INFO] [stdout] 
[INFO] [stdout] error[E0433]: cannot find type `PinyinMatchConfig` in this scope
[INFO] [stdout]     --> src/matcher/mod.rs:1318:21
[INFO] [stdout]      |
[INFO] [stdout] 1318 |             .pinyin(PinyinMatchConfig::notations(
[INFO] [stdout]      |                     ^^^^^^^^^^^^^^^^^ use of undeclared type `PinyinMatchConfig`
[INFO] [stdout]      |
[INFO] [stdout] help: a struct with a similar name exists
[INFO] [stdout]      |
[INFO] [stdout] 1318 -             .pinyin(PinyinMatchConfig::notations(
[INFO] [stdout] 1318 +             .pinyin(PlainMatchConfig::notations(
[INFO] [stdout]      |
[INFO] [stdout] 
[INFO] [stdout] 
[INFO] [stdout] error[E0599]: no method named `pinyin` found for struct `IbMatcherBuilder<'a, 'p, HaystackStr, S>` in the current scope
[INFO] [stdout]     --> src/matcher/mod.rs:1325:14
[INFO] [stdout]      |
[INFO] [stdout]  264 |   #[bon]
[INFO] [stdout]      |   ------ method `pinyin` not found for this struct
[INFO] [stdout] ...
[INFO] [stdout] 1324 |           let matcher = IbMatcher::builder("shiraimu")
[INFO] [stdout]      |  _______________________-
[INFO] [stdout] 1325 | |             .pinyin(PinyinMatchConfig::notations(
[INFO] [stdout]      | |             -^^^^^^ method not found in `IbMatcherBuilder<'_, '_, str>`
[INFO] [stdout]      | |_____________|
[INFO] [stdout]      |
[INFO] [stdout] 
[INFO] [stdout] 
[INFO] [stdout] error[E0433]: cannot find type `PinyinMatchConfig` in this scope
[INFO] [stdout]     --> src/matcher/mod.rs:1325:21
[INFO] [stdout]      |
[INFO] [stdout] 1325 |             .pinyin(PinyinMatchConfig::notations(
[INFO] [stdout]      |                     ^^^^^^^^^^^^^^^^^ use of undeclared type `PinyinMatchConfig`
[INFO] [stdout]      |
[INFO] [stdout] help: a struct with a similar name exists
[INFO] [stdout]      |
[INFO] [stdout] 1325 -             .pinyin(PinyinMatchConfig::notations(
[INFO] [stdout] 1325 +             .pinyin(PlainMatchConfig::notations(
[INFO] [stdout]      |
[INFO] [stdout] 
[INFO] [stdout] 
[INFO] [stdout] error[E0599]: no method named `pinyin` found for struct `IbMatcherBuilder<'a, 'p, HaystackStr, S>` in the current scope
[INFO] [stdout]     --> src/matcher/mod.rs:1335:14
[INFO] [stdout]      |
[INFO] [stdout]  264 |   #[bon]
[INFO] [stdout]      |   ------ method `pinyin` not found for this struct
[INFO] [stdout] ...
[INFO] [stdout] 1334 |           let matcher = IbMatcher::builder("hatsuneouda")
[INFO] [stdout]      |  _______________________-
[INFO] [stdout] 1335 | |             .pinyin(pinyin.shallow_clone())
[INFO] [stdout]      | |             -^^^^^^ method not found in `IbMatcherBuilder<'_, '_, str>`
[INFO] [stdout]      | |_____________|
[INFO] [stdout]      |
[INFO] [stdout] 
[INFO] [stdout] 
[INFO] [stdout] error[E0599]: no method named `pinyin` found for struct `IbMatcherBuilder<'a, 'p, HaystackStr, S>` in the current scope
[INFO] [stdout]     --> src/matcher/mod.rs:1342:14
[INFO] [stdout]      |
[INFO] [stdout]  264 |   #[bon]
[INFO] [stdout]      |   ------ method `pinyin` not found for this struct
[INFO] [stdout] ...
[INFO] [stdout] 1341 |           let matcher = IbMatcher::builder("hatsuneoudaxi")
[INFO] [stdout]      |  _______________________-
[INFO] [stdout] 1342 | |             .pinyin(pinyin.shallow_clone())
[INFO] [stdout]      | |             -^^^^^^ method not found in `IbMatcherBuilder<'_, '_, str>`
[INFO] [stdout]      | |_____________|
[INFO] [stdout]      |
[INFO] [stdout] 
[INFO] [stdout] 
[INFO] [stdout] error[E0599]: no method named `pinyin` found for struct `IbMatcherBuilder<'a, 'p, HaystackStr, S>` in the current scope
[INFO] [stdout]     --> src/matcher/mod.rs:1347:14
[INFO] [stdout]      |
[INFO] [stdout]  264 |   #[bon]
[INFO] [stdout]      |   ------ method `pinyin` not found for this struct
[INFO] [stdout] ...
[INFO] [stdout] 1346 |           let matcher = IbMatcher::builder("hatsuneodxyy")
[INFO] [stdout]      |  _______________________-
[INFO] [stdout] 1347 | |             .pinyin(pinyin.shallow_clone())
[INFO] [stdout]      | |             -^^^^^^ method not found in `IbMatcherBuilder<'_, '_, str>`
[INFO] [stdout]      | |_____________|
[INFO] [stdout]      |
[INFO] [stdout] 
[INFO] [stdout] 
[INFO] [stdout] error[E0599]: no method named `pinyin` found for struct `IbMatcherBuilder<'a, 'p, HaystackStr, S>` in the current scope
[INFO] [stdout]     --> src/matcher/mod.rs:1358:14
[INFO] [stdout]      |
[INFO] [stdout]  264 |   #[bon]
[INFO] [stdout]      |   ------ method `pinyin` not found for this struct
[INFO] [stdout] ...
[INFO] [stdout] 1357 |           let matcher = IbMatcher::builder("hatsuneodxyy")
[INFO] [stdout]      |  _______________________-
[INFO] [stdout] 1358 | |             .pinyin(pinyin.shallow_clone())
[INFO] [stdout]      | |             -^^^^^^ method not found in `IbMatcherBuilder<'_, '_, str>`
[INFO] [stdout]      | |_____________|
[INFO] [stdout]      |
[INFO] [stdout] 
[INFO] [stdout] 
[INFO] [stdout] error[E0599]: no method named `pinyin` found for struct `IbMatcherBuilder<'a, 'p, HaystackStr, S>` in the current scope
[INFO] [stdout]     --> src/matcher/mod.rs:1370:14
[INFO] [stdout]      |
[INFO] [stdout]  264 |   #[bon]
[INFO] [stdout]      |   ------ method `pinyin` not found for this struct
[INFO] [stdout] ...
[INFO] [stdout] 1369 |           let matcher = IbMatcher::builder("xing")
[INFO] [stdout]      |  _______________________-
[INFO] [stdout] 1370 | |             .pinyin(PinyinMatchConfig::notations(PinyinNotation::Ascii))
[INFO] [stdout]      | |             -^^^^^^ method not found in `IbMatcherBuilder<'_, '_, str>`
[INFO] [stdout]      | |_____________|
[INFO] [stdout]      |
[INFO] [stdout] 
[INFO] [stdout] 
[INFO] [stdout] error[E0433]: cannot find type `PinyinMatchConfig` in this scope
[INFO] [stdout]     --> src/matcher/mod.rs:1370:21
[INFO] [stdout]      |
[INFO] [stdout] 1370 |             .pinyin(PinyinMatchConfig::notations(PinyinNotation::Ascii))
[INFO] [stdout]      |                     ^^^^^^^^^^^^^^^^^ use of undeclared type `PinyinMatchConfig`
[INFO] [stdout]      |
[INFO] [stdout] help: a struct with a similar name exists
[INFO] [stdout]      |
[INFO] [stdout] 1370 -             .pinyin(PinyinMatchConfig::notations(PinyinNotation::Ascii))
[INFO] [stdout] 1370 +             .pinyin(PlainMatchConfig::notations(PinyinNotation::Ascii))
[INFO] [stdout]      |
[INFO] [stdout] 
[INFO] [stdout] 
[INFO] [stdout] error[E0599]: no method named `pinyin` found for struct `IbMatcherBuilder<'a, 'p, HaystackStr, S>` in the current scope
[INFO] [stdout]     --> src/matcher/mod.rs:1378:14
[INFO] [stdout]      |
[INFO] [stdout]  264 |   #[bon]
[INFO] [stdout]      |   ------ method `pinyin` not found for this struct
[INFO] [stdout] ...
[INFO] [stdout] 1377 |           let matcher = IbMatcher::builder("")
[INFO] [stdout]      |  _______________________-
[INFO] [stdout] 1378 | |             .pinyin(PinyinMatchConfig::notations(PinyinNotation::Ascii))
[INFO] [stdout]      | |             -^^^^^^ method not found in `IbMatcherBuilder<'_, '_, str>`
[INFO] [stdout]      | |_____________|
[INFO] [stdout]      |
[INFO] [stdout] 
[INFO] [stdout] 
[INFO] [stdout] error[E0433]: cannot find type `PinyinMatchConfig` in this scope
[INFO] [stdout]     --> src/matcher/mod.rs:1378:21
[INFO] [stdout]      |
[INFO] [stdout] 1378 |             .pinyin(PinyinMatchConfig::notations(PinyinNotation::Ascii))
[INFO] [stdout]      |                     ^^^^^^^^^^^^^^^^^ use of undeclared type `PinyinMatchConfig`
[INFO] [stdout]      |
[INFO] [stdout] help: a struct with a similar name exists
[INFO] [stdout]      |
[INFO] [stdout] 1378 -             .pinyin(PinyinMatchConfig::notations(PinyinNotation::Ascii))
[INFO] [stdout] 1378 +             .pinyin(PlainMatchConfig::notations(PinyinNotation::Ascii))
[INFO] [stdout]      |
[INFO] [stdout] 
[INFO] [stdout] 
[INFO] [stdout] error[E0599]: no method named `pinyin` found for struct `IbMatcherBuilder<'a, 'p, HaystackStr, S>` in the current scope
[INFO] [stdout]     --> src/matcher/mod.rs:1387:14
[INFO] [stdout]      |
[INFO] [stdout]  264 |   #[bon]
[INFO] [stdout]      |   ------ method `pinyin` not found for this struct
[INFO] [stdout] ...
[INFO] [stdout] 1386 |           let matcher = IbMatcher::builder("xing")
[INFO] [stdout]      |  _______________________-
[INFO] [stdout] 1387 | |             .pinyin(PinyinMatchConfig::notations(PinyinNotation::Ascii))
[INFO] [stdout]      | |             -^^^^^^ method not found in `IbMatcherBuilder<'_, '_, str>`
[INFO] [stdout]      | |_____________|
[INFO] [stdout]      |
[INFO] [stdout] 
[INFO] [stdout] 
[INFO] [stdout] error[E0433]: cannot find type `PinyinMatchConfig` in this scope
[INFO] [stdout]     --> src/matcher/mod.rs:1387:21
[INFO] [stdout]      |
[INFO] [stdout] 1387 |             .pinyin(PinyinMatchConfig::notations(PinyinNotation::Ascii))
[INFO] [stdout]      |                     ^^^^^^^^^^^^^^^^^ use of undeclared type `PinyinMatchConfig`
[INFO] [stdout]      |
[INFO] [stdout] help: a struct with a similar name exists
[INFO] [stdout]      |
[INFO] [stdout] 1387 -             .pinyin(PinyinMatchConfig::notations(PinyinNotation::Ascii))
[INFO] [stdout] 1387 +             .pinyin(PlainMatchConfig::notations(PinyinNotation::Ascii))
[INFO] [stdout]      |
[INFO] [stdout] 
[INFO] [stdout] 
[INFO] [stdout] error[E0599]: no method named `pinyin` found for struct `IbMatcherBuilder<'a, 'p, HaystackStr, S>` in the current scope
[INFO] [stdout]     --> src/matcher/mod.rs:1403:14
[INFO] [stdout]      |
[INFO] [stdout]  264 |   #[bon]
[INFO] [stdout]      |   ------ method `pinyin` not found for this struct
[INFO] [stdout] ...
[INFO] [stdout] 1402 |           let matcher = IbMatcher::builder("ke")
[INFO] [stdout]      |  _______________________-
[INFO] [stdout] 1403 | |             .pinyin(PinyinMatchConfig::notations(PinyinNotation::Ascii))
[INFO] [stdout]      | |             -^^^^^^ method not found in `IbMatcherBuilder<'_, '_, str>`
[INFO] [stdout]      | |_____________|
[INFO] [stdout]      |
[INFO] [stdout] 
[INFO] [stdout] 
[INFO] [stdout] error[E0433]: cannot find type `PinyinMatchConfig` in this scope
[INFO] [stdout]     --> src/matcher/mod.rs:1403:21
[INFO] [stdout]      |
[INFO] [stdout] 1403 |             .pinyin(PinyinMatchConfig::notations(PinyinNotation::Ascii))
[INFO] [stdout]      |                     ^^^^^^^^^^^^^^^^^ use of undeclared type `PinyinMatchConfig`
[INFO] [stdout]      |
[INFO] [stdout] help: a struct with a similar name exists
[INFO] [stdout]      |
[INFO] [stdout] 1403 -             .pinyin(PinyinMatchConfig::notations(PinyinNotation::Ascii))
[INFO] [stdout] 1403 +             .pinyin(PlainMatchConfig::notations(PinyinNotation::Ascii))
[INFO] [stdout]      |
[INFO] [stdout] 
[INFO] [stdout] 
[INFO] [stdout] error[E0599]: no method named `pinyin` found for struct `IbMatcherBuilder<'a, 'p, HaystackStr, S>` in the current scope
[INFO] [stdout]     --> src/matcher/mod.rs:1419:14
[INFO] [stdout]      |
[INFO] [stdout]  264 |   #[bon]
[INFO] [stdout]      |   ------ method `pinyin` not found for this struct
[INFO] [stdout] ...
[INFO] [stdout] 1418 |           let matcher = IbMatcher::builder("")
[INFO] [stdout]      |  _______________________-
[INFO] [stdout] 1419 | |             .pinyin(PinyinMatchConfig::notations(PinyinNotation::Ascii))
[INFO] [stdout]      | |             -^^^^^^ method not found in `IbMatcherBuilder<'_, '_, str>`
[INFO] [stdout]      | |_____________|
[INFO] [stdout]      |
[INFO] [stdout] 
[INFO] [stdout] 
[INFO] [stdout] error[E0433]: cannot find type `PinyinMatchConfig` in this scope
[INFO] [stdout]     --> src/matcher/mod.rs:1419:21
[INFO] [stdout]      |
[INFO] [stdout] 1419 |             .pinyin(PinyinMatchConfig::notations(PinyinNotation::Ascii))
[INFO] [stdout]      |                     ^^^^^^^^^^^^^^^^^ use of undeclared type `PinyinMatchConfig`
[INFO] [stdout]      |
[INFO] [stdout] help: a struct with a similar name exists
[INFO] [stdout]      |
[INFO] [stdout] 1419 -             .pinyin(PinyinMatchConfig::notations(PinyinNotation::Ascii))
[INFO] [stdout] 1419 +             .pinyin(PlainMatchConfig::notations(PinyinNotation::Ascii))
[INFO] [stdout]      |
[INFO] [stdout] 
[INFO] [stdout] 
[INFO] [stdout] error[E0599]: no method named `pinyin` found for struct `IbMatcherBuilder<'a, 'p, HaystackStr, S>` in the current scope
[INFO] [stdout]     --> src/matcher/mod.rs:1426:14
[INFO] [stdout]      |
[INFO] [stdout]  264 |   #[bon]
[INFO] [stdout]      |   ------ method `pinyin` not found for this struct
[INFO] [stdout] ...
[INFO] [stdout] 1425 |           let matcher = IbMatcher::builder("ke")
[INFO] [stdout]      |  _______________________-
[INFO] [stdout] 1426 | |             .pinyin(PinyinMatchConfig::notations(
[INFO] [stdout]      | |             -^^^^^^ method not found in `IbMatcherBuilder<'_, '_, str>`
[INFO] [stdout]      | |_____________|
[INFO] [stdout]      |
[INFO] [stdout] 
[INFO] [stdout] 
[INFO] [stdout] error[E0433]: cannot find type `PinyinMatchConfig` in this scope
[INFO] [stdout]     --> src/matcher/mod.rs:1426:21
[INFO] [stdout]      |
[INFO] [stdout] 1426 |             .pinyin(PinyinMatchConfig::notations(
[INFO] [stdout]      |                     ^^^^^^^^^^^^^^^^^ use of undeclared type `PinyinMatchConfig`
[INFO] [stdout]      |
[INFO] [stdout] help: a struct with a similar name exists
[INFO] [stdout]      |
[INFO] [stdout] 1426 -             .pinyin(PinyinMatchConfig::notations(
[INFO] [stdout] 1426 +             .pinyin(PlainMatchConfig::notations(
[INFO] [stdout]      |
[INFO] [stdout] 
[INFO] [stdout] 
[INFO] [stdout] error[E0599]: no method named `pinyin` found for struct `IbMatcherBuilder<'a, 'p, HaystackStr, S>` in the current scope
[INFO] [stdout]     --> src/matcher/mod.rs:1456:14
[INFO] [stdout]      |
[INFO] [stdout]  264 |   #[bon]
[INFO] [stdout]      |   ------ method `pinyin` not found for this struct
[INFO] [stdout] ...
[INFO] [stdout] 1455 |           let matcher = IbMatcher::builder("xing")
[INFO] [stdout]      |  _______________________-
[INFO] [stdout] 1456 | |             .pinyin(PinyinMatchConfig::notations(PinyinNotation::Ascii))
[INFO] [stdout]      | |             -^^^^^^ method not found in `IbMatcherBuilder<'_, '_, str>`
[INFO] [stdout]      | |_____________|
[INFO] [stdout]      |
[INFO] [stdout] 
[INFO] [stdout] 
[INFO] [stdout] error[E0433]: cannot find type `PinyinMatchConfig` in this scope
[INFO] [stdout]     --> src/matcher/mod.rs:1456:21
[INFO] [stdout]      |
[INFO] [stdout] 1456 |             .pinyin(PinyinMatchConfig::notations(PinyinNotation::Ascii))
[INFO] [stdout]      |                     ^^^^^^^^^^^^^^^^^ use of undeclared type `PinyinMatchConfig`
[INFO] [stdout]      |
[INFO] [stdout] help: a struct with a similar name exists
[INFO] [stdout]      |
[INFO] [stdout] 1456 -             .pinyin(PinyinMatchConfig::notations(PinyinNotation::Ascii))
[INFO] [stdout] 1456 +             .pinyin(PlainMatchConfig::notations(PinyinNotation::Ascii))
[INFO] [stdout]      |
[INFO] [stdout] 
[INFO] [stdout] 
[INFO] [stdout] error[E0599]: no method named `pinyin` found for struct `IbMatcherBuilder<'a, 'p, HaystackStr, S>` in the current scope
[INFO] [stdout]     --> src/matcher/mod.rs:1472:14
[INFO] [stdout]      |
[INFO] [stdout]  264 |   #[bon]
[INFO] [stdout]      |   ------ method `pinyin` not found for this struct
[INFO] [stdout] ...
[INFO] [stdout] 1471 |           let matcher = IbMatcher::builder("ke")
[INFO] [stdout]      |  _______________________-
[INFO] [stdout] 1472 | |             .pinyin(PinyinMatchConfig::notations(PinyinNotation::Ascii))
[INFO] [stdout]      | |             -^^^^^^ method not found in `IbMatcherBuilder<'_, '_, str>`
[INFO] [stdout]      | |_____________|
[INFO] [stdout]      |
[INFO] [stdout] 
[INFO] [stdout] 
[INFO] [stdout] error[E0433]: cannot find type `PinyinMatchConfig` in this scope
[INFO] [stdout]     --> src/matcher/mod.rs:1472:21
[INFO] [stdout]      |
[INFO] [stdout] 1472 |             .pinyin(PinyinMatchConfig::notations(PinyinNotation::Ascii))
[INFO] [stdout]      |                     ^^^^^^^^^^^^^^^^^ use of undeclared type `PinyinMatchConfig`
[INFO] [stdout]      |
[INFO] [stdout] help: a struct with a similar name exists
[INFO] [stdout]      |
[INFO] [stdout] 1472 -             .pinyin(PinyinMatchConfig::notations(PinyinNotation::Ascii))
[INFO] [stdout] 1472 +             .pinyin(PlainMatchConfig::notations(PinyinNotation::Ascii))
[INFO] [stdout]      |
[INFO] [stdout] 
[INFO] [stdout] 
[INFO] [stdout] error[E0599]: no method named `pinyin` found for struct `IbMatcherBuilder<'a, 'p, HaystackStr, S>` in the current scope
[INFO] [stdout]     --> src/matcher/mod.rs:1488:14
[INFO] [stdout]      |
[INFO] [stdout]  264 |   #[bon]
[INFO] [stdout]      |   ------ method `pinyin` not found for this struct
[INFO] [stdout] ...
[INFO] [stdout] 1487 |           let matcher = IbMatcher::builder("")
[INFO] [stdout]      |  _______________________-
[INFO] [stdout] 1488 | |             .pinyin(PinyinMatchConfig::notations(PinyinNotation::Ascii))
[INFO] [stdout]      | |             -^^^^^^ method not found in `IbMatcherBuilder<'_, '_, str>`
[INFO] [stdout]      | |_____________|
[INFO] [stdout]      |
[INFO] [stdout] 
[INFO] [stdout] 
[INFO] [stdout] error[E0433]: cannot find type `PinyinMatchConfig` in this scope
[INFO] [stdout]     --> src/matcher/mod.rs:1488:21
[INFO] [stdout]      |
[INFO] [stdout] 1488 |             .pinyin(PinyinMatchConfig::notations(PinyinNotation::Ascii))
[INFO] [stdout]      |                     ^^^^^^^^^^^^^^^^^ use of undeclared type `PinyinMatchConfig`
[INFO] [stdout]      |
[INFO] [stdout] help: a struct with a similar name exists
[INFO] [stdout]      |
[INFO] [stdout] 1488 -             .pinyin(PinyinMatchConfig::notations(PinyinNotation::Ascii))
[INFO] [stdout] 1488 +             .pinyin(PlainMatchConfig::notations(PinyinNotation::Ascii))
[INFO] [stdout]      |
[INFO] [stdout] 
[INFO] [stdout] 
[INFO] [stdout] error[E0599]: no method named `pinyin` found for struct `IbMatcherBuilder<'a, 'p, HaystackStr, S>` in the current scope
[INFO] [stdout]     --> src/matcher/mod.rs:1495:14
[INFO] [stdout]      |
[INFO] [stdout]  264 |   #[bon]
[INFO] [stdout]      |   ------ method `pinyin` not found for this struct
[INFO] [stdout] ...
[INFO] [stdout] 1494 |           let matcher = IbMatcher::builder("ke")
[INFO] [stdout]      |  _______________________-
[INFO] [stdout] 1495 | |             .pinyin(PinyinMatchConfig::notations(
[INFO] [stdout]      | |             -^^^^^^ method not found in `IbMatcherBuilder<'_, '_, str>`
[INFO] [stdout]      | |_____________|
[INFO] [stdout]      |
[INFO] [stdout] 
[INFO] [stdout] 
[INFO] [stdout] error[E0433]: cannot find type `PinyinMatchConfig` in this scope
[INFO] [stdout]     --> src/matcher/mod.rs:1495:21
[INFO] [stdout]      |
[INFO] [stdout] 1495 |             .pinyin(PinyinMatchConfig::notations(
[INFO] [stdout]      |                     ^^^^^^^^^^^^^^^^^ use of undeclared type `PinyinMatchConfig`
[INFO] [stdout]      |
[INFO] [stdout] help: a struct with a similar name exists
[INFO] [stdout]      |
[INFO] [stdout] 1495 -             .pinyin(PinyinMatchConfig::notations(
[INFO] [stdout] 1495 +             .pinyin(PlainMatchConfig::notations(
[INFO] [stdout]      |
[INFO] [stdout] 
[INFO] [stdout] 
[INFO] [stdout] error[E0599]: no method named `pinyin` found for struct `IbMatcherBuilder<'a, 'p, HaystackStr, S>` in the current scope
[INFO] [stdout]     --> src/matcher/mod.rs:1527:14
[INFO] [stdout]      |
[INFO] [stdout]  264 |   #[bon]
[INFO] [stdout]      |   ------ method `pinyin` not found for this struct
[INFO] [stdout] ...
[INFO] [stdout] 1526 |           let matcher = IbMatcher::builder("ke")
[INFO] [stdout]      |  _______________________-
[INFO] [stdout] 1527 | |             .pinyin(PinyinMatchConfig::notations(
[INFO] [stdout]      | |             -^^^^^^ method not found in `IbMatcherBuilder<'_, '_, str>`
[INFO] [stdout]      | |_____________|
[INFO] [stdout]      |
[INFO] [stdout] 
[INFO] [stdout] 
[INFO] [stdout] error[E0433]: cannot find type `PinyinMatchConfig` in this scope
[INFO] [stdout]     --> src/matcher/mod.rs:1527:21
[INFO] [stdout]      |
[INFO] [stdout] 1527 |             .pinyin(PinyinMatchConfig::notations(
[INFO] [stdout]      |                     ^^^^^^^^^^^^^^^^^ use of undeclared type `PinyinMatchConfig`
[INFO] [stdout]      |
[INFO] [stdout] help: a struct with a similar name exists
[INFO] [stdout]      |
[INFO] [stdout] 1527 -             .pinyin(PinyinMatchConfig::notations(
[INFO] [stdout] 1527 +             .pinyin(PlainMatchConfig::notations(
[INFO] [stdout]      |
[INFO] [stdout] 
[INFO] [stdout] 
[INFO] [stdout] error[E0599]: no method named `pinyin` found for struct `IbMatcherBuilder<'a, 'p, HaystackStr, S>` in the current scope
[INFO] [stdout]     --> src/matcher/mod.rs:1540:14
[INFO] [stdout]      |
[INFO] [stdout]  264 |   #[bon]
[INFO] [stdout]      |   ------ method `pinyin` not found for this struct
[INFO] [stdout] ...
[INFO] [stdout] 1539 |           let matcher = IbMatcher::builder("xing")
[INFO] [stdout]      |  _______________________-
[INFO] [stdout] 1540 | |             .pinyin(PinyinMatchConfig::notations(PinyinNotation::Ascii))
[INFO] [stdout]      | |             -^^^^^^ method not found in `IbMatcherBuilder<'_, '_, str>`
[INFO] [stdout]      | |_____________|
[INFO] [stdout]      |
[INFO] [stdout] 
[INFO] [stdout] 
[INFO] [stdout] error[E0433]: cannot find type `PinyinMatchConfig` in this scope
[INFO] [stdout]     --> src/matcher/mod.rs:1540:21
[INFO] [stdout]      |
[INFO] [stdout] 1540 |             .pinyin(PinyinMatchConfig::notations(PinyinNotation::Ascii))
[INFO] [stdout]      |                     ^^^^^^^^^^^^^^^^^ use of undeclared type `PinyinMatchConfig`
[INFO] [stdout]      |
[INFO] [stdout] help: a struct with a similar name exists
[INFO] [stdout]      |
[INFO] [stdout] 1540 -             .pinyin(PinyinMatchConfig::notations(PinyinNotation::Ascii))
[INFO] [stdout] 1540 +             .pinyin(PlainMatchConfig::notations(PinyinNotation::Ascii))
[INFO] [stdout]      |
[INFO] [stdout] 
[INFO] [stdout] 
[INFO] [stdout] error[E0599]: no method named `pinyin` found for struct `IbMatcherBuilder<'a, 'p, HaystackStr, S>` in the current scope
[INFO] [stdout]     --> src/matcher/mod.rs:1557:14
[INFO] [stdout]      |
[INFO] [stdout]  264 |   #[bon]
[INFO] [stdout]      |   ------ method `pinyin` not found for this struct
[INFO] [stdout] ...
[INFO] [stdout] 1556 |           let matcher = IbMatcher::builder("ke")
[INFO] [stdout]      |  _______________________-
[INFO] [stdout] 1557 | |             .pinyin(PinyinMatchConfig::notations(PinyinNotation::Ascii))
[INFO] [stdout]      | |             -^^^^^^ method not found in `IbMatcherBuilder<'_, '_, str>`
[INFO] [stdout]      | |_____________|
[INFO] [stdout]      |
[INFO] [stdout] 
[INFO] [stdout] 
[INFO] [stdout] error[E0433]: cannot find type `PinyinMatchConfig` in this scope
[INFO] [stdout]     --> src/matcher/mod.rs:1557:21
[INFO] [stdout]      |
[INFO] [stdout] 1557 |             .pinyin(PinyinMatchConfig::notations(PinyinNotation::Ascii))
[INFO] [stdout]      |                     ^^^^^^^^^^^^^^^^^ use of undeclared type `PinyinMatchConfig`
[INFO] [stdout]      |
[INFO] [stdout] help: a struct with a similar name exists
[INFO] [stdout]      |
[INFO] [stdout] 1557 -             .pinyin(PinyinMatchConfig::notations(PinyinNotation::Ascii))
[INFO] [stdout] 1557 +             .pinyin(PlainMatchConfig::notations(PinyinNotation::Ascii))
[INFO] [stdout]      |
[INFO] [stdout] 
[INFO] [stdout] 
[INFO] [stdout] error[E0599]: no method named `pinyin` found for struct `IbMatcherBuilder<'a, 'p, HaystackStr, S>` in the current scope
[INFO] [stdout]     --> src/matcher/mod.rs:1574:14
[INFO] [stdout]      |
[INFO] [stdout]  264 |   #[bon]
[INFO] [stdout]      |   ------ method `pinyin` not found for this struct
[INFO] [stdout] ...
[INFO] [stdout] 1573 |           let matcher = IbMatcher::builder("")
[INFO] [stdout]      |  _______________________-
[INFO] [stdout] 1574 | |             .pinyin(PinyinMatchConfig::notations(PinyinNotation::Ascii))
[INFO] [stdout]      | |             -^^^^^^ method not found in `IbMatcherBuilder<'_, '_, str>`
[INFO] [stdout]      | |_____________|
[INFO] [stdout]      |
[INFO] [stdout] 
[INFO] [stdout] 
[INFO] [stdout] error[E0433]: cannot find type `PinyinMatchConfig` in this scope
[INFO] [stdout]     --> src/matcher/mod.rs:1574:21
[INFO] [stdout]      |
[INFO] [stdout] 1574 |             .pinyin(PinyinMatchConfig::notations(PinyinNotation::Ascii))
[INFO] [stdout]      |                     ^^^^^^^^^^^^^^^^^ use of undeclared type `PinyinMatchConfig`
[INFO] [stdout]      |
[INFO] [stdout] help: a struct with a similar name exists
[INFO] [stdout]      |
[INFO] [stdout] 1574 -             .pinyin(PinyinMatchConfig::notations(PinyinNotation::Ascii))
[INFO] [stdout] 1574 +             .pinyin(PlainMatchConfig::notations(PinyinNotation::Ascii))
[INFO] [stdout]      |
[INFO] [stdout] 
[INFO] [stdout] 
[INFO] [stdout] error[E0599]: no method named `pinyin` found for struct `IbMatcherBuilder<'a, 'p, HaystackStr, S>` in the current scope
[INFO] [stdout]     --> src/matcher/mod.rs:1582:14
[INFO] [stdout]      |
[INFO] [stdout]  264 |   #[bon]
[INFO] [stdout]      |   ------ method `pinyin` not found for this struct
[INFO] [stdout] ...
[INFO] [stdout] 1581 |           let matcher = IbMatcher::builder("ke")
[INFO] [stdout]      |  _______________________-
[INFO] [stdout] 1582 | |             .pinyin(PinyinMatchConfig::notations(
[INFO] [stdout]      | |             -^^^^^^ method not found in `IbMatcherBuilder<'_, '_, str>`
[INFO] [stdout]      | |_____________|
[INFO] [stdout]      |
[INFO] [stdout] 
[INFO] [stdout] 
[INFO] [stdout] error[E0433]: cannot find type `PinyinMatchConfig` in this scope
[INFO] [stdout]     --> src/matcher/mod.rs:1582:21
[INFO] [stdout]      |
[INFO] [stdout] 1582 |             .pinyin(PinyinMatchConfig::notations(
[INFO] [stdout]      |                     ^^^^^^^^^^^^^^^^^ use of undeclared type `PinyinMatchConfig`
[INFO] [stdout]      |
[INFO] [stdout] help: a struct with a similar name exists
[INFO] [stdout]      |
[INFO] [stdout] 1582 -             .pinyin(PinyinMatchConfig::notations(
[INFO] [stdout] 1582 +             .pinyin(PlainMatchConfig::notations(
[INFO] [stdout]      |
[INFO] [stdout] 
[INFO] [stdout] 
[INFO] [stdout] error[E0599]: no method named `pinyin` found for struct `MatchConfigBuilder<'a, S>` in the current scope
[INFO] [stdout]    --> src/lib.rs:229:14
[INFO] [stdout]     |
[INFO] [stdout] 228 |           let config = MatchConfig::builder()
[INFO] [stdout]     |  ______________________-
[INFO] [stdout] 229 | |             .pinyin(PinyinMatchConfig::default())
[INFO] [stdout]     | |             -^^^^^^ method not found in `MatchConfigBuilder<'_>`
[INFO] [stdout]     | |_____________|
[INFO] [stdout]     |
[INFO] [stdout]     |
[INFO] [stdout]    ::: src/matcher/mod.rs:95:10
[INFO] [stdout]     |
[INFO] [stdout]  95 |   #[derive(Builder)]
[INFO] [stdout]     |            ------- method `pinyin` not found for this struct
[INFO] [stdout] 
[INFO] [stdout] 
[INFO] [stdout] error[E0599]: no method named `pinyin` found for struct `MatchConfigBuilder<'a, S>` in the current scope
[INFO] [stdout]    --> src/lib.rs:246:14
[INFO] [stdout]     |
[INFO] [stdout] 245 |           let config = MatchConfig::builder()
[INFO] [stdout]     |  ______________________-
[INFO] [stdout] 246 | |             .pinyin(PinyinMatchConfig::default())
[INFO] [stdout]     | |             -^^^^^^ method not found in `MatchConfigBuilder<'_>`
[INFO] [stdout]     | |_____________|
[INFO] [stdout]     |
[INFO] [stdout]     |
[INFO] [stdout]    ::: src/matcher/mod.rs:95:10
[INFO] [stdout]     |
[INFO] [stdout]  95 |   #[derive(Builder)]
[INFO] [stdout]     |            ------- method `pinyin` not found for this struct
[INFO] [stdout] 
[INFO] [stdout] 
[INFO] [stdout] warning: variable does not need to be mutable
[INFO] [stdout]    --> src/matcher/analyze.rs:184:13
[INFO] [stdout]     |
[INFO] [stdout] 184 |         let mut any_matched_single_char = false;
[INFO] [stdout]     |             ----^^^^^^^^^^^^^^^^^^^^^^^
[INFO] [stdout]     |             |
[INFO] [stdout]     |             help: remove this `mut`
[INFO] [stdout]     |
[INFO] [stdout]     = note: `#[warn(unused_mut)]` (part of `#[warn(unused)]`) on by default
[INFO] [stdout] 
[INFO] [stdout] 
[INFO] [stdout] warning: unused variable: `depth`
[INFO] [stdout]    --> src/matcher/analyze.rs:285:39
[INFO] [stdout]     |
[INFO] [stdout] 285 |     fn sub_tree(&self, pattern: &str, depth: usize) {
[INFO] [stdout]     |                                       ^^^^^ help: if this is intentional, prefix it with an underscore: `_depth`
[INFO] [stdout]     |
[INFO] [stdout]     = note: `#[warn(unused_variables)]` (part of `#[warn(unused)]`) on by default
[INFO] [stdout] 
[INFO] [stdout] 
[INFO] [stdout] Some errors have detailed explanations: E0432, E0433, E0599.
[INFO] [stdout] 
[INFO] [stdout] For more information about an error, try `rustc --explain E0432`.
[INFO] [stdout] 
[INFO] [stderr] error: could not compile `ib-matcher` (lib test) due to 116 previous errors; 2 warnings emitted
[INFO] running `Command { std: "docker" "inspect" "d858e264f517dd564d6fc25e29012571afed024bc7779f17820efa3f6008b851", kill_on_drop: false }`
[INFO] running `Command { std: "docker" "rm" "-f" "d858e264f517dd564d6fc25e29012571afed024bc7779f17820efa3f6008b851", kill_on_drop: false }`
[INFO] [stdout] d858e264f517dd564d6fc25e29012571afed024bc7779f17820efa3f6008b851
