[INFO] fetching crate ib-hook 0.2.2...
[INFO] testing ib-hook-0.2.2 against 1.99.0-beta.8+cargoflags=--release for beta-release-1.100-2
[INFO] extracting crate ib-hook 0.2.2 into /workspace/builds/worker-5-tc1/source
[INFO] started tweaking crates.io crate ib-hook 0.2.2
[INFO] removed 0 missing examples
[INFO] finished tweaking crates.io crate ib-hook 0.2.2
[INFO] tweaked toml for crates.io crate ib-hook 0.2.2 written to /workspace/builds/worker-5-tc1/source/Cargo.toml
[INFO] validating manifest of crates.io crate ib-hook 0.2.2 on toolchain 1.99.0-beta.8
[INFO] running `Command { std: CARGO_HOME="/workspace/cargo-home" RUSTUP_HOME="/workspace/rustup-home" "/workspace/cargo-home/bin/cargo" "+1.99.0-beta.8" "metadata" "--manifest-path" "Cargo.toml" "--no-deps", kill_on_drop: false }`
[INFO] crate crates.io crate ib-hook 0.2.2 already has a lockfile, it will not be regenerated
[INFO] running `Command { std: CARGO_HOME="/workspace/cargo-home" RUSTUP_HOME="/workspace/rustup-home" "/workspace/cargo-home/bin/cargo" "+1.99.0-beta.8" "fetch" "--manifest-path" "Cargo.toml", kill_on_drop: false }`
[INFO] [stderr]     Updating crates.io index
[INFO] [stderr]  Downloading crates ...
[INFO] [stderr]   Downloaded windows-future v0.3.2
[INFO] [stderr]   Downloaded windows-numerics v0.3.1
[INFO] [stderr]   Downloaded windows-threading v0.2.1
[INFO] [stderr]   Downloaded windows-collections v0.3.2
[INFO] [stderr]   Downloaded dtor-proc-macro v0.0.6
[INFO] [stderr]   Downloaded document-features v0.2.12
[INFO] [stderr]   Downloaded unty v0.0.4
[INFO] [stderr]   Downloaded test-log-macros v0.2.19
[INFO] [stderr]   Downloaded dtor v0.1.1
[INFO] [stderr]   Downloaded shrinkwraprs v0.3.0
[INFO] [stderr]   Downloaded scroll_derive v0.13.1
[INFO] [stderr]   Downloaded dll-syringe-macros v0.1.0
[INFO] [stderr]   Downloaded test-log v0.2.19
[INFO] [stderr]   Downloaded path-dedot v3.1.1
[INFO] [stderr]   Downloaded path-absolutize v3.1.1
[INFO] [stderr]   Downloaded stopwatch2 v2.0.0
[INFO] [stderr]   Downloaded scroll v0.13.0
[INFO] [stderr]   Downloaded litrs v1.0.0
[INFO] [stderr]   Downloaded dll-syringe v0.17.1
[INFO] [stderr]   Downloaded const_panic v0.2.15
[INFO] [stderr]   Downloaded bincode v2.0.1
[INFO] [stderr]   Downloaded bon v3.9.1
[INFO] [stderr]   Downloaded typewit v1.14.2
[INFO] [stderr]   Downloaded itertools v0.8.2
[INFO] [stderr]   Downloaded bon-macros v3.9.1
[INFO] [stderr]   Downloaded slim-detours-sys v0.4.0
[INFO] [stderr]   Downloaded konst v0.4.3
[INFO] [stderr]   Downloaded sysinfo v0.38.4
[INFO] [stderr]   Downloaded goblin v0.10.5
[INFO] [stderr]   Downloaded iced-x86 v1.21.0
[INFO] [stderr]   Downloaded windows v0.62.2
[INFO] running `Command { std: "docker" "create" "-v" "/var/lib/crater-agent-workspace/builds/worker-5-tc1/source:/opt/rustwide/workdir:ro,Z" "-v" "/var/lib/crater-agent-workspace/builds/worker-5-tc1/target:/opt/rustwide/target:rw,Z" "-v" "/var/lib/crater-agent-workspace/cargo-home:/opt/rustwide/cargo-home:ro,Z" "-v" "/var/lib/crater-agent-workspace/rustup-home:/opt/rustwide/rustup-home:ro,Z" "-m" "1610612736" "--network" "none" "ghcr.io/rust-lang/crates-build-env/linux@sha256:77db811e55d90add9212f6832c23229e3de5f1c1f9905e8cb07319ea15df73ac" "sleep" "infinity", kill_on_drop: false }`
[INFO] [stdout] a40ef0af7d06591e0eef37d4daa77114cb066b215be109ee4cc499c0533b998a
[INFO] running `Command { std: "docker" "start" "a40ef0af7d06591e0eef37d4daa77114cb066b215be109ee4cc499c0533b998a", kill_on_drop: false }`
[INFO] running `Command { std: "docker" "inspect" "a40ef0af7d06591e0eef37d4daa77114cb066b215be109ee4cc499c0533b998a", kill_on_drop: false }`
[INFO] running `Command { std: "docker" "exec" "-e" "SOURCE_DIR=/opt/rustwide/workdir" "-e" "CARGO_HOME=/opt/rustwide/cargo-home" "-e" "RUSTUP_HOME=/opt/rustwide/rustup-home" "-e" "CARGO_TARGET_DIR=/opt/rustwide/target" "-w" "/opt/rustwide/workdir" "--user" "0:0" "a40ef0af7d06591e0eef37d4daa77114cb066b215be109ee4cc499c0533b998a" "/opt/rustwide/cargo-home/bin/cargo" "+1.99.0-beta.8" "metadata" "--no-deps" "--format-version=1", kill_on_drop: false }`
[INFO] running `Command { std: "docker" "inspect" "a40ef0af7d06591e0eef37d4daa77114cb066b215be109ee4cc499c0533b998a", kill_on_drop: false }`
[INFO] running `Command { std: "docker" "exec" "-e" "SOURCE_DIR=/opt/rustwide/workdir" "-e" "CARGO_HOME=/opt/rustwide/cargo-home" "-e" "RUSTUP_HOME=/opt/rustwide/rustup-home" "-e" "CARGO_TARGET_DIR=/opt/rustwide/target" "-e" "CARGO_INCREMENTAL=0" "-e" "RUST_BACKTRACE=full" "-e" "RUSTFLAGS=--cap-lints=warn" "-e" "RUSTDOCFLAGS=--cap-lints=warn" "-w" "/opt/rustwide/workdir" "--user" "0:0" "a40ef0af7d06591e0eef37d4daa77114cb066b215be109ee4cc499c0533b998a" "/opt/rustwide/cargo-home/bin/cargo" "+1.99.0-beta.8" "build" "--frozen" "--message-format=json" "--release", kill_on_drop: false }`
[INFO] [stderr]    Compiling proc-macro2 v1.0.106
[INFO] [stderr]    Compiling quote v1.0.45
[INFO] [stderr]    Compiling ident_case v1.0.1
[INFO] [stderr]    Compiling strsim v0.11.1
[INFO] [stderr]    Compiling prettyplease v0.2.37
[INFO] [stderr]    Compiling rustversion v1.0.22
[INFO] [stderr]    Compiling unicode-segmentation v1.12.0
[INFO] [stderr]    Compiling unicode-xid v0.2.6
[INFO] [stderr]    Compiling thiserror v2.0.18
[INFO] [stderr]    Compiling convert_case v0.10.0
[INFO] [stderr]    Compiling syn v2.0.117
[INFO] [stderr]    Compiling darling_core v0.23.0
[INFO] [stderr]    Compiling thiserror-impl v2.0.18
[INFO] [stderr]    Compiling derive_more-impl v2.1.1
[INFO] [stderr]    Compiling darling_macro v0.23.0
[INFO] [stderr]    Compiling derive_more v2.1.1
[INFO] [stderr]    Compiling darling v0.23.0
[INFO] [stderr]    Compiling bon-macros v3.9.1
[INFO] [stderr]    Compiling bon v3.9.1
[INFO] [stderr]    Compiling ib-hook v0.2.2 (/opt/rustwide/workdir)
[INFO] [stdout] error[E0433]: cannot find `windows` in `os`
[INFO] [stdout]  --> src/process/module.rs:5:30
[INFO] [stdout]   |
[INFO] [stdout] 5 | use std::{ffi::OsString, os::windows::ffi::OsStringExt, path::PathBuf};
[INFO] [stdout]   |                              ^^^^^^^ could not find `windows` in `os`
[INFO] [stdout] 
[INFO] [stdout] 
[INFO] [stdout] error[E0433]: cannot find module or crate `windows` in this scope
[INFO] [stdout]   --> src/process/mod.rs:13:5
[INFO] [stdout]    |
[INFO] [stdout] 13 | use windows::Win32::{
[INFO] [stdout]    |     ^^^^^^^ use of unresolved module or unlinked crate `windows`
[INFO] [stdout]    |
[INFO] [stdout]    = help: if you wanted to use a crate named `windows`, use `cargo add windows` to add it to your `Cargo.toml`
[INFO] [stdout] 
[INFO] [stdout] 
[INFO] [stdout] error[E0433]: cannot find module or crate `windows` in this scope
[INFO] [stdout]  --> src/process/module.rs:8:5
[INFO] [stdout]   |
[INFO] [stdout] 8 | use windows::{
[INFO] [stdout]   |     ^^^^^^^ use of unresolved module or unlinked crate `windows`
[INFO] [stdout]   |
[INFO] [stdout]   = help: if you wanted to use a crate named `windows`, use `cargo add windows` to add it to your `Cargo.toml`
[INFO] [stdout] 
[INFO] [stdout] 
[INFO] [stdout] error[E0433]: cannot find module or crate `windows` in this scope
[INFO] [stdout]   --> src/windows/shell.rs:34:5
[INFO] [stdout]    |
[INFO] [stdout] 34 | use windows::Win32::{
[INFO] [stdout]    |     ^^^^^^^ use of unresolved module or unlinked crate `windows`
[INFO] [stdout]    |
[INFO] [stdout]    = help: if you wanted to use a crate named `windows`, use `cargo add windows` to add it to your `Cargo.toml`
[INFO] [stdout] 
[INFO] [stdout] 
[INFO] [stdout] error[E0433]: cannot find module or crate `windows` in this scope
[INFO] [stdout]   --> src/windows/shell.rs:46:5
[INFO] [stdout]    |
[INFO] [stdout] 46 | use windows::core::w;
[INFO] [stdout]    |     ^^^^^^^ use of unresolved module or unlinked crate `windows`
[INFO] [stdout]    |
[INFO] [stdout]    = help: if you wanted to use a crate named `windows`, use `cargo add windows` to add it to your `Cargo.toml`
[INFO] [stdout] 
[INFO] [stdout] 
[INFO] [stdout] error[E0433]: cannot find module or crate `windows` in this scope
[INFO] [stdout]   --> src/windows/shell.rs:50:9
[INFO] [stdout]    |
[INFO] [stdout] 50 | pub use windows::Win32::UI::WindowsAndMessaging::{
[INFO] [stdout]    |         ^^^^^^^ use of unresolved module or unlinked crate `windows`
[INFO] [stdout]    |
[INFO] [stdout]    = help: if you wanted to use a crate named `windows`, use `cargo add windows` to add it to your `Cargo.toml`
[INFO] [stdout] 
[INFO] [stdout] 
[INFO] [stdout] error[E0433]: cannot find module or crate `windows` in this scope
[INFO] [stdout]   --> src/process/gui.rs:67:54
[INFO] [stdout]    |
[INFO] [stdout] 67 |     pub fn new(callback: impl GuiProcessCallback) -> windows::core::Result<Self> {
[INFO] [stdout]    |                                                      ^^^^^^^ use of unresolved module or unlinked crate `windows`
[INFO] [stdout]    |
[INFO] [stdout]    = help: if you wanted to use a crate named `windows`, use `cargo add windows` to add it to your `Cargo.toml`
[INFO] [stdout] 
[INFO] [stdout] 
[INFO] [stdout] error[E0433]: cannot find module or crate `windows` in this scope
[INFO] [stdout]   --> src/process/gui.rs:74:10
[INFO] [stdout]    |
[INFO] [stdout] 74 |     ) -> windows::core::Result<Self> {
[INFO] [stdout]    |          ^^^^^^^ use of unresolved module or unlinked crate `windows`
[INFO] [stdout]    |
[INFO] [stdout]    = help: if you wanted to use a crate named `windows`, use `cargo add windows` to add it to your `Cargo.toml`
[INFO] [stdout] 
[INFO] [stdout] 
[INFO] [stdout] error[E0433]: cannot find module or crate `windows` in this scope
[INFO] [stdout]    --> src/process/gui.rs:101:61
[INFO] [stdout]     |
[INFO] [stdout] 101 |     pub fn with_dedup(callback: impl GuiProcessCallback) -> windows::core::Result<Self> {
[INFO] [stdout]     |                                                             ^^^^^^^ use of unresolved module or unlinked crate `windows`
[INFO] [stdout]     |
[INFO] [stdout]     = help: if you wanted to use a crate named `windows`, use `cargo add windows` to add it to your `Cargo.toml`
[INFO] [stdout] 
[INFO] [stdout] 
[INFO] [stdout] error[E0433]: cannot find module or crate `windows` in this scope
[INFO] [stdout]    --> src/process/gui.rs:118:10
[INFO] [stdout]     |
[INFO] [stdout] 118 |     ) -> windows::core::Result<Self> {
[INFO] [stdout]     |          ^^^^^^^ use of unresolved module or unlinked crate `windows`
[INFO] [stdout]     |
[INFO] [stdout]     = help: if you wanted to use a crate named `windows`, use `cargo add windows` to add it to your `Cargo.toml`
[INFO] [stdout] 
[INFO] [stdout] 
[INFO] [stdout] error[E0433]: cannot find module or crate `windows` in this scope
[INFO] [stdout]   --> src/process/mod.rs:42:34
[INFO] [stdout]    |
[INFO] [stdout] 42 |     pub fn from_tid(tid: u32) -> windows::core::Result<Self> {
[INFO] [stdout]    |                                  ^^^^^^^ use of unresolved module or unlinked crate `windows`
[INFO] [stdout]    |
[INFO] [stdout]    = help: if you wanted to use a crate named `windows`, use `cargo add windows` to add it to your `Cargo.toml`
[INFO] [stdout] 
[INFO] [stdout] 
[INFO] [stdout] error[E0433]: cannot find module or crate `windows` in this scope
[INFO] [stdout]   --> src/process/mod.rs:82:36
[INFO] [stdout]    |
[INFO] [stdout] 82 |     pub fn get_start_time(self) -> windows::core::Result<SystemTime> {
[INFO] [stdout]    |                                    ^^^^^^^ use of unresolved module or unlinked crate `windows`
[INFO] [stdout]    |
[INFO] [stdout]    = help: if you wanted to use a crate named `windows`, use `cargo add windows` to add it to your `Cargo.toml`
[INFO] [stdout] 
[INFO] [stdout] 
[INFO] [stdout] error[E0433]: cannot find module or crate `windows` in this scope
[INFO] [stdout]    --> src/windows/shell.rs:201:53
[INFO] [stdout]     |
[INFO] [stdout] 201 |     pub fn new(callback: Box<ShellHookCallback>) -> windows::core::Result<Self> {
[INFO] [stdout]     |                                                     ^^^^^^^ use of unresolved module or unlinked crate `windows`
[INFO] [stdout]     |
[INFO] [stdout]     = help: if you wanted to use a crate named `windows`, use `cargo add windows` to add it to your `Cargo.toml`
[INFO] [stdout] 
[INFO] [stdout] 
[INFO] [stdout] error[E0433]: cannot find module or crate `windows` in this scope
[INFO] [stdout]    --> src/windows/shell.rs:208:10
[INFO] [stdout]     |
[INFO] [stdout] 208 |     ) -> windows::core::Result<Self> {
[INFO] [stdout]     |          ^^^^^^^ use of unresolved module or unlinked crate `windows`
[INFO] [stdout]     |
[INFO] [stdout]     = help: if you wanted to use a crate named `windows`, use `cargo add windows` to add it to your `Cargo.toml`
[INFO] [stdout] 
[INFO] [stdout] 
[INFO] [stdout] error[E0433]: cannot find module or crate `windows` in this scope
[INFO] [stdout]   --> src/process/mod.rs:45:22
[INFO] [stdout]    |
[INFO] [stdout] 45 |             0 => Err(windows::core::Error::from_thread()),
[INFO] [stdout]    |                      ^^^^^^^ use of unresolved module or unlinked crate `windows`
[INFO] [stdout]    |
[INFO] [stdout]    = help: if you wanted to use a crate named `windows`, use `cargo add windows` to add it to your `Cargo.toml`
[INFO] [stdout] help: consider importing one of these items
[INFO] [stdout]    |
[INFO] [stdout]  6 + use std::error::Error;
[INFO] [stdout]    |
[INFO] [stdout]  6 + use std::fmt::Error;
[INFO] [stdout]    |
[INFO] [stdout]  6 + use std::io::Error;
[INFO] [stdout]    |
[INFO] [stdout]  6 + use core::error::Error;
[INFO] [stdout]    |
[INFO] [stdout]    = and 1 other candidate
[INFO] [stdout] help: if you import `Error`, refer to it directly
[INFO] [stdout]    |
[INFO] [stdout] 45 -             0 => Err(windows::core::Error::from_thread()),
[INFO] [stdout] 45 +             0 => Err(Error::from_thread()),
[INFO] [stdout]    |
[INFO] [stdout] 
[INFO] [stdout] 
[INFO] [stdout] error[E0599]: no associated function or constant named `from_wide` found for struct `OsString` in the current scope
[INFO] [stdout]   --> src/process/module.rs:79:34
[INFO] [stdout]    |
[INFO] [stdout] 79 |         let path_str = OsString::from_wide(&buf[..len]);
[INFO] [stdout]    |                                  ^^^^^^^^^ associated function or constant not found in `OsString`
[INFO] [stdout]    |
[INFO] [stdout] note: if you're trying to build a new `OsString` consider using one of the following associated functions:
[INFO] [stdout]       OsString::new
[INFO] [stdout]       OsString::from_encoded_bytes_unchecked
[INFO] [stdout]       OsString::with_capacity
[INFO] [stdout]   --> /rustc/dfb0accb7f508ae8be965d8629557221c889dd98/library/std/src/ffi/os_str.rs:133:4
[INFO] [stdout] help: there is an associated function `from_iter` with a similar name
[INFO] [stdout]    |
[INFO] [stdout] 79 -         let path_str = OsString::from_wide(&buf[..len]);
[INFO] [stdout] 79 +         let path_str = OsString::from_iter(&buf[..len]);
[INFO] [stdout]    |
[INFO] [stdout] 
[INFO] [stdout] 
[INFO] [stdout] Some errors have detailed explanations: E0433, E0599.
[INFO] [stdout] 
[INFO] [stderr] error: could not compile `ib-hook` (lib) due to 16 previous errors
[INFO] [stdout] For more information about an error, try `rustc --explain E0433`.
[INFO] [stdout] 
[INFO] running `Command { std: "docker" "inspect" "a40ef0af7d06591e0eef37d4daa77114cb066b215be109ee4cc499c0533b998a", kill_on_drop: false }`
[INFO] running `Command { std: "docker" "rm" "-f" "a40ef0af7d06591e0eef37d4daa77114cb066b215be109ee4cc499c0533b998a", kill_on_drop: false }`
[INFO] [stdout] a40ef0af7d06591e0eef37d4daa77114cb066b215be109ee4cc499c0533b998a
