[INFO] fetching crate iascar 0.2.1...
[INFO] testing iascar-0.2.1 against 1.100.0-beta.1+cargoflags=--release for beta-release-1.100-2
[INFO] extracting crate iascar 0.2.1 into /workspace/builds/worker-5-tc2/source
[INFO] started tweaking crates.io crate iascar 0.2.1
[INFO] finished tweaking crates.io crate iascar 0.2.1
[INFO] tweaked toml for crates.io crate iascar 0.2.1 written to /workspace/builds/worker-5-tc2/source/Cargo.toml
[INFO] validating manifest of crates.io crate iascar 0.2.1 on toolchain 1.100.0-beta.1
[INFO] running `Command { std: CARGO_HOME="/workspace/cargo-home" RUSTUP_HOME="/workspace/rustup-home" "/workspace/cargo-home/bin/cargo" "+1.100.0-beta.1" "metadata" "--manifest-path" "Cargo.toml" "--no-deps", kill_on_drop: false }`
[INFO] crate crates.io crate iascar 0.2.1 already has a lockfile, it will not be regenerated
[INFO] running `Command { std: CARGO_HOME="/workspace/cargo-home" RUSTUP_HOME="/workspace/rustup-home" "/workspace/cargo-home/bin/cargo" "+1.100.0-beta.1" "fetch" "--manifest-path" "Cargo.toml", kill_on_drop: false }`
[INFO] [stderr] warning: Cargo.toml: `edition` is set on library `iascar` which is deprecated
[INFO] [stderr] warning: Cargo.toml: `edition` is set on binary `iascar` which is deprecated
[INFO] [stderr] warning: `iascar` (manifest) generated 2 warnings
[INFO] running `Command { std: "docker" "create" "-v" "/var/lib/crater-agent-workspace/builds/worker-5-tc2/source:/opt/rustwide/workdir:ro,Z" "-v" "/var/lib/crater-agent-workspace/builds/worker-5-tc2/target:/opt/rustwide/target:rw,Z" "-v" "/var/lib/crater-agent-workspace/cargo-home:/opt/rustwide/cargo-home:ro,Z" "-v" "/var/lib/crater-agent-workspace/rustup-home:/opt/rustwide/rustup-home:ro,Z" "-m" "1610612736" "--network" "none" "ghcr.io/rust-lang/crates-build-env/linux@sha256:77db811e55d90add9212f6832c23229e3de5f1c1f9905e8cb07319ea15df73ac" "sleep" "infinity", kill_on_drop: false }`
[INFO] [stdout] 9c1a3c178cfd6e80639d1e1ef06b632b0b779c186b2d220f0a58ef83eed0221f
[INFO] running `Command { std: "docker" "start" "9c1a3c178cfd6e80639d1e1ef06b632b0b779c186b2d220f0a58ef83eed0221f", kill_on_drop: false }`
[INFO] running `Command { std: "docker" "inspect" "9c1a3c178cfd6e80639d1e1ef06b632b0b779c186b2d220f0a58ef83eed0221f", kill_on_drop: false }`
[INFO] running `Command { std: "docker" "exec" "-e" "SOURCE_DIR=/opt/rustwide/workdir" "-e" "CARGO_HOME=/opt/rustwide/cargo-home" "-e" "RUSTUP_HOME=/opt/rustwide/rustup-home" "-e" "CARGO_TARGET_DIR=/opt/rustwide/target" "-w" "/opt/rustwide/workdir" "--user" "0:0" "9c1a3c178cfd6e80639d1e1ef06b632b0b779c186b2d220f0a58ef83eed0221f" "/opt/rustwide/cargo-home/bin/cargo" "+1.100.0-beta.1" "metadata" "--no-deps" "--format-version=1", kill_on_drop: false }`
[INFO] running `Command { std: "docker" "inspect" "9c1a3c178cfd6e80639d1e1ef06b632b0b779c186b2d220f0a58ef83eed0221f", kill_on_drop: false }`
[INFO] running `Command { std: "docker" "exec" "-e" "SOURCE_DIR=/opt/rustwide/workdir" "-e" "CARGO_HOME=/opt/rustwide/cargo-home" "-e" "RUSTUP_HOME=/opt/rustwide/rustup-home" "-e" "CARGO_TARGET_DIR=/opt/rustwide/target" "-e" "CARGO_INCREMENTAL=0" "-e" "RUST_BACKTRACE=full" "-e" "RUSTFLAGS=--cap-lints=warn" "-e" "RUSTDOCFLAGS=--cap-lints=warn" "-w" "/opt/rustwide/workdir" "--user" "0:0" "9c1a3c178cfd6e80639d1e1ef06b632b0b779c186b2d220f0a58ef83eed0221f" "/opt/rustwide/cargo-home/bin/cargo" "+1.100.0-beta.1" "build" "--frozen" "--message-format=json" "--release", kill_on_drop: false }`
[INFO] [stderr] warning: Cargo.toml: `edition` is set on library `iascar` which is deprecated
[INFO] [stderr] warning: Cargo.toml: `edition` is set on binary `iascar` which is deprecated
[INFO] [stderr] warning: `iascar` (manifest) generated 2 warnings
[INFO] [stderr]    Compiling proc-macro2 v1.0.78
[INFO] [stderr]    Compiling libc v0.2.153
[INFO] [stderr]    Compiling cc v1.0.86
[INFO] [stderr]    Compiling crossbeam-utils v0.8.19
[INFO] [stderr]    Compiling thiserror v1.0.57
[INFO] [stderr]    Compiling gmp-mpfr-sys v1.6.2
[INFO] [stderr]    Compiling rayon-core v1.12.1
[INFO] [stderr]    Compiling az v1.2.1
[INFO] [stderr]    Compiling libm v0.2.8
[INFO] [stderr]    Compiling vec1 v1.10.1
[INFO] [stderr]    Compiling rug v1.24.0
[INFO] [stderr]    Compiling either v1.10.0
[INFO] [stderr]    Compiling itertools v0.10.5
[INFO] [stderr]    Compiling cmake v0.1.50
[INFO] [stderr]    Compiling quote v1.0.35
[INFO] [stderr]    Compiling crossbeam-epoch v0.9.18
[INFO] [stderr]    Compiling syn v2.0.50
[INFO] [stderr]    Compiling clingo-sys v0.7.1
[INFO] [stderr]    Compiling crossbeam-deque v0.8.5
[INFO] [stderr] warning: clingo-sys@0.7.1: Compiler version doesn't include clang or GCC: "cc" "--version"
[INFO] [stderr] warning: clingo-sys@0.7.1: Compiler version doesn't include clang or GCC: "c++" "--version"
[INFO] [stderr] error: failed to run custom build command for `clingo-sys v0.7.1`
[INFO] [stderr] note: To improve backtraces for build dependencies, set the CARGO_PROFILE_RELEASE_BUILD_OVERRIDE_DEBUG=true environment variable to enable debug information generation.
[INFO] [stderr] 
[INFO] [stderr] Caused by:
[INFO] [stderr]   process didn't exit successfully: `/opt/rustwide/target/release/build/clingo-sys/b989c083d26398dc/out/build_script_build` (exit status: 101)
[INFO] [stderr]   --- stdout
[INFO] [stderr]   CMAKE_TOOLCHAIN_FILE_x86_64-unknown-linux-gnu = None
[INFO] [stderr]   CMAKE_TOOLCHAIN_FILE_x86_64_unknown_linux_gnu = None
[INFO] [stderr]   HOST_CMAKE_TOOLCHAIN_FILE = None
[INFO] [stderr]   CMAKE_TOOLCHAIN_FILE = None
[INFO] [stderr]   CMAKE_GENERATOR_x86_64-unknown-linux-gnu = None
[INFO] [stderr]   CMAKE_GENERATOR_x86_64_unknown_linux_gnu = None
[INFO] [stderr]   HOST_CMAKE_GENERATOR = None
[INFO] [stderr]   CMAKE_GENERATOR = None
[INFO] [stderr]   running: "cc" "--version"
[INFO] [stderr]   exit status: 0
[INFO] [stderr]   cargo:warning=Compiler version doesn't include clang or GCC: "cc" "--version"
[INFO] [stderr]   running: "c++" "--version"
[INFO] [stderr]   exit status: 0
[INFO] [stderr]   cargo:warning=Compiler version doesn't include clang or GCC: "c++" "--version"
[INFO] [stderr]   CMAKE_PREFIX_PATH_x86_64-unknown-linux-gnu = None
[INFO] [stderr]   CMAKE_PREFIX_PATH_x86_64_unknown_linux_gnu = None
[INFO] [stderr]   HOST_CMAKE_PREFIX_PATH = None
[INFO] [stderr]   CMAKE_PREFIX_PATH = None
[INFO] [stderr]   CMAKE_x86_64-unknown-linux-gnu = None
[INFO] [stderr]   CMAKE_x86_64_unknown_linux_gnu = None
[INFO] [stderr]   HOST_CMAKE = None
[INFO] [stderr]   CMAKE = None
[INFO] [stderr]   running: cd "/opt/rustwide/target/release/build/clingo-sys/c2cc815be016965a/out/build" && CMAKE_PREFIX_PATH="" "cmake" "-Wdev" "--debug-output" "/opt/rustwide/cargo-home/registry/src/index.crates.io-1949cf8c6b5b557f/clingo-sys-0.7.1/clingo" "-DCLINGO_BUILD_SHARED=OFF" "-DCLINGO_BUILD_STATIC=ON" "-DCLINGO_MANAGE_RPATH=OFF" "-DCLINGO_BUILD_WITH_PYTHON=OFF" "-DCLINGO_BUILD_WITH_LUA=OFF" "-DCLINGO_INSTALL_LIB=ON" "-DCLINGO_BUILD_APPS=OFF" "-DCLASP_BUILD_APP=OFF" "-DCMAKE_INSTALL_PREFIX=/opt/rustwide/target/release/build/clingo-sys/c2cc815be016965a/out" "-DCMAKE_C_FLAGS= -ffunction-sections -fdata-sections -fPIC -m64" "-DCMAKE_C_COMPILER=/usr/bin/cc" "-DCMAKE_CXX_FLAGS= -ffunction-sections -fdata-sections -fPIC -m64" "-DCMAKE_CXX_COMPILER=/usr/bin/c++" "-DCMAKE_ASM_FLAGS= -ffunction-sections -fdata-sections -fPIC -m64" "-DCMAKE_ASM_COMPILER=/usr/bin/cc" "-DCMAKE_BUILD_TYPE=Release" "-DCMAKE_VERBOSE_MAKEFILE:BOOL=ON"
[INFO] [stderr]   Running with debug output on.
[INFO] [stderr]   -- Configuring incomplete, errors occurred!
[INFO] [stderr] 
[INFO] [stderr]   --- stderr
[INFO] [stderr]   CMake Error at CMakeLists.txt:1 (cmake_minimum_required):
[INFO] [stderr]     Compatibility with CMake < 3.5 has been removed from CMake.
[INFO] [stderr] 
[INFO] [stderr]     Update the VERSION argument <min> value.  Or, use the <min>...<max> syntax
[INFO] [stderr]     to tell CMake that the project requires at least <min> but has been updated
[INFO] [stderr]     to work with policies introduced by <max> or earlier.
[INFO] [stderr] 
[INFO] [stderr]     Or, add -DCMAKE_POLICY_VERSION_MINIMUM=3.5 to try configuring anyway.
[INFO] [stderr] 
[INFO] [stderr] 
[INFO] [stderr]      Called from: [1]	/opt/rustwide/cargo-home/registry/src/index.crates.io-1949cf8c6b5b557f/clingo-sys-0.7.1/clingo/CMakeLists.txt
[INFO] [stderr] 
[INFO] [stderr]   thread 'main' (685) panicked at /opt/rustwide/cargo-home/registry/src/index.crates.io-1949cf8c6b5b557f/cmake-0.1.50/src/lib.rs:1098:5:
[INFO] [stderr] 
[INFO] [stderr]   command did not execute successfully, got: exit status: 1
[INFO] [stderr] 
[INFO] [stderr]   build script failed, must exit now
[INFO] [stderr]   stack backtrace:
[INFO] [stderr]      0:     0x5cc1239c9c41 - <<std[617be2ca0a6fd877]::sys::backtrace::BacktraceLock>::print::DisplayBacktrace as core[a373ad73a504971]::fmt::Display>::fmt
[INFO] [stderr]      1:     0x5cc1239dda7a - core[a373ad73a504971]::fmt::write
[INFO] [stderr]      2:     0x5cc1239cf40c - <std[617be2ca0a6fd877]::sys::stdio::unix::Stderr as core[a373ad73a504971]::io::write::Write>::write_fmt
[INFO] [stderr]      3:     0x5cc1239a98e6 - std[617be2ca0a6fd877]::panicking::default_hook::{closure#0}
[INFO] [stderr]      4:     0x5cc1239c4a41 - std[617be2ca0a6fd877]::panicking::default_hook
[INFO] [stderr]      5:     0x5cc1239c4bfb - std[617be2ca0a6fd877]::panicking::panic_with_hook
[INFO] [stderr]      6:     0x5cc1239a9992 - std[617be2ca0a6fd877]::panicking::panic_handler::{closure#0}
[INFO] [stderr]      7:     0x5cc1239a2609 - std[617be2ca0a6fd877]::sys::backtrace::__rust_end_short_backtrace::<std[617be2ca0a6fd877]::panicking::panic_handler::{closure#0}, !>
[INFO] [stderr]      8:     0x5cc1239aa17d - __rustc[ea4f61d10b84890b]::rust_begin_unwind
[INFO] [stderr]      9:     0x5cc1239de1ec - core[a373ad73a504971]::panicking::panic_fmt
[INFO] [stderr]     10:     0x5cc123954307 - cmake[556ab073cb6fe698]::fail
[INFO] [stderr]     11:     0x5cc123953fc1 - cmake[556ab073cb6fe698]::run
[INFO] [stderr]     12:     0x5cc123959504 - <cmake[556ab073cb6fe698]::Config>::build
[INFO] [stderr]     13:     0x5cc1239463ca - build_script_build[f5ba19bd10a6051]::main
[INFO] [stderr]     14:     0x5cc123946d8b - <fn() as core[a373ad73a504971]::ops::function::FnOnce<()>>::call_once
[INFO] [stderr]     15:     0x5cc123945d86 - std[617be2ca0a6fd877]::sys::backtrace::__rust_begin_short_backtrace::<fn(), ()>
[INFO] [stderr]     16:     0x5cc123945d99 - std[617be2ca0a6fd877]::rt::lang_start::<()>::{closure#0}
[INFO] [stderr]     17:     0x5cc1239c3e48 - std[617be2ca0a6fd877]::rt::lang_start_internal
[INFO] [stderr]     18:     0x5cc123945911 - std[617be2ca0a6fd877]::rt::lang_start::<()>
[INFO] [stderr]     19:     0x5cc123946df5 - main
[INFO] [stderr]     20:     0x78f5fb2b1601 - <unknown>
[INFO] [stderr]     21:     0x78f5fb2b1718 - __libc_start_main
[INFO] [stderr]     22:     0x5cc123944d05 - _start
[INFO] [stderr]     23:                0x0 - <unknown>
[INFO] [stderr] warning: build failed, waiting for other jobs to finish...
[INFO] [stderr] error: failed to run custom build command for `gmp-mpfr-sys v1.6.2`
[INFO] [stderr] note: To improve backtraces for build dependencies, set the CARGO_PROFILE_RELEASE_BUILD_OVERRIDE_DEBUG=true environment variable to enable debug information generation.
[INFO] [stderr] 
[INFO] [stderr] Caused by:
[INFO] [stderr]   process didn't exit successfully: `/opt/rustwide/target/release/build/gmp-mpfr-sys/7ee604022a8964c8/out/build_script_build` (exit status: 101)
[INFO] [stderr]   --- stdout
[INFO] [stderr]   cargo:rerun-if-env-changed=GMP_MPFR_SYS_CACHE
[INFO] [stderr]   $ mkdir -p "/opt/rustwide/target/release/build/gmp-mpfr-sys/bb1df48c618f3fe2/out/lib"
[INFO] [stderr]   $ mkdir -p "/opt/rustwide/target/release/build/gmp-mpfr-sys/bb1df48c618f3fe2/out/include"
[INFO] [stderr]   $ mkdir -p "/opt/rustwide/target/release/build/gmp-mpfr-sys/bb1df48c618f3fe2/out/build"
[INFO] [stderr]   $ ln -s "/opt/rustwide/cargo-home/registry/src/index.crates.io-1949cf8c6b5b557f/gmp-mpfr-sys-1.6.2/gmp-6.3.0-c" "/opt/rustwide/target/release/build/gmp-mpfr-sys/bb1df48c618f3fe2/out/build/gmp-src"
[INFO] [stderr]   $ mkdir -p "/opt/rustwide/target/release/build/gmp-mpfr-sys/bb1df48c618f3fe2/out/build/gmp-build"
[INFO] [stderr]   $ cd "/opt/rustwide/target/release/build/gmp-mpfr-sys/bb1df48c618f3fe2/out/build/gmp-build"
[INFO] [stderr]   $ cd "/opt/rustwide/target/release/build/gmp-mpfr-sys/bb1df48c618f3fe2/out/build/gmp-build" && "sh" "-c" "../gmp-src/configure --enable-fat --disable-shared --with-pic"
[INFO] [stderr]   checking build system type... zen3-pc-linux-gnu
[INFO] [stderr]   checking host system type... zen3-pc-linux-gnu
[INFO] [stderr]   checking for a BSD-compatible install... /usr/bin/install -c
[INFO] [stderr]   checking whether build environment is sane... yes
[INFO] [stderr]   checking for a thread-safe mkdir -p... ../gmp-src/install-sh -c -d
[INFO] [stderr]   checking for gawk... no
[INFO] [stderr]   checking for mawk... mawk
[INFO] [stderr]   checking whether make sets $(MAKE)... yes
[INFO] [stderr]   checking whether make supports nested variables... yes
[INFO] [stderr]   checking whether to enable maintainer-specific portions of Makefiles... no
[INFO] [stderr]   checking ABI=64
[INFO] [stderr]   checking compiler gcc -O2 -pedantic -fomit-frame-pointer -m64 ... no, long long reliability test 1
[INFO] [stderr]   checking whether cc is gcc... yes
[INFO] [stderr]   checking compiler cc -O2 -pedantic -fomit-frame-pointer -m64 ... no, long long reliability test 1
[INFO] [stderr]   checking ABI=x32
[INFO] [stderr]   checking compiler gcc -O2 -pedantic -fomit-frame-pointer -mx32 ... no, program does not run
[INFO] [stderr]   checking whether cc is gcc... yes
[INFO] [stderr]   checking compiler cc -O2 -pedantic -fomit-frame-pointer -mx32 ... no, program does not run
[INFO] [stderr]   checking ABI=32
[INFO] [stderr]   checking compiler gcc -m32 -O2 -pedantic -fomit-frame-pointer ... no, long long reliability test 1
[INFO] [stderr]   checking compiler gcc -O2 -pedantic -fomit-frame-pointer ... no, long long reliability test 1
[INFO] [stderr]   checking compiler icc -no-gcc ... no
[INFO] [stderr]   checking whether cc is gcc... yes
[INFO] [stderr]   checking compiler cc -m32 -O2 -pedantic -fomit-frame-pointer ... no, long long reliability test 1
[INFO] [stderr]   checking compiler cc -O2 -pedantic -fomit-frame-pointer ... no, long long reliability test 1
[INFO] [stderr] 
[INFO] [stderr]   --- stderr
[INFO] [stderr]   configure: error: could not find a working compiler, see config.log for details
[INFO] [stderr] 
[INFO] [stderr]   thread 'main' (297) panicked at /opt/rustwide/cargo-home/registry/src/index.crates.io-1949cf8c6b5b557f/gmp-mpfr-sys-1.6.2/build.rs:1210:13:
[INFO] [stderr]   Program failed with code 1: cd "/opt/rustwide/target/release/build/gmp-mpfr-sys/bb1df48c618f3fe2/out/build/gmp-build" && "sh" "-c" "../gmp-src/configure --enable-fat --disable-shared --with-pic"
[INFO] [stderr]   stack backtrace:
[INFO] [stderr]      0:     0x5adb1cc032a1 - <<std[617be2ca0a6fd877]::sys::backtrace::BacktraceLock>::print::DisplayBacktrace as core[a373ad73a504971]::fmt::Display>::fmt
[INFO] [stderr]      1:     0x5adb1cc15e3a - core[a373ad73a504971]::fmt::write
[INFO] [stderr]      2:     0x5adb1cc0829c - <std[617be2ca0a6fd877]::sys::stdio::unix::Stderr as core[a373ad73a504971]::io::write::Write>::write_fmt
[INFO] [stderr]      3:     0x5adb1cbe3c26 - std[617be2ca0a6fd877]::panicking::default_hook::{closure#0}
[INFO] [stderr]      4:     0x5adb1cbfd891 - std[617be2ca0a6fd877]::panicking::default_hook
[INFO] [stderr]      5:     0x5adb1cbfda4b - std[617be2ca0a6fd877]::panicking::panic_with_hook
[INFO] [stderr]      6:     0x5adb1cbe3cd2 - std[617be2ca0a6fd877]::panicking::panic_handler::{closure#0}
[INFO] [stderr]      7:     0x5adb1cbdc999 - std[617be2ca0a6fd877]::sys::backtrace::__rust_end_short_backtrace::<std[617be2ca0a6fd877]::panicking::panic_handler::{closure#0}, !>
[INFO] [stderr]      8:     0x5adb1cbe470d - __rustc[ea4f61d10b84890b]::rust_begin_unwind
[INFO] [stderr]      9:     0x5adb1cc165ac - core[a373ad73a504971]::panicking::panic_fmt
[INFO] [stderr]     10:     0x5adb1cbbd717 - build_script_build[afe3dd69d62f259]::execute
[INFO] [stderr]     11:     0x5adb1cbbe98d - build_script_build[afe3dd69d62f259]::configure
[INFO] [stderr]     12:     0x5adb1cbbdb4a - build_script_build[afe3dd69d62f259]::build_gmp
[INFO] [stderr]     13:     0x5adb1cbb3b5a - build_script_build[afe3dd69d62f259]::compile_libs
[INFO] [stderr]     14:     0x5adb1cbbd285 - build_script_build[afe3dd69d62f259]::main
[INFO] [stderr]     15:     0x5adb1cbccaf3 - <fn() as core[a373ad73a504971]::ops::function::FnOnce<()>>::call_once
[INFO] [stderr]     16:     0x5adb1cbc9596 - std[617be2ca0a6fd877]::sys::backtrace::__rust_begin_short_backtrace::<fn(), ()>
[INFO] [stderr]     17:     0x5adb1cbc3de9 - std[617be2ca0a6fd877]::rt::lang_start::<()>::{closure#0}
[INFO] [stderr]     18:     0x5adb1cbfcd08 - std[617be2ca0a6fd877]::rt::lang_start_internal
[INFO] [stderr]     19:     0x5adb1cbc3b91 - std[617be2ca0a6fd877]::rt::lang_start::<()>
[INFO] [stderr]     20:     0x5adb1cbbeb05 - main
[INFO] [stderr]     21:     0x7b9db6119601 - <unknown>
[INFO] [stderr]     22:     0x7b9db6119718 - __libc_start_main
[INFO] [stderr]     23:     0x5adb1cbaee45 - _start
[INFO] [stderr]     24:                0x0 - <unknown>
[INFO] running `Command { std: "docker" "inspect" "9c1a3c178cfd6e80639d1e1ef06b632b0b779c186b2d220f0a58ef83eed0221f", kill_on_drop: false }`
[INFO] running `Command { std: "docker" "rm" "-f" "9c1a3c178cfd6e80639d1e1ef06b632b0b779c186b2d220f0a58ef83eed0221f", kill_on_drop: false }`
[INFO] [stdout] 9c1a3c178cfd6e80639d1e1ef06b632b0b779c186b2d220f0a58ef83eed0221f
