[INFO] fetching crate i18n-dict-macros 0.1.2...
[INFO] testing i18n-dict-macros-0.1.2 against 1.100.0-beta.1+cargoflags=--release for beta-release-1.100-2
[INFO] extracting crate i18n-dict-macros 0.1.2 into /workspace/builds/worker-0-tc2/source
[INFO] started tweaking crates.io crate i18n-dict-macros 0.1.2
[INFO] removed 0 missing tests
[INFO] finished tweaking crates.io crate i18n-dict-macros 0.1.2
[INFO] tweaked toml for crates.io crate i18n-dict-macros 0.1.2 written to /workspace/builds/worker-0-tc2/source/Cargo.toml
[INFO] validating manifest of crates.io crate i18n-dict-macros 0.1.2 on toolchain 1.100.0-beta.1
[INFO] running `Command { std: CARGO_HOME="/workspace/cargo-home" RUSTUP_HOME="/workspace/rustup-home" "/workspace/cargo-home/bin/cargo" "+1.100.0-beta.1" "metadata" "--manifest-path" "Cargo.toml" "--no-deps", kill_on_drop: false }`
[INFO] crate crates.io crate i18n-dict-macros 0.1.2 already has a lockfile, it will not be regenerated
[INFO] running `Command { std: CARGO_HOME="/workspace/cargo-home" RUSTUP_HOME="/workspace/rustup-home" "/workspace/cargo-home/bin/cargo" "+1.100.0-beta.1" "fetch" "--manifest-path" "Cargo.toml", kill_on_drop: false }`
[INFO] running `Command { std: "docker" "create" "-v" "/var/lib/crater-agent-workspace/builds/worker-0-tc2/source:/opt/rustwide/workdir:ro,Z" "-v" "/var/lib/crater-agent-workspace/builds/worker-0-tc2/target:/opt/rustwide/target:rw,Z" "-v" "/var/lib/crater-agent-workspace/cargo-home:/opt/rustwide/cargo-home:ro,Z" "-v" "/var/lib/crater-agent-workspace/rustup-home:/opt/rustwide/rustup-home:ro,Z" "-m" "1610612736" "--network" "none" "ghcr.io/rust-lang/crates-build-env/linux@sha256:77db811e55d90add9212f6832c23229e3de5f1c1f9905e8cb07319ea15df73ac" "sleep" "infinity", kill_on_drop: false }`
[INFO] [stdout] a090d3b3a4831ce4955c11629a01c7e068b945b4b22872a0bb6dfa84e7365258
[INFO] running `Command { std: "docker" "start" "a090d3b3a4831ce4955c11629a01c7e068b945b4b22872a0bb6dfa84e7365258", kill_on_drop: false }`
[INFO] running `Command { std: "docker" "inspect" "a090d3b3a4831ce4955c11629a01c7e068b945b4b22872a0bb6dfa84e7365258", kill_on_drop: false }`
[INFO] running `Command { std: "docker" "exec" "-e" "SOURCE_DIR=/opt/rustwide/workdir" "-e" "CARGO_HOME=/opt/rustwide/cargo-home" "-e" "RUSTUP_HOME=/opt/rustwide/rustup-home" "-e" "CARGO_TARGET_DIR=/opt/rustwide/target" "-w" "/opt/rustwide/workdir" "--user" "0:0" "a090d3b3a4831ce4955c11629a01c7e068b945b4b22872a0bb6dfa84e7365258" "/opt/rustwide/cargo-home/bin/cargo" "+1.100.0-beta.1" "metadata" "--no-deps" "--format-version=1", kill_on_drop: false }`
[INFO] running `Command { std: "docker" "inspect" "a090d3b3a4831ce4955c11629a01c7e068b945b4b22872a0bb6dfa84e7365258", kill_on_drop: false }`
[INFO] running `Command { std: "docker" "exec" "-e" "SOURCE_DIR=/opt/rustwide/workdir" "-e" "CARGO_HOME=/opt/rustwide/cargo-home" "-e" "RUSTUP_HOME=/opt/rustwide/rustup-home" "-e" "CARGO_TARGET_DIR=/opt/rustwide/target" "-e" "CARGO_INCREMENTAL=0" "-e" "RUST_BACKTRACE=full" "-e" "RUSTFLAGS=--cap-lints=warn" "-e" "RUSTDOCFLAGS=--cap-lints=warn" "-w" "/opt/rustwide/workdir" "--user" "0:0" "a090d3b3a4831ce4955c11629a01c7e068b945b4b22872a0bb6dfa84e7365258" "/opt/rustwide/cargo-home/bin/cargo" "+1.100.0-beta.1" "build" "--frozen" "--message-format=json" "--release", kill_on_drop: false }`
[INFO] [stderr]    Compiling proc-macro2 v1.0.107
[INFO] [stderr]    Compiling quote v1.0.47
[INFO] [stderr]    Compiling syn v3.0.3
[INFO] [stderr]    Compiling i18n-dict-macros v0.1.2 (/opt/rustwide/workdir)
[INFO] [stderr]     Finished `release` profile [optimized] target(s) in 7.16s
[INFO] running `Command { std: "docker" "inspect" "a090d3b3a4831ce4955c11629a01c7e068b945b4b22872a0bb6dfa84e7365258", kill_on_drop: false }`
[INFO] running `Command { std: "docker" "exec" "-e" "SOURCE_DIR=/opt/rustwide/workdir" "-e" "CARGO_HOME=/opt/rustwide/cargo-home" "-e" "RUSTUP_HOME=/opt/rustwide/rustup-home" "-e" "CARGO_TARGET_DIR=/opt/rustwide/target" "-e" "CARGO_INCREMENTAL=0" "-e" "RUST_BACKTRACE=full" "-e" "RUSTFLAGS=--cap-lints=warn" "-e" "RUSTDOCFLAGS=--cap-lints=warn" "-w" "/opt/rustwide/workdir" "--user" "0:0" "a090d3b3a4831ce4955c11629a01c7e068b945b4b22872a0bb6dfa84e7365258" "/opt/rustwide/cargo-home/bin/cargo" "+1.100.0-beta.1" "test" "--frozen" "--no-run" "--message-format=json" "--release", kill_on_drop: false }`
[INFO] [stderr]    Compiling serde_core v1.0.229
[INFO] [stderr]    Compiling target-triple v1.0.1
[INFO] [stderr]    Compiling toml_writer v1.1.2+spec-1.1.0
[INFO] [stderr]    Compiling proc-macro2 v1.0.107
[INFO] [stderr]    Compiling toml_parser v1.1.3+spec-1.1.0
[INFO] [stderr]    Compiling serde v1.0.229
[INFO] [stderr]    Compiling glob v0.3.4
[INFO] [stderr]    Compiling serde_derive v1.0.229
[INFO] [stderr]    Compiling i18n-dict-macros v0.1.2 (/opt/rustwide/workdir)
[INFO] [stderr]    Compiling quote v1.0.47
[INFO] [stderr]    Compiling syn v3.0.3
[INFO] [stderr]    Compiling toml_datetime v1.1.1+spec-1.1.0
[INFO] [stderr]    Compiling serde_spanned v1.1.1
[INFO] [stderr]    Compiling serde_json v1.0.151
[INFO] [stderr]    Compiling toml v1.1.4+spec-1.1.0
[INFO] [stderr]    Compiling trybuild v1.0.120
[INFO] [stdout] error[E0432]: unresolved import `i18n_dict`
[INFO] [stdout]  --> tests/expand.rs:9:5
[INFO] [stdout]   |
[INFO] [stdout] 9 | use i18n_dict::DictKey as _; // trait 匿名导入(方法解析用;trait 名与 derive 宏同名,故不用具名导入)
[INFO] [stdout]   |     ^^^^^^^^^ use of unresolved module or unlinked crate `i18n_dict`
[INFO] [stdout]   |
[INFO] [stdout]   = help: if you wanted to use a crate named `i18n_dict`, use `cargo add i18n_dict` to add it to your `Cargo.toml`
[INFO] [stdout] 
[INFO] [stdout] 
[INFO] [stdout] error[E0433]: cannot find `i18n_dict` in the list of imported crates
[INFO] [stdout]   --> tests/expand.rs:17:45
[INFO] [stdout]    |
[INFO] [stdout] 17 | #[derive(Debug, Clone, Copy, PartialEq, Eq, DictKey, DictKeyDeserialize)]
[INFO] [stdout]    |                                             ^^^^^^^ could not find `i18n_dict` in the list of imported crates
[INFO] [stdout]    |
[INFO] [stdout]    = note: this error originates in the derive macro `DictKey` (in Nightly builds, run with -Z macro-backtrace for more info)
[INFO] [stdout] 
[INFO] [stdout] 
[INFO] [stdout] error[E0433]: cannot find `i18n_dict` in the list of imported crates
[INFO] [stdout]   --> tests/expand.rs:17:54
[INFO] [stdout]    |
[INFO] [stdout] 17 | #[derive(Debug, Clone, Copy, PartialEq, Eq, DictKey, DictKeyDeserialize)]
[INFO] [stdout]    |                                                      ^^^^^^^^^^^^^^^^^^ could not find `i18n_dict` in the list of imported crates
[INFO] [stdout]    |
[INFO] [stdout]    = note: this error originates in the derive macro `DictKeyDeserialize` (in Nightly builds, run with -Z macro-backtrace for more info)
[INFO] [stdout] 
[INFO] [stdout] 
[INFO] [stdout] error[E0433]: cannot find `i18n_dict` in the list of imported crates
[INFO] [stdout]   --> tests/expand.rs:67:1
[INFO] [stdout]    |
[INFO] [stdout] 67 | #[dictkey(sort, deserialize)]
[INFO] [stdout]    | ^^^^^^^^^^^^^^^^^^^^^^^^^^^^^ could not find `i18n_dict` in the list of imported crates
[INFO] [stdout]    |
[INFO] [stdout]    = note: this error originates in the attribute macro `dictkey` (in Nightly builds, run with -Z macro-backtrace for more info)
[INFO] [stdout] 
[INFO] [stdout] 
[INFO] [stdout] error[E0433]: cannot find `i18n_dict` in the list of imported crates
[INFO] [stdout]    --> tests/expand.rs:121:5
[INFO] [stdout]     |
[INFO] [stdout] 121 |     #[dictkey(sort)]
[INFO] [stdout]     |     ^^^^^^^^^^^^^^^^ could not find `i18n_dict` in the list of imported crates
[INFO] [stdout]     |
[INFO] [stdout]     = note: this error originates in the attribute macro `dictkey` (in Nightly builds, run with -Z macro-backtrace for more info)
[INFO] [stdout] 
[INFO] [stdout] 
[INFO] [stdout] error[E0433]: cannot find `i18n_dict` in the list of imported crates
[INFO] [stdout]    --> tests/expand.rs:145:1
[INFO] [stdout]     |
[INFO] [stdout] 145 | #[dictkey(deserialize)]
[INFO] [stdout]     | ^^^^^^^^^^^^^^^^^^^^^^^ could not find `i18n_dict` in the list of imported crates
[INFO] [stdout]     |
[INFO] [stdout]     = note: this error originates in the attribute macro `dictkey` (in Nightly builds, run with -Z macro-backtrace for more info)
[INFO] [stdout] 
[INFO] [stdout] 
[INFO] [stdout] error[E0433]: cannot find `i18n_dict` in the list of imported crates
[INFO] [stdout]    --> tests/expand.rs:211:45
[INFO] [stdout]     |
[INFO] [stdout] 211 | #[derive(Debug, Clone, Copy, PartialEq, Eq, DictKey, DictKeyDeserialize)]
[INFO] [stdout]     |                                             ^^^^^^^ could not find `i18n_dict` in the list of imported crates
[INFO] [stdout]     |
[INFO] [stdout]     = note: this error originates in the derive macro `DictKey` (in Nightly builds, run with -Z macro-backtrace for more info)
[INFO] [stdout] 
[INFO] [stdout] 
[INFO] [stdout] error[E0433]: cannot find `i18n_dict` in the list of imported crates
[INFO] [stdout]    --> tests/expand.rs:211:54
[INFO] [stdout]     |
[INFO] [stdout] 211 | #[derive(Debug, Clone, Copy, PartialEq, Eq, DictKey, DictKeyDeserialize)]
[INFO] [stdout]     |                                                      ^^^^^^^^^^^^^^^^^^ could not find `i18n_dict` in the list of imported crates
[INFO] [stdout]     |
[INFO] [stdout]     = note: this error originates in the derive macro `DictKeyDeserialize` (in Nightly builds, run with -Z macro-backtrace for more info)
[INFO] [stdout] 
[INFO] [stdout] 
[INFO] [stdout] error[E0433]: cannot find `i18n_dict` in the list of imported crates
[INFO] [stdout]    --> tests/expand.rs:262:1
[INFO] [stdout]     |
[INFO] [stdout] 262 | / subset!(
[INFO] [stdout] 263 | |     sorted_key,
[INFO] [stdout] 264 | |     settings_subset,
[INFO] [stdout] 265 | |     sorted_key::footer,
[INFO] [stdout] 266 | |     sorted_key::welcome_title
[INFO] [stdout] 267 | | );
[INFO] [stdout]     | |_^ could not find `i18n_dict` in the list of imported crates
[INFO] [stdout]     |
[INFO] [stdout]     = note: this error originates in the macro `subset` (in Nightly builds, run with -Z macro-backtrace for more info)
[INFO] [stdout] 
[INFO] [stdout] 
[INFO] [stdout] error[E0433]: cannot find `i18n_dict` in the list of imported crates
[INFO] [stdout]    --> tests/expand.rs:290:1
[INFO] [stdout]     |
[INFO] [stdout] 290 | subset!(sorted_key, bare_sub, footer, welcome_title);
[INFO] [stdout]     | ^^^^^^^^^^^^^^^^^^^^^^^^^^^^^^^^^^^^^^^^^^^^^^^^^^^^ could not find `i18n_dict` in the list of imported crates
[INFO] [stdout]     |
[INFO] [stdout]     = note: this error originates in the macro `subset` (in Nightly builds, run with -Z macro-backtrace for more info)
[INFO] [stdout] 
[INFO] [stdout] 
[INFO] [stdout] error[E0433]: cannot find `i18n_dict` in the list of imported crates
[INFO] [stdout]    --> tests/expand.rs:327:1
[INFO] [stdout]     |
[INFO] [stdout] 327 | #[dictkey(deserialize)]
[INFO] [stdout]     | ^^^^^^^^^^^^^^^^^^^^^^^ could not find `i18n_dict` in the list of imported crates
[INFO] [stdout]     |
[INFO] [stdout]     = note: this error originates in the attribute macro `dictkey` (in Nightly builds, run with -Z macro-backtrace for more info)
[INFO] [stdout] 
[INFO] [stdout] 
[INFO] [stdout] error[E0433]: cannot find `i18n_dict` in the list of imported crates
[INFO] [stdout]    --> tests/expand.rs:356:1
[INFO] [stdout]     |
[INFO] [stdout] 356 | #[dictkey(sort, deserialize)]
[INFO] [stdout]     | ^^^^^^^^^^^^^^^^^^^^^^^^^^^^^ could not find `i18n_dict` in the list of imported crates
[INFO] [stdout]     |
[INFO] [stdout]     = note: this error originates in the attribute macro `dictkey` (in Nightly builds, run with -Z macro-backtrace for more info)
[INFO] [stdout] 
[INFO] [stdout] 
[INFO] [stdout] error[E0433]: cannot find `i18n_dict` in the list of imported crates
[INFO] [stdout]    --> tests/expand.rs:400:1
[INFO] [stdout]     |
[INFO] [stdout] 400 | #[dictkey]
[INFO] [stdout]     | ^^^^^^^^^^ could not find `i18n_dict` in the list of imported crates
[INFO] [stdout]     |
[INFO] [stdout]     = note: this error originates in the attribute macro `dictkey` (in Nightly builds, run with -Z macro-backtrace for more info)
[INFO] [stdout] 
[INFO] [stdout] 
[INFO] [stdout] error[E0433]: cannot find `i18n_dict` in the list of imported crates
[INFO] [stdout]    --> tests/expand.rs:406:45
[INFO] [stdout]     |
[INFO] [stdout] 406 | #[derive(Debug, Clone, Copy, PartialEq, Eq, DictKey)]
[INFO] [stdout]     |                                             ^^^^^^^ could not find `i18n_dict` in the list of imported crates
[INFO] [stdout]     |
[INFO] [stdout]     = note: this error originates in the derive macro `DictKey` (in Nightly builds, run with -Z macro-backtrace for more info)
[INFO] [stdout] 
[INFO] [stdout] 
[INFO] [stdout] Some errors have detailed explanations: E0432, E0433.
[INFO] [stdout] 
[INFO] [stdout] For more information about an error, try `rustc --explain E0432`.
[INFO] [stdout] 
[INFO] [stderr] error: could not compile `i18n-dict-macros` (test "expand") due to 14 previous errors
[INFO] running `Command { std: "docker" "inspect" "a090d3b3a4831ce4955c11629a01c7e068b945b4b22872a0bb6dfa84e7365258", kill_on_drop: false }`
[INFO] running `Command { std: "docker" "rm" "-f" "a090d3b3a4831ce4955c11629a01c7e068b945b4b22872a0bb6dfa84e7365258", kill_on_drop: false }`
[INFO] [stdout] a090d3b3a4831ce4955c11629a01c7e068b945b4b22872a0bb6dfa84e7365258
