[INFO] fetching crate i-slint-backend-testing 1.18.1...
[INFO] testing i-slint-backend-testing-1.18.1 against 1.100.0-beta.1+cargoflags=--release for beta-release-1.100-2
[INFO] extracting crate i-slint-backend-testing 1.18.1 into /workspace/builds/worker-1-tc2/source
[INFO] started tweaking crates.io crate i-slint-backend-testing 1.18.1
[INFO] removed 0 missing tests
[INFO] finished tweaking crates.io crate i-slint-backend-testing 1.18.1
[INFO] tweaked toml for crates.io crate i-slint-backend-testing 1.18.1 written to /workspace/builds/worker-1-tc2/source/Cargo.toml
[INFO] validating manifest of crates.io crate i-slint-backend-testing 1.18.1 on toolchain 1.100.0-beta.1
[INFO] running `Command { std: CARGO_HOME="/workspace/cargo-home" RUSTUP_HOME="/workspace/rustup-home" "/workspace/cargo-home/bin/cargo" "+1.100.0-beta.1" "metadata" "--manifest-path" "Cargo.toml" "--no-deps", kill_on_drop: false }`
[INFO] crate crates.io crate i-slint-backend-testing 1.18.1 already has a lockfile, it will not be regenerated
[INFO] running `Command { std: CARGO_HOME="/workspace/cargo-home" RUSTUP_HOME="/workspace/rustup-home" "/workspace/cargo-home/bin/cargo" "+1.100.0-beta.1" "fetch" "--manifest-path" "Cargo.toml", kill_on_drop: false }`
[INFO] running `Command { std: "docker" "create" "-v" "/var/lib/crater-agent-workspace/builds/worker-1-tc2/source:/opt/rustwide/workdir:ro,Z" "-v" "/var/lib/crater-agent-workspace/builds/worker-1-tc2/target:/opt/rustwide/target:rw,Z" "-v" "/var/lib/crater-agent-workspace/cargo-home:/opt/rustwide/cargo-home:ro,Z" "-v" "/var/lib/crater-agent-workspace/rustup-home:/opt/rustwide/rustup-home:ro,Z" "-m" "1610612736" "--network" "none" "ghcr.io/rust-lang/crates-build-env/linux@sha256:77db811e55d90add9212f6832c23229e3de5f1c1f9905e8cb07319ea15df73ac" "sleep" "infinity", kill_on_drop: false }`
[INFO] [stdout] 3008c5b3b35e6caccc1fdb75c166922b82f2207cf5703ed8c92f3a8649cddf62
[INFO] running `Command { std: "docker" "start" "3008c5b3b35e6caccc1fdb75c166922b82f2207cf5703ed8c92f3a8649cddf62", kill_on_drop: false }`
[INFO] running `Command { std: "docker" "inspect" "3008c5b3b35e6caccc1fdb75c166922b82f2207cf5703ed8c92f3a8649cddf62", kill_on_drop: false }`
[INFO] running `Command { std: "docker" "exec" "-e" "SOURCE_DIR=/opt/rustwide/workdir" "-e" "CARGO_HOME=/opt/rustwide/cargo-home" "-e" "RUSTUP_HOME=/opt/rustwide/rustup-home" "-e" "CARGO_TARGET_DIR=/opt/rustwide/target" "-w" "/opt/rustwide/workdir" "--user" "0:0" "3008c5b3b35e6caccc1fdb75c166922b82f2207cf5703ed8c92f3a8649cddf62" "/opt/rustwide/cargo-home/bin/cargo" "+1.100.0-beta.1" "metadata" "--no-deps" "--format-version=1", kill_on_drop: false }`
[INFO] running `Command { std: "docker" "inspect" "3008c5b3b35e6caccc1fdb75c166922b82f2207cf5703ed8c92f3a8649cddf62", kill_on_drop: false }`
[INFO] running `Command { std: "docker" "exec" "-e" "SOURCE_DIR=/opt/rustwide/workdir" "-e" "CARGO_HOME=/opt/rustwide/cargo-home" "-e" "RUSTUP_HOME=/opt/rustwide/rustup-home" "-e" "CARGO_TARGET_DIR=/opt/rustwide/target" "-e" "CARGO_INCREMENTAL=0" "-e" "RUST_BACKTRACE=full" "-e" "RUSTFLAGS=--cap-lints=warn" "-e" "RUSTDOCFLAGS=--cap-lints=warn" "-w" "/opt/rustwide/workdir" "--user" "0:0" "3008c5b3b35e6caccc1fdb75c166922b82f2207cf5703ed8c92f3a8649cddf62" "/opt/rustwide/cargo-home/bin/cargo" "+1.100.0-beta.1" "build" "--frozen" "--message-format=json" "--release", kill_on_drop: false }`
[INFO] [stderr]    Compiling unicode-ident v1.0.26
[INFO] [stderr]    Compiling portable-atomic v1.15.0
[INFO] [stderr]    Compiling critical-section v1.2.0
[INFO] [stderr]    Compiling smallvec v1.16.1
[INFO] [stderr]    Compiling bitflags v2.13.2
[INFO] [stderr]    Compiling float-cmp v0.9.0
[INFO] [stderr]    Compiling log v0.4.34
[INFO] [stderr]    Compiling slotmap v1.1.1
[INFO] [stderr]    Compiling yeslogic-fontconfig-sys v6.0.1
[INFO] [stderr]    Compiling memoffset v0.9.1
[INFO] [stderr]    Compiling euclid v0.22.14
[INFO] [stderr]    Compiling field-offset v0.3.6
[INFO] [stderr]    Compiling serde_core v1.0.229
[INFO] [stderr]    Compiling icu_decimal_data v2.3.0
[INFO] [stderr]    Compiling zune-core v0.5.3
[INFO] [stderr]    Compiling zmij v1.0.23
[INFO] [stderr]    Compiling roxmltree v0.21.1
[INFO] [stderr]    Compiling unicode-script v0.5.8
[INFO] [stderr]    Compiling proc-macro2 v1.0.107
[INFO] [stderr]    Compiling png v0.18.1
[INFO] [stderr]    Compiling strict-num v0.1.1
[INFO] [stderr]    Compiling pulldown-cmark v0.13.4
[INFO] [stderr]    Compiling unicode-vo v0.1.0
[INFO] [stderr]    Compiling linebender_resource_handle v0.1.1
[INFO] [stderr]    Compiling kurbo v0.13.1
[INFO] [stderr]    Compiling simplecss v0.2.2
[INFO] [stderr]    Compiling base64 v0.23.1
[INFO] [stderr]    Compiling xmlwriter v0.1.0
[INFO] [stderr]    Compiling imagesize v0.15.0
[INFO] [stderr]    Compiling data-url v0.3.2
[INFO] [stderr]    Compiling thiserror v2.0.20
[INFO] [stderr]    Compiling pico-args v0.5.0
[INFO] [stderr]    Compiling zune-jpeg v0.5.15
[INFO] [stderr]    Compiling parlance v0.1.0
[INFO] [stderr]    Compiling serde_json v1.0.151
[INFO] [stderr]    Compiling image-webp v0.2.4
[INFO] [stderr]    Compiling gif v0.14.2
[INFO] [stderr]    Compiling quote v1.0.47
[INFO] [stderr]    Compiling fontdb v0.24.0
[INFO] [stderr]    Compiling syn v3.0.6
[INFO] [stderr]    Compiling syn v2.0.119
[INFO] [stderr]    Compiling once_cell v1.21.4
[INFO] [stderr]    Compiling lyon_geom v1.0.19
[INFO] [stderr]    Compiling pxfm v0.1.30
[INFO] [stderr]    Compiling svgtypes v0.16.1
[INFO] [stderr]    Compiling htmlparser v0.2.1
[INFO] [stderr]    Compiling i-slint-backend-testing v1.18.1 (/opt/rustwide/workdir)
[INFO] [stderr]    Compiling chrono v0.4.45
[INFO] [stderr]    Compiling clru v0.6.3
[INFO] [stderr]    Compiling lyon_path v1.0.19
[INFO] [stderr]    Compiling taffy v0.10.1
[INFO] [stderr]    Compiling lyon_algorithms v1.0.21
[INFO] [stderr]    Compiling sys-locale v0.3.2
[INFO] [stderr]    Compiling pin-weak v1.1.0
[INFO] [stderr]    Compiling synstructure v0.14.0
[INFO] [stderr]    Compiling displaydoc v0.2.7
[INFO] [stderr]    Compiling bytemuck_derive v1.12.1
[INFO] [stderr]    Compiling zerovec-derive v0.11.6
[INFO] [stderr]    Compiling thiserror-impl v2.0.20
[INFO] [stderr]    Compiling const-field-offset-macro v0.2.1
[INFO] [stderr]    Compiling vtable-macro v0.5.0
[INFO] [stderr]    Compiling i-slint-core-macros v1.18.1
[INFO] [stderr]    Compiling moxcms v0.8.1
[INFO] [stderr]    Compiling zerofrom-derive v0.1.8
[INFO] [stderr]    Compiling yoke-derive v0.8.3
[INFO] [stderr]    Compiling const-field-offset v0.2.1
[INFO] [stderr]    Compiling fixed_decimal v0.7.2
[INFO] [stderr]    Compiling vtable v0.5.0
[INFO] [stderr]    Compiling derive_more-impl v2.1.1
[INFO] [stderr]    Compiling bytemuck v1.25.2
[INFO] [stderr]    Compiling pin-project-internal v1.1.13
[INFO] [stderr]    Compiling strum_macros v0.28.0
[INFO] [stderr]    Compiling font-types v0.12.5
[INFO] [stderr]    Compiling tiny-skia-path v0.12.0
[INFO] [stderr]    Compiling rgb v0.8.53
[INFO] [stderr]    Compiling zerofrom v0.1.8
[INFO] [stderr]    Compiling yoke v0.8.3
[INFO] [stderr]    Compiling lyon_extra v1.1.0
[INFO] [stderr]    Compiling read-fonts v0.41.0
[INFO] [stderr]    Compiling zerovec v0.11.8
[INFO] [stderr]    Compiling zerotrie v0.2.5
[INFO] [stderr]    Compiling tiny-skia v0.12.0
[INFO] [stderr]    Compiling pin-project v1.1.13
[INFO] [stderr]    Compiling tinystr v0.8.4
[INFO] [stderr]    Compiling potential_utf v0.1.6
[INFO] [stderr]    Compiling strum v0.28.0
[INFO] [stderr]    Compiling icu_collections v2.3.0
[INFO] [stderr]    Compiling icu_locale_core v2.3.0
[INFO] [stderr]    Compiling derive_more v2.1.1
[INFO] [stderr]    Compiling icu_provider v2.3.1
[INFO] [stderr]    Compiling image v0.25.10
[INFO] [stderr]    Compiling icu_locale_fallback v2.3.0
[INFO] [stderr]    Compiling icu_properties v2.3.0
[INFO] [stderr]    Compiling icu_normalizer v2.3.0
[INFO] [stderr]    Compiling icu_segmenter v2.3.0
[INFO] [stderr]    Compiling icu_decimal v2.3.0
[INFO] [stderr]    Compiling parley_data v0.11.1
[INFO] [stderr]    Compiling harfrust v0.12.0
[INFO] [stderr]    Compiling skrifa v0.44.0
[INFO] [stderr]    Compiling fontique v0.11.1
[INFO] [stderr]    Compiling usvg v0.48.1
[INFO] [stderr]    Compiling parley v0.11.1
[INFO] [stderr]    Compiling resvg v0.48.1
[INFO] [stderr]    Compiling i-slint-common v1.18.1
[INFO] [stderr]    Compiling i-slint-core v1.18.1
[INFO] [stderr]     Finished `release` profile [optimized] target(s) in 2m 55s
[INFO] running `Command { std: "docker" "inspect" "3008c5b3b35e6caccc1fdb75c166922b82f2207cf5703ed8c92f3a8649cddf62", kill_on_drop: false }`
[INFO] running `Command { std: "docker" "exec" "-e" "SOURCE_DIR=/opt/rustwide/workdir" "-e" "CARGO_HOME=/opt/rustwide/cargo-home" "-e" "RUSTUP_HOME=/opt/rustwide/rustup-home" "-e" "CARGO_TARGET_DIR=/opt/rustwide/target" "-e" "CARGO_INCREMENTAL=0" "-e" "RUST_BACKTRACE=full" "-e" "RUSTFLAGS=--cap-lints=warn" "-e" "RUSTDOCFLAGS=--cap-lints=warn" "-w" "/opt/rustwide/workdir" "--user" "0:0" "3008c5b3b35e6caccc1fdb75c166922b82f2207cf5703ed8c92f3a8649cddf62" "/opt/rustwide/cargo-home/bin/cargo" "+1.100.0-beta.1" "test" "--frozen" "--no-run" "--message-format=json" "--release", kill_on_drop: false }`
[INFO] [stderr]    Compiling i-slint-backend-testing v1.18.1 (/opt/rustwide/workdir)
[INFO] [stdout] error[E0433]: cannot find module or crate `slint` in this scope
[INFO] [stdout]  --> tests/click.rs:5:5
[INFO] [stdout]   |
[INFO] [stdout] 5 | use slint::platform::PointerEventButton;
[INFO] [stdout]   |     ^^^^^ use of unresolved module or unlinked crate `slint`
[INFO] [stdout]   |
[INFO] [stdout]   = help: if you wanted to use a crate named `slint`, use `cargo add slint` to add it to your `Cargo.toml`
[INFO] [stdout] 
[INFO] [stdout] 
[INFO] [stdout] error[E0433]: cannot find module or crate `slint` in this scope
[INFO] [stdout]   --> tests/click.rs:12:9
[INFO] [stdout]    |
[INFO] [stdout] 12 |         slint::slint! {
[INFO] [stdout]    |         ^^^^^ use of unresolved module or unlinked crate `slint`
[INFO] [stdout] 
[INFO] [stdout] 
[INFO] [stdout] error[E0433]: cannot find module or crate `slint` in this scope
[INFO] [stdout]  --> tests/click_transform_scale.rs:5:5
[INFO] [stdout]   |
[INFO] [stdout] 5 | use slint::platform::PointerEventButton;
[INFO] [stdout]   |     ^^^^^ use of unresolved module or unlinked crate `slint`
[INFO] [stdout]   |
[INFO] [stdout]   = help: if you wanted to use a crate named `slint`, use `cargo add slint` to add it to your `Cargo.toml`
[INFO] [stdout] 
[INFO] [stdout] 
[INFO] [stdout] error[E0433]: cannot find module or crate `slint` in this scope
[INFO] [stdout]   --> tests/click_transform_scale.rs:12:9
[INFO] [stdout]    |
[INFO] [stdout] 12 |         slint::slint! {
[INFO] [stdout]    |         ^^^^^ use of unresolved module or unlinked crate `slint`
[INFO] [stdout] 
[INFO] [stdout] 
[INFO] [stdout] error[E0433]: cannot find module or crate `slint` in this scope
[INFO] [stdout]     --> search_api.rs:1185:5
[INFO] [stdout]      |
[INFO] [stdout] 1185 |     slint::slint! {
[INFO] [stdout]      |     ^^^^^ use of unresolved module or unlinked crate `slint`
[INFO] [stdout] 
[INFO] [stdout] 
[INFO] [stdout] error[E0433]: cannot find module or crate `slint` in this scope
[INFO] [stdout]     --> search_api.rs:1225:5
[INFO] [stdout]      |
[INFO] [stdout] 1225 |     slint::slint! {
[INFO] [stdout]      |     ^^^^^ use of unresolved module or unlinked crate `slint`
[INFO] [stdout] 
[INFO] [stdout] 
[INFO] [stdout] error[E0433]: cannot find module or crate `slint` in this scope
[INFO] [stdout]     --> search_api.rs:1273:5
[INFO] [stdout]      |
[INFO] [stdout] 1273 |     slint::slint! {
[INFO] [stdout]      |     ^^^^^ use of unresolved module or unlinked crate `slint`
[INFO] [stdout] 
[INFO] [stdout] 
[INFO] [stdout] error[E0433]: cannot find module or crate `slint` in this scope
[INFO] [stdout]     --> search_api.rs:1337:5
[INFO] [stdout]      |
[INFO] [stdout] 1337 |     slint::slint! {
[INFO] [stdout]      |     ^^^^^ use of unresolved module or unlinked crate `slint`
[INFO] [stdout] 
[INFO] [stdout] 
[INFO] [stdout] error[E0433]: cannot find module or crate `slint` in this scope
[INFO] [stdout]     --> search_api.rs:1357:5
[INFO] [stdout]      |
[INFO] [stdout] 1357 |     slint::slint! {
[INFO] [stdout]      |     ^^^^^ use of unresolved module or unlinked crate `slint`
[INFO] [stdout] 
[INFO] [stdout] 
[INFO] [stdout] error[E0433]: cannot find module or crate `slint` in this scope
[INFO] [stdout]     --> search_api.rs:1397:5
[INFO] [stdout]      |
[INFO] [stdout] 1397 |     slint::slint! {
[INFO] [stdout]      |     ^^^^^ use of unresolved module or unlinked crate `slint`
[INFO] [stdout] 
[INFO] [stdout] 
[INFO] [stdout] error[E0433]: cannot find module or crate `slint` in this scope
[INFO] [stdout]     --> search_api.rs:1492:5
[INFO] [stdout]      |
[INFO] [stdout] 1492 |     slint::slint! {
[INFO] [stdout]      |     ^^^^^ use of unresolved module or unlinked crate `slint`
[INFO] [stdout] 
[INFO] [stdout] 
[INFO] [stdout] error[E0433]: cannot find module or crate `slint` in this scope
[INFO] [stdout]     --> search_api.rs:1528:5
[INFO] [stdout]      |
[INFO] [stdout] 1528 |     slint::slint! {
[INFO] [stdout]      |     ^^^^^ use of unresolved module or unlinked crate `slint`
[INFO] [stdout] 
[INFO] [stdout] 
[INFO] [stdout] error[E0433]: cannot find module or crate `slint` in this scope
[INFO] [stdout]   --> tests/layout_kind.rs:11:5
[INFO] [stdout]    |
[INFO] [stdout] 11 |     slint::slint! {
[INFO] [stdout]    |     ^^^^^ use of unresolved module or unlinked crate `slint`
[INFO] [stdout] 
[INFO] [stdout] 
[INFO] [stdout] error[E0433]: cannot find module or crate `slint` in this scope
[INFO] [stdout]   --> tests/layout_kind.rs:45:5
[INFO] [stdout]    |
[INFO] [stdout] 45 |     slint::slint! {
[INFO] [stdout]    |     ^^^^^ use of unresolved module or unlinked crate `slint`
[INFO] [stdout] 
[INFO] [stdout] 
[INFO] [stdout] error[E0433]: cannot find module or crate `slint` in this scope
[INFO] [stdout]   --> tests/layout_kind.rs:80:5
[INFO] [stdout]    |
[INFO] [stdout] 80 |     slint::slint! {
[INFO] [stdout]    |     ^^^^^ use of unresolved module or unlinked crate `slint`
[INFO] [stdout] 
[INFO] [stdout] 
[INFO] [stdout] error[E0433]: cannot find module or crate `slint` in this scope
[INFO] [stdout]   --> tests/click_transform_scale.rs:11:5
[INFO] [stdout]    |
[INFO] [stdout] 11 |     slint::spawn_local(async move {
[INFO] [stdout]    |     ^^^^^ use of unresolved module or unlinked crate `slint`
[INFO] [stdout]    |
[INFO] [stdout]    = help: if you wanted to use a crate named `slint`, use `cargo add slint` to add it to your `Cargo.toml`
[INFO] [stdout] 
[INFO] [stdout] 
[INFO] [stdout] error[E0433]: cannot find type `App` in this scope
[INFO] [stdout]   --> tests/click_transform_scale.rs:32:19
[INFO] [stdout]    |
[INFO] [stdout] 32 |         let app = App::new().unwrap();
[INFO] [stdout]    |                   ^^^ use of undeclared type `App`
[INFO] [stdout] 
[INFO] [stdout] 
[INFO] [stdout] error[E0433]: cannot find module or crate `slint` in this scope
[INFO] [stdout]   --> tests/click.rs:11:5
[INFO] [stdout]    |
[INFO] [stdout] 11 |     slint::spawn_local(async move {
[INFO] [stdout]    |     ^^^^^ use of unresolved module or unlinked crate `slint`
[INFO] [stdout]    |
[INFO] [stdout]    = help: if you wanted to use a crate named `slint`, use `cargo add slint` to add it to your `Cargo.toml`
[INFO] [stdout] 
[INFO] [stdout] 
[INFO] [stdout] error[E0433]: cannot find type `App` in this scope
[INFO] [stdout]   --> tests/click.rs:23:19
[INFO] [stdout]    |
[INFO] [stdout] 23 |         let app = App::new().unwrap();
[INFO] [stdout]    |                   ^^^ use of undeclared type `App`
[INFO] [stdout] 
[INFO] [stdout] 
[INFO] [stdout] error[E0433]: cannot find module or crate `slint` in this scope
[INFO] [stdout]   --> tests/click_transform_scale.rs:38:9
[INFO] [stdout]    |
[INFO] [stdout] 38 |         slint::quit_event_loop().unwrap();
[INFO] [stdout]    |         ^^^^^ use of unresolved module or unlinked crate `slint`
[INFO] [stdout]    |
[INFO] [stdout]    = help: if you wanted to use a crate named `slint`, use `cargo add slint` to add it to your `Cargo.toml`
[INFO] [stdout] 
[INFO] [stdout] 
[INFO] [stdout] error[E0433]: cannot find module or crate `slint` in this scope
[INFO] [stdout]   --> tests/click_transform_scale.rs:41:5
[INFO] [stdout]    |
[INFO] [stdout] 41 |     slint::run_event_loop().unwrap();
[INFO] [stdout]    |     ^^^^^ use of unresolved module or unlinked crate `slint`
[INFO] [stdout]    |
[INFO] [stdout]    = help: if you wanted to use a crate named `slint`, use `cargo add slint` to add it to your `Cargo.toml`
[INFO] [stdout] 
[INFO] [stdout] 
[INFO] [stdout] error[E0433]: cannot find module or crate `slint` in this scope
[INFO] [stdout]   --> tests/click.rs:39:9
[INFO] [stdout]    |
[INFO] [stdout] 39 |         slint::quit_event_loop().unwrap();
[INFO] [stdout]    |         ^^^^^ use of unresolved module or unlinked crate `slint`
[INFO] [stdout]    |
[INFO] [stdout]    = help: if you wanted to use a crate named `slint`, use `cargo add slint` to add it to your `Cargo.toml`
[INFO] [stdout] 
[INFO] [stdout] 
[INFO] [stdout] error[E0433]: cannot find module or crate `slint` in this scope
[INFO] [stdout]   --> tests/click.rs:42:5
[INFO] [stdout]    |
[INFO] [stdout] 42 |     slint::run_event_loop().unwrap();
[INFO] [stdout]    |     ^^^^^ use of unresolved module or unlinked crate `slint`
[INFO] [stdout]    |
[INFO] [stdout]    = help: if you wanted to use a crate named `slint`, use `cargo add slint` to add it to your `Cargo.toml`
[INFO] [stdout] 
[INFO] [stdout] 
[INFO] [stderr] error: could not compile `i-slint-backend-testing` (test "click_transform_scale") due to 6 previous errors
[INFO] [stdout] For more information about this error, try `rustc --explain E0433`.
[INFO] [stdout] 
[INFO] [stderr] warning: build failed, waiting for other jobs to finish...
[INFO] [stdout] For more information about this error, try `rustc --explain E0433`.
[INFO] [stdout] 
[INFO] [stdout] error[E0433]: cannot find module or crate `slint` in this scope
[INFO] [stdout]   --> tests/layout_kind.rs:67:36
[INFO] [stdout]    |
[INFO] [stdout] 67 |         if descendant.id() == Some(slint::SharedString::from("Nested::inner")) {
[INFO] [stdout]    |                                    ^^^^^ use of unresolved module or unlinked crate `slint`
[INFO] [stdout]    |
[INFO] [stdout]    = help: if you wanted to use a crate named `slint`, use `cargo add slint` to add it to your `Cargo.toml`
[INFO] [stdout] 
[INFO] [stdout] 
[INFO] [stderr] error: could not compile `i-slint-backend-testing` (test "click") due to 6 previous errors
[INFO] [stdout] error[E0433]: cannot find module or crate `slint` in this scope
[INFO] [stdout]   --> tests/layout_kind.rs:77:43
[INFO] [stdout]    |
[INFO] [stdout] 77 |     assert_eq!(inner[0].type_name(), Some(slint::SharedString::from("HorizontalLayout")));
[INFO] [stdout]    |                                           ^^^^^ use of unresolved module or unlinked crate `slint`
[INFO] [stdout]    |
[INFO] [stdout]    = help: if you wanted to use a crate named `slint`, use `cargo add slint` to add it to your `Cargo.toml`
[INFO] [stdout] 
[INFO] [stdout] 
[INFO] [stdout] error[E0433]: cannot find module or crate `slint` in this scope
[INFO] [stdout]   --> tests/layout_kind.rs:97:43
[INFO] [stdout]    |
[INFO] [stdout] 97 |     assert_eq!(elems[0].type_name(), Some(slint::SharedString::from("HorizontalBox")));
[INFO] [stdout]    |                                           ^^^^^ use of unresolved module or unlinked crate `slint`
[INFO] [stdout]    |
[INFO] [stdout]    = help: if you wanted to use a crate named `slint`, use `cargo add slint` to add it to your `Cargo.toml`
[INFO] [stdout] 
[INFO] [stdout] 
[INFO] [stdout] error[E0433]: cannot find module or crate `slint` in this scope
[INFO] [stdout]    --> tests/layout_kind.rs:102:43
[INFO] [stdout]     |
[INFO] [stdout] 102 |     assert_eq!(elems[0].type_name(), Some(slint::SharedString::from("VerticalBox")));
[INFO] [stdout]     |                                           ^^^^^ use of unresolved module or unlinked crate `slint`
[INFO] [stdout]     |
[INFO] [stdout]     = help: if you wanted to use a crate named `slint`, use `cargo add slint` to add it to your `Cargo.toml`
[INFO] [stdout] 
[INFO] [stdout] 
[INFO] [stdout] error[E0433]: cannot find type `App` in this scope
[INFO] [stdout]   --> tests/layout_kind.rs:26:15
[INFO] [stdout]    |
[INFO] [stdout] 26 |     let app = App::new().unwrap();
[INFO] [stdout]    |               ^^^ use of undeclared type `App`
[INFO] [stdout] 
[INFO] [stdout] 
[INFO] [stdout] error[E0433]: cannot find type `Nested` in this scope
[INFO] [stdout]   --> tests/layout_kind.rs:55:18
[INFO] [stdout]    |
[INFO] [stdout] 55 |     let nested = Nested::new().unwrap();
[INFO] [stdout]    |                  ^^^^^^ use of undeclared type `Nested`
[INFO] [stdout] 
[INFO] [stdout] 
[INFO] [stdout] error[E0433]: cannot find type `Boxes` in this scope
[INFO] [stdout]   --> tests/layout_kind.rs:92:17
[INFO] [stdout]    |
[INFO] [stdout] 92 |     let boxes = Boxes::new().unwrap();
[INFO] [stdout]    |                 ^^^^^ use of undeclared type `Boxes`
[INFO] [stdout] 
[INFO] [stdout] 
[INFO] [stdout] For more information about this error, try `rustc --explain E0433`.
[INFO] [stdout] 
[INFO] [stderr] error: could not compile `i-slint-backend-testing` (test "layout_kind") due to 10 previous errors
[INFO] [stdout] error[E0433]: cannot find type `App` in this scope
[INFO] [stdout]     --> search_api.rs:1195:15
[INFO] [stdout]      |
[INFO] [stdout] 1195 |     let app = App::new().unwrap();
[INFO] [stdout]      |               ^^^ use of undeclared type `App`
[INFO] [stdout] 
[INFO] [stdout] 
[INFO] [stdout] error[E0433]: cannot find type `App` in this scope
[INFO] [stdout]     --> search_api.rs:1238:15
[INFO] [stdout]      |
[INFO] [stdout] 1238 |     let app = App::new().unwrap();
[INFO] [stdout]      |               ^^^ use of undeclared type `App`
[INFO] [stdout] 
[INFO] [stdout] 
[INFO] [stdout] error[E0433]: cannot find type `App` in this scope
[INFO] [stdout]     --> search_api.rs:1288:15
[INFO] [stdout]      |
[INFO] [stdout] 1288 |     let app = App::new().unwrap();
[INFO] [stdout]      |               ^^^ use of undeclared type `App`
[INFO] [stdout] 
[INFO] [stdout] 
[INFO] [stdout] error[E0433]: cannot find type `App` in this scope
[INFO] [stdout]     --> search_api.rs:1345:15
[INFO] [stdout]      |
[INFO] [stdout] 1345 |     let app = App::new().unwrap();
[INFO] [stdout]      |               ^^^ use of undeclared type `App`
[INFO] [stdout] 
[INFO] [stdout] 
[INFO] [stdout] error[E0433]: cannot find type `App` in this scope
[INFO] [stdout]     --> search_api.rs:1369:15
[INFO] [stdout]      |
[INFO] [stdout] 1369 |     let app = App::new().unwrap();
[INFO] [stdout]      |               ^^^ use of undeclared type `App`
[INFO] [stdout] 
[INFO] [stdout] 
[INFO] [stdout] error[E0433]: cannot find type `App` in this scope
[INFO] [stdout]     --> search_api.rs:1441:15
[INFO] [stdout]      |
[INFO] [stdout] 1441 |     let app = App::new().unwrap();
[INFO] [stdout]      |               ^^^ use of undeclared type `App`
[INFO] [stdout] 
[INFO] [stdout] 
[INFO] [stdout] error[E0433]: cannot find type `App` in this scope
[INFO] [stdout]     --> search_api.rs:1511:15
[INFO] [stdout]      |
[INFO] [stdout] 1511 |     let app = App::new().unwrap();
[INFO] [stdout]      |               ^^^ use of undeclared type `App`
[INFO] [stdout] 
[INFO] [stdout] 
[INFO] [stdout] error[E0433]: cannot find type `App` in this scope
[INFO] [stdout]     --> search_api.rs:1553:15
[INFO] [stdout]      |
[INFO] [stdout] 1553 |     let app = App::new().unwrap();
[INFO] [stdout]      |               ^^^ use of undeclared type `App`
[INFO] [stdout] 
[INFO] [stdout] 
[INFO] [stdout] For more information about this error, try `rustc --explain E0433`.
[INFO] [stdout] 
[INFO] [stderr] error: could not compile `i-slint-backend-testing` (lib test) due to 16 previous errors
[INFO] running `Command { std: "docker" "inspect" "3008c5b3b35e6caccc1fdb75c166922b82f2207cf5703ed8c92f3a8649cddf62", kill_on_drop: false }`
[INFO] running `Command { std: "docker" "rm" "-f" "3008c5b3b35e6caccc1fdb75c166922b82f2207cf5703ed8c92f3a8649cddf62", kill_on_drop: false }`
[INFO] [stdout] 3008c5b3b35e6caccc1fdb75c166922b82f2207cf5703ed8c92f3a8649cddf62
