[INFO] fetching crate hypersync-net-types 0.13.0-arbitrum-test.0...
[INFO] testing hypersync-net-types-0.13.0-arbitrum-test.0 against 1.100.0-beta.1+cargoflags=--release for beta-release-1.100-2
[INFO] extracting crate hypersync-net-types 0.13.0-arbitrum-test.0 into /workspace/builds/worker-7-tc2/source
[INFO] started tweaking crates.io crate hypersync-net-types 0.13.0-arbitrum-test.0
[INFO] removed 0 missing tests
[INFO] finished tweaking crates.io crate hypersync-net-types 0.13.0-arbitrum-test.0
[INFO] tweaked toml for crates.io crate hypersync-net-types 0.13.0-arbitrum-test.0 written to /workspace/builds/worker-7-tc2/source/Cargo.toml
[INFO] validating manifest of crates.io crate hypersync-net-types 0.13.0-arbitrum-test.0 on toolchain 1.100.0-beta.1
[INFO] running `Command { std: CARGO_HOME="/workspace/cargo-home" RUSTUP_HOME="/workspace/rustup-home" "/workspace/cargo-home/bin/cargo" "+1.100.0-beta.1" "metadata" "--manifest-path" "Cargo.toml" "--no-deps", kill_on_drop: false }`
[INFO] crate crates.io crate hypersync-net-types 0.13.0-arbitrum-test.0 already has a lockfile, it will not be regenerated
[INFO] running `Command { std: CARGO_HOME="/workspace/cargo-home" RUSTUP_HOME="/workspace/rustup-home" "/workspace/cargo-home/bin/cargo" "+1.100.0-beta.1" "fetch" "--manifest-path" "Cargo.toml", kill_on_drop: false }`
[INFO] running `Command { std: "docker" "create" "-v" "/var/lib/crater-agent-workspace/builds/worker-7-tc2/source:/opt/rustwide/workdir:ro,Z" "-v" "/var/lib/crater-agent-workspace/builds/worker-7-tc2/target:/opt/rustwide/target:rw,Z" "-v" "/var/lib/crater-agent-workspace/cargo-home:/opt/rustwide/cargo-home:ro,Z" "-v" "/var/lib/crater-agent-workspace/rustup-home:/opt/rustwide/rustup-home:ro,Z" "-m" "1610612736" "--network" "none" "ghcr.io/rust-lang/crates-build-env/linux@sha256:77db811e55d90add9212f6832c23229e3de5f1c1f9905e8cb07319ea15df73ac" "sleep" "infinity", kill_on_drop: false }`
[INFO] [stdout] cec499c173df5047504a489340a9931895aa1befe7c1fc16bc1d97e931e68bea
[INFO] running `Command { std: "docker" "start" "cec499c173df5047504a489340a9931895aa1befe7c1fc16bc1d97e931e68bea", kill_on_drop: false }`
[INFO] running `Command { std: "docker" "inspect" "cec499c173df5047504a489340a9931895aa1befe7c1fc16bc1d97e931e68bea", kill_on_drop: false }`
[INFO] running `Command { std: "docker" "exec" "-e" "SOURCE_DIR=/opt/rustwide/workdir" "-e" "CARGO_HOME=/opt/rustwide/cargo-home" "-e" "RUSTUP_HOME=/opt/rustwide/rustup-home" "-e" "CARGO_TARGET_DIR=/opt/rustwide/target" "-w" "/opt/rustwide/workdir" "--user" "0:0" "cec499c173df5047504a489340a9931895aa1befe7c1fc16bc1d97e931e68bea" "/opt/rustwide/cargo-home/bin/cargo" "+1.100.0-beta.1" "metadata" "--no-deps" "--format-version=1", kill_on_drop: false }`
[INFO] running `Command { std: "docker" "inspect" "cec499c173df5047504a489340a9931895aa1befe7c1fc16bc1d97e931e68bea", kill_on_drop: false }`
[INFO] running `Command { std: "docker" "exec" "-e" "SOURCE_DIR=/opt/rustwide/workdir" "-e" "CARGO_HOME=/opt/rustwide/cargo-home" "-e" "RUSTUP_HOME=/opt/rustwide/rustup-home" "-e" "CARGO_TARGET_DIR=/opt/rustwide/target" "-e" "CARGO_INCREMENTAL=0" "-e" "RUST_BACKTRACE=full" "-e" "RUSTFLAGS=--cap-lints=warn" "-e" "RUSTDOCFLAGS=--cap-lints=warn" "-w" "/opt/rustwide/workdir" "--user" "0:0" "cec499c173df5047504a489340a9931895aa1befe7c1fc16bc1d97e931e68bea" "/opt/rustwide/cargo-home/bin/cargo" "+1.100.0-beta.1" "build" "--frozen" "--message-format=json" "--release", kill_on_drop: false }`
[INFO] [stderr]    Compiling unicode-segmentation v1.13.2
[INFO] [stderr]    Compiling serde_json v1.0.150
[INFO] [stderr]    Compiling foldhash v0.2.0
[INFO] [stderr]    Compiling hybrid-array v0.4.12
[INFO] [stderr]    Compiling keccak v0.2.0
[INFO] [stderr]    Compiling ruint-macro v1.2.1
[INFO] [stderr]    Compiling fastrange-rs v0.1.0
[INFO] [stderr]    Compiling const-hex v1.19.1
[INFO] [stderr]    Compiling rustc-hash v2.1.2
[INFO] [stderr]    Compiling bytes v1.11.1
[INFO] [stderr]    Compiling serde_derive v1.0.228
[INFO] [stderr]    Compiling ref-cast-impl v1.0.25
[INFO] [stderr]    Compiling thiserror-impl v1.0.69
[INFO] [stderr]    Compiling serde_derive_internals v0.29.1
[INFO] [stderr]    Compiling xxhash-rust v0.8.15
[INFO] [stderr]    Compiling sbbf-rs v0.2.8
[INFO] [stderr]    Compiling nohash-hasher v0.2.0
[INFO] [stderr]    Compiling strum_macros v0.27.2
[INFO] [stderr]    Compiling strum v0.27.2
[INFO] [stderr]    Compiling capnp v0.23.2
[INFO] [stderr]    Compiling sbbf-rs-safe v0.3.2
[INFO] [stderr]    Compiling hashbrown v0.17.1
[INFO] [stderr]    Compiling ruint v1.18.0
[INFO] [stderr]    Compiling convert_case v0.10.0
[INFO] [stderr]    Compiling convert_case v0.6.0
[INFO] [stderr]    Compiling ref-cast v1.0.25
[INFO] [stderr]    Compiling block-buffer v0.12.0
[INFO] [stderr]    Compiling crypto-common v0.2.2
[INFO] [stderr]    Compiling derive_more-impl v2.1.1
[INFO] [stderr]    Compiling thiserror v1.0.69
[INFO] [stderr]    Compiling derive_more-impl v1.0.0
[INFO] [stderr]    Compiling schemars_derive v1.2.1
[INFO] [stderr]    Compiling digest v0.11.3
[INFO] [stderr]    Compiling sha3 v0.11.0
[INFO] [stderr]    Compiling serde v1.0.228
[INFO] [stderr]    Compiling derive_more v1.0.0
[INFO] [stderr]    Compiling derive_more v2.1.1
[INFO] [stderr]    Compiling alloy-primitives v1.6.0
[INFO] [stderr]    Compiling faster-hex v0.9.0
[INFO] [stderr]    Compiling arrayvec v0.7.6
[INFO] [stderr]    Compiling schemars v1.2.1
[INFO] [stderr]    Compiling hypersync-format v0.8.0-arbitrum-test.0
[INFO] [stderr]    Compiling hypersync-net-types v0.13.0-arbitrum-test.0 (/opt/rustwide/workdir)
[INFO] [stderr]     Finished `release` profile [optimized] target(s) in 18.40s
[INFO] running `Command { std: "docker" "inspect" "cec499c173df5047504a489340a9931895aa1befe7c1fc16bc1d97e931e68bea", kill_on_drop: false }`
[INFO] running `Command { std: "docker" "exec" "-e" "SOURCE_DIR=/opt/rustwide/workdir" "-e" "CARGO_HOME=/opt/rustwide/cargo-home" "-e" "RUSTUP_HOME=/opt/rustwide/rustup-home" "-e" "CARGO_TARGET_DIR=/opt/rustwide/target" "-e" "CARGO_INCREMENTAL=0" "-e" "RUST_BACKTRACE=full" "-e" "RUSTFLAGS=--cap-lints=warn" "-e" "RUSTDOCFLAGS=--cap-lints=warn" "-w" "/opt/rustwide/workdir" "--user" "0:0" "cec499c173df5047504a489340a9931895aa1befe7c1fc16bc1d97e931e68bea" "/opt/rustwide/cargo-home/bin/cargo" "+1.100.0-beta.1" "test" "--frozen" "--no-run" "--message-format=json" "--release", kill_on_drop: false }`
[INFO] [stderr]    Compiling libc v0.2.186
[INFO] [stderr]    Compiling serde_json v1.0.150
[INFO] [stderr]    Compiling generic-array v0.14.7
[INFO] [stderr]    Compiling proc-macro-error-attr2 v2.0.0
[INFO] [stderr]    Compiling zstd-safe v7.2.4
[INFO] [stderr]    Compiling bytecount v0.6.9
[INFO] [stderr]    Compiling testing_table v0.3.0
[INFO] [stderr]    Compiling twox-hash v2.1.2
[INFO] [stderr]    Compiling keccak v0.1.6
[INFO] [stderr]    Compiling flate2 v1.1.9
[INFO] [stderr]    Compiling papergrid v0.17.0
[INFO] [stderr]    Compiling lz4_flex v0.11.6
[INFO] [stderr]    Compiling proc-macro-error2 v2.0.1
[INFO] [stderr]    Compiling tabled_derive v0.11.0
[INFO] [stderr]    Compiling block-buffer v0.10.4
[INFO] [stderr]    Compiling crypto-common v0.1.7
[INFO] [stderr]    Compiling digest v0.10.7
[INFO] [stderr]    Compiling sha3 v0.10.9
[INFO] [stderr]    Compiling schemars v1.2.1
[INFO] [stderr]    Compiling jobserver v0.1.34
[INFO] [stderr]    Compiling tabled v0.20.0
[INFO] [stderr]    Compiling cc v1.2.62
[INFO] [stderr]    Compiling hypersync-net-types v0.13.0-arbitrum-test.0 (/opt/rustwide/workdir)
[INFO] [stderr]    Compiling zstd-sys v2.0.16+zstd.1.5.7
[INFO] [stderr]    Compiling zstd v0.13.3
[INFO] [stdout] error[E0433]: cannot find module or crate `hypersync_schema` in this scope
[INFO] [stdout]    --> src/block.rs:456:22
[INFO] [stdout]     |
[INFO] [stdout] 456 |         let schema = hypersync_schema::block_header();
[INFO] [stdout]     |                      ^^^^^^^^^^^^^^^^ use of unresolved module or unlinked crate `hypersync_schema`
[INFO] [stdout]     |
[INFO] [stdout] help: there is a crate or module with a similar name
[INFO] [stdout]     |
[INFO] [stdout] 456 -         let schema = hypersync_schema::block_header();
[INFO] [stdout] 456 +         let schema = hypersync_format::block_header();
[INFO] [stdout]     |
[INFO] [stdout] 
[INFO] [stdout] 
[INFO] [stdout] error[E0433]: cannot find module or crate `hypersync_schema` in this scope
[INFO] [stdout]    --> src/block.rs:509:22
[INFO] [stdout]     |
[INFO] [stdout] 509 |         for field in hypersync_schema::block_header().fields.iter() {
[INFO] [stdout]     |                      ^^^^^^^^^^^^^^^^ use of unresolved module or unlinked crate `hypersync_schema`
[INFO] [stdout]     |
[INFO] [stdout] help: there is a crate or module with a similar name
[INFO] [stdout]     |
[INFO] [stdout] 509 -         for field in hypersync_schema::block_header().fields.iter() {
[INFO] [stdout] 509 +         for field in hypersync_format::block_header().fields.iter() {
[INFO] [stdout]     |
[INFO] [stdout] 
[INFO] [stdout] 
[INFO] [stdout] error[E0433]: cannot find module or crate `hypersync_schema` in this scope
[INFO] [stdout]    --> src/log.rs:565:22
[INFO] [stdout]     |
[INFO] [stdout] 565 |         let schema = hypersync_schema::log();
[INFO] [stdout]     |                      ^^^^^^^^^^^^^^^^ use of unresolved module or unlinked crate `hypersync_schema`
[INFO] [stdout]     |
[INFO] [stdout] help: there is a crate or module with a similar name
[INFO] [stdout]     |
[INFO] [stdout] 565 -         let schema = hypersync_schema::log();
[INFO] [stdout] 565 +         let schema = hypersync_format::log();
[INFO] [stdout]     |
[INFO] [stdout] 
[INFO] [stdout] 
[INFO] [stdout] error[E0433]: cannot find module or crate `hypersync_schema` in this scope
[INFO] [stdout]    --> src/log.rs:699:22
[INFO] [stdout]     |
[INFO] [stdout] 699 |         for field in hypersync_schema::log().fields.iter() {
[INFO] [stdout]     |                      ^^^^^^^^^^^^^^^^ use of unresolved module or unlinked crate `hypersync_schema`
[INFO] [stdout]     |
[INFO] [stdout] help: there is a crate or module with a similar name
[INFO] [stdout]     |
[INFO] [stdout] 699 -         for field in hypersync_schema::log().fields.iter() {
[INFO] [stdout] 699 +         for field in hypersync_format::log().fields.iter() {
[INFO] [stdout]     |
[INFO] [stdout] 
[INFO] [stdout] 
[INFO] [stdout] error[E0433]: cannot find module or crate `hypersync_schema` in this scope
[INFO] [stdout]    --> src/trace.rs:820:22
[INFO] [stdout]     |
[INFO] [stdout] 820 |         let schema = hypersync_schema::trace();
[INFO] [stdout]     |                      ^^^^^^^^^^^^^^^^ use of unresolved module or unlinked crate `hypersync_schema`
[INFO] [stdout]     |
[INFO] [stdout] help: there is a crate or module with a similar name
[INFO] [stdout]     |
[INFO] [stdout] 820 -         let schema = hypersync_schema::trace();
[INFO] [stdout] 820 +         let schema = hypersync_format::trace();
[INFO] [stdout]     |
[INFO] [stdout] 
[INFO] [stdout] 
[INFO] [stdout] error[E0433]: cannot find module or crate `hypersync_schema` in this scope
[INFO] [stdout]    --> src/trace.rs:883:22
[INFO] [stdout]     |
[INFO] [stdout] 883 |         for field in hypersync_schema::trace().fields.iter() {
[INFO] [stdout]     |                      ^^^^^^^^^^^^^^^^ use of unresolved module or unlinked crate `hypersync_schema`
[INFO] [stdout]     |
[INFO] [stdout] help: there is a crate or module with a similar name
[INFO] [stdout]     |
[INFO] [stdout] 883 -         for field in hypersync_schema::trace().fields.iter() {
[INFO] [stdout] 883 +         for field in hypersync_format::trace().fields.iter() {
[INFO] [stdout]     |
[INFO] [stdout] 
[INFO] [stdout] 
[INFO] [stdout] error[E0433]: cannot find module or crate `hypersync_schema` in this scope
[INFO] [stdout]     --> src/transaction.rs:1371:22
[INFO] [stdout]      |
[INFO] [stdout] 1371 |         let schema = hypersync_schema::transaction();
[INFO] [stdout]      |                      ^^^^^^^^^^^^^^^^ use of unresolved module or unlinked crate `hypersync_schema`
[INFO] [stdout]      |
[INFO] [stdout] help: there is a crate or module with a similar name
[INFO] [stdout]      |
[INFO] [stdout] 1371 -         let schema = hypersync_schema::transaction();
[INFO] [stdout] 1371 +         let schema = hypersync_format::transaction();
[INFO] [stdout]      |
[INFO] [stdout] 
[INFO] [stdout] 
[INFO] [stdout] error[E0433]: cannot find module or crate `hypersync_schema` in this scope
[INFO] [stdout]     --> src/transaction.rs:1488:22
[INFO] [stdout]      |
[INFO] [stdout] 1488 |         for field in hypersync_schema::transaction().fields.iter() {
[INFO] [stdout]      |                      ^^^^^^^^^^^^^^^^ use of unresolved module or unlinked crate `hypersync_schema`
[INFO] [stdout]      |
[INFO] [stdout] help: there is a crate or module with a similar name
[INFO] [stdout]      |
[INFO] [stdout] 1488 -         for field in hypersync_schema::transaction().fields.iter() {
[INFO] [stdout] 1488 +         for field in hypersync_format::transaction().fields.iter() {
[INFO] [stdout]      |
[INFO] [stdout] 
[INFO] [stdout] 
[INFO] [stdout] For more information about this error, try `rustc --explain E0433`.
[INFO] [stdout] 
[INFO] [stderr] error: could not compile `hypersync-net-types` (lib test) due to 8 previous errors
[INFO] [stderr] warning: build failed, waiting for other jobs to finish...
[INFO] running `Command { std: "docker" "inspect" "cec499c173df5047504a489340a9931895aa1befe7c1fc16bc1d97e931e68bea", kill_on_drop: false }`
[INFO] running `Command { std: "docker" "rm" "-f" "cec499c173df5047504a489340a9931895aa1befe7c1fc16bc1d97e931e68bea", kill_on_drop: false }`
[INFO] [stdout] cec499c173df5047504a489340a9931895aa1befe7c1fc16bc1d97e931e68bea
