[INFO] fetching crate hyperswarm 0.1.0...
[INFO] testing hyperswarm-0.1.0 against 1.99.0-beta.8+cargoflags=--release for beta-release-1.100-2
[INFO] extracting crate hyperswarm 0.1.0 into /workspace/builds/worker-5-tc1/source
[INFO] started tweaking crates.io crate hyperswarm 0.1.0
[INFO] removed 0 missing tests
[INFO] finished tweaking crates.io crate hyperswarm 0.1.0
[INFO] tweaked toml for crates.io crate hyperswarm 0.1.0 written to /workspace/builds/worker-5-tc1/source/Cargo.toml
[INFO] validating manifest of crates.io crate hyperswarm 0.1.0 on toolchain 1.99.0-beta.8
[INFO] running `Command { std: CARGO_HOME="/workspace/cargo-home" RUSTUP_HOME="/workspace/rustup-home" "/workspace/cargo-home/bin/cargo" "+1.99.0-beta.8" "metadata" "--manifest-path" "Cargo.toml" "--no-deps", kill_on_drop: false }`
[INFO] crate crates.io crate hyperswarm 0.1.0 already has a lockfile, it will not be regenerated
[INFO] running `Command { std: CARGO_HOME="/workspace/cargo-home" RUSTUP_HOME="/workspace/rustup-home" "/workspace/cargo-home/bin/cargo" "+1.99.0-beta.8" "fetch" "--manifest-path" "Cargo.toml", kill_on_drop: false }`
[INFO] [stderr]     Updating crates.io index
[INFO] [stderr]  Downloading crates ...
[INFO] [stderr]   Downloaded udx-udp v0.2.0
[INFO] [stderr]   Downloaded atomic-instant v0.1.1
[INFO] [stderr]   Downloaded udx v0.2.0
[INFO] [stderr]   Downloaded uint24le_framing v0.2.0
[INFO] [stderr]   Downloaded hyperdht v0.1.1
[INFO] [stderr]   Downloaded crossbeam v0.7.3
[INFO] [stderr]   Downloaded atomic-shim v0.1.0
[INFO] [stderr]   Downloaded xattr v1.5.1
[INFO] [stderr]   Downloaded tar v0.4.44
[INFO] [stderr]   Downloaded libflate_lz77 v2.1.0
[INFO] [stderr]   Downloaded libredox v0.1.4
[INFO] [stderr]   Downloaded quanta v0.7.2
[INFO] [stderr]   Downloaded minisign-verify v0.2.4
[INFO] [stderr]   Downloaded dary_heap v0.3.7
[INFO] [stderr]   Downloaded libflate v2.1.0
[INFO] [stderr]   Downloaded hypercore_handshake v0.6.0
[INFO] [stderr]   Downloaded crossbeam-channel v0.4.4
[INFO] [stderr]   Downloaded crypto_secretstream v0.2.0
[INFO] [stderr]   Downloaded cc v1.2.27
[INFO] [stderr]   Downloaded prost-derive v0.6.1
[INFO] [stderr]   Downloaded dht-rpc v0.0.2
[INFO] [stderr]   Downloaded prost v0.6.1
[INFO] [stderr]   Downloaded prost-types v0.6.1
[INFO] [stderr]   Downloaded compact-encoding v2.2.0
[INFO] [stderr]   Downloaded async-compat v0.2.4
[INFO] [stderr]   Downloaded const-hex v1.14.1
[INFO] [stderr]   Downloaded proptest v1.7.0
[INFO] [stderr]   Downloaded snow v0.10.0
[INFO] [stderr]   Downloaded libsodium-sys-stable v1.22.3
[INFO] [stderr]   Downloaded prost-build v0.6.1
[INFO] running `Command { std: "docker" "create" "-v" "/var/lib/crater-agent-workspace/builds/worker-5-tc1/source:/opt/rustwide/workdir:ro,Z" "-v" "/var/lib/crater-agent-workspace/builds/worker-5-tc1/target:/opt/rustwide/target:rw,Z" "-v" "/var/lib/crater-agent-workspace/cargo-home:/opt/rustwide/cargo-home:ro,Z" "-v" "/var/lib/crater-agent-workspace/rustup-home:/opt/rustwide/rustup-home:ro,Z" "-m" "1610612736" "--network" "none" "ghcr.io/rust-lang/crates-build-env/linux@sha256:77db811e55d90add9212f6832c23229e3de5f1c1f9905e8cb07319ea15df73ac" "sleep" "infinity", kill_on_drop: false }`
[INFO] [stdout] 90c3d8da06d45783441ec36bfad313c2e25478f53c9cb9336a5ca4de5bc451c6
[INFO] running `Command { std: "docker" "start" "90c3d8da06d45783441ec36bfad313c2e25478f53c9cb9336a5ca4de5bc451c6", kill_on_drop: false }`
[INFO] running `Command { std: "docker" "inspect" "90c3d8da06d45783441ec36bfad313c2e25478f53c9cb9336a5ca4de5bc451c6", kill_on_drop: false }`
[INFO] running `Command { std: "docker" "exec" "-e" "SOURCE_DIR=/opt/rustwide/workdir" "-e" "CARGO_HOME=/opt/rustwide/cargo-home" "-e" "RUSTUP_HOME=/opt/rustwide/rustup-home" "-e" "CARGO_TARGET_DIR=/opt/rustwide/target" "-w" "/opt/rustwide/workdir" "--user" "0:0" "90c3d8da06d45783441ec36bfad313c2e25478f53c9cb9336a5ca4de5bc451c6" "/opt/rustwide/cargo-home/bin/cargo" "+1.99.0-beta.8" "metadata" "--no-deps" "--format-version=1", kill_on_drop: false }`
[INFO] running `Command { std: "docker" "inspect" "90c3d8da06d45783441ec36bfad313c2e25478f53c9cb9336a5ca4de5bc451c6", kill_on_drop: false }`
[INFO] running `Command { std: "docker" "exec" "-e" "SOURCE_DIR=/opt/rustwide/workdir" "-e" "CARGO_HOME=/opt/rustwide/cargo-home" "-e" "RUSTUP_HOME=/opt/rustwide/rustup-home" "-e" "CARGO_TARGET_DIR=/opt/rustwide/target" "-e" "CARGO_INCREMENTAL=0" "-e" "RUST_BACKTRACE=full" "-e" "RUSTFLAGS=--cap-lints=warn" "-e" "RUSTDOCFLAGS=--cap-lints=warn" "-w" "/opt/rustwide/workdir" "--user" "0:0" "90c3d8da06d45783441ec36bfad313c2e25478f53c9cb9336a5ca4de5bc451c6" "/opt/rustwide/cargo-home/bin/cargo" "+1.99.0-beta.8" "build" "--frozen" "--message-format=json" "--release", kill_on_drop: false }`
[INFO] [stderr]    Compiling syn v2.0.117
[INFO] [stderr]    Compiling zerocopy v0.8.26
[INFO] [stderr]    Compiling stable_deref_trait v1.2.0
[INFO] [stderr]    Compiling cfg-if v1.0.1
[INFO] [stderr]    Compiling litemap v0.8.0
[INFO] [stderr]    Compiling writeable v0.6.1
[INFO] [stderr]    Compiling semver v1.0.26
[INFO] [stderr]    Compiling zeroize v1.8.1
[INFO] [stderr]    Compiling icu_properties_data v2.0.1
[INFO] [stderr]    Compiling futures-io v0.3.31
[INFO] [stderr]    Compiling getrandom v0.2.16
[INFO] [stderr]    Compiling icu_normalizer_data v2.0.0
[INFO] [stderr]    Compiling cc v1.2.27
[INFO] [stderr]    Compiling block-padding v0.3.3
[INFO] [stderr]    Compiling once_cell v1.21.3
[INFO] [stderr]    Compiling futures-sink v0.3.31
[INFO] [stderr]    Compiling smallvec v1.15.1
[INFO] [stderr]    Compiling futures-channel v0.3.31
[INFO] [stderr]    Compiling crc32fast v1.4.2
[INFO] [stderr]    Compiling ahash v0.8.12
[INFO] [stderr]    Compiling inout v0.1.4
[INFO] [stderr]    Compiling memchr v2.7.5
[INFO] [stderr]    Compiling rand_core v0.6.4
[INFO] [stderr]    Compiling rustix v1.0.7
[INFO] [stderr]    Compiling allocator-api2 v0.2.21
[INFO] [stderr]    Compiling percent-encoding v2.3.1
[INFO] [stderr]    Compiling linux-raw-sys v0.9.4
[INFO] [stderr]    Compiling utf8_iter v1.0.4
[INFO] [stderr]    Compiling log v0.4.27
[INFO] [stderr]    Compiling crypto-common v0.1.6
[INFO] [stderr]    Compiling bitflags v2.9.1
[INFO] [stderr]    Compiling miniz_oxide v0.8.9
[INFO] [stderr]    Compiling thiserror v2.0.17
[INFO] [stderr]    Compiling universal-hash v0.5.1
[INFO] [stderr]    Compiling cipher v0.4.4
[INFO] [stderr]    Compiling digest v0.10.7
[INFO] [stderr]    Compiling form_urlencoded v1.2.1
[INFO] [stderr]    Compiling bumpalo v3.19.0
[INFO] [stderr]    Compiling hashbrown v0.15.4
[INFO] [stderr]    Compiling core2 v0.4.0
[INFO] [stderr]    Compiling zip v2.4.2
[INFO] [stderr]    Compiling simd-adler32 v0.3.7
[INFO] [stderr]    Compiling rle-decode-fast v1.0.3
[INFO] [stderr]    Compiling aead v0.5.2
[INFO] [stderr]    Compiling filetime v0.2.25
[INFO] [stderr]    Compiling socket2 v0.5.10
[INFO] [stderr]    Compiling dary_heap v0.3.7
[INFO] [stderr]    Compiling rustc_version v0.4.1
[INFO] [stderr]    Compiling adler32 v1.2.0
[INFO] [stderr]    Compiling base64 v0.22.1
[INFO] [stderr]    Compiling raw-cpuid v9.1.1
[INFO] [stderr]    Compiling chacha20 v0.9.1
[INFO] [stderr]    Compiling flate2 v1.1.2
[INFO] [stderr]    Compiling getrandom v0.1.16
[INFO] [stderr]    Compiling polyval v0.6.2
[INFO] [stderr]    Compiling zopfli v0.8.2
[INFO] [stderr]    Compiling curve25519-dalek v4.1.3
[INFO] [stderr]    Compiling poly1305 v0.8.0
[INFO] [stderr]    Compiling instant v0.1.13
[INFO] [stderr]    Compiling minisign-verify v0.2.4
[INFO] [stderr]    Compiling getrandom v0.3.3
[INFO] [stderr]    Compiling crunchy v0.2.4
[INFO] [stderr]    Compiling atomic-shim v0.1.0
[INFO] [stderr]    Compiling parking_lot_core v0.8.6
[INFO] [stderr]    Compiling ghash v0.5.1
[INFO] [stderr]    Compiling rand_core v0.5.1
[INFO] [stderr]    Compiling snow v0.10.0
[INFO] [stderr]    Compiling parking_lot_core v0.9.11
[INFO] [stderr]    Compiling ctr v0.9.2
[INFO] [stderr]    Compiling aes v0.8.4
[INFO] [stderr]    Compiling sha2 v0.10.9
[INFO] [stderr]    Compiling indexmap v2.10.0
[INFO] [stderr]    Compiling socket2 v0.4.10
[INFO] [stderr]    Compiling signature v2.2.0
[INFO] [stderr]    Compiling parking_lot v0.11.2
[INFO] [stderr]    Compiling ed25519 v2.2.3
[INFO] [stderr]    Compiling parking_lot v0.12.4
[INFO] [stderr]    Compiling chacha20poly1305 v0.10.1
[INFO] [stderr]    Compiling blake2 v0.10.6
[INFO] [stderr]    Compiling fastrand v1.9.0
[INFO] [stderr]    Compiling ring v0.17.14
[INFO] [stderr]    Compiling aes-gcm v0.10.3
[INFO] [stderr]    Compiling byteorder v1.5.0
[INFO] [stderr]    Compiling waker-fn v1.2.0
[INFO] [stderr]    Compiling rustc-hex v2.1.0
[INFO] [stderr]    Compiling quanta v0.7.2
[INFO] [stderr]    Compiling futures-lite v1.13.0
[INFO] [stderr]    Compiling crypto_secretstream v0.2.0
[INFO] [stderr]    Compiling uint v0.8.5
[INFO] [stderr]    Compiling atomic-instant v0.1.1
[INFO] [stderr]    Compiling compact-encoding v2.2.0
[INFO] [stderr]    Compiling arrayvec v0.5.2
[INFO] [stderr]    Compiling const-hex v1.14.1
[INFO] [stderr]    Compiling xattr v1.5.1
[INFO] [stderr]    Compiling tar v0.4.44
[INFO] [stderr]    Compiling hashbrown v0.14.5
[INFO] [stderr]    Compiling libflate_lz77 v2.1.0
[INFO] [stderr]    Compiling ppv-lite86 v0.2.21
[INFO] [stderr]    Compiling libflate v2.1.0
[INFO] [stderr]    Compiling rand_chacha v0.3.1
[INFO] [stderr]    Compiling rand_chacha v0.2.2
[INFO] [stderr]    Compiling rand v0.7.3
[INFO] [stderr]    Compiling rand v0.8.5
[INFO] [stderr]    Compiling synstructure v0.13.2
[INFO] [stderr]    Compiling darling_core v0.20.11
[INFO] [stderr]    Compiling zerofrom-derive v0.1.6
[INFO] [stderr]    Compiling yoke-derive v0.8.0
[INFO] [stderr]    Compiling zerovec-derive v0.11.1
[INFO] [stderr]    Compiling displaydoc v0.2.5
[INFO] [stderr]    Compiling thiserror-impl v2.0.17
[INFO] [stderr]    Compiling futures-macro v0.3.31
[INFO] [stderr]    Compiling tracing-attributes v0.1.30
[INFO] [stderr]    Compiling tokio-macros v2.5.0
[INFO] [stderr]    Compiling curve25519-dalek-derive v0.1.1
[INFO] [stderr]    Compiling thiserror-impl v1.0.69
[INFO] [stderr]    Compiling tokio v1.45.1
[INFO] [stderr]    Compiling tracing v0.1.41
[INFO] [stderr]    Compiling thiserror v1.0.69
[INFO] [stderr]    Compiling futures-util v0.3.31
[INFO] [stderr]    Compiling zerofrom v0.1.6
[INFO] [stderr]    Compiling yoke v0.8.0
[INFO] [stderr]    Compiling zerovec v0.11.2
[INFO] [stderr]    Compiling zerotrie v0.2.2
[INFO] [stderr]    Compiling darling_macro v0.20.11
[INFO] [stderr]    Compiling darling v0.20.11
[INFO] [stderr]    Compiling ed25519-dalek v2.2.0
[INFO] [stderr]    Compiling derive_builder_core v0.20.2
[INFO] [stderr]    Compiling tinystr v0.8.1
[INFO] [stderr]    Compiling potential_utf v0.1.2
[INFO] [stderr]    Compiling icu_locale_core v2.0.0
[INFO] [stderr]    Compiling icu_collections v2.0.0
[INFO] [stderr]    Compiling derive_builder_macro v0.20.2
[INFO] [stderr]    Compiling derive_builder v0.20.2
[INFO] [stderr]    Compiling icu_provider v2.0.0
[INFO] [stderr]    Compiling icu_normalizer v2.0.0
[INFO] [stderr]    Compiling icu_properties v2.0.1
[INFO] [stderr]    Compiling futures-executor v0.3.31
[INFO] [stderr]    Compiling futures v0.3.31
[INFO] [stderr]    Compiling wasm-timer v0.2.5
[INFO] [stderr]    Compiling uint24le_framing v0.2.0
[INFO] [stderr]    Compiling idna_adapter v1.2.1
[INFO] [stderr]    Compiling idna v1.0.3
[INFO] [stderr]    Compiling url v2.5.4
[INFO] [stderr]    Compiling ureq v2.12.1
[INFO] [stderr]    Compiling udx-udp v0.2.0
[INFO] [stderr]    Compiling async-compat v0.2.4
[INFO] [stderr]    Compiling udx v0.2.0
[INFO] [stderr]    Compiling libsodium-sys-stable v1.22.3
[INFO] [stderr]    Compiling hypercore_handshake v0.6.0
[INFO] [stderr]    Compiling dht-rpc v0.0.2
[INFO] [stderr]    Compiling hyperdht v0.1.1
[INFO] [stderr]    Compiling hyperswarm v0.1.0 (/opt/rustwide/workdir)
[INFO] [stderr]     Finished `release` profile [optimized] target(s) in 1m 50s
[INFO] running `Command { std: "docker" "inspect" "90c3d8da06d45783441ec36bfad313c2e25478f53c9cb9336a5ca4de5bc451c6", kill_on_drop: false }`
[INFO] running `Command { std: "docker" "exec" "-e" "SOURCE_DIR=/opt/rustwide/workdir" "-e" "CARGO_HOME=/opt/rustwide/cargo-home" "-e" "RUSTUP_HOME=/opt/rustwide/rustup-home" "-e" "CARGO_TARGET_DIR=/opt/rustwide/target" "-e" "CARGO_INCREMENTAL=0" "-e" "RUST_BACKTRACE=full" "-e" "RUSTFLAGS=--cap-lints=warn" "-e" "RUSTDOCFLAGS=--cap-lints=warn" "-w" "/opt/rustwide/workdir" "--user" "0:0" "90c3d8da06d45783441ec36bfad313c2e25478f53c9cb9336a5ca4de5bc451c6" "/opt/rustwide/cargo-home/bin/cargo" "+1.99.0-beta.8" "test" "--frozen" "--no-run" "--message-format=json" "--release", kill_on_drop: false }`
[INFO] [stderr]    Compiling tracing-core v0.1.34
[INFO] [stderr]    Compiling regex-syntax v0.6.29
[INFO] [stderr]    Compiling regex-syntax v0.8.5
[INFO] [stderr]    Compiling overload v0.1.1
[INFO] [stderr]    Compiling sharded-slab v0.1.7
[INFO] [stderr]    Compiling thread_local v1.1.9
[INFO] [stderr]    Compiling nu-ansi-term v0.46.0
[INFO] [stderr]    Compiling tracing v0.1.41
[INFO] [stderr]    Compiling tracing-log v0.2.0
[INFO] [stderr]    Compiling udx-udp v0.2.0
[INFO] [stderr]    Compiling hypercore_handshake v0.6.0
[INFO] [stderr]    Compiling uint24le_framing v0.2.0
[INFO] [stderr]    Compiling udx v0.2.0
[INFO] [stderr]    Compiling dht-rpc v0.0.2
[INFO] [stderr]    Compiling regex-automata v0.4.9
[INFO] [stderr]    Compiling regex-automata v0.1.10
[INFO] [stderr]    Compiling matchers v0.1.0
[INFO] [stderr]    Compiling hyperdht v0.1.1
[INFO] [stderr]    Compiling regex v1.11.1
[INFO] [stderr]    Compiling hyperswarm v0.1.0 (/opt/rustwide/workdir)
[INFO] [stderr]    Compiling tracing-subscriber v0.3.19
[INFO] [stdout] error[E0433]: cannot find module or crate `test_utils` in this scope
[INFO] [stdout]   --> tests/integration.rs:14:5
[INFO] [stdout]    |
[INFO] [stdout] 14 | use test_utils::{Result, Testnet, rusty_nodejs_repl::wait};
[INFO] [stdout]    |     ^^^^^^^^^^ use of unresolved module or unlinked crate `test_utils`
[INFO] [stdout]    |
[INFO] [stdout]    = help: if you wanted to use a crate named `test_utils`, use `cargo add test_utils` to add it to your `Cargo.toml`
[INFO] [stdout] 
[INFO] [stdout] 
[INFO] [stdout] error[E0432]: unresolved import `test_utils`
[INFO] [stdout]   --> tests/integration.rs:14:5
[INFO] [stdout]    |
[INFO] [stdout] 14 | use test_utils::{Result, Testnet, rusty_nodejs_repl::wait};
[INFO] [stdout]    |     ^^^^^^^^^^ use of unresolved module or unlinked crate `test_utils`
[INFO] [stdout]    |
[INFO] [stdout]    = help: if you wanted to use a crate named `test_utils`, use `cargo add test_utils` to add it to your `Cargo.toml`
[INFO] [stdout] 
[INFO] [stdout] 
[INFO] [stdout] error[E0432]: unresolved import `hypercore`
[INFO] [stdout]   --> tests/integration.rs:16:5
[INFO] [stdout]    |
[INFO] [stdout] 16 | use hypercore::{HypercoreBuilder, PartialKeypair, Storage};
[INFO] [stdout]    |     ^^^^^^^^^ use of unresolved module or unlinked crate `hypercore`
[INFO] [stdout]    |
[INFO] [stdout]    = help: if you wanted to use a crate named `hypercore`, use `cargo add hypercore` to add it to your `Cargo.toml`
[INFO] [stdout] 
[INFO] [stdout] 
[INFO] [stdout] error[E0432]: unresolved import `hypercore_protocol`
[INFO] [stdout]    --> tests/integration.rs:429:9
[INFO] [stdout]     |
[INFO] [stdout] 429 |     use hypercore_protocol::{Event, Message, Protocol, schema};
[INFO] [stdout]     |         ^^^^^^^^^^^^^^^^^^ use of unresolved module or unlinked crate `hypercore_protocol`
[INFO] [stdout]     |
[INFO] [stdout]     = help: if you wanted to use a crate named `hypercore_protocol`, use `cargo add hypercore_protocol` to add it to your `Cargo.toml`
[INFO] [stdout] 
[INFO] [stdout] 
[INFO] [stdout] warning: method call on a diverging inference variable
[INFO] [stdout]    --> tests/integration.rs:360:22
[INFO] [stdout]     |
[INFO] [stdout] 360 |     let bs_addr = tn.bootstrap_addr().await?;
[INFO] [stdout]     |                      ^^^^^^^^^^^^^^
[INFO] [stdout]     |
[INFO] [stdout]     = help: consider providing a type annotation
[INFO] [stdout]     = warning: this was previously accepted by the compiler but is being phased out; it will become a hard error in a future release!
[INFO] [stdout]     = note: for more information, see issue #156047 <https://github.com/rust-lang/rust/issues/156047>
[INFO] [stdout]     = note: `#[warn(method_call_on_diverging_infer_var)]` (part of `#[warn(future_incompatible)]`) on by default
[INFO] [stdout] 
[INFO] [stdout] 
[INFO] [stdout] error[E0433]: cannot find module or crate `test_utils` in this scope
[INFO] [stdout]  --> tests/js.rs:4:5
[INFO] [stdout]   |
[INFO] [stdout] 4 | use test_utils::{Result, Testnet, rusty_nodejs_repl::wait};
[INFO] [stdout]   |     ^^^^^^^^^^ use of unresolved module or unlinked crate `test_utils`
[INFO] [stdout]   |
[INFO] [stdout]   = help: if you wanted to use a crate named `test_utils`, use `cargo add test_utils` to add it to your `Cargo.toml`
[INFO] [stdout] 
[INFO] [stdout] 
[INFO] [stdout] error[E0432]: unresolved import `test_utils`
[INFO] [stdout]  --> tests/js.rs:4:5
[INFO] [stdout]   |
[INFO] [stdout] 4 | use test_utils::{Result, Testnet, rusty_nodejs_repl::wait};
[INFO] [stdout]   |     ^^^^^^^^^^ use of unresolved module or unlinked crate `test_utils`
[INFO] [stdout]   |
[INFO] [stdout]   = help: if you wanted to use a crate named `test_utils`, use `cargo add test_utils` to add it to your `Cargo.toml`
[INFO] [stdout] 
[INFO] [stdout] 
[INFO] [stdout] warning: method call on a diverging inference variable
[INFO] [stdout]   --> tests/js.rs:16:22
[INFO] [stdout]    |
[INFO] [stdout] 16 |     let bs_addr = tn.bootstrap_addr().await?;
[INFO] [stdout]    |                      ^^^^^^^^^^^^^^
[INFO] [stdout]    |
[INFO] [stdout]    = help: consider providing a type annotation
[INFO] [stdout]    = warning: this was previously accepted by the compiler but is being phased out; it will become a hard error in a future release!
[INFO] [stdout]    = note: for more information, see issue #156047 <https://github.com/rust-lang/rust/issues/156047>
[INFO] [stdout]    = note: `#[warn(method_call_on_diverging_infer_var)]` (part of `#[warn(future_incompatible)]`) on by default
[INFO] [stdout] 
[INFO] [stdout] 
[INFO] [stdout] error[E0599]: no method named `bootstrap_addr` found for type `!` in the current scope
[INFO] [stdout]   --> tests/js.rs:16:22
[INFO] [stdout]    |
[INFO] [stdout] 16 |     let bs_addr = tn.bootstrap_addr().await?;
[INFO] [stdout]    |                      ^^^^^^^^^^^^^^ method not found in `!`
[INFO] [stdout] 
[INFO] [stdout] 
[INFO] [stdout] error[E0599]: no method named `bootstrap_addr` found for type `!` in the current scope
[INFO] [stdout]    --> tests/integration.rs:360:22
[INFO] [stdout]     |
[INFO] [stdout] 360 |     let bs_addr = tn.bootstrap_addr().await?;
[INFO] [stdout]     |                      ^^^^^^^^^^^^^^ method not found in `!`
[INFO] [stdout] 
[INFO] [stdout] 
[INFO] [stdout] warning: unreachable expression
[INFO] [stdout]    --> tests/integration.rs:377:13
[INFO] [stdout]     |
[INFO] [stdout] 377 |     Ok((tn, (swarm_a, swarm_b)))
[INFO] [stdout]     |         --  ^^^^^^^^^^^^^^^^^^ unreachable expression
[INFO] [stdout]     |         |
[INFO] [stdout]     |         any code following this expression is unreachable
[INFO] [stdout]     |
[INFO] [stdout]     = note: `#[warn(unreachable_code)]` (part of `#[warn(unused)]`) on by default
[INFO] [stdout] 
[INFO] [stdout] 
[INFO] [stdout] error[E0599]: no method named `make_topic` found for type `!` in the current scope
[INFO] [stdout]   --> tests/js.rs:19:20
[INFO] [stdout]    |
[INFO] [stdout] 19 |     let topic = tn.make_topic("test-topic").await?;
[INFO] [stdout]    |                    ^^^^^^^^^^ method not found in `!`
[INFO] [stdout] 
[INFO] [stdout] 
[INFO] [stdout] warning: unreachable expression
[INFO] [stdout]   --> tests/js.rs:19:31
[INFO] [stdout]    |
[INFO] [stdout] 19 |     let topic = tn.make_topic("test-topic").await?;
[INFO] [stdout]    |                 --            ^^^^^^^^^^^^ unreachable expression
[INFO] [stdout]    |                 |
[INFO] [stdout]    |                 any code following this expression is unreachable
[INFO] [stdout]    |
[INFO] [stdout]    = note: `#[warn(unreachable_code)]` (part of `#[warn(unused)]`) on by default
[INFO] [stdout] 
[INFO] [stdout] 
[INFO] [stdout] error[E0609]: no field `repl` on type `!`
[INFO] [stdout]   --> tests/js.rs:20:8
[INFO] [stdout]    |
[INFO] [stdout] 20 |     tn.repl
[INFO] [stdout]    |        ^^^^ unknown field
[INFO] [stdout] 
[INFO] [stdout] 
[INFO] [stdout] warning: method call on a diverging inference variable
[INFO] [stdout]   --> tests/js.rs:35:27
[INFO] [stdout]    |
[INFO] [stdout] 35 |     rust_swarm.join(topic.into(), JoinOpts::Client);
[INFO] [stdout]    |                           ^^^^
[INFO] [stdout]    |
[INFO] [stdout]    = help: consider providing a type annotation
[INFO] [stdout]    = warning: this was previously accepted by the compiler but is being phased out; it will become a hard error in a future release!
[INFO] [stdout]    = note: for more information, see issue #156047 <https://github.com/rust-lang/rust/issues/156047>
[INFO] [stdout] 
[INFO] [stdout] 
[INFO] [stdout] warning: method call on a diverging inference variable
[INFO] [stdout]    --> tests/integration.rs:102:22
[INFO] [stdout]     |
[INFO] [stdout] 102 |     let bs_addr = tn.bootstrap_addr().await?;
[INFO] [stdout]     |                      ^^^^^^^^^^^^^^
[INFO] [stdout]     |
[INFO] [stdout]     = help: consider providing a type annotation
[INFO] [stdout]     = warning: this was previously accepted by the compiler but is being phased out; it will become a hard error in a future release!
[INFO] [stdout]     = note: for more information, see issue #156047 <https://github.com/rust-lang/rust/issues/156047>
[INFO] [stdout] 
[INFO] [stdout] 
[INFO] [stdout] error[E0277]: the trait bound `Topic: From<!>` is not satisfied
[INFO] [stdout]     --> tests/js.rs:35:27
[INFO] [stdout]      |
[INFO] [stdout]   35 |     rust_swarm.join(topic.into(), JoinOpts::Client);
[INFO] [stdout]      |                           ^^^^ the trait `From<!>` is not implemented for `Topic`
[INFO] [stdout]      |
[INFO] [stdout] help: the trait `From<!>` is not implemented for `Topic`
[INFO] [stdout]       but trait `From<[u8; 32]>` is implemented for it
[INFO] [stdout]     --> /opt/rustwide/cargo-home/registry/src/index.crates.io-1949cf8c6b5b557f/dht-rpc-0.0.2/src/lib.rs:1745:1
[INFO] [stdout]      |
[INFO] [stdout] 1745 | impl From<[u8; ID_BYTES_LENGTH]> for IdBytes {
[INFO] [stdout]      | ^^^^^^^^^^^^^^^^^^^^^^^^^^^^^^^^^^^^^^^^^^^^
[INFO] [stdout]      = help: for that trait implementation, expected `[u8; 32]`, found `!`
[INFO] [stdout]      = note: required for `!` to implement `Into<Topic>`
[INFO] [stdout] 
[INFO] [stdout] 
[INFO] [stdout] warning: method call on a diverging inference variable
[INFO] [stdout]   --> tests/js.rs:51:22
[INFO] [stdout]    |
[INFO] [stdout] 51 |     let bs_addr = tn.bootstrap_addr().await?;
[INFO] [stdout]    |                      ^^^^^^^^^^^^^^
[INFO] [stdout]    |
[INFO] [stdout]    = help: consider providing a type annotation
[INFO] [stdout]    = warning: this was previously accepted by the compiler but is being phased out; it will become a hard error in a future release!
[INFO] [stdout]    = note: for more information, see issue #156047 <https://github.com/rust-lang/rust/issues/156047>
[INFO] [stdout] 
[INFO] [stdout] 
[INFO] [stdout] error[E0599]: no method named `bootstrap_addr` found for type `!` in the current scope
[INFO] [stdout]   --> tests/js.rs:51:22
[INFO] [stdout]    |
[INFO] [stdout] 51 |     let bs_addr = tn.bootstrap_addr().await?;
[INFO] [stdout]    |                      ^^^^^^^^^^^^^^ method not found in `!`
[INFO] [stdout] 
[INFO] [stdout] 
[INFO] [stdout] error[E0599]: no method named `make_topic` found for type `!` in the current scope
[INFO] [stdout]   --> tests/js.rs:53:20
[INFO] [stdout]    |
[INFO] [stdout] 53 |     let topic = tn.make_topic("test-topic").await?;
[INFO] [stdout]    |                    ^^^^^^^^^^ method not found in `!`
[INFO] [stdout] 
[INFO] [stdout] 
[INFO] [stdout] warning: unreachable expression
[INFO] [stdout]   --> tests/js.rs:53:31
[INFO] [stdout]    |
[INFO] [stdout] 53 |     let topic = tn.make_topic("test-topic").await?;
[INFO] [stdout]    |                 --            ^^^^^^^^^^^^ unreachable expression
[INFO] [stdout]    |                 |
[INFO] [stdout]    |                 any code following this expression is unreachable
[INFO] [stdout] 
[INFO] [stdout] 
[INFO] [stdout] warning: method call on a diverging inference variable
[INFO] [stdout]   --> tests/js.rs:57:27
[INFO] [stdout]    |
[INFO] [stdout] 57 |     rust_swarm.join(topic.into(), JoinOpts::Server);
[INFO] [stdout]    |                           ^^^^
[INFO] [stdout]    |
[INFO] [stdout]    = help: consider providing a type annotation
[INFO] [stdout]    = warning: this was previously accepted by the compiler but is being phased out; it will become a hard error in a future release!
[INFO] [stdout]    = note: for more information, see issue #156047 <https://github.com/rust-lang/rust/issues/156047>
[INFO] [stdout] 
[INFO] [stdout] 
[INFO] [stdout] error[E0277]: the trait bound `Topic: From<!>` is not satisfied
[INFO] [stdout]     --> tests/js.rs:57:27
[INFO] [stdout]      |
[INFO] [stdout]   57 |     rust_swarm.join(topic.into(), JoinOpts::Server);
[INFO] [stdout]      |                           ^^^^ the trait `From<!>` is not implemented for `Topic`
[INFO] [stdout]      |
[INFO] [stdout] help: the trait `From<!>` is not implemented for `Topic`
[INFO] [stdout]       but trait `From<[u8; 32]>` is implemented for it
[INFO] [stdout]     --> /opt/rustwide/cargo-home/registry/src/index.crates.io-1949cf8c6b5b557f/dht-rpc-0.0.2/src/lib.rs:1745:1
[INFO] [stdout]      |
[INFO] [stdout] 1745 | impl From<[u8; ID_BYTES_LENGTH]> for IdBytes {
[INFO] [stdout]      | ^^^^^^^^^^^^^^^^^^^^^^^^^^^^^^^^^^^^^^^^^^^^
[INFO] [stdout]      = help: for that trait implementation, expected `[u8; 32]`, found `!`
[INFO] [stdout]      = note: required for `!` to implement `Into<Topic>`
[INFO] [stdout] 
[INFO] [stdout] 
[INFO] [stdout] error[E0609]: no field `repl` on type `!`
[INFO] [stdout]   --> tests/js.rs:64:8
[INFO] [stdout]    |
[INFO] [stdout] 64 |     tn.repl
[INFO] [stdout]    |        ^^^^ unknown field
[INFO] [stdout] 
[INFO] [stdout] 
[INFO] [stdout] error[E0609]: no field `repl` on type `!`
[INFO] [stdout]   --> tests/js.rs:82:32
[INFO] [stdout]    |
[INFO] [stdout] 82 |     let peer_count: usize = tn.repl.get_name("globalThis.peerCount").await?;
[INFO] [stdout]    |                                ^^^^ unknown field
[INFO] [stdout] 
[INFO] [stdout] 
[INFO] [stdout] warning: method call on a diverging inference variable
[INFO] [stdout]   --> tests/js.rs:94:22
[INFO] [stdout]    |
[INFO] [stdout] 94 |     let bs_addr = tn.bootstrap_addr().await?;
[INFO] [stdout]    |                      ^^^^^^^^^^^^^^
[INFO] [stdout]    |
[INFO] [stdout]    = help: consider providing a type annotation
[INFO] [stdout]    = warning: this was previously accepted by the compiler but is being phased out; it will become a hard error in a future release!
[INFO] [stdout]    = note: for more information, see issue #156047 <https://github.com/rust-lang/rust/issues/156047>
[INFO] [stdout] 
[INFO] [stdout] 
[INFO] [stdout] error[E0599]: no method named `bootstrap_addr` found for type `!` in the current scope
[INFO] [stdout]    --> tests/integration.rs:102:22
[INFO] [stdout]     |
[INFO] [stdout] 102 |     let bs_addr = tn.bootstrap_addr().await?;
[INFO] [stdout]     |                      ^^^^^^^^^^^^^^ method not found in `!`
[INFO] [stdout] 
[INFO] [stdout] 
[INFO] [stdout] error[E0599]: no method named `bootstrap_addr` found for type `!` in the current scope
[INFO] [stdout]   --> tests/js.rs:94:22
[INFO] [stdout]    |
[INFO] [stdout] 94 |     let bs_addr = tn.bootstrap_addr().await?;
[INFO] [stdout]    |                      ^^^^^^^^^^^^^^ method not found in `!`
[INFO] [stdout] 
[INFO] [stdout] 
[INFO] [stdout] warning: method call on a diverging inference variable
[INFO] [stdout]    --> tests/integration.rs:130:22
[INFO] [stdout]     |
[INFO] [stdout] 130 |     let bs_addr = tn.bootstrap_addr().await?;
[INFO] [stdout]     |                      ^^^^^^^^^^^^^^
[INFO] [stdout]     |
[INFO] [stdout]     = help: consider providing a type annotation
[INFO] [stdout]     = warning: this was previously accepted by the compiler but is being phased out; it will become a hard error in a future release!
[INFO] [stdout]     = note: for more information, see issue #156047 <https://github.com/rust-lang/rust/issues/156047>
[INFO] [stdout] 
[INFO] [stdout] 
[INFO] [stdout] error[E0599]: no method named `make_topic` found for type `!` in the current scope
[INFO] [stdout]   --> tests/js.rs:97:20
[INFO] [stdout]    |
[INFO] [stdout] 97 |     let topic = tn.make_topic("test-topic").await?;
[INFO] [stdout]    |                    ^^^^^^^^^^ method not found in `!`
[INFO] [stdout] 
[INFO] [stdout] 
[INFO] [stdout] warning: unreachable expression
[INFO] [stdout]   --> tests/js.rs:97:31
[INFO] [stdout]    |
[INFO] [stdout] 97 |     let topic = tn.make_topic("test-topic").await?;
[INFO] [stdout]    |                 --            ^^^^^^^^^^^^ unreachable expression
[INFO] [stdout]    |                 |
[INFO] [stdout]    |                 any code following this expression is unreachable
[INFO] [stdout] 
[INFO] [stdout] 
[INFO] [stdout] error[E0609]: no field `repl` on type `!`
[INFO] [stdout]   --> tests/js.rs:98:8
[INFO] [stdout]    |
[INFO] [stdout] 98 |     tn.repl
[INFO] [stdout]    |        ^^^^ unknown field
[INFO] [stdout] 
[INFO] [stdout] 
[INFO] [stdout] warning: method call on a diverging inference variable
[INFO] [stdout]    --> tests/js.rs:113:27
[INFO] [stdout]     |
[INFO] [stdout] 113 |     rust_swarm.join(topic.into(), JoinOpts::Client);
[INFO] [stdout]     |                           ^^^^
[INFO] [stdout]     |
[INFO] [stdout]     = help: consider providing a type annotation
[INFO] [stdout]     = warning: this was previously accepted by the compiler but is being phased out; it will become a hard error in a future release!
[INFO] [stdout]     = note: for more information, see issue #156047 <https://github.com/rust-lang/rust/issues/156047>
[INFO] [stdout] 
[INFO] [stdout] 
[INFO] [stdout] error[E0277]: the trait bound `Topic: From<!>` is not satisfied
[INFO] [stdout]     --> tests/js.rs:113:27
[INFO] [stdout]      |
[INFO] [stdout]  113 |     rust_swarm.join(topic.into(), JoinOpts::Client);
[INFO] [stdout]      |                           ^^^^ the trait `From<!>` is not implemented for `Topic`
[INFO] [stdout]      |
[INFO] [stdout] help: the trait `From<!>` is not implemented for `Topic`
[INFO] [stdout]       but trait `From<[u8; 32]>` is implemented for it
[INFO] [stdout]     --> /opt/rustwide/cargo-home/registry/src/index.crates.io-1949cf8c6b5b557f/dht-rpc-0.0.2/src/lib.rs:1745:1
[INFO] [stdout]      |
[INFO] [stdout] 1745 | impl From<[u8; ID_BYTES_LENGTH]> for IdBytes {
[INFO] [stdout]      | ^^^^^^^^^^^^^^^^^^^^^^^^^^^^^^^^^^^^^^^^^^^^
[INFO] [stdout]      = help: for that trait implementation, expected `[u8; 32]`, found `!`
[INFO] [stdout]      = note: required for `!` to implement `Into<Topic>`
[INFO] [stdout] 
[INFO] [stdout] 
[INFO] [stdout] error[E0609]: no field `repl` on type `!`
[INFO] [stdout]    --> tests/js.rs:125:29
[INFO] [stdout]     |
[INFO] [stdout] 125 |     let n_peers: usize = tn.repl.json_run_tcp("outputJson(swarm.peers.size)").await?;
[INFO] [stdout]     |                             ^^^^ unknown field
[INFO] [stdout] 
[INFO] [stdout] 
[INFO] [stdout] warning: method call on a diverging inference variable
[INFO] [stdout]    --> tests/js.rs:134:22
[INFO] [stdout]     |
[INFO] [stdout] 134 |     let bs_addr = tn.bootstrap_addr().await?;
[INFO] [stdout]     |                      ^^^^^^^^^^^^^^
[INFO] [stdout]     |
[INFO] [stdout]     = help: consider providing a type annotation
[INFO] [stdout]     = warning: this was previously accepted by the compiler but is being phased out; it will become a hard error in a future release!
[INFO] [stdout]     = note: for more information, see issue #156047 <https://github.com/rust-lang/rust/issues/156047>
[INFO] [stdout] 
[INFO] [stdout] 
[INFO] [stdout] error[E0599]: no method named `bootstrap_addr` found for type `!` in the current scope
[INFO] [stdout]    --> tests/js.rs:134:22
[INFO] [stdout]     |
[INFO] [stdout] 134 |     let bs_addr = tn.bootstrap_addr().await?;
[INFO] [stdout]     |                      ^^^^^^^^^^^^^^ method not found in `!`
[INFO] [stdout] 
[INFO] [stdout] 
[INFO] [stdout] error[E0599]: no method named `make_topic` found for type `!` in the current scope
[INFO] [stdout]    --> tests/js.rs:136:20
[INFO] [stdout]     |
[INFO] [stdout] 136 |     let topic = tn.make_topic("test-topic").await?;
[INFO] [stdout]     |                    ^^^^^^^^^^ method not found in `!`
[INFO] [stdout] 
[INFO] [stdout] 
[INFO] [stdout] warning: unreachable expression
[INFO] [stdout]    --> tests/js.rs:136:31
[INFO] [stdout]     |
[INFO] [stdout] 136 |     let topic = tn.make_topic("test-topic").await?;
[INFO] [stdout]     |                 --            ^^^^^^^^^^^^ unreachable expression
[INFO] [stdout]     |                 |
[INFO] [stdout]     |                 any code following this expression is unreachable
[INFO] [stdout] 
[INFO] [stdout] 
[INFO] [stdout] error[E0609]: no field `repl` on type `!`
[INFO] [stdout]    --> tests/js.rs:139:8
[INFO] [stdout]     |
[INFO] [stdout] 139 |     tn.repl
[INFO] [stdout]     |        ^^^^ unknown field
[INFO] [stdout] 
[INFO] [stdout] 
[INFO] [stdout] error[E0599]: no method named `bootstrap_addr` found for type `!` in the current scope
[INFO] [stdout]    --> tests/integration.rs:130:22
[INFO] [stdout]     |
[INFO] [stdout] 130 |     let bs_addr = tn.bootstrap_addr().await?;
[INFO] [stdout]     |                      ^^^^^^^^^^^^^^ method not found in `!`
[INFO] [stdout] 
[INFO] [stdout] 
[INFO] [stdout] warning: method call on a diverging inference variable
[INFO] [stdout]    --> tests/js.rs:167:27
[INFO] [stdout]     |
[INFO] [stdout] 167 |     rust_swarm.join(topic.into(), JoinOpts::Client);
[INFO] [stdout]     |                           ^^^^
[INFO] [stdout]     |
[INFO] [stdout]     = help: consider providing a type annotation
[INFO] [stdout]     = warning: this was previously accepted by the compiler but is being phased out; it will become a hard error in a future release!
[INFO] [stdout]     = note: for more information, see issue #156047 <https://github.com/rust-lang/rust/issues/156047>
[INFO] [stdout] 
[INFO] [stdout] 
[INFO] [stdout] error[E0277]: the trait bound `Topic: From<!>` is not satisfied
[INFO] [stdout]     --> tests/js.rs:167:27
[INFO] [stdout]      |
[INFO] [stdout]  167 |     rust_swarm.join(topic.into(), JoinOpts::Client);
[INFO] [stdout]      |                           ^^^^ the trait `From<!>` is not implemented for `Topic`
[INFO] [stdout]      |
[INFO] [stdout] help: the trait `From<!>` is not implemented for `Topic`
[INFO] [stdout]       but trait `From<[u8; 32]>` is implemented for it
[INFO] [stdout]     --> /opt/rustwide/cargo-home/registry/src/index.crates.io-1949cf8c6b5b557f/dht-rpc-0.0.2/src/lib.rs:1745:1
[INFO] [stdout]      |
[INFO] [stdout] 1745 | impl From<[u8; ID_BYTES_LENGTH]> for IdBytes {
[INFO] [stdout]      | ^^^^^^^^^^^^^^^^^^^^^^^^^^^^^^^^^^^^^^^^^^^^
[INFO] [stdout]      = help: for that trait implementation, expected `[u8; 32]`, found `!`
[INFO] [stdout]      = note: required for `!` to implement `Into<Topic>`
[INFO] [stdout] 
[INFO] [stdout] 
[INFO] [stdout] error[E0609]: no field `repl` on type `!`
[INFO] [stdout]    --> tests/js.rs:178:28
[INFO] [stdout]     |
[INFO] [stdout] 178 |     let js_rx: String = tn.repl.get_name("js_rx_data").await?;
[INFO] [stdout]     |                            ^^^^ unknown field
[INFO] [stdout] 
[INFO] [stdout] 
[INFO] [stdout] error[E0609]: no field `repl` on type `!`
[INFO] [stdout]    --> tests/js.rs:182:8
[INFO] [stdout]     |
[INFO] [stdout] 182 |     tn.repl
[INFO] [stdout]     |        ^^^^ unknown field
[INFO] [stdout] 
[INFO] [stdout] 
[INFO] [stdout] warning: method call on a diverging inference variable
[INFO] [stdout]    --> tests/js.rs:198:22
[INFO] [stdout]     |
[INFO] [stdout] 198 |     let bs_addr = tn.bootstrap_addr().await?;
[INFO] [stdout]     |                      ^^^^^^^^^^^^^^
[INFO] [stdout]     |
[INFO] [stdout]     = help: consider providing a type annotation
[INFO] [stdout]     = warning: this was previously accepted by the compiler but is being phased out; it will become a hard error in a future release!
[INFO] [stdout]     = note: for more information, see issue #156047 <https://github.com/rust-lang/rust/issues/156047>
[INFO] [stdout] 
[INFO] [stdout] 
[INFO] [stdout] warning: method call on a diverging inference variable
[INFO] [stdout]    --> tests/integration.rs:165:22
[INFO] [stdout]     |
[INFO] [stdout] 165 |     let bs_addr = tn.bootstrap_addr().await?;
[INFO] [stdout]     |                      ^^^^^^^^^^^^^^
[INFO] [stdout]     |
[INFO] [stdout]     = help: consider providing a type annotation
[INFO] [stdout]     = warning: this was previously accepted by the compiler but is being phased out; it will become a hard error in a future release!
[INFO] [stdout]     = note: for more information, see issue #156047 <https://github.com/rust-lang/rust/issues/156047>
[INFO] [stdout] 
[INFO] [stdout] 
[INFO] [stdout] error[E0599]: no method named `bootstrap_addr` found for type `!` in the current scope
[INFO] [stdout]    --> tests/js.rs:198:22
[INFO] [stdout]     |
[INFO] [stdout] 198 |     let bs_addr = tn.bootstrap_addr().await?;
[INFO] [stdout]     |                      ^^^^^^^^^^^^^^ method not found in `!`
[INFO] [stdout] 
[INFO] [stdout] 
[INFO] [stdout] error[E0599]: no method named `make_topic` found for type `!` in the current scope
[INFO] [stdout]    --> tests/js.rs:200:20
[INFO] [stdout]     |
[INFO] [stdout] 200 |     let topic = tn.make_topic("test-topic").await?;
[INFO] [stdout]     |                    ^^^^^^^^^^ method not found in `!`
[INFO] [stdout] 
[INFO] [stdout] 
[INFO] [stdout] warning: unreachable expression
[INFO] [stdout]    --> tests/js.rs:200:31
[INFO] [stdout]     |
[INFO] [stdout] 200 |     let topic = tn.make_topic("test-topic").await?;
[INFO] [stdout]     |                 --            ^^^^^^^^^^^^ unreachable expression
[INFO] [stdout]     |                 |
[INFO] [stdout]     |                 any code following this expression is unreachable
[INFO] [stdout] 
[INFO] [stdout] 
[INFO] [stdout] warning: method call on a diverging inference variable
[INFO] [stdout]    --> tests/js.rs:207:27
[INFO] [stdout]     |
[INFO] [stdout] 207 |     rust_swarm.join(topic.into(), JoinOpts::Server);
[INFO] [stdout]     |                           ^^^^
[INFO] [stdout]     |
[INFO] [stdout]     = help: consider providing a type annotation
[INFO] [stdout]     = warning: this was previously accepted by the compiler but is being phased out; it will become a hard error in a future release!
[INFO] [stdout]     = note: for more information, see issue #156047 <https://github.com/rust-lang/rust/issues/156047>
[INFO] [stdout] 
[INFO] [stdout] 
[INFO] [stdout] error[E0277]: the trait bound `Topic: From<!>` is not satisfied
[INFO] [stdout]     --> tests/js.rs:207:27
[INFO] [stdout]      |
[INFO] [stdout]  207 |     rust_swarm.join(topic.into(), JoinOpts::Server);
[INFO] [stdout]      |                           ^^^^ the trait `From<!>` is not implemented for `Topic`
[INFO] [stdout]      |
[INFO] [stdout] help: the trait `From<!>` is not implemented for `Topic`
[INFO] [stdout]       but trait `From<[u8; 32]>` is implemented for it
[INFO] [stdout]     --> /opt/rustwide/cargo-home/registry/src/index.crates.io-1949cf8c6b5b557f/dht-rpc-0.0.2/src/lib.rs:1745:1
[INFO] [stdout]      |
[INFO] [stdout] 1745 | impl From<[u8; ID_BYTES_LENGTH]> for IdBytes {
[INFO] [stdout]      | ^^^^^^^^^^^^^^^^^^^^^^^^^^^^^^^^^^^^^^^^^^^^
[INFO] [stdout]      = help: for that trait implementation, expected `[u8; 32]`, found `!`
[INFO] [stdout]      = note: required for `!` to implement `Into<Topic>`
[INFO] [stdout] 
[INFO] [stdout] 
[INFO] [stdout] error[E0609]: no field `repl` on type `!`
[INFO] [stdout]    --> tests/js.rs:211:8
[INFO] [stdout]     |
[INFO] [stdout] 211 |     tn.repl
[INFO] [stdout]     |        ^^^^ unknown field
[INFO] [stdout] 
[INFO] [stdout] 
[INFO] [stdout] error[E0609]: no field `repl` on type `!`
[INFO] [stdout]    --> tests/js.rs:242:28
[INFO] [stdout]     |
[INFO] [stdout] 242 |     let js_rx: String = tn.repl.get_name("js_rx_data").await?;
[INFO] [stdout]     |                            ^^^^ unknown field
[INFO] [stdout] 
[INFO] [stdout] 
[INFO] [stdout] error[E0609]: no field `repl` on type `!`
[INFO] [stdout]    --> tests/js.rs:246:8
[INFO] [stdout]     |
[INFO] [stdout] 246 |     tn.repl
[INFO] [stdout]     |        ^^^^ unknown field
[INFO] [stdout] 
[INFO] [stdout] 
[INFO] [stdout] Some errors have detailed explanations: E0277, E0432, E0433, E0599, E0609.
[INFO] [stdout] 
[INFO] [stdout] For more information about an error, try `rustc --explain E0277`.
[INFO] [stdout] 
[INFO] [stderr] error: could not compile `hyperswarm` (test "js") due to 28 previous errors; 25 warnings emitted
[INFO] [stdout] error[E0599]: no method named `bootstrap_addr` found for type `!` in the current scope
[INFO] [stdout]    --> tests/integration.rs:165:22
[INFO] [stdout]     |
[INFO] [stdout] 165 |     let bs_addr = tn.bootstrap_addr().await?;
[INFO] [stdout]     |                      ^^^^^^^^^^^^^^ method not found in `!`
[INFO] [stdout] 
[INFO] [stdout] 
[INFO] [stderr] warning: build failed, waiting for other jobs to finish...
[INFO] [stdout] warning: method call on a diverging inference variable
[INFO] [stdout]    --> tests/integration.rs:215:22
[INFO] [stdout]     |
[INFO] [stdout] 215 |     let bs_addr = tn.bootstrap_addr().await?;
[INFO] [stdout]     |                      ^^^^^^^^^^^^^^
[INFO] [stdout]     |
[INFO] [stdout]     = help: consider providing a type annotation
[INFO] [stdout]     = warning: this was previously accepted by the compiler but is being phased out; it will become a hard error in a future release!
[INFO] [stdout]     = note: for more information, see issue #156047 <https://github.com/rust-lang/rust/issues/156047>
[INFO] [stdout] 
[INFO] [stdout] 
[INFO] [stdout] error[E0599]: no method named `bootstrap_addr` found for type `!` in the current scope
[INFO] [stdout]    --> tests/integration.rs:215:22
[INFO] [stdout]     |
[INFO] [stdout] 215 |     let bs_addr = tn.bootstrap_addr().await?;
[INFO] [stdout]     |                      ^^^^^^^^^^^^^^ method not found in `!`
[INFO] [stdout] 
[INFO] [stdout] 
[INFO] [stdout] warning: method call on a diverging inference variable
[INFO] [stdout]    --> tests/integration.rs:249:22
[INFO] [stdout]     |
[INFO] [stdout] 249 |     let bs_addr = tn.bootstrap_addr().await?;
[INFO] [stdout]     |                      ^^^^^^^^^^^^^^
[INFO] [stdout]     |
[INFO] [stdout]     = help: consider providing a type annotation
[INFO] [stdout]     = warning: this was previously accepted by the compiler but is being phased out; it will become a hard error in a future release!
[INFO] [stdout]     = note: for more information, see issue #156047 <https://github.com/rust-lang/rust/issues/156047>
[INFO] [stdout] 
[INFO] [stdout] 
[INFO] [stdout] error[E0599]: no method named `bootstrap_addr` found for type `!` in the current scope
[INFO] [stdout]    --> tests/integration.rs:249:22
[INFO] [stdout]     |
[INFO] [stdout] 249 |     let bs_addr = tn.bootstrap_addr().await?;
[INFO] [stdout]     |                      ^^^^^^^^^^^^^^ method not found in `!`
[INFO] [stdout] 
[INFO] [stdout] 
[INFO] [stdout] warning: method call on a diverging inference variable
[INFO] [stdout]    --> tests/integration.rs:302:22
[INFO] [stdout]     |
[INFO] [stdout] 302 |     let bs_addr = tn.bootstrap_addr().await?;
[INFO] [stdout]     |                      ^^^^^^^^^^^^^^
[INFO] [stdout]     |
[INFO] [stdout]     = help: consider providing a type annotation
[INFO] [stdout]     = warning: this was previously accepted by the compiler but is being phased out; it will become a hard error in a future release!
[INFO] [stdout]     = note: for more information, see issue #156047 <https://github.com/rust-lang/rust/issues/156047>
[INFO] [stdout] 
[INFO] [stdout] 
[INFO] [stdout] error[E0599]: no method named `bootstrap_addr` found for type `!` in the current scope
[INFO] [stdout]    --> tests/integration.rs:302:22
[INFO] [stdout]     |
[INFO] [stdout] 302 |     let bs_addr = tn.bootstrap_addr().await?;
[INFO] [stdout]     |                      ^^^^^^^^^^^^^^ method not found in `!`
[INFO] [stdout] 
[INFO] [stdout] 
[INFO] [stdout] Some errors have detailed explanations: E0432, E0433, E0599.
[INFO] [stdout] 
[INFO] [stdout] For more information about an error, try `rustc --explain E0432`.
[INFO] [stdout] 
[INFO] [stderr] error: could not compile `hyperswarm` (test "integration") due to 11 previous errors; 15 warnings emitted
[INFO] running `Command { std: "docker" "inspect" "90c3d8da06d45783441ec36bfad313c2e25478f53c9cb9336a5ca4de5bc451c6", kill_on_drop: false }`
[INFO] running `Command { std: "docker" "rm" "-f" "90c3d8da06d45783441ec36bfad313c2e25478f53c9cb9336a5ca4de5bc451c6", kill_on_drop: false }`
[INFO] [stdout] 90c3d8da06d45783441ec36bfad313c2e25478f53c9cb9336a5ca4de5bc451c6
