[INFO] fetching crate hyperdb-api-salesforce 1.0.0-rc.5...
[INFO] testing hyperdb-api-salesforce-1.0.0-rc.5 against 1.99.0-beta.8+cargoflags=--release for beta-release-1.100-2
[INFO] extracting crate hyperdb-api-salesforce 1.0.0-rc.5 into /workspace/builds/worker-0-tc1/source
[INFO] started tweaking crates.io crate hyperdb-api-salesforce 1.0.0-rc.5
[INFO] removed 0 missing examples
[INFO] removed 0 missing tests
[INFO] finished tweaking crates.io crate hyperdb-api-salesforce 1.0.0-rc.5
[INFO] tweaked toml for crates.io crate hyperdb-api-salesforce 1.0.0-rc.5 written to /workspace/builds/worker-0-tc1/source/Cargo.toml
[INFO] validating manifest of crates.io crate hyperdb-api-salesforce 1.0.0-rc.5 on toolchain 1.99.0-beta.8
[INFO] running `Command { std: CARGO_HOME="/workspace/cargo-home" RUSTUP_HOME="/workspace/rustup-home" "/workspace/cargo-home/bin/cargo" "+1.99.0-beta.8" "metadata" "--manifest-path" "Cargo.toml" "--no-deps", kill_on_drop: false }`
[INFO] crate crates.io crate hyperdb-api-salesforce 1.0.0-rc.5 already has a lockfile, it will not be regenerated
[INFO] running `Command { std: CARGO_HOME="/workspace/cargo-home" RUSTUP_HOME="/workspace/rustup-home" "/workspace/cargo-home/bin/cargo" "+1.99.0-beta.8" "fetch" "--manifest-path" "Cargo.toml", kill_on_drop: false }`
[INFO] [stderr]  Downloading crates ...
[INFO] [stderr]   Downloaded jsonwebtoken v11.1.0
[INFO] running `Command { std: "docker" "create" "-v" "/var/lib/crater-agent-workspace/builds/worker-0-tc1/source:/opt/rustwide/workdir:ro,Z" "-v" "/var/lib/crater-agent-workspace/builds/worker-0-tc1/target:/opt/rustwide/target:rw,Z" "-v" "/var/lib/crater-agent-workspace/cargo-home:/opt/rustwide/cargo-home:ro,Z" "-v" "/var/lib/crater-agent-workspace/rustup-home:/opt/rustwide/rustup-home:ro,Z" "-m" "1610612736" "--network" "none" "ghcr.io/rust-lang/crates-build-env/linux@sha256:77db811e55d90add9212f6832c23229e3de5f1c1f9905e8cb07319ea15df73ac" "sleep" "infinity", kill_on_drop: false }`
[INFO] [stdout] 768d1ebae9d4df71350cf7ede759877c78ac0f0a65e23df21dd0e1c807178b42
[INFO] running `Command { std: "docker" "start" "768d1ebae9d4df71350cf7ede759877c78ac0f0a65e23df21dd0e1c807178b42", kill_on_drop: false }`
[INFO] running `Command { std: "docker" "inspect" "768d1ebae9d4df71350cf7ede759877c78ac0f0a65e23df21dd0e1c807178b42", kill_on_drop: false }`
[INFO] running `Command { std: "docker" "exec" "-e" "SOURCE_DIR=/opt/rustwide/workdir" "-e" "CARGO_HOME=/opt/rustwide/cargo-home" "-e" "RUSTUP_HOME=/opt/rustwide/rustup-home" "-e" "CARGO_TARGET_DIR=/opt/rustwide/target" "-w" "/opt/rustwide/workdir" "--user" "0:0" "768d1ebae9d4df71350cf7ede759877c78ac0f0a65e23df21dd0e1c807178b42" "/opt/rustwide/cargo-home/bin/cargo" "+1.99.0-beta.8" "metadata" "--no-deps" "--format-version=1", kill_on_drop: false }`
[INFO] running `Command { std: "docker" "inspect" "768d1ebae9d4df71350cf7ede759877c78ac0f0a65e23df21dd0e1c807178b42", kill_on_drop: false }`
[INFO] running `Command { std: "docker" "exec" "-e" "SOURCE_DIR=/opt/rustwide/workdir" "-e" "CARGO_HOME=/opt/rustwide/cargo-home" "-e" "RUSTUP_HOME=/opt/rustwide/rustup-home" "-e" "CARGO_TARGET_DIR=/opt/rustwide/target" "-e" "CARGO_INCREMENTAL=0" "-e" "RUST_BACKTRACE=full" "-e" "RUSTFLAGS=--cap-lints=warn" "-e" "RUSTDOCFLAGS=--cap-lints=warn" "-w" "/opt/rustwide/workdir" "--user" "0:0" "768d1ebae9d4df71350cf7ede759877c78ac0f0a65e23df21dd0e1c807178b42" "/opt/rustwide/cargo-home/bin/cargo" "+1.99.0-beta.8" "build" "--frozen" "--message-format=json" "--release", kill_on_drop: false }`
[INFO] [stderr]    Compiling zeroize_derive v1.5.0
[INFO] [stderr]    Compiling libc v0.2.190
[INFO] [stderr]    Compiling syn v3.0.6
[INFO] [stderr]    Compiling smallvec v1.16.2
[INFO] [stderr]    Compiling find-msvc-tools v0.1.12
[INFO] [stderr]    Compiling num-traits v0.2.19
[INFO] [stderr]    Compiling yoke v0.8.3
[INFO] [stderr]    Compiling slab v0.4.12
[INFO] [stderr]    Compiling futures-task v0.3.34
[INFO] [stderr]    Compiling ppv-lite86 v0.2.21
[INFO] [stderr]    Compiling futures-channel v0.3.34
[INFO] [stderr]    Compiling thiserror v2.0.21
[INFO] [stderr]    Compiling spin v0.9.9
[INFO] [stderr]    Compiling time-macros v0.2.32
[INFO] [stderr]    Compiling tracing v0.1.44
[INFO] [stderr]    Compiling curve25519-dalek v4.1.3
[INFO] [stderr]    Compiling curve25519-dalek-derive v0.1.1
[INFO] [stderr]    Compiling lazy_static v1.5.0
[INFO] [stderr]    Compiling serde_json v1.0.151
[INFO] [stderr]    Compiling pem v3.0.6
[INFO] [stderr]    Compiling http-body-util v0.1.5
[INFO] [stderr]    Compiling cc v1.4.5
[INFO] [stderr]    Compiling futures-util v0.3.34
[INFO] [stderr]    Compiling zeroize v1.9.0
[INFO] [stderr]    Compiling generic-array v0.14.9
[INFO] [stderr]    Compiling der v0.7.10
[INFO] [stderr]    Compiling rustls-pki-types v1.15.1
[INFO] [stderr]    Compiling rustls-native-certs v0.8.4
[INFO] [stderr]    Compiling num-integer v0.1.47
[INFO] [stderr]    Compiling chrono v0.4.45
[INFO] [stderr]    Compiling time v0.3.55
[INFO] [stderr]    Compiling getrandom v0.2.17
[INFO] [stderr]    Compiling socket2 v0.6.5
[INFO] [stderr]    Compiling block-buffer v0.10.4
[INFO] [stderr]    Compiling crypto-common v0.1.6
[INFO] [stderr]    Compiling mio v1.2.3
[INFO] [stderr]    Compiling num-iter v0.1.46
[INFO] [stderr]    Compiling num-bigint v0.4.8
[INFO] [stderr]    Compiling digest v0.10.7
[INFO] [stderr]    Compiling ring v0.17.14
[INFO] [stderr]    Compiling rand_core v0.6.4
[INFO] [stderr]    Compiling ff v0.13.1
[INFO] [stderr]    Compiling hmac v0.12.1
[INFO] [stderr]    Compiling signature v2.2.0
[INFO] [stderr]    Compiling hkdf v0.12.4
[INFO] [stderr]    Compiling crypto-bigint v0.5.5
[INFO] [stderr]    Compiling rfc6979 v0.4.0
[INFO] [stderr]    Compiling sha2 v0.10.9
[INFO] [stderr]    Compiling rand_chacha v0.3.1
[INFO] [stderr]    Compiling group v0.13.0
[INFO] [stderr]    Compiling rand v0.8.8
[INFO] [stderr]    Compiling spki v0.7.3
[INFO] [stderr]    Compiling pkcs8 v0.10.2
[INFO] [stderr]    Compiling sec1 v0.7.3
[INFO] [stderr]    Compiling num-bigint-dig v0.8.6
[INFO] [stderr]    Compiling pkcs1 v0.7.5
[INFO] [stderr]    Compiling ed25519 v2.2.3
[INFO] [stderr]    Compiling elliptic-curve v0.13.8
[INFO] [stderr]    Compiling ed25519-dalek v2.2.0
[INFO] [stderr]    Compiling primeorder v0.13.6
[INFO] [stderr]    Compiling ecdsa v0.16.9
[INFO] [stderr]    Compiling p384 v0.13.1
[INFO] [stderr]    Compiling p256 v0.13.2
[INFO] [stderr]    Compiling zerovec-derive v0.11.6
[INFO] [stderr]    Compiling displaydoc v0.2.7
[INFO] [stderr]    Compiling tokio-macros v2.7.2
[INFO] [stderr]    Compiling serde_derive v1.0.229
[INFO] [stderr]    Compiling thiserror-impl v2.0.21
[INFO] [stderr]    Compiling rsa v0.9.10
[INFO] [stderr]    Compiling zerotrie v0.2.5
[INFO] [stderr]    Compiling zerovec v0.11.8
[INFO] [stderr]    Compiling tokio v1.53.1
[INFO] [stderr]    Compiling simple_asn1 v0.6.4
[INFO] [stderr]    Compiling tinystr v0.8.4
[INFO] [stderr]    Compiling potential_utf v0.1.6
[INFO] [stderr]    Compiling icu_locale_core v2.3.0
[INFO] [stderr]    Compiling icu_collections v2.3.0
[INFO] [stderr]    Compiling icu_provider v2.3.1
[INFO] [stderr]    Compiling icu_properties v2.3.0
[INFO] [stderr]    Compiling icu_normalizer v2.3.0
[INFO] [stderr]    Compiling serde v1.0.229
[INFO] [stderr]    Compiling serde_urlencoded v0.7.1
[INFO] [stderr]    Compiling jsonwebtoken v11.1.0
[INFO] [stderr]    Compiling idna_adapter v1.2.2
[INFO] [stderr]    Compiling idna v1.1.0
[INFO] [stderr]    Compiling url v2.5.8
[INFO] [stderr]    Compiling hyper v1.11.1
[INFO] [stderr]    Compiling tower v0.5.3
[INFO] [stderr]    Compiling tower-http v0.6.11
[INFO] [stderr]    Compiling rustls v0.23.45
[INFO] [stderr]    Compiling hyper-util v0.1.20
[INFO] [stderr]    Compiling rustls-webpki v0.103.15
[INFO] [stderr]    Compiling tokio-rustls v0.26.6
[INFO] [stderr]    Compiling rustls-platform-verifier v0.7.0
[INFO] [stderr]    Compiling hyper-rustls v0.27.9
[INFO] [stderr]    Compiling reqwest v0.13.5
[INFO] [stderr]    Compiling hyperdb-api-salesforce v1.0.0-rc.5 (/opt/rustwide/workdir)
[INFO] [stderr]     Finished `release` profile [optimized] target(s) in 1m 36s
[INFO] running `Command { std: "docker" "inspect" "768d1ebae9d4df71350cf7ede759877c78ac0f0a65e23df21dd0e1c807178b42", kill_on_drop: false }`
[INFO] running `Command { std: "docker" "exec" "-e" "SOURCE_DIR=/opt/rustwide/workdir" "-e" "CARGO_HOME=/opt/rustwide/cargo-home" "-e" "RUSTUP_HOME=/opt/rustwide/rustup-home" "-e" "CARGO_TARGET_DIR=/opt/rustwide/target" "-e" "CARGO_INCREMENTAL=0" "-e" "RUST_BACKTRACE=full" "-e" "RUSTFLAGS=--cap-lints=warn" "-e" "RUSTDOCFLAGS=--cap-lints=warn" "-w" "/opt/rustwide/workdir" "--user" "0:0" "768d1ebae9d4df71350cf7ede759877c78ac0f0a65e23df21dd0e1c807178b42" "/opt/rustwide/cargo-home/bin/cargo" "+1.99.0-beta.8" "test" "--frozen" "--no-run" "--message-format=json" "--release", kill_on_drop: false }`
[INFO] [stderr]    Compiling num-traits v0.2.19
[INFO] [stderr]    Compiling ahash v0.8.12
[INFO] [stderr]    Compiling errno v0.3.14
[INFO] [stderr]    Compiling parking_lot_core v0.9.12
[INFO] [stderr]    Compiling getrandom v0.3.4
[INFO] [stderr]    Compiling arrow-schema v59.3.0
[INFO] [stderr]    Compiling zerocopy-derive v0.8.56
[INFO] [stderr]    Compiling aho-corasick v1.1.5
[INFO] [stderr]    Compiling tracing v0.1.44
[INFO] [stderr]    Compiling lexical-parse-integer v1.0.6
[INFO] [stderr]    Compiling lexical-write-integer v1.0.6
[INFO] [stderr]    Compiling flatbuffers v25.12.19
[INFO] [stderr]    Compiling serde_json v1.0.151
[INFO] [stderr]    Compiling rustls-platform-verifier v0.7.0
[INFO] [stderr]    Compiling chacha20 v0.10.2
[INFO] [stderr]    Compiling getrandom v0.4.3
[INFO] [stderr]    Compiling signal-hook-registry v1.4.8
[INFO] [stderr]    Compiling parking_lot v0.12.5
[INFO] [stderr]    Compiling lexical-parse-float v1.0.6
[INFO] [stderr]    Compiling sharded-slab v0.1.7
[INFO] [stderr]    Compiling thread_local v1.1.10
[INFO] [stderr]    Compiling rand v0.10.3
[INFO] [stderr]    Compiling lexical-write-float v1.0.6
[INFO] [stderr]    Compiling tokio v1.53.1
[INFO] [stderr]    Compiling lexical-core v1.0.6
[INFO] [stderr]    Compiling num-integer v0.1.47
[INFO] [stderr]    Compiling chrono v0.4.45
[INFO] [stderr]    Compiling num-complex v0.4.6
[INFO] [stderr]    Compiling atoi v2.0.0
[INFO] [stderr]    Compiling num-bigint v0.5.1
[INFO] [stderr]    Compiling num-iter v0.1.46
[INFO] [stderr]    Compiling num-bigint v0.4.8
[INFO] [stderr]    Compiling zerocopy v0.8.56
[INFO] [stderr]    Compiling regex-automata v0.4.18
[INFO] [stderr]    Compiling simple_asn1 v0.6.4
[INFO] [stderr]    Compiling regex v1.13.1
[INFO] [stderr]    Compiling matchers v0.2.0
[INFO] [stderr]    Compiling tracing-subscriber v0.3.23
[INFO] [stderr]    Compiling half v2.7.1
[INFO] [stderr]    Compiling ppv-lite86 v0.2.21
[INFO] [stderr]    Compiling rand_chacha v0.3.1
[INFO] [stderr]    Compiling arrow-buffer v59.3.0
[INFO] [stderr]    Compiling rand v0.8.8
[INFO] [stderr]    Compiling arrow-data v59.3.0
[INFO] [stderr]    Compiling hyper v1.11.1
[INFO] [stderr]    Compiling num-bigint-dig v0.8.6
[INFO] [stderr]    Compiling tower v0.5.3
[INFO] [stderr]    Compiling tokio-rustls v0.26.6
[INFO] [stderr]    Compiling hyper-util v0.1.20
[INFO] [stderr]    Compiling arrow-array v59.3.0
[INFO] [stderr]    Compiling tower-http v0.6.11
[INFO] [stderr]    Compiling rsa v0.9.10
[INFO] [stderr]    Compiling jsonwebtoken v11.1.0
[INFO] [stderr]    Compiling hyper-rustls v0.27.9
[INFO] [stderr]    Compiling reqwest v0.13.5
[INFO] [stderr]    Compiling arrow-select v59.3.0
[INFO] [stderr]    Compiling arrow-row v59.3.0
[INFO] [stderr]    Compiling arrow-arith v59.3.0
[INFO] [stderr]    Compiling hyperdb-api-salesforce v1.0.0-rc.5 (/opt/rustwide/workdir)
[INFO] [stderr]    Compiling arrow-ord v59.3.0
[INFO] [stderr]    Compiling arrow-ipc v59.3.0
[INFO] [stderr]    Compiling arrow-string v59.3.0
[INFO] [stderr]    Compiling arrow-cast v59.3.0
[INFO] [stderr]    Compiling arrow v59.3.0
[INFO] [stdout] error[E0433]: cannot find module or crate `hyperdb_api_core` in this scope
[INFO] [stdout]    --> examples/salesforce_auth_example.rs:155:13
[INFO] [stdout]     |
[INFO] [stdout] 155 |         use hyperdb_api_core::client::grpc::AuthenticatedGrpcClient;
[INFO] [stdout]     |             ^^^^^^^^^^^^^^^^ use of unresolved module or unlinked crate `hyperdb_api_core`
[INFO] [stdout]     |
[INFO] [stdout]     = help: if you wanted to use a crate named `hyperdb_api_core`, use `cargo add hyperdb_api_core` to add it to your `Cargo.toml`
[INFO] [stdout] 
[INFO] [stdout] 
[INFO] [stdout] warning: method call on a diverging inference variable
[INFO] [stdout]    --> examples/salesforce_auth_example.rs:176:37
[INFO] [stdout]     |
[INFO] [stdout] 176 |         if let Some(token) = client.current_token() {
[INFO] [stdout]     |                                     ^^^^^^^^^^^^^
[INFO] [stdout]     |
[INFO] [stdout]     = help: consider providing a type annotation
[INFO] [stdout]     = warning: this was previously accepted by the compiler but is being phased out; it will become a hard error in a future release!
[INFO] [stdout]     = note: for more information, see issue #156047 <https://github.com/rust-lang/rust/issues/156047>
[INFO] [stdout]     = note: `#[warn(method_call_on_diverging_infer_var)]` (part of `#[warn(future_incompatible)]`) on by default
[INFO] [stdout] 
[INFO] [stdout] 
[INFO] [stdout] error[E0599]: no method named `current_token` found for type `!` in the current scope
[INFO] [stdout]    --> examples/salesforce_auth_example.rs:176:37
[INFO] [stdout]     |
[INFO] [stdout] 176 |         if let Some(token) = client.current_token() {
[INFO] [stdout]     |                                     ^^^^^^^^^^^^^ method not found in `!`
[INFO] [stdout] 
[INFO] [stdout] 
[INFO] [stdout] error[E0599]: no method named `list_tables_with_limit` found for type `!` in the current scope
[INFO] [stdout]    --> examples/salesforce_auth_example.rs:188:22
[INFO] [stdout]     |
[INFO] [stdout] 188 |         match client.list_tables_with_limit(Some(50)).await {
[INFO] [stdout]     |                      ^^^^^^^^^^^^^^^^^^^^^^ method not found in `!`
[INFO] [stdout] 
[INFO] [stdout] 
[INFO] [stdout] warning: unreachable expression
[INFO] [stdout]    --> examples/salesforce_auth_example.rs:188:45
[INFO] [stdout]     |
[INFO] [stdout] 188 |         match client.list_tables_with_limit(Some(50)).await {
[INFO] [stdout]     |               ------                        ^^^^^^^^ unreachable expression
[INFO] [stdout]     |               |
[INFO] [stdout]     |               any code following this expression is unreachable
[INFO] [stdout]     |
[INFO] [stdout]     = note: `#[warn(unreachable_code)]` (part of `#[warn(unused)]`) on by default
[INFO] [stdout] 
[INFO] [stdout] 
[INFO] [stdout] error[E0599]: no method named `get_table_labels` found for type `!` in the current scope
[INFO] [stdout]    --> examples/salesforce_auth_example.rs:194:43
[INFO] [stdout]     |
[INFO] [stdout] 194 |                 let table_labels = client.get_table_labels("public").await.unwrap_or_default();
[INFO] [stdout]     |                                           ^^^^^^^^^^^^^^^^ method not found in `!`
[INFO] [stdout] 
[INFO] [stdout] 
[INFO] [stdout] warning: unreachable expression
[INFO] [stdout]    --> examples/salesforce_auth_example.rs:194:60
[INFO] [stdout]     |
[INFO] [stdout] 194 |                 let table_labels = client.get_table_labels("public").await.unwrap_or_default();
[INFO] [stdout]     |                                    ------                  ^^^^^^^^ unreachable expression
[INFO] [stdout]     |                                    |
[INFO] [stdout]     |                                    any code following this expression is unreachable
[INFO] [stdout] 
[INFO] [stdout] 
[INFO] [stdout] error[E0599]: no method named `execute_query` found for type `!` in the current scope
[INFO] [stdout]    --> examples/salesforce_auth_example.rs:251:48
[INFO] [stdout]     |
[INFO] [stdout] 251 |                     if let Ok(result) = client.execute_query(&count_query).await
[INFO] [stdout]     |                                                ^^^^^^^^^^^^^ method not found in `!`
[INFO] [stdout] 
[INFO] [stdout] 
[INFO] [stdout] warning: unreachable expression
[INFO] [stdout]    --> examples/salesforce_auth_example.rs:251:62
[INFO] [stdout]     |
[INFO] [stdout] 251 |                     if let Ok(result) = client.execute_query(&count_query).await
[INFO] [stdout]     |                                         ------               ^^^^^^^^^^^^ unreachable expression
[INFO] [stdout]     |                                         |
[INFO] [stdout]     |                                         any code following this expression is unreachable
[INFO] [stdout] 
[INFO] [stdout] 
[INFO] [stdout] error[E0599]: no method named `get_column_labels` found for type `!` in the current scope
[INFO] [stdout]    --> examples/salesforce_auth_example.rs:300:26
[INFO] [stdout]     |
[INFO] [stdout] 299 |                       let column_labels = client
[INFO] [stdout]     |  _________________________________________-
[INFO] [stdout] 300 | |                         .get_column_labels(&schema, &table)
[INFO] [stdout]     | |                         -^^^^^^^^^^^^^^^^^ method not found in `!`
[INFO] [stdout]     | |_________________________|
[INFO] [stdout]     |
[INFO] [stdout] 
[INFO] [stdout] 
[INFO] [stdout] warning: unreachable expression
[INFO] [stdout]    --> examples/salesforce_auth_example.rs:300:44
[INFO] [stdout]     |
[INFO] [stdout] 299 |                     let column_labels = client
[INFO] [stdout]     |                                         ------ any code following this expression is unreachable
[INFO] [stdout] 300 |                         .get_column_labels(&schema, &table)
[INFO] [stdout]     |                                            ^^^^^^^ unreachable expression
[INFO] [stdout] 
[INFO] [stdout] 
[INFO] [stdout] error[E0599]: no method named `execute_query` found for type `!` in the current scope
[INFO] [stdout]    --> examples/salesforce_auth_example.rs:312:34
[INFO] [stdout]     |
[INFO] [stdout] 312 |                     match client.execute_query(&sample_query).await {
[INFO] [stdout]     |                                  ^^^^^^^^^^^^^ method not found in `!`
[INFO] [stdout] 
[INFO] [stdout] 
[INFO] [stdout] warning: unreachable expression
[INFO] [stdout]    --> examples/salesforce_auth_example.rs:312:48
[INFO] [stdout]     |
[INFO] [stdout] 312 |                     match client.execute_query(&sample_query).await {
[INFO] [stdout]     |                           ------               ^^^^^^^^^^^^^ unreachable expression
[INFO] [stdout]     |                           |
[INFO] [stdout]     |                           any code following this expression is unreachable
[INFO] [stdout] 
[INFO] [stdout] 
[INFO] [stdout] error[E0599]: no method named `execute_query` found for type `!` in the current scope
[INFO] [stdout]    --> examples/salesforce_auth_example.rs:405:34
[INFO] [stdout]     |
[INFO] [stdout] 405 |                     match client.execute_query(&full_query).await {
[INFO] [stdout]     |                                  ^^^^^^^^^^^^^ method not found in `!`
[INFO] [stdout] 
[INFO] [stdout] 
[INFO] [stdout] warning: unreachable expression
[INFO] [stdout]    --> examples/salesforce_auth_example.rs:405:48
[INFO] [stdout]     |
[INFO] [stdout] 405 |                     match client.execute_query(&full_query).await {
[INFO] [stdout]     |                           ------               ^^^^^^^^^^^ unreachable expression
[INFO] [stdout]     |                           |
[INFO] [stdout]     |                           any code following this expression is unreachable
[INFO] [stdout] 
[INFO] [stdout] 
[INFO] [stdout] Some errors have detailed explanations: E0433, E0599.
[INFO] [stdout] 
[INFO] [stdout] For more information about an error, try `rustc --explain E0433`.
[INFO] [stdout] 
[INFO] [stderr] error: could not compile `hyperdb-api-salesforce` (example "salesforce_auth_example") due to 8 previous errors; 8 warnings emitted
[INFO] [stderr] warning: build failed, waiting for other jobs to finish...
[INFO] running `Command { std: "docker" "inspect" "768d1ebae9d4df71350cf7ede759877c78ac0f0a65e23df21dd0e1c807178b42", kill_on_drop: false }`
[INFO] running `Command { std: "docker" "rm" "-f" "768d1ebae9d4df71350cf7ede759877c78ac0f0a65e23df21dd0e1c807178b42", kill_on_drop: false }`
[INFO] [stdout] 768d1ebae9d4df71350cf7ede759877c78ac0f0a65e23df21dd0e1c807178b42
