[INFO] fetching crate hyperdb-api-core 1.0.0-rc.5...
[INFO] testing hyperdb-api-core-1.0.0-rc.5 against 1.99.0-beta.8+cargoflags=--release for beta-release-1.100-2
[INFO] extracting crate hyperdb-api-core 1.0.0-rc.5 into /workspace/builds/worker-7-tc1/source
[INFO] started tweaking crates.io crate hyperdb-api-core 1.0.0-rc.5
[INFO] removed 0 missing tests
[INFO] finished tweaking crates.io crate hyperdb-api-core 1.0.0-rc.5
[INFO] tweaked toml for crates.io crate hyperdb-api-core 1.0.0-rc.5 written to /workspace/builds/worker-7-tc1/source/Cargo.toml
[INFO] validating manifest of crates.io crate hyperdb-api-core 1.0.0-rc.5 on toolchain 1.99.0-beta.8
[INFO] running `Command { std: CARGO_HOME="/workspace/cargo-home" RUSTUP_HOME="/workspace/rustup-home" "/workspace/cargo-home/bin/cargo" "+1.99.0-beta.8" "metadata" "--manifest-path" "Cargo.toml" "--no-deps", kill_on_drop: false }`
[INFO] crate crates.io crate hyperdb-api-core 1.0.0-rc.5 already has a lockfile, it will not be regenerated
[INFO] running `Command { std: CARGO_HOME="/workspace/cargo-home" RUSTUP_HOME="/workspace/rustup-home" "/workspace/cargo-home/bin/cargo" "+1.99.0-beta.8" "fetch" "--manifest-path" "Cargo.toml", kill_on_drop: false }`
[INFO] [stderr]     Updating crates.io index
[INFO] [stderr]  Downloading crates ...
[INFO] [stderr]   Downloaded tonic-prost-build v0.14.6
[INFO] [stderr]   Downloaded pulldown-cmark-to-cmark v22.0.1
[INFO] [stderr]   Downloaded hyperdb-api-salesforce v1.0.0-rc.5
[INFO] [stderr]   Downloaded jsonwebtoken v11.1.0
[INFO] [stderr]   Downloaded scroll v0.13.0
[INFO] [stderr]   Downloaded geozero v0.15.1
[INFO] running `Command { std: "docker" "create" "-v" "/var/lib/crater-agent-workspace/builds/worker-7-tc1/source:/opt/rustwide/workdir:ro,Z" "-v" "/var/lib/crater-agent-workspace/builds/worker-7-tc1/target:/opt/rustwide/target:rw,Z" "-v" "/var/lib/crater-agent-workspace/cargo-home:/opt/rustwide/cargo-home:ro,Z" "-v" "/var/lib/crater-agent-workspace/rustup-home:/opt/rustwide/rustup-home:ro,Z" "-m" "1610612736" "--network" "none" "ghcr.io/rust-lang/crates-build-env/linux@sha256:77db811e55d90add9212f6832c23229e3de5f1c1f9905e8cb07319ea15df73ac" "sleep" "infinity", kill_on_drop: false }`
[INFO] [stdout] 3b5ff36c6f07ac29ef70dd0a5c83b3448b2b6edc5b507638b57ca4a218ae88ab
[INFO] running `Command { std: "docker" "start" "3b5ff36c6f07ac29ef70dd0a5c83b3448b2b6edc5b507638b57ca4a218ae88ab", kill_on_drop: false }`
[INFO] running `Command { std: "docker" "inspect" "3b5ff36c6f07ac29ef70dd0a5c83b3448b2b6edc5b507638b57ca4a218ae88ab", kill_on_drop: false }`
[INFO] running `Command { std: "docker" "exec" "-e" "SOURCE_DIR=/opt/rustwide/workdir" "-e" "CARGO_HOME=/opt/rustwide/cargo-home" "-e" "RUSTUP_HOME=/opt/rustwide/rustup-home" "-e" "CARGO_TARGET_DIR=/opt/rustwide/target" "-w" "/opt/rustwide/workdir" "--user" "0:0" "3b5ff36c6f07ac29ef70dd0a5c83b3448b2b6edc5b507638b57ca4a218ae88ab" "/opt/rustwide/cargo-home/bin/cargo" "+1.99.0-beta.8" "metadata" "--no-deps" "--format-version=1", kill_on_drop: false }`
[INFO] running `Command { std: "docker" "inspect" "3b5ff36c6f07ac29ef70dd0a5c83b3448b2b6edc5b507638b57ca4a218ae88ab", kill_on_drop: false }`
[INFO] running `Command { std: "docker" "exec" "-e" "SOURCE_DIR=/opt/rustwide/workdir" "-e" "CARGO_HOME=/opt/rustwide/cargo-home" "-e" "RUSTUP_HOME=/opt/rustwide/rustup-home" "-e" "CARGO_TARGET_DIR=/opt/rustwide/target" "-e" "CARGO_INCREMENTAL=0" "-e" "RUST_BACKTRACE=full" "-e" "RUSTFLAGS=--cap-lints=warn" "-e" "RUSTDOCFLAGS=--cap-lints=warn" "-w" "/opt/rustwide/workdir" "--user" "0:0" "3b5ff36c6f07ac29ef70dd0a5c83b3448b2b6edc5b507638b57ca4a218ae88ab" "/opt/rustwide/cargo-home/bin/cargo" "+1.99.0-beta.8" "build" "--frozen" "--message-format=json" "--release", kill_on_drop: false }`
[INFO] [stderr]    Compiling syn v2.0.119
[INFO] [stderr]    Compiling syn v3.0.6
[INFO] [stderr]    Compiling either v1.18.0
[INFO] [stderr]    Compiling bitflags v2.13.1
[INFO] [stderr]    Compiling libc v0.2.190
[INFO] [stderr]    Compiling ring v0.17.14
[INFO] [stderr]    Compiling hybrid-array v0.4.14
[INFO] [stderr]    Compiling socket2 v0.6.5
[INFO] [stderr]    Compiling mio v1.2.3
[INFO] [stderr]    Compiling pulldown-cmark v0.13.4
[INFO] [stderr]    Compiling rustls-pki-types v1.15.1
[INFO] [stderr]    Compiling getrandom v0.4.3
[INFO] [stderr]    Compiling getrandom v0.2.17
[INFO] [stderr]    Compiling bytes v1.12.1
[INFO] [stderr]    Compiling cmov v0.5.4
[INFO] [stderr]    Compiling regex-syntax v0.8.11
[INFO] [stderr]    Compiling indexmap v2.14.2
[INFO] [stderr]    Compiling smallvec v1.16.2
[INFO] [stderr]    Compiling rustix v1.1.4
[INFO] [stderr]    Compiling itertools v0.14.0
[INFO] [stderr]    Compiling ctutils v0.4.2
[INFO] [stderr]    Compiling rustls v0.23.45
[INFO] [stderr]    Compiling fastrand v2.5.0
[INFO] [stderr]    Compiling const-oid v0.10.2
[INFO] [stderr]    Compiling axum-core v0.5.6
[INFO] [stderr]    Compiling crypto-common v0.2.2
[INFO] [stderr]    Compiling block-buffer v0.12.1
[INFO] [stderr]    Compiling serde_json v1.0.151
[INFO] [stderr]    Compiling webpki-roots v1.0.9
[INFO] [stderr]    Compiling geozero v0.15.1
[INFO] [stderr]    Compiling petgraph v0.8.3
[INFO] [stderr]    Compiling chacha20 v0.10.2
[INFO] [stderr]    Compiling scroll v0.13.0
[INFO] [stderr]    Compiling chrono v0.4.45
[INFO] [stderr]    Compiling rand v0.10.3
[INFO] [stderr]    Compiling pulldown-cmark-to-cmark v22.0.1
[INFO] [stderr]    Compiling digest v0.11.3
[INFO] [stderr]    Compiling regex-automata v0.4.18
[INFO] [stderr]    Compiling hmac v0.13.0
[INFO] [stderr]    Compiling md-5 v0.11.0
[INFO] [stderr]    Compiling sha2 v0.11.0
[INFO] [stderr]    Compiling pbkdf2 v0.13.0
[INFO] [stderr]    Compiling tempfile v3.27.0
[INFO] [stderr]    Compiling tokio-macros v2.7.2
[INFO] [stderr]    Compiling thiserror-impl v2.0.21
[INFO] [stderr]    Compiling serde_derive v1.0.229
[INFO] [stderr]    Compiling async-trait v0.1.92
[INFO] [stderr]    Compiling regex v1.13.1
[INFO] [stderr]    Compiling tokio v1.53.1
[INFO] [stderr]    Compiling thiserror v2.0.21
[INFO] [stderr]    Compiling geo-types v0.7.20
[INFO] [stderr]    Compiling prettyplease v0.2.37
[INFO] [stderr]    Compiling geo-traits v0.3.0
[INFO] [stderr]    Compiling prost-derive v0.14.4
[INFO] [stderr]    Compiling tracing-attributes v0.1.31
[INFO] [stderr]    Compiling thiserror-impl v1.0.69
[INFO] [stderr]    Compiling pin-project-internal v1.1.13
[INFO] [stderr]    Compiling tonic-build v0.14.6
[INFO] [stderr]    Compiling serde v1.0.229
[INFO] [stderr]    Compiling pin-project v1.1.13
[INFO] [stderr]    Compiling thiserror v1.0.69
[INFO] [stderr]    Compiling tracing v0.1.44
[INFO] [stderr]    Compiling wkt v0.14.0
[INFO] [stderr]    Compiling prost v0.14.4
[INFO] [stderr]    Compiling geojson v0.24.2
[INFO] [stderr]    Compiling prost-types v0.14.4
[INFO] [stderr]    Compiling prost-build v0.14.4
[INFO] [stderr]    Compiling tokio-util v0.7.19
[INFO] [stderr]    Compiling tokio-stream v0.1.19
[INFO] [stderr]    Compiling tonic-prost-build v0.14.6
[INFO] [stderr]    Compiling hyperdb-api-core v1.0.0-rc.5 (/opt/rustwide/workdir)
[INFO] [stderr]    Compiling h2 v0.4.19
[INFO] [stderr]    Compiling tower v0.5.3
[INFO] [stderr]    Compiling axum v0.8.9
[INFO] [stderr]    Compiling hyper v1.11.1
[INFO] [stderr]    Compiling rustls-webpki v0.103.15
[INFO] [stderr]    Compiling hyper-util v0.1.20
[INFO] [stderr]    Compiling hyper-timeout v0.5.2
[INFO] [stderr]    Compiling tokio-rustls v0.26.6
[INFO] [stderr]    Compiling tonic v0.14.6
[INFO] [stderr]    Compiling tonic-prost v0.14.6
[INFO] [stderr]     Finished `release` profile [optimized] target(s) in 1m 49s
[INFO] running `Command { std: "docker" "inspect" "3b5ff36c6f07ac29ef70dd0a5c83b3448b2b6edc5b507638b57ca4a218ae88ab", kill_on_drop: false }`
[INFO] running `Command { std: "docker" "exec" "-e" "SOURCE_DIR=/opt/rustwide/workdir" "-e" "CARGO_HOME=/opt/rustwide/cargo-home" "-e" "RUSTUP_HOME=/opt/rustwide/rustup-home" "-e" "CARGO_TARGET_DIR=/opt/rustwide/target" "-e" "CARGO_INCREMENTAL=0" "-e" "RUST_BACKTRACE=full" "-e" "RUSTFLAGS=--cap-lints=warn" "-e" "RUSTDOCFLAGS=--cap-lints=warn" "-w" "/opt/rustwide/workdir" "--user" "0:0" "3b5ff36c6f07ac29ef70dd0a5c83b3448b2b6edc5b507638b57ca4a218ae88ab" "/opt/rustwide/cargo-home/bin/cargo" "+1.99.0-beta.8" "test" "--frozen" "--no-run" "--message-format=json" "--release", kill_on_drop: false }`
[INFO] [stderr]    Compiling num-traits v0.2.19
[INFO] [stderr]    Compiling zerocopy-derive v0.8.56
[INFO] [stderr]    Compiling arrow-schema v59.3.0
[INFO] [stderr]    Compiling getrandom v0.3.4
[INFO] [stderr]    Compiling tracing v0.1.44
[INFO] [stderr]    Compiling aho-corasick v1.1.5
[INFO] [stderr]    Compiling regex-syntax v0.8.11
[INFO] [stderr]    Compiling rustls v0.23.45
[INFO] [stderr]    Compiling csv-core v0.1.13
[INFO] [stderr]    Compiling time v0.3.55
[INFO] [stderr]    Compiling flatbuffers v25.12.19
[INFO] [stderr]    Compiling geojson v0.24.2
[INFO] [stderr]    Compiling pem v4.0.0
[INFO] [stderr]    Compiling tempfile v3.27.0
[INFO] [stderr]    Compiling h2 v0.4.19
[INFO] [stderr]    Compiling tower v0.5.3
[INFO] [stderr]    Compiling csv v1.4.0
[INFO] [stderr]    Compiling yasna v0.6.0
[INFO] [stderr]    Compiling axum v0.8.9
[INFO] [stderr]    Compiling num-integer v0.1.47
[INFO] [stderr]    Compiling chrono v0.4.45
[INFO] [stderr]    Compiling num-complex v0.4.6
[INFO] [stderr]    Compiling geo-types v0.7.20
[INFO] [stderr]    Compiling zerocopy v0.8.56
[INFO] [stderr]    Compiling atoi v2.0.0
[INFO] [stderr]    Compiling geo-traits v0.3.0
[INFO] [stderr]    Compiling num-bigint v0.5.1
[INFO] [stderr]    Compiling wkt v0.14.0
[INFO] [stderr]    Compiling rcgen v0.14.10
[INFO] [stderr]    Compiling regex-automata v0.4.18
[INFO] [stderr]    Compiling geozero v0.15.1
[INFO] [stderr]    Compiling hyper v1.11.1
[INFO] [stderr]    Compiling tokio-rustls v0.26.6
[INFO] [stderr]    Compiling hyper-util v0.1.20
[INFO] [stderr]    Compiling half v2.7.1
[INFO] [stderr]    Compiling ahash v0.8.12
[INFO] [stderr]    Compiling regex v1.13.1
[INFO] [stderr]    Compiling matchers v0.2.0
[INFO] [stderr]    Compiling tracing-subscriber v0.3.23
[INFO] [stderr]    Compiling hyper-timeout v0.5.2
[INFO] [stderr]    Compiling arrow-buffer v59.3.0
[INFO] [stderr]    Compiling tonic v0.14.6
[INFO] [stderr]    Compiling arrow-data v59.3.0
[INFO] [stderr]    Compiling arrow-array v59.3.0
[INFO] [stderr]    Compiling tonic-prost v0.14.6
[INFO] [stderr]    Compiling hyperdb-api-core v1.0.0-rc.5 (/opt/rustwide/workdir)
[INFO] [stderr]    Compiling arrow-select v59.3.0
[INFO] [stderr]    Compiling arrow-row v59.3.0
[INFO] [stderr]    Compiling arrow-arith v59.3.0
[INFO] [stderr]    Compiling arrow-ord v59.3.0
[INFO] [stderr]    Compiling arrow-ipc v59.3.0
[INFO] [stderr]    Compiling arrow-string v59.3.0
[INFO] [stderr]    Compiling arrow-cast v59.3.0
[INFO] [stderr]    Compiling arrow-csv v59.3.0
[INFO] [stderr]    Compiling arrow-json v59.3.0
[INFO] [stderr]    Compiling arrow v59.3.0
[INFO] [stdout] error[E0432]: unresolved import `hyperdb_api`
[INFO] [stdout]  --> tests/common/mod.rs:9:5
[INFO] [stdout]   |
[INFO] [stdout] 9 | use hyperdb_api::{HyperProcess, Parameters};
[INFO] [stdout]   |     ^^^^^^^^^^^ use of unresolved module or unlinked crate `hyperdb_api`
[INFO] [stdout]   |
[INFO] [stdout]   = help: if you wanted to use a crate named `hyperdb_api`, use `cargo add hyperdb_api` to add it to your `Cargo.toml`
[INFO] [stdout] 
[INFO] [stdout] 
[INFO] [stdout] error[E0432]: unresolved import `hyperdb_api`
[INFO] [stdout]  --> tests/common/mod.rs:9:5
[INFO] [stdout]   |
[INFO] [stdout] 9 | use hyperdb_api::{HyperProcess, Parameters};
[INFO] [stdout]   |     ^^^^^^^^^^^ use of unresolved module or unlinked crate `hyperdb_api`
[INFO] [stdout]   |
[INFO] [stdout]   = help: if you wanted to use a crate named `hyperdb_api`, use `cargo add hyperdb_api` to add it to your `Cargo.toml`
[INFO] [stdout] 
[INFO] [stdout] 
[INFO] [stdout] error[E0432]: unresolved import `hyperdb_api`
[INFO] [stdout]  --> tests/common/mod.rs:9:5
[INFO] [stdout]   |
[INFO] [stdout] 9 | use hyperdb_api::{HyperProcess, Parameters};
[INFO] [stdout]   |     ^^^^^^^^^^^ use of unresolved module or unlinked crate `hyperdb_api`
[INFO] [stdout]   |
[INFO] [stdout]   = help: if you wanted to use a crate named `hyperdb_api`, use `cargo add hyperdb_api` to add it to your `Cargo.toml`
[INFO] [stdout] 
[INFO] [stdout] 
[INFO] [stdout] error[E0432]: unresolved import `hyperdb_api`
[INFO] [stdout]  --> tests/common/mod.rs:9:5
[INFO] [stdout]   |
[INFO] [stdout] 9 | use hyperdb_api::{HyperProcess, Parameters};
[INFO] [stdout]   |     ^^^^^^^^^^^ use of unresolved module or unlinked crate `hyperdb_api`
[INFO] [stdout]   |
[INFO] [stdout]   = help: if you wanted to use a crate named `hyperdb_api`, use `cargo add hyperdb_api` to add it to your `Cargo.toml`
[INFO] [stdout] 
[INFO] [stdout] 
[INFO] [stdout] error[E0432]: unresolved import `hyperdb_api`
[INFO] [stdout]  --> tests/common/mod.rs:9:5
[INFO] [stdout]   |
[INFO] [stdout] 9 | use hyperdb_api::{HyperProcess, Parameters};
[INFO] [stdout]   |     ^^^^^^^^^^^ use of unresolved module or unlinked crate `hyperdb_api`
[INFO] [stdout]   |
[INFO] [stdout]   = help: if you wanted to use a crate named `hyperdb_api`, use `cargo add hyperdb_api` to add it to your `Cargo.toml`
[INFO] [stdout] 
[INFO] [stdout] 
[INFO] [stdout] error[E0432]: unresolved import `hyperdb_api`
[INFO] [stdout]  --> tests/common/mod.rs:9:5
[INFO] [stdout]   |
[INFO] [stdout] 9 | use hyperdb_api::{HyperProcess, Parameters};
[INFO] [stdout]   |     ^^^^^^^^^^^ use of unresolved module or unlinked crate `hyperdb_api`
[INFO] [stdout]   |
[INFO] [stdout]   = help: if you wanted to use a crate named `hyperdb_api`, use `cargo add hyperdb_api` to add it to your `Cargo.toml`
[INFO] [stdout] 
[INFO] [stdout] 
[INFO] [stdout] error[E0432]: unresolved import `hyperdb_api`
[INFO] [stdout]  --> tests/common/mod.rs:9:5
[INFO] [stdout]   |
[INFO] [stdout] 9 | use hyperdb_api::{HyperProcess, Parameters};
[INFO] [stdout]   |     ^^^^^^^^^^^ use of unresolved module or unlinked crate `hyperdb_api`
[INFO] [stdout]   |
[INFO] [stdout]   = help: if you wanted to use a crate named `hyperdb_api`, use `cargo add hyperdb_api` to add it to your `Cargo.toml`
[INFO] [stdout] 
[INFO] [stdout] 
[INFO] [stdout] error[E0433]: cannot find module or crate `hyperdb_api` in this scope
[INFO] [stdout]   --> tests/common/mod.rs:97:26
[INFO] [stdout]    |
[INFO] [stdout] 97 |             .map_err(|e| hyperdb_api::Error::internal(format!("Failed to connect: {e}")))?;
[INFO] [stdout]    |                          ^^^^^^^^^^^ use of unresolved module or unlinked crate `hyperdb_api`
[INFO] [stdout]    |
[INFO] [stdout]    = help: if you wanted to use a crate named `hyperdb_api`, use `cargo add hyperdb_api` to add it to your `Cargo.toml`
[INFO] [stdout] help: consider importing one of these items
[INFO] [stdout]    |
[INFO] [stdout]  9 + use std::error::Error;
[INFO] [stdout]    |
[INFO] [stdout]  9 + use std::fmt::Error;
[INFO] [stdout]    |
[INFO] [stdout]  9 + use std::io::Error;
[INFO] [stdout]    |
[INFO] [stdout]  9 + use core::error::Error;
[INFO] [stdout]    |
[INFO] [stdout]    = and 1 other candidate
[INFO] [stdout] help: if you import `Error`, refer to it directly
[INFO] [stdout]    |
[INFO] [stdout] 97 -             .map_err(|e| hyperdb_api::Error::internal(format!("Failed to connect: {e}")))?;
[INFO] [stdout] 97 +             .map_err(|e| Error::internal(format!("Failed to connect: {e}")))?;
[INFO] [stdout]    |
[INFO] [stdout] 
[INFO] [stdout] 
[INFO] [stdout] error[E0433]: cannot find module or crate `hyperdb_api` in this scope
[INFO] [stdout]    --> tests/common/mod.rs:104:26
[INFO] [stdout]     |
[INFO] [stdout] 104 |             .map_err(|e| hyperdb_api::Error::internal(format!("Failed to create database: {e}")))?;
[INFO] [stdout]     |                          ^^^^^^^^^^^ use of unresolved module or unlinked crate `hyperdb_api`
[INFO] [stdout]     |
[INFO] [stdout]     = help: if you wanted to use a crate named `hyperdb_api`, use `cargo add hyperdb_api` to add it to your `Cargo.toml`
[INFO] [stdout] help: consider importing one of these items
[INFO] [stdout]     |
[INFO] [stdout]   9 + use std::error::Error;
[INFO] [stdout]     |
[INFO] [stdout]   9 + use std::fmt::Error;
[INFO] [stdout]     |
[INFO] [stdout]   9 + use std::io::Error;
[INFO] [stdout]     |
[INFO] [stdout]   9 + use core::error::Error;
[INFO] [stdout]     |
[INFO] [stdout]     = and 1 other candidate
[INFO] [stdout] help: if you import `Error`, refer to it directly
[INFO] [stdout]     |
[INFO] [stdout] 104 -             .map_err(|e| hyperdb_api::Error::internal(format!("Failed to create database: {e}")))?;
[INFO] [stdout] 104 +             .map_err(|e| Error::internal(format!("Failed to create database: {e}")))?;
[INFO] [stdout]     |
[INFO] [stdout] 
[INFO] [stdout] 
[INFO] [stdout] error[E0433]: cannot find module or crate `hyperdb_api` in this scope
[INFO] [stdout]    --> tests/common/mod.rs:108:26
[INFO] [stdout]     |
[INFO] [stdout] 108 |             .map_err(|e| hyperdb_api::Error::internal(format!("Failed to close: {e}")))?;
[INFO] [stdout]     |                          ^^^^^^^^^^^ use of unresolved module or unlinked crate `hyperdb_api`
[INFO] [stdout]     |
[INFO] [stdout]     = help: if you wanted to use a crate named `hyperdb_api`, use `cargo add hyperdb_api` to add it to your `Cargo.toml`
[INFO] [stdout] help: consider importing one of these items
[INFO] [stdout]     |
[INFO] [stdout]   9 + use std::error::Error;
[INFO] [stdout]     |
[INFO] [stdout]   9 + use std::fmt::Error;
[INFO] [stdout]     |
[INFO] [stdout]   9 + use std::io::Error;
[INFO] [stdout]     |
[INFO] [stdout]   9 + use core::error::Error;
[INFO] [stdout]     |
[INFO] [stdout]     = and 1 other candidate
[INFO] [stdout] help: if you import `Error`, refer to it directly
[INFO] [stdout]     |
[INFO] [stdout] 108 -             .map_err(|e| hyperdb_api::Error::internal(format!("Failed to close: {e}")))?;
[INFO] [stdout] 108 +             .map_err(|e| Error::internal(format!("Failed to close: {e}")))?;
[INFO] [stdout]     |
[INFO] [stdout] 
[INFO] [stdout] 
[INFO] [stdout] error[E0433]: cannot find module or crate `hyperdb_api` in this scope
[INFO] [stdout]   --> tests/common/mod.rs:97:26
[INFO] [stdout]    |
[INFO] [stdout] 97 |             .map_err(|e| hyperdb_api::Error::internal(format!("Failed to connect: {e}")))?;
[INFO] [stdout]    |                          ^^^^^^^^^^^ use of unresolved module or unlinked crate `hyperdb_api`
[INFO] [stdout]    |
[INFO] [stdout]    = help: if you wanted to use a crate named `hyperdb_api`, use `cargo add hyperdb_api` to add it to your `Cargo.toml`
[INFO] [stdout] help: consider importing one of these items
[INFO] [stdout]    |
[INFO] [stdout]  9 + use std::error::Error;
[INFO] [stdout]    |
[INFO] [stdout]  9 + use std::fmt::Error;
[INFO] [stdout]    |
[INFO] [stdout]  9 + use std::io::Error;
[INFO] [stdout]    |
[INFO] [stdout]  9 + use core::error::Error;
[INFO] [stdout]    |
[INFO] [stdout]    = and 1 other candidate
[INFO] [stdout] help: if you import `Error`, refer to it directly
[INFO] [stdout]    |
[INFO] [stdout] 97 -             .map_err(|e| hyperdb_api::Error::internal(format!("Failed to connect: {e}")))?;
[INFO] [stdout] 97 +             .map_err(|e| Error::internal(format!("Failed to connect: {e}")))?;
[INFO] [stdout]    |
[INFO] [stdout] 
[INFO] [stdout] 
[INFO] [stdout] error[E0433]: cannot find module or crate `hyperdb_api` in this scope
[INFO] [stdout]    --> tests/common/mod.rs:104:26
[INFO] [stdout]     |
[INFO] [stdout] 104 |             .map_err(|e| hyperdb_api::Error::internal(format!("Failed to create database: {e}")))?;
[INFO] [stdout]     |                          ^^^^^^^^^^^ use of unresolved module or unlinked crate `hyperdb_api`
[INFO] [stdout]     |
[INFO] [stdout]     = help: if you wanted to use a crate named `hyperdb_api`, use `cargo add hyperdb_api` to add it to your `Cargo.toml`
[INFO] [stdout] help: consider importing one of these items
[INFO] [stdout]     |
[INFO] [stdout]   9 + use std::error::Error;
[INFO] [stdout]     |
[INFO] [stdout]   9 + use std::fmt::Error;
[INFO] [stdout]     |
[INFO] [stdout]   9 + use std::io::Error;
[INFO] [stdout]     |
[INFO] [stdout]   9 + use core::error::Error;
[INFO] [stdout]     |
[INFO] [stdout]     = and 1 other candidate
[INFO] [stdout] help: if you import `Error`, refer to it directly
[INFO] [stdout]     |
[INFO] [stdout] 104 -             .map_err(|e| hyperdb_api::Error::internal(format!("Failed to create database: {e}")))?;
[INFO] [stdout] 104 +             .map_err(|e| Error::internal(format!("Failed to create database: {e}")))?;
[INFO] [stdout]     |
[INFO] [stdout] 
[INFO] [stdout] 
[INFO] [stdout] error[E0433]: cannot find module or crate `hyperdb_api` in this scope
[INFO] [stdout]    --> tests/common/mod.rs:108:26
[INFO] [stdout]     |
[INFO] [stdout] 108 |             .map_err(|e| hyperdb_api::Error::internal(format!("Failed to close: {e}")))?;
[INFO] [stdout]     |                          ^^^^^^^^^^^ use of unresolved module or unlinked crate `hyperdb_api`
[INFO] [stdout]     |
[INFO] [stdout]     = help: if you wanted to use a crate named `hyperdb_api`, use `cargo add hyperdb_api` to add it to your `Cargo.toml`
[INFO] [stdout] help: consider importing one of these items
[INFO] [stdout]     |
[INFO] [stdout]   9 + use std::error::Error;
[INFO] [stdout]     |
[INFO] [stdout]   9 + use std::fmt::Error;
[INFO] [stdout]     |
[INFO] [stdout]   9 + use std::io::Error;
[INFO] [stdout]     |
[INFO] [stdout]   9 + use core::error::Error;
[INFO] [stdout]     |
[INFO] [stdout]     = and 1 other candidate
[INFO] [stdout] help: if you import `Error`, refer to it directly
[INFO] [stdout]     |
[INFO] [stdout] 108 -             .map_err(|e| hyperdb_api::Error::internal(format!("Failed to close: {e}")))?;
[INFO] [stdout] 108 +             .map_err(|e| Error::internal(format!("Failed to close: {e}")))?;
[INFO] [stdout]     |
[INFO] [stdout] 
[INFO] [stdout] 
[INFO] [stdout] error[E0433]: cannot find module or crate `hyperdb_api` in this scope
[INFO] [stdout]   --> tests/common/mod.rs:18:64
[INFO] [stdout]    |
[INFO] [stdout] 18 | pub(crate) fn test_result_path(name: &str, extension: &str) -> hyperdb_api::Result<PathBuf> {
[INFO] [stdout]    |                                                                ^^^^^^^^^^^ use of unresolved module or unlinked crate `hyperdb_api`
[INFO] [stdout]    |
[INFO] [stdout]    = help: if you wanted to use a crate named `hyperdb_api`, use `cargo add hyperdb_api` to add it to your `Cargo.toml`
[INFO] [stdout] 
[INFO] [stdout] 
[INFO] [stdout] error[E0433]: cannot find module or crate `hyperdb_api` in this scope
[INFO] [stdout]   --> tests/common/mod.rs:27:54
[INFO] [stdout]    |
[INFO] [stdout] 27 | pub(crate) fn test_hyper_params(_test_name: &str) -> hyperdb_api::Result<Parameters> {
[INFO] [stdout]    |                                                      ^^^^^^^^^^^ use of unresolved module or unlinked crate `hyperdb_api`
[INFO] [stdout]    |
[INFO] [stdout]    = help: if you wanted to use a crate named `hyperdb_api`, use `cargo add hyperdb_api` to add it to your `Cargo.toml`
[INFO] [stdout] 
[INFO] [stdout] 
[INFO] [stdout] error[E0433]: cannot find module or crate `hyperdb_api` in this scope
[INFO] [stdout]   --> tests/common/mod.rs:65:28
[INFO] [stdout]    |
[INFO] [stdout] 65 |     pub(crate) fn new() -> hyperdb_api::Result<Self> {
[INFO] [stdout]    |                            ^^^^^^^^^^^ use of unresolved module or unlinked crate `hyperdb_api`
[INFO] [stdout]    |
[INFO] [stdout]    = help: if you wanted to use a crate named `hyperdb_api`, use `cargo add hyperdb_api` to add it to your `Cargo.toml`
[INFO] [stdout] 
[INFO] [stdout] 
[INFO] [stdout] error[E0433]: cannot find module or crate `hyperdb_api` in this scope
[INFO] [stdout]   --> tests/common/mod.rs:79:49
[INFO] [stdout]    |
[INFO] [stdout] 79 |     pub(crate) fn with_name(test_name: &str) -> hyperdb_api::Result<Self> {
[INFO] [stdout]    |                                                 ^^^^^^^^^^^ use of unresolved module or unlinked crate `hyperdb_api`
[INFO] [stdout]    |
[INFO] [stdout]    = help: if you wanted to use a crate named `hyperdb_api`, use `cargo add hyperdb_api` to add it to your `Cargo.toml`
[INFO] [stdout] 
[INFO] [stdout] 
[INFO] [stdout] error[E0433]: cannot find module or crate `hyperdb_api` in this scope
[INFO] [stdout]    --> tests/common/mod.rs:124:41
[INFO] [stdout]     |
[INFO] [stdout] 124 |     pub(crate) fn without_database() -> hyperdb_api::Result<Self> {
[INFO] [stdout]     |                                         ^^^^^^^^^^^ use of unresolved module or unlinked crate `hyperdb_api`
[INFO] [stdout]     |
[INFO] [stdout]     = help: if you wanted to use a crate named `hyperdb_api`, use `cargo add hyperdb_api` to add it to your `Cargo.toml`
[INFO] [stdout] 
[INFO] [stdout] 
[INFO] [stdout] error[E0433]: cannot find module or crate `hyperdb_api` in this scope
[INFO] [stdout]    --> tests/common/mod.rs:138:66
[INFO] [stdout]     |
[INFO] [stdout] 138 |     pub(crate) fn without_database_with_name(test_name: &str) -> hyperdb_api::Result<Self> {
[INFO] [stdout]     |                                                                  ^^^^^^^^^^^ use of unresolved module or unlinked crate `hyperdb_api`
[INFO] [stdout]     |
[INFO] [stdout]     = help: if you wanted to use a crate named `hyperdb_api`, use `cargo add hyperdb_api` to add it to your `Cargo.toml`
[INFO] [stdout] 
[INFO] [stdout] 
[INFO] [stdout] Some errors have detailed explanations: E0432, E0433.
[INFO] [stdout] 
[INFO] [stdout] For more information about an error, try `rustc --explain E0432`.
[INFO] [stdout] 
[INFO] [stderr] error: could not compile `hyperdb-api-core` (test "async_prepared_drop_tests") due to 10 previous errors
[INFO] [stderr] warning: build failed, waiting for other jobs to finish...
[INFO] [stdout] error[E0433]: cannot find module or crate `hyperdb_api` in this scope
[INFO] [stdout]   --> tests/common/mod.rs:18:64
[INFO] [stdout]    |
[INFO] [stdout] 18 | pub(crate) fn test_result_path(name: &str, extension: &str) -> hyperdb_api::Result<PathBuf> {
[INFO] [stdout]    |                                                                ^^^^^^^^^^^ use of unresolved module or unlinked crate `hyperdb_api`
[INFO] [stdout]    |
[INFO] [stdout]    = help: if you wanted to use a crate named `hyperdb_api`, use `cargo add hyperdb_api` to add it to your `Cargo.toml`
[INFO] [stdout] 
[INFO] [stdout] 
[INFO] [stdout] error[E0433]: cannot find module or crate `hyperdb_api` in this scope
[INFO] [stdout]   --> tests/common/mod.rs:27:54
[INFO] [stdout]    |
[INFO] [stdout] 27 | pub(crate) fn test_hyper_params(_test_name: &str) -> hyperdb_api::Result<Parameters> {
[INFO] [stdout]    |                                                      ^^^^^^^^^^^ use of unresolved module or unlinked crate `hyperdb_api`
[INFO] [stdout]    |
[INFO] [stdout]    = help: if you wanted to use a crate named `hyperdb_api`, use `cargo add hyperdb_api` to add it to your `Cargo.toml`
[INFO] [stdout] 
[INFO] [stdout] 
[INFO] [stdout] error[E0433]: cannot find module or crate `hyperdb_api` in this scope
[INFO] [stdout]   --> tests/common/mod.rs:65:28
[INFO] [stdout]    |
[INFO] [stdout] 65 |     pub(crate) fn new() -> hyperdb_api::Result<Self> {
[INFO] [stdout]    |                            ^^^^^^^^^^^ use of unresolved module or unlinked crate `hyperdb_api`
[INFO] [stdout]    |
[INFO] [stdout]    = help: if you wanted to use a crate named `hyperdb_api`, use `cargo add hyperdb_api` to add it to your `Cargo.toml`
[INFO] [stdout] 
[INFO] [stdout] 
[INFO] [stdout] error[E0433]: cannot find module or crate `hyperdb_api` in this scope
[INFO] [stdout]   --> tests/common/mod.rs:79:49
[INFO] [stdout]    |
[INFO] [stdout] 79 |     pub(crate) fn with_name(test_name: &str) -> hyperdb_api::Result<Self> {
[INFO] [stdout]    |                                                 ^^^^^^^^^^^ use of unresolved module or unlinked crate `hyperdb_api`
[INFO] [stdout]    |
[INFO] [stdout]    = help: if you wanted to use a crate named `hyperdb_api`, use `cargo add hyperdb_api` to add it to your `Cargo.toml`
[INFO] [stdout] 
[INFO] [stdout] 
[INFO] [stdout] error[E0433]: cannot find module or crate `hyperdb_api` in this scope
[INFO] [stdout]    --> tests/common/mod.rs:124:41
[INFO] [stdout]     |
[INFO] [stdout] 124 |     pub(crate) fn without_database() -> hyperdb_api::Result<Self> {
[INFO] [stdout]     |                                         ^^^^^^^^^^^ use of unresolved module or unlinked crate `hyperdb_api`
[INFO] [stdout]     |
[INFO] [stdout]     = help: if you wanted to use a crate named `hyperdb_api`, use `cargo add hyperdb_api` to add it to your `Cargo.toml`
[INFO] [stdout] 
[INFO] [stdout] 
[INFO] [stdout] error[E0433]: cannot find module or crate `hyperdb_api` in this scope
[INFO] [stdout]    --> tests/common/mod.rs:138:66
[INFO] [stdout]     |
[INFO] [stdout] 138 |     pub(crate) fn without_database_with_name(test_name: &str) -> hyperdb_api::Result<Self> {
[INFO] [stdout]     |                                                                  ^^^^^^^^^^^ use of unresolved module or unlinked crate `hyperdb_api`
[INFO] [stdout]     |
[INFO] [stdout]     = help: if you wanted to use a crate named `hyperdb_api`, use `cargo add hyperdb_api` to add it to your `Cargo.toml`
[INFO] [stdout] 
[INFO] [stdout] 
[INFO] [stdout] Some errors have detailed explanations: E0432, E0433.
[INFO] [stdout] 
[INFO] [stdout] For more information about an error, try `rustc --explain E0432`.
[INFO] [stdout] 
[INFO] [stderr] error: could not compile `hyperdb-api-core` (test "copy_tests") due to 10 previous errors
[INFO] [stdout] error[E0433]: cannot find module or crate `hyperdb_api` in this scope
[INFO] [stdout]   --> tests/common/mod.rs:97:26
[INFO] [stdout]    |
[INFO] [stdout] 97 |             .map_err(|e| hyperdb_api::Error::internal(format!("Failed to connect: {e}")))?;
[INFO] [stdout]    |                          ^^^^^^^^^^^ use of unresolved module or unlinked crate `hyperdb_api`
[INFO] [stdout]    |
[INFO] [stdout]    = help: if you wanted to use a crate named `hyperdb_api`, use `cargo add hyperdb_api` to add it to your `Cargo.toml`
[INFO] [stdout] help: consider importing one of these items
[INFO] [stdout]    |
[INFO] [stdout]  9 + use std::error::Error;
[INFO] [stdout]    |
[INFO] [stdout]  9 + use std::fmt::Error;
[INFO] [stdout]    |
[INFO] [stdout]  9 + use std::io::Error;
[INFO] [stdout]    |
[INFO] [stdout]  9 + use core::error::Error;
[INFO] [stdout]    |
[INFO] [stdout]    = and 1 other candidate
[INFO] [stdout] help: if you import `Error`, refer to it directly
[INFO] [stdout]    |
[INFO] [stdout] 97 -             .map_err(|e| hyperdb_api::Error::internal(format!("Failed to connect: {e}")))?;
[INFO] [stdout] 97 +             .map_err(|e| Error::internal(format!("Failed to connect: {e}")))?;
[INFO] [stdout]    |
[INFO] [stdout] 
[INFO] [stdout] 
[INFO] [stdout] error[E0433]: cannot find module or crate `hyperdb_api` in this scope
[INFO] [stdout]    --> tests/common/mod.rs:104:26
[INFO] [stdout]     |
[INFO] [stdout] 104 |             .map_err(|e| hyperdb_api::Error::internal(format!("Failed to create database: {e}")))?;
[INFO] [stdout]     |                          ^^^^^^^^^^^ use of unresolved module or unlinked crate `hyperdb_api`
[INFO] [stdout]     |
[INFO] [stdout]     = help: if you wanted to use a crate named `hyperdb_api`, use `cargo add hyperdb_api` to add it to your `Cargo.toml`
[INFO] [stdout] help: consider importing one of these items
[INFO] [stdout]     |
[INFO] [stdout]   9 + use std::error::Error;
[INFO] [stdout]     |
[INFO] [stdout]   9 + use std::fmt::Error;
[INFO] [stdout]     |
[INFO] [stdout]   9 + use std::io::Error;
[INFO] [stdout]     |
[INFO] [stdout]   9 + use core::error::Error;
[INFO] [stdout]     |
[INFO] [stdout]     = and 1 other candidate
[INFO] [stdout] help: if you import `Error`, refer to it directly
[INFO] [stdout]     |
[INFO] [stdout] 104 -             .map_err(|e| hyperdb_api::Error::internal(format!("Failed to create database: {e}")))?;
[INFO] [stdout] 104 +             .map_err(|e| Error::internal(format!("Failed to create database: {e}")))?;
[INFO] [stdout]     |
[INFO] [stdout] 
[INFO] [stdout] 
[INFO] [stdout] error[E0433]: cannot find module or crate `hyperdb_api` in this scope
[INFO] [stdout]    --> tests/common/mod.rs:108:26
[INFO] [stdout]     |
[INFO] [stdout] 108 |             .map_err(|e| hyperdb_api::Error::internal(format!("Failed to close: {e}")))?;
[INFO] [stdout]     |                          ^^^^^^^^^^^ use of unresolved module or unlinked crate `hyperdb_api`
[INFO] [stdout]     |
[INFO] [stdout]     = help: if you wanted to use a crate named `hyperdb_api`, use `cargo add hyperdb_api` to add it to your `Cargo.toml`
[INFO] [stdout] help: consider importing one of these items
[INFO] [stdout]     |
[INFO] [stdout]   9 + use std::error::Error;
[INFO] [stdout]     |
[INFO] [stdout]   9 + use std::fmt::Error;
[INFO] [stdout]     |
[INFO] [stdout]   9 + use std::io::Error;
[INFO] [stdout]     |
[INFO] [stdout]   9 + use core::error::Error;
[INFO] [stdout]     |
[INFO] [stdout]     = and 1 other candidate
[INFO] [stdout] help: if you import `Error`, refer to it directly
[INFO] [stdout]     |
[INFO] [stdout] 108 -             .map_err(|e| hyperdb_api::Error::internal(format!("Failed to close: {e}")))?;
[INFO] [stdout] 108 +             .map_err(|e| Error::internal(format!("Failed to close: {e}")))?;
[INFO] [stdout]     |
[INFO] [stdout] 
[INFO] [stdout] 
[INFO] [stdout] error[E0433]: cannot find module or crate `hyperdb_api` in this scope
[INFO] [stdout]   --> tests/common/mod.rs:97:26
[INFO] [stdout]    |
[INFO] [stdout] 97 |             .map_err(|e| hyperdb_api::Error::internal(format!("Failed to connect: {e}")))?;
[INFO] [stdout]    |                          ^^^^^^^^^^^ use of unresolved module or unlinked crate `hyperdb_api`
[INFO] [stdout]    |
[INFO] [stdout]    = help: if you wanted to use a crate named `hyperdb_api`, use `cargo add hyperdb_api` to add it to your `Cargo.toml`
[INFO] [stdout] help: consider importing one of these items
[INFO] [stdout]    |
[INFO] [stdout]  9 + use std::error::Error;
[INFO] [stdout]    |
[INFO] [stdout]  9 + use std::fmt::Error;
[INFO] [stdout]    |
[INFO] [stdout]  9 + use std::io::Error;
[INFO] [stdout]    |
[INFO] [stdout]  9 + use core::error::Error;
[INFO] [stdout]    |
[INFO] [stdout]    = and 1 other candidate
[INFO] [stdout] help: if you import `Error`, refer to it directly
[INFO] [stdout]    |
[INFO] [stdout] 97 -             .map_err(|e| hyperdb_api::Error::internal(format!("Failed to connect: {e}")))?;
[INFO] [stdout] 97 +             .map_err(|e| Error::internal(format!("Failed to connect: {e}")))?;
[INFO] [stdout]    |
[INFO] [stdout] 
[INFO] [stdout] 
[INFO] [stdout] error[E0433]: cannot find module or crate `hyperdb_api` in this scope
[INFO] [stdout]   --> tests/common/mod.rs:97:26
[INFO] [stdout]    |
[INFO] [stdout] 97 |             .map_err(|e| hyperdb_api::Error::internal(format!("Failed to connect: {e}")))?;
[INFO] [stdout]    |                          ^^^^^^^^^^^ use of unresolved module or unlinked crate `hyperdb_api`
[INFO] [stdout]    |
[INFO] [stdout]    = help: if you wanted to use a crate named `hyperdb_api`, use `cargo add hyperdb_api` to add it to your `Cargo.toml`
[INFO] [stdout] help: consider importing one of these items
[INFO] [stdout]    |
[INFO] [stdout]  9 + use std::error::Error;
[INFO] [stdout]    |
[INFO] [stdout]  9 + use std::fmt::Error;
[INFO] [stdout]    |
[INFO] [stdout]  9 + use std::io::Error;
[INFO] [stdout]    |
[INFO] [stdout]  9 + use core::error::Error;
[INFO] [stdout]    |
[INFO] [stdout]    = and 1 other candidate
[INFO] [stdout] help: if you import `Error`, refer to it directly
[INFO] [stdout]    |
[INFO] [stdout] 97 -             .map_err(|e| hyperdb_api::Error::internal(format!("Failed to connect: {e}")))?;
[INFO] [stdout] 97 +             .map_err(|e| Error::internal(format!("Failed to connect: {e}")))?;
[INFO] [stdout]    |
[INFO] [stdout] 
[INFO] [stdout] 
[INFO] [stdout] error[E0433]: cannot find module or crate `hyperdb_api` in this scope
[INFO] [stdout]    --> tests/common/mod.rs:104:26
[INFO] [stdout]     |
[INFO] [stdout] 104 |             .map_err(|e| hyperdb_api::Error::internal(format!("Failed to create database: {e}")))?;
[INFO] [stdout]     |                          ^^^^^^^^^^^ use of unresolved module or unlinked crate `hyperdb_api`
[INFO] [stdout]     |
[INFO] [stdout]     = help: if you wanted to use a crate named `hyperdb_api`, use `cargo add hyperdb_api` to add it to your `Cargo.toml`
[INFO] [stdout] help: consider importing one of these items
[INFO] [stdout]     |
[INFO] [stdout]   9 + use std::error::Error;
[INFO] [stdout]     |
[INFO] [stdout]   9 + use std::fmt::Error;
[INFO] [stdout]     |
[INFO] [stdout]   9 + use std::io::Error;
[INFO] [stdout]     |
[INFO] [stdout]   9 + use core::error::Error;
[INFO] [stdout]     |
[INFO] [stdout]     = and 1 other candidate
[INFO] [stdout] help: if you import `Error`, refer to it directly
[INFO] [stdout]     |
[INFO] [stdout] 104 -             .map_err(|e| hyperdb_api::Error::internal(format!("Failed to create database: {e}")))?;
[INFO] [stdout] 104 +             .map_err(|e| Error::internal(format!("Failed to create database: {e}")))?;
[INFO] [stdout]     |
[INFO] [stdout] 
[INFO] [stdout] 
[INFO] [stdout] error[E0433]: cannot find module or crate `hyperdb_api` in this scope
[INFO] [stdout]    --> tests/common/mod.rs:108:26
[INFO] [stdout]     |
[INFO] [stdout] 108 |             .map_err(|e| hyperdb_api::Error::internal(format!("Failed to close: {e}")))?;
[INFO] [stdout]     |                          ^^^^^^^^^^^ use of unresolved module or unlinked crate `hyperdb_api`
[INFO] [stdout]     |
[INFO] [stdout]     = help: if you wanted to use a crate named `hyperdb_api`, use `cargo add hyperdb_api` to add it to your `Cargo.toml`
[INFO] [stdout] help: consider importing one of these items
[INFO] [stdout]     |
[INFO] [stdout]   9 + use std::error::Error;
[INFO] [stdout]     |
[INFO] [stdout]   9 + use std::fmt::Error;
[INFO] [stdout]     |
[INFO] [stdout]   9 + use std::io::Error;
[INFO] [stdout]     |
[INFO] [stdout]   9 + use core::error::Error;
[INFO] [stdout]     |
[INFO] [stdout]     = and 1 other candidate
[INFO] [stdout] help: if you import `Error`, refer to it directly
[INFO] [stdout]     |
[INFO] [stdout] 108 -             .map_err(|e| hyperdb_api::Error::internal(format!("Failed to close: {e}")))?;
[INFO] [stdout] 108 +             .map_err(|e| Error::internal(format!("Failed to close: {e}")))?;
[INFO] [stdout]     |
[INFO] [stdout] 
[INFO] [stdout] 
[INFO] [stdout] error[E0433]: cannot find module or crate `hyperdb_api` in this scope
[INFO] [stdout]    --> tests/common/mod.rs:104:26
[INFO] [stdout]     |
[INFO] [stdout] 104 |             .map_err(|e| hyperdb_api::Error::internal(format!("Failed to create database: {e}")))?;
[INFO] [stdout]     |                          ^^^^^^^^^^^ use of unresolved module or unlinked crate `hyperdb_api`
[INFO] [stdout]     |
[INFO] [stdout]     = help: if you wanted to use a crate named `hyperdb_api`, use `cargo add hyperdb_api` to add it to your `Cargo.toml`
[INFO] [stdout] help: consider importing one of these items
[INFO] [stdout]     |
[INFO] [stdout]   9 + use std::error::Error;
[INFO] [stdout]     |
[INFO] [stdout]   9 + use std::fmt::Error;
[INFO] [stdout]     |
[INFO] [stdout]   9 + use std::io::Error;
[INFO] [stdout]     |
[INFO] [stdout]   9 + use core::error::Error;
[INFO] [stdout]     |
[INFO] [stdout]     = and 1 other candidate
[INFO] [stdout] help: if you import `Error`, refer to it directly
[INFO] [stdout]     |
[INFO] [stdout] 104 -             .map_err(|e| hyperdb_api::Error::internal(format!("Failed to create database: {e}")))?;
[INFO] [stdout] 104 +             .map_err(|e| Error::internal(format!("Failed to create database: {e}")))?;
[INFO] [stdout]     |
[INFO] [stdout] 
[INFO] [stdout] 
[INFO] [stdout] error[E0433]: cannot find module or crate `hyperdb_api` in this scope
[INFO] [stdout]    --> tests/common/mod.rs:108:26
[INFO] [stdout]     |
[INFO] [stdout] 108 |             .map_err(|e| hyperdb_api::Error::internal(format!("Failed to close: {e}")))?;
[INFO] [stdout]     |                          ^^^^^^^^^^^ use of unresolved module or unlinked crate `hyperdb_api`
[INFO] [stdout]     |
[INFO] [stdout]     = help: if you wanted to use a crate named `hyperdb_api`, use `cargo add hyperdb_api` to add it to your `Cargo.toml`
[INFO] [stdout] help: consider importing one of these items
[INFO] [stdout]     |
[INFO] [stdout]   9 + use std::error::Error;
[INFO] [stdout]     |
[INFO] [stdout]   9 + use std::fmt::Error;
[INFO] [stdout]     |
[INFO] [stdout]   9 + use std::io::Error;
[INFO] [stdout]     |
[INFO] [stdout]   9 + use core::error::Error;
[INFO] [stdout]     |
[INFO] [stdout]     = and 1 other candidate
[INFO] [stdout] help: if you import `Error`, refer to it directly
[INFO] [stdout]     |
[INFO] [stdout] 108 -             .map_err(|e| hyperdb_api::Error::internal(format!("Failed to close: {e}")))?;
[INFO] [stdout] 108 +             .map_err(|e| Error::internal(format!("Failed to close: {e}")))?;
[INFO] [stdout]     |
[INFO] [stdout] 
[INFO] [stdout] 
[INFO] [stdout] error[E0433]: cannot find module or crate `hyperdb_api` in this scope
[INFO] [stdout]   --> tests/common/mod.rs:97:26
[INFO] [stdout]    |
[INFO] [stdout] 97 |             .map_err(|e| hyperdb_api::Error::internal(format!("Failed to connect: {e}")))?;
[INFO] [stdout]    |                          ^^^^^^^^^^^ use of unresolved module or unlinked crate `hyperdb_api`
[INFO] [stdout]    |
[INFO] [stdout]    = help: if you wanted to use a crate named `hyperdb_api`, use `cargo add hyperdb_api` to add it to your `Cargo.toml`
[INFO] [stdout] help: consider importing one of these items
[INFO] [stdout]    |
[INFO] [stdout]  9 + use std::error::Error;
[INFO] [stdout]    |
[INFO] [stdout]  9 + use std::fmt::Error;
[INFO] [stdout]    |
[INFO] [stdout]  9 + use std::io::Error;
[INFO] [stdout]    |
[INFO] [stdout]  9 + use core::error::Error;
[INFO] [stdout]    |
[INFO] [stdout]    = and 1 other candidate
[INFO] [stdout] help: if you import `Error`, refer to it directly
[INFO] [stdout]    |
[INFO] [stdout] 97 -             .map_err(|e| hyperdb_api::Error::internal(format!("Failed to connect: {e}")))?;
[INFO] [stdout] 97 +             .map_err(|e| Error::internal(format!("Failed to connect: {e}")))?;
[INFO] [stdout]    |
[INFO] [stdout] 
[INFO] [stdout] 
[INFO] [stdout] error[E0433]: cannot find module or crate `hyperdb_api` in this scope
[INFO] [stdout]    --> tests/common/mod.rs:104:26
[INFO] [stdout]     |
[INFO] [stdout] 104 |             .map_err(|e| hyperdb_api::Error::internal(format!("Failed to create database: {e}")))?;
[INFO] [stdout]     |                          ^^^^^^^^^^^ use of unresolved module or unlinked crate `hyperdb_api`
[INFO] [stdout]     |
[INFO] [stdout]     = help: if you wanted to use a crate named `hyperdb_api`, use `cargo add hyperdb_api` to add it to your `Cargo.toml`
[INFO] [stdout] help: consider importing one of these items
[INFO] [stdout]     |
[INFO] [stdout]   9 + use std::error::Error;
[INFO] [stdout]     |
[INFO] [stdout]   9 + use std::fmt::Error;
[INFO] [stdout]     |
[INFO] [stdout]   9 + use std::io::Error;
[INFO] [stdout]     |
[INFO] [stdout]   9 + use core::error::Error;
[INFO] [stdout]     |
[INFO] [stdout]     = and 1 other candidate
[INFO] [stdout] help: if you import `Error`, refer to it directly
[INFO] [stdout]     |
[INFO] [stdout] 104 -             .map_err(|e| hyperdb_api::Error::internal(format!("Failed to create database: {e}")))?;
[INFO] [stdout] 104 +             .map_err(|e| Error::internal(format!("Failed to create database: {e}")))?;
[INFO] [stdout]     |
[INFO] [stdout] 
[INFO] [stdout] 
[INFO] [stdout] error[E0433]: cannot find module or crate `hyperdb_api` in this scope
[INFO] [stdout]    --> tests/common/mod.rs:108:26
[INFO] [stdout]     |
[INFO] [stdout] 108 |             .map_err(|e| hyperdb_api::Error::internal(format!("Failed to close: {e}")))?;
[INFO] [stdout]     |                          ^^^^^^^^^^^ use of unresolved module or unlinked crate `hyperdb_api`
[INFO] [stdout]     |
[INFO] [stdout]     = help: if you wanted to use a crate named `hyperdb_api`, use `cargo add hyperdb_api` to add it to your `Cargo.toml`
[INFO] [stdout] help: consider importing one of these items
[INFO] [stdout]     |
[INFO] [stdout]   9 + use std::error::Error;
[INFO] [stdout]     |
[INFO] [stdout]   9 + use std::fmt::Error;
[INFO] [stdout]     |
[INFO] [stdout]   9 + use std::io::Error;
[INFO] [stdout]     |
[INFO] [stdout]   9 + use core::error::Error;
[INFO] [stdout]     |
[INFO] [stdout]     = and 1 other candidate
[INFO] [stdout] help: if you import `Error`, refer to it directly
[INFO] [stdout]     |
[INFO] [stdout] 108 -             .map_err(|e| hyperdb_api::Error::internal(format!("Failed to close: {e}")))?;
[INFO] [stdout] 108 +             .map_err(|e| Error::internal(format!("Failed to close: {e}")))?;
[INFO] [stdout]     |
[INFO] [stdout] 
[INFO] [stdout] 
[INFO] [stdout] error[E0433]: cannot find module or crate `hyperdb_api` in this scope
[INFO] [stdout]   --> tests/common/mod.rs:18:64
[INFO] [stdout]    |
[INFO] [stdout] 18 | pub(crate) fn test_result_path(name: &str, extension: &str) -> hyperdb_api::Result<PathBuf> {
[INFO] [stdout]    |                                                                ^^^^^^^^^^^ use of unresolved module or unlinked crate `hyperdb_api`
[INFO] [stdout]    |
[INFO] [stdout]    = help: if you wanted to use a crate named `hyperdb_api`, use `cargo add hyperdb_api` to add it to your `Cargo.toml`
[INFO] [stdout] 
[INFO] [stdout] 
[INFO] [stdout] error[E0433]: cannot find module or crate `hyperdb_api` in this scope
[INFO] [stdout]   --> tests/common/mod.rs:27:54
[INFO] [stdout]    |
[INFO] [stdout] 27 | pub(crate) fn test_hyper_params(_test_name: &str) -> hyperdb_api::Result<Parameters> {
[INFO] [stdout]    |                                                      ^^^^^^^^^^^ use of unresolved module or unlinked crate `hyperdb_api`
[INFO] [stdout]    |
[INFO] [stdout]    = help: if you wanted to use a crate named `hyperdb_api`, use `cargo add hyperdb_api` to add it to your `Cargo.toml`
[INFO] [stdout] 
[INFO] [stdout] 
[INFO] [stdout] error[E0433]: cannot find module or crate `hyperdb_api` in this scope
[INFO] [stdout]   --> tests/common/mod.rs:65:28
[INFO] [stdout]    |
[INFO] [stdout] 65 |     pub(crate) fn new() -> hyperdb_api::Result<Self> {
[INFO] [stdout]    |                            ^^^^^^^^^^^ use of unresolved module or unlinked crate `hyperdb_api`
[INFO] [stdout]    |
[INFO] [stdout]    = help: if you wanted to use a crate named `hyperdb_api`, use `cargo add hyperdb_api` to add it to your `Cargo.toml`
[INFO] [stdout] 
[INFO] [stdout] 
[INFO] [stdout] error[E0433]: cannot find module or crate `hyperdb_api` in this scope
[INFO] [stdout]   --> tests/common/mod.rs:79:49
[INFO] [stdout]    |
[INFO] [stdout] 79 |     pub(crate) fn with_name(test_name: &str) -> hyperdb_api::Result<Self> {
[INFO] [stdout]    |                                                 ^^^^^^^^^^^ use of unresolved module or unlinked crate `hyperdb_api`
[INFO] [stdout]    |
[INFO] [stdout]    = help: if you wanted to use a crate named `hyperdb_api`, use `cargo add hyperdb_api` to add it to your `Cargo.toml`
[INFO] [stdout] 
[INFO] [stdout] 
[INFO] [stdout] error[E0433]: cannot find module or crate `hyperdb_api` in this scope
[INFO] [stdout]    --> tests/common/mod.rs:124:41
[INFO] [stdout]     |
[INFO] [stdout] 124 |     pub(crate) fn without_database() -> hyperdb_api::Result<Self> {
[INFO] [stdout]     |                                         ^^^^^^^^^^^ use of unresolved module or unlinked crate `hyperdb_api`
[INFO] [stdout]     |
[INFO] [stdout]     = help: if you wanted to use a crate named `hyperdb_api`, use `cargo add hyperdb_api` to add it to your `Cargo.toml`
[INFO] [stdout] 
[INFO] [stdout] 
[INFO] [stdout] error[E0433]: cannot find module or crate `hyperdb_api` in this scope
[INFO] [stdout]    --> tests/common/mod.rs:138:66
[INFO] [stdout]     |
[INFO] [stdout] 138 |     pub(crate) fn without_database_with_name(test_name: &str) -> hyperdb_api::Result<Self> {
[INFO] [stdout]     |                                                                  ^^^^^^^^^^^ use of unresolved module or unlinked crate `hyperdb_api`
[INFO] [stdout]     |
[INFO] [stdout]     = help: if you wanted to use a crate named `hyperdb_api`, use `cargo add hyperdb_api` to add it to your `Cargo.toml`
[INFO] [stdout] 
[INFO] [stdout] 
[INFO] [stdout] Some errors have detailed explanations: E0432, E0433.
[INFO] [stdout] 
[INFO] [stdout] For more information about an error, try `rustc --explain E0432`.
[INFO] [stdout] 
[INFO] [stdout] error[E0433]: cannot find module or crate `hyperdb_api` in this scope
[INFO] [stdout]   --> tests/common/mod.rs:97:26
[INFO] [stdout]    |
[INFO] [stdout] 97 |             .map_err(|e| hyperdb_api::Error::internal(format!("Failed to connect: {e}")))?;
[INFO] [stdout]    |                          ^^^^^^^^^^^ use of unresolved module or unlinked crate `hyperdb_api`
[INFO] [stdout]    |
[INFO] [stdout]    = help: if you wanted to use a crate named `hyperdb_api`, use `cargo add hyperdb_api` to add it to your `Cargo.toml`
[INFO] [stdout] help: consider importing one of these items
[INFO] [stdout]    |
[INFO] [stdout]  9 + use std::error::Error;
[INFO] [stdout]    |
[INFO] [stdout]  9 + use std::fmt::Error;
[INFO] [stdout]    |
[INFO] [stdout]  9 + use std::io::Error;
[INFO] [stdout]    |
[INFO] [stdout]  9 + use core::error::Error;
[INFO] [stdout]    |
[INFO] [stdout]    = and 1 other candidate
[INFO] [stdout] help: if you import `Error`, refer to it directly
[INFO] [stdout]    |
[INFO] [stdout] 97 -             .map_err(|e| hyperdb_api::Error::internal(format!("Failed to connect: {e}")))?;
[INFO] [stdout] 97 +             .map_err(|e| Error::internal(format!("Failed to connect: {e}")))?;
[INFO] [stdout]    |
[INFO] [stdout] 
[INFO] [stdout] 
[INFO] [stdout] error[E0433]: cannot find module or crate `hyperdb_api` in this scope
[INFO] [stdout]    --> tests/common/mod.rs:104:26
[INFO] [stdout]     |
[INFO] [stdout] 104 |             .map_err(|e| hyperdb_api::Error::internal(format!("Failed to create database: {e}")))?;
[INFO] [stdout]     |                          ^^^^^^^^^^^ use of unresolved module or unlinked crate `hyperdb_api`
[INFO] [stdout]     |
[INFO] [stdout]     = help: if you wanted to use a crate named `hyperdb_api`, use `cargo add hyperdb_api` to add it to your `Cargo.toml`
[INFO] [stdout] help: consider importing one of these items
[INFO] [stdout]     |
[INFO] [stdout]   9 + use std::error::Error;
[INFO] [stdout]     |
[INFO] [stdout]   9 + use std::fmt::Error;
[INFO] [stdout]     |
[INFO] [stdout]   9 + use std::io::Error;
[INFO] [stdout]     |
[INFO] [stdout]   9 + use core::error::Error;
[INFO] [stdout]     |
[INFO] [stdout]     = and 1 other candidate
[INFO] [stdout] help: if you import `Error`, refer to it directly
[INFO] [stdout]     |
[INFO] [stdout] 104 -             .map_err(|e| hyperdb_api::Error::internal(format!("Failed to create database: {e}")))?;
[INFO] [stdout] 104 +             .map_err(|e| Error::internal(format!("Failed to create database: {e}")))?;
[INFO] [stdout]     |
[INFO] [stdout] 
[INFO] [stdout] 
[INFO] [stdout] error[E0433]: cannot find module or crate `hyperdb_api` in this scope
[INFO] [stdout]    --> tests/common/mod.rs:108:26
[INFO] [stdout]     |
[INFO] [stdout] 108 |             .map_err(|e| hyperdb_api::Error::internal(format!("Failed to close: {e}")))?;
[INFO] [stdout]     |                          ^^^^^^^^^^^ use of unresolved module or unlinked crate `hyperdb_api`
[INFO] [stdout]     |
[INFO] [stdout]     = help: if you wanted to use a crate named `hyperdb_api`, use `cargo add hyperdb_api` to add it to your `Cargo.toml`
[INFO] [stdout] help: consider importing one of these items
[INFO] [stdout]     |
[INFO] [stdout]   9 + use std::error::Error;
[INFO] [stdout]     |
[INFO] [stdout]   9 + use std::fmt::Error;
[INFO] [stdout]     |
[INFO] [stdout]   9 + use std::io::Error;
[INFO] [stdout]     |
[INFO] [stdout]   9 + use core::error::Error;
[INFO] [stdout]     |
[INFO] [stdout]     = and 1 other candidate
[INFO] [stdout] help: if you import `Error`, refer to it directly
[INFO] [stdout]     |
[INFO] [stdout] 108 -             .map_err(|e| hyperdb_api::Error::internal(format!("Failed to close: {e}")))?;
[INFO] [stdout] 108 +             .map_err(|e| Error::internal(format!("Failed to close: {e}")))?;
[INFO] [stdout]     |
[INFO] [stdout] 
[INFO] [stdout] 
[INFO] [stderr] error: could not compile `hyperdb-api-core` (test "prepared_statement_tests") due to 10 previous errors
[INFO] [stdout] error[E0433]: cannot find module or crate `hyperdb_api` in this scope
[INFO] [stdout]   --> tests/common/mod.rs:18:64
[INFO] [stdout]    |
[INFO] [stdout] 18 | pub(crate) fn test_result_path(name: &str, extension: &str) -> hyperdb_api::Result<PathBuf> {
[INFO] [stdout]    |                                                                ^^^^^^^^^^^ use of unresolved module or unlinked crate `hyperdb_api`
[INFO] [stdout]    |
[INFO] [stdout]    = help: if you wanted to use a crate named `hyperdb_api`, use `cargo add hyperdb_api` to add it to your `Cargo.toml`
[INFO] [stdout] 
[INFO] [stdout] 
[INFO] [stdout] error[E0433]: cannot find module or crate `hyperdb_api` in this scope
[INFO] [stdout]   --> tests/common/mod.rs:27:54
[INFO] [stdout]    |
[INFO] [stdout] 27 | pub(crate) fn test_hyper_params(_test_name: &str) -> hyperdb_api::Result<Parameters> {
[INFO] [stdout]    |                                                      ^^^^^^^^^^^ use of unresolved module or unlinked crate `hyperdb_api`
[INFO] [stdout]    |
[INFO] [stdout]    = help: if you wanted to use a crate named `hyperdb_api`, use `cargo add hyperdb_api` to add it to your `Cargo.toml`
[INFO] [stdout] 
[INFO] [stdout] 
[INFO] [stdout] error[E0433]: cannot find module or crate `hyperdb_api` in this scope
[INFO] [stdout]   --> tests/common/mod.rs:65:28
[INFO] [stdout]    |
[INFO] [stdout] 65 |     pub(crate) fn new() -> hyperdb_api::Result<Self> {
[INFO] [stdout]    |                            ^^^^^^^^^^^ use of unresolved module or unlinked crate `hyperdb_api`
[INFO] [stdout]    |
[INFO] [stdout]    = help: if you wanted to use a crate named `hyperdb_api`, use `cargo add hyperdb_api` to add it to your `Cargo.toml`
[INFO] [stdout] 
[INFO] [stdout] 
[INFO] [stdout] error[E0433]: cannot find module or crate `hyperdb_api` in this scope
[INFO] [stdout]   --> tests/common/mod.rs:79:49
[INFO] [stdout]    |
[INFO] [stdout] 79 |     pub(crate) fn with_name(test_name: &str) -> hyperdb_api::Result<Self> {
[INFO] [stdout]    |                                                 ^^^^^^^^^^^ use of unresolved module or unlinked crate `hyperdb_api`
[INFO] [stdout]    |
[INFO] [stdout]    = help: if you wanted to use a crate named `hyperdb_api`, use `cargo add hyperdb_api` to add it to your `Cargo.toml`
[INFO] [stdout] 
[INFO] [stdout] 
[INFO] [stdout] error[E0433]: cannot find module or crate `hyperdb_api` in this scope
[INFO] [stdout]    --> tests/common/mod.rs:124:41
[INFO] [stdout]     |
[INFO] [stdout] 124 |     pub(crate) fn without_database() -> hyperdb_api::Result<Self> {
[INFO] [stdout]     |                                         ^^^^^^^^^^^ use of unresolved module or unlinked crate `hyperdb_api`
[INFO] [stdout]     |
[INFO] [stdout]     = help: if you wanted to use a crate named `hyperdb_api`, use `cargo add hyperdb_api` to add it to your `Cargo.toml`
[INFO] [stdout] 
[INFO] [stdout] 
[INFO] [stdout] error[E0433]: cannot find module or crate `hyperdb_api` in this scope
[INFO] [stdout]    --> tests/common/mod.rs:138:66
[INFO] [stdout]     |
[INFO] [stdout] 138 |     pub(crate) fn without_database_with_name(test_name: &str) -> hyperdb_api::Result<Self> {
[INFO] [stdout]     |                                                                  ^^^^^^^^^^^ use of unresolved module or unlinked crate `hyperdb_api`
[INFO] [stdout]     |
[INFO] [stdout]     = help: if you wanted to use a crate named `hyperdb_api`, use `cargo add hyperdb_api` to add it to your `Cargo.toml`
[INFO] [stdout] 
[INFO] [stdout] 
[INFO] [stdout] Some errors have detailed explanations: E0432, E0433.
[INFO] [stdout] 
[INFO] [stdout] For more information about an error, try `rustc --explain E0432`.
[INFO] [stdout] 
[INFO] [stderr] error: could not compile `hyperdb-api-core` (test "async_copy_cancel_tests") due to 10 previous errors
[INFO] [stdout] error[E0433]: cannot find module or crate `hyperdb_api` in this scope
[INFO] [stdout]   --> tests/common/mod.rs:18:64
[INFO] [stdout]    |
[INFO] [stdout] 18 | pub(crate) fn test_result_path(name: &str, extension: &str) -> hyperdb_api::Result<PathBuf> {
[INFO] [stdout]    |                                                                ^^^^^^^^^^^ use of unresolved module or unlinked crate `hyperdb_api`
[INFO] [stdout]    |
[INFO] [stdout]    = help: if you wanted to use a crate named `hyperdb_api`, use `cargo add hyperdb_api` to add it to your `Cargo.toml`
[INFO] [stdout] 
[INFO] [stdout] 
[INFO] [stdout] error[E0433]: cannot find module or crate `hyperdb_api` in this scope
[INFO] [stdout]   --> tests/common/mod.rs:27:54
[INFO] [stdout]    |
[INFO] [stdout] 27 | pub(crate) fn test_hyper_params(_test_name: &str) -> hyperdb_api::Result<Parameters> {
[INFO] [stdout]    |                                                      ^^^^^^^^^^^ use of unresolved module or unlinked crate `hyperdb_api`
[INFO] [stdout]    |
[INFO] [stdout]    = help: if you wanted to use a crate named `hyperdb_api`, use `cargo add hyperdb_api` to add it to your `Cargo.toml`
[INFO] [stdout] 
[INFO] [stdout] 
[INFO] [stdout] error[E0433]: cannot find module or crate `hyperdb_api` in this scope
[INFO] [stdout]   --> tests/common/mod.rs:65:28
[INFO] [stdout]    |
[INFO] [stdout] 65 |     pub(crate) fn new() -> hyperdb_api::Result<Self> {
[INFO] [stdout]    |                            ^^^^^^^^^^^ use of unresolved module or unlinked crate `hyperdb_api`
[INFO] [stdout]    |
[INFO] [stdout]    = help: if you wanted to use a crate named `hyperdb_api`, use `cargo add hyperdb_api` to add it to your `Cargo.toml`
[INFO] [stdout] 
[INFO] [stdout] 
[INFO] [stdout] error[E0433]: cannot find module or crate `hyperdb_api` in this scope
[INFO] [stdout]   --> tests/common/mod.rs:79:49
[INFO] [stdout]    |
[INFO] [stdout] 79 |     pub(crate) fn with_name(test_name: &str) -> hyperdb_api::Result<Self> {
[INFO] [stdout]    |                                                 ^^^^^^^^^^^ use of unresolved module or unlinked crate `hyperdb_api`
[INFO] [stdout]    |
[INFO] [stdout]    = help: if you wanted to use a crate named `hyperdb_api`, use `cargo add hyperdb_api` to add it to your `Cargo.toml`
[INFO] [stdout] 
[INFO] [stdout] 
[INFO] [stdout] error[E0433]: cannot find module or crate `hyperdb_api` in this scope
[INFO] [stdout]    --> tests/common/mod.rs:124:41
[INFO] [stdout]     |
[INFO] [stdout] 124 |     pub(crate) fn without_database() -> hyperdb_api::Result<Self> {
[INFO] [stdout]     |                                         ^^^^^^^^^^^ use of unresolved module or unlinked crate `hyperdb_api`
[INFO] [stdout]     |
[INFO] [stdout]     = help: if you wanted to use a crate named `hyperdb_api`, use `cargo add hyperdb_api` to add it to your `Cargo.toml`
[INFO] [stdout] 
[INFO] [stdout] 
[INFO] [stdout] error[E0433]: cannot find module or crate `hyperdb_api` in this scope
[INFO] [stdout]    --> tests/common/mod.rs:138:66
[INFO] [stdout]     |
[INFO] [stdout] 138 |     pub(crate) fn without_database_with_name(test_name: &str) -> hyperdb_api::Result<Self> {
[INFO] [stdout]     |                                                                  ^^^^^^^^^^^ use of unresolved module or unlinked crate `hyperdb_api`
[INFO] [stdout]     |
[INFO] [stdout]     = help: if you wanted to use a crate named `hyperdb_api`, use `cargo add hyperdb_api` to add it to your `Cargo.toml`
[INFO] [stdout] 
[INFO] [stdout] 
[INFO] [stdout] Some errors have detailed explanations: E0432, E0433.
[INFO] [stdout] 
[INFO] [stdout] For more information about an error, try `rustc --explain E0432`.
[INFO] [stdout] 
[INFO] [stderr] error: could not compile `hyperdb-api-core` (test "prepared_streaming_tests") due to 10 previous errors
[INFO] [stdout] error[E0433]: cannot find module or crate `hyperdb_api` in this scope
[INFO] [stdout]   --> tests/common/mod.rs:18:64
[INFO] [stdout]    |
[INFO] [stdout] 18 | pub(crate) fn test_result_path(name: &str, extension: &str) -> hyperdb_api::Result<PathBuf> {
[INFO] [stdout]    |                                                                ^^^^^^^^^^^ use of unresolved module or unlinked crate `hyperdb_api`
[INFO] [stdout]    |
[INFO] [stdout]    = help: if you wanted to use a crate named `hyperdb_api`, use `cargo add hyperdb_api` to add it to your `Cargo.toml`
[INFO] [stdout] 
[INFO] [stdout] 
[INFO] [stdout] error[E0433]: cannot find module or crate `hyperdb_api` in this scope
[INFO] [stdout]   --> tests/common/mod.rs:27:54
[INFO] [stdout]    |
[INFO] [stdout] 27 | pub(crate) fn test_hyper_params(_test_name: &str) -> hyperdb_api::Result<Parameters> {
[INFO] [stdout]    |                                                      ^^^^^^^^^^^ use of unresolved module or unlinked crate `hyperdb_api`
[INFO] [stdout]    |
[INFO] [stdout]    = help: if you wanted to use a crate named `hyperdb_api`, use `cargo add hyperdb_api` to add it to your `Cargo.toml`
[INFO] [stdout] 
[INFO] [stdout] 
[INFO] [stdout] error[E0433]: cannot find module or crate `hyperdb_api` in this scope
[INFO] [stdout]   --> tests/common/mod.rs:65:28
[INFO] [stdout]    |
[INFO] [stdout] 65 |     pub(crate) fn new() -> hyperdb_api::Result<Self> {
[INFO] [stdout]    |                            ^^^^^^^^^^^ use of unresolved module or unlinked crate `hyperdb_api`
[INFO] [stdout]    |
[INFO] [stdout]    = help: if you wanted to use a crate named `hyperdb_api`, use `cargo add hyperdb_api` to add it to your `Cargo.toml`
[INFO] [stdout] 
[INFO] [stdout] 
[INFO] [stdout] error[E0433]: cannot find module or crate `hyperdb_api` in this scope
[INFO] [stdout]   --> tests/common/mod.rs:79:49
[INFO] [stdout]    |
[INFO] [stdout] 79 |     pub(crate) fn with_name(test_name: &str) -> hyperdb_api::Result<Self> {
[INFO] [stdout]    |                                                 ^^^^^^^^^^^ use of unresolved module or unlinked crate `hyperdb_api`
[INFO] [stdout]    |
[INFO] [stdout]    = help: if you wanted to use a crate named `hyperdb_api`, use `cargo add hyperdb_api` to add it to your `Cargo.toml`
[INFO] [stdout] 
[INFO] [stdout] 
[INFO] [stdout] error[E0433]: cannot find module or crate `hyperdb_api` in this scope
[INFO] [stdout]    --> tests/common/mod.rs:124:41
[INFO] [stdout]     |
[INFO] [stdout] 124 |     pub(crate) fn without_database() -> hyperdb_api::Result<Self> {
[INFO] [stdout]     |                                         ^^^^^^^^^^^ use of unresolved module or unlinked crate `hyperdb_api`
[INFO] [stdout]     |
[INFO] [stdout]     = help: if you wanted to use a crate named `hyperdb_api`, use `cargo add hyperdb_api` to add it to your `Cargo.toml`
[INFO] [stdout] 
[INFO] [stdout] 
[INFO] [stdout] error[E0433]: cannot find module or crate `hyperdb_api` in this scope
[INFO] [stdout]    --> tests/common/mod.rs:138:66
[INFO] [stdout]     |
[INFO] [stdout] 138 |     pub(crate) fn without_database_with_name(test_name: &str) -> hyperdb_api::Result<Self> {
[INFO] [stdout]     |                                                                  ^^^^^^^^^^^ use of unresolved module or unlinked crate `hyperdb_api`
[INFO] [stdout]     |
[INFO] [stdout]     = help: if you wanted to use a crate named `hyperdb_api`, use `cargo add hyperdb_api` to add it to your `Cargo.toml`
[INFO] [stdout] 
[INFO] [stdout] 
[INFO] [stdout] Some errors have detailed explanations: E0432, E0433.
[INFO] [stdout] 
[INFO] [stdout] For more information about an error, try `rustc --explain E0432`.
[INFO] [stdout] 
[INFO] [stderr] error: could not compile `hyperdb-api-core` (test "async_query_streaming_tests") due to 10 previous errors
[INFO] [stdout] error[E0433]: cannot find module or crate `hyperdb_api` in this scope
[INFO] [stdout]   --> tests/common/mod.rs:18:64
[INFO] [stdout]    |
[INFO] [stdout] 18 | pub(crate) fn test_result_path(name: &str, extension: &str) -> hyperdb_api::Result<PathBuf> {
[INFO] [stdout]    |                                                                ^^^^^^^^^^^ use of unresolved module or unlinked crate `hyperdb_api`
[INFO] [stdout]    |
[INFO] [stdout]    = help: if you wanted to use a crate named `hyperdb_api`, use `cargo add hyperdb_api` to add it to your `Cargo.toml`
[INFO] [stdout] 
[INFO] [stdout] 
[INFO] [stdout] error[E0433]: cannot find module or crate `hyperdb_api` in this scope
[INFO] [stdout]   --> tests/common/mod.rs:27:54
[INFO] [stdout]    |
[INFO] [stdout] 27 | pub(crate) fn test_hyper_params(_test_name: &str) -> hyperdb_api::Result<Parameters> {
[INFO] [stdout]    |                                                      ^^^^^^^^^^^ use of unresolved module or unlinked crate `hyperdb_api`
[INFO] [stdout]    |
[INFO] [stdout]    = help: if you wanted to use a crate named `hyperdb_api`, use `cargo add hyperdb_api` to add it to your `Cargo.toml`
[INFO] [stdout] 
[INFO] [stdout] 
[INFO] [stdout] error[E0433]: cannot find module or crate `hyperdb_api` in this scope
[INFO] [stdout]   --> tests/common/mod.rs:65:28
[INFO] [stdout]    |
[INFO] [stdout] 65 |     pub(crate) fn new() -> hyperdb_api::Result<Self> {
[INFO] [stdout]    |                            ^^^^^^^^^^^ use of unresolved module or unlinked crate `hyperdb_api`
[INFO] [stdout]    |
[INFO] [stdout]    = help: if you wanted to use a crate named `hyperdb_api`, use `cargo add hyperdb_api` to add it to your `Cargo.toml`
[INFO] [stdout] 
[INFO] [stdout] 
[INFO] [stdout] error[E0433]: cannot find module or crate `hyperdb_api` in this scope
[INFO] [stdout]   --> tests/common/mod.rs:79:49
[INFO] [stdout]    |
[INFO] [stdout] 79 |     pub(crate) fn with_name(test_name: &str) -> hyperdb_api::Result<Self> {
[INFO] [stdout]    |                                                 ^^^^^^^^^^^ use of unresolved module or unlinked crate `hyperdb_api`
[INFO] [stdout]    |
[INFO] [stdout]    = help: if you wanted to use a crate named `hyperdb_api`, use `cargo add hyperdb_api` to add it to your `Cargo.toml`
[INFO] [stdout] 
[INFO] [stdout] 
[INFO] [stderr] error: could not compile `hyperdb-api-core` (test "client_tests") due to 10 previous errors
[INFO] [stdout] error[E0433]: cannot find module or crate `hyperdb_api` in this scope
[INFO] [stdout]    --> tests/common/mod.rs:124:41
[INFO] [stdout]     |
[INFO] [stdout] 124 |     pub(crate) fn without_database() -> hyperdb_api::Result<Self> {
[INFO] [stdout]     |                                         ^^^^^^^^^^^ use of unresolved module or unlinked crate `hyperdb_api`
[INFO] [stdout]     |
[INFO] [stdout]     = help: if you wanted to use a crate named `hyperdb_api`, use `cargo add hyperdb_api` to add it to your `Cargo.toml`
[INFO] [stdout] 
[INFO] [stdout] 
[INFO] [stdout] error[E0433]: cannot find module or crate `hyperdb_api` in this scope
[INFO] [stdout]    --> tests/common/mod.rs:138:66
[INFO] [stdout]     |
[INFO] [stdout] 138 |     pub(crate) fn without_database_with_name(test_name: &str) -> hyperdb_api::Result<Self> {
[INFO] [stdout]     |                                                                  ^^^^^^^^^^^ use of unresolved module or unlinked crate `hyperdb_api`
[INFO] [stdout]     |
[INFO] [stdout]     = help: if you wanted to use a crate named `hyperdb_api`, use `cargo add hyperdb_api` to add it to your `Cargo.toml`
[INFO] [stdout] 
[INFO] [stdout] 
[INFO] [stdout] Some errors have detailed explanations: E0432, E0433.
[INFO] [stdout] 
[INFO] [stdout] For more information about an error, try `rustc --explain E0432`.
[INFO] [stdout] 
[INFO] running `Command { std: "docker" "inspect" "3b5ff36c6f07ac29ef70dd0a5c83b3448b2b6edc5b507638b57ca4a218ae88ab", kill_on_drop: false }`
[INFO] running `Command { std: "docker" "rm" "-f" "3b5ff36c6f07ac29ef70dd0a5c83b3448b2b6edc5b507638b57ca4a218ae88ab", kill_on_drop: false }`
[INFO] [stdout] 3b5ff36c6f07ac29ef70dd0a5c83b3448b2b6edc5b507638b57ca4a218ae88ab
