[INFO] fetching crate hyperchad_transformer 0.4.0...
[INFO] testing hyperchad_transformer-0.4.0 against 1.100.0-beta.1+cargoflags=--release for beta-release-1.100-2
[INFO] extracting crate hyperchad_transformer 0.4.0 into /workspace/builds/worker-4-tc2/source
[INFO] started tweaking crates.io crate hyperchad_transformer 0.4.0
[INFO] finished tweaking crates.io crate hyperchad_transformer 0.4.0
[INFO] tweaked toml for crates.io crate hyperchad_transformer 0.4.0 written to /workspace/builds/worker-4-tc2/source/Cargo.toml
[INFO] validating manifest of crates.io crate hyperchad_transformer 0.4.0 on toolchain 1.100.0-beta.1
[INFO] running `Command { std: CARGO_HOME="/workspace/cargo-home" RUSTUP_HOME="/workspace/rustup-home" "/workspace/cargo-home/bin/cargo" "+1.100.0-beta.1" "metadata" "--manifest-path" "Cargo.toml" "--no-deps", kill_on_drop: false }`
[INFO] crate crates.io crate hyperchad_transformer 0.4.0 already has a lockfile, it will not be regenerated
[INFO] running `Command { std: CARGO_HOME="/workspace/cargo-home" RUSTUP_HOME="/workspace/rustup-home" "/workspace/cargo-home/bin/cargo" "+1.100.0-beta.1" "fetch" "--manifest-path" "Cargo.toml", kill_on_drop: false }`
[INFO] running `Command { std: "docker" "create" "-v" "/var/lib/crater-agent-workspace/builds/worker-4-tc2/source:/opt/rustwide/workdir:ro,Z" "-v" "/var/lib/crater-agent-workspace/builds/worker-4-tc2/target:/opt/rustwide/target:rw,Z" "-v" "/var/lib/crater-agent-workspace/cargo-home:/opt/rustwide/cargo-home:ro,Z" "-v" "/var/lib/crater-agent-workspace/rustup-home:/opt/rustwide/rustup-home:ro,Z" "-m" "1610612736" "--network" "none" "ghcr.io/rust-lang/crates-build-env/linux@sha256:77db811e55d90add9212f6832c23229e3de5f1c1f9905e8cb07319ea15df73ac" "sleep" "infinity", kill_on_drop: false }`
[INFO] [stdout] bf151251ea24e5c31a25200f785ef1a829f1660fa59ba54e23ca45c7b2127e8b
[INFO] running `Command { std: "docker" "start" "bf151251ea24e5c31a25200f785ef1a829f1660fa59ba54e23ca45c7b2127e8b", kill_on_drop: false }`
[INFO] running `Command { std: "docker" "inspect" "bf151251ea24e5c31a25200f785ef1a829f1660fa59ba54e23ca45c7b2127e8b", kill_on_drop: false }`
[INFO] running `Command { std: "docker" "exec" "-e" "SOURCE_DIR=/opt/rustwide/workdir" "-e" "CARGO_HOME=/opt/rustwide/cargo-home" "-e" "RUSTUP_HOME=/opt/rustwide/rustup-home" "-e" "CARGO_TARGET_DIR=/opt/rustwide/target" "-w" "/opt/rustwide/workdir" "--user" "0:0" "bf151251ea24e5c31a25200f785ef1a829f1660fa59ba54e23ca45c7b2127e8b" "/opt/rustwide/cargo-home/bin/cargo" "+1.100.0-beta.1" "metadata" "--no-deps" "--format-version=1", kill_on_drop: false }`
[INFO] running `Command { std: "docker" "inspect" "bf151251ea24e5c31a25200f785ef1a829f1660fa59ba54e23ca45c7b2127e8b", kill_on_drop: false }`
[INFO] running `Command { std: "docker" "exec" "-e" "SOURCE_DIR=/opt/rustwide/workdir" "-e" "CARGO_HOME=/opt/rustwide/cargo-home" "-e" "RUSTUP_HOME=/opt/rustwide/rustup-home" "-e" "CARGO_TARGET_DIR=/opt/rustwide/target" "-e" "CARGO_INCREMENTAL=0" "-e" "RUST_BACKTRACE=full" "-e" "RUSTFLAGS=--cap-lints=warn" "-e" "RUSTDOCFLAGS=--cap-lints=warn" "-w" "/opt/rustwide/workdir" "--user" "0:0" "bf151251ea24e5c31a25200f785ef1a829f1660fa59ba54e23ca45c7b2127e8b" "/opt/rustwide/cargo-home/bin/cargo" "+1.100.0-beta.1" "build" "--frozen" "--message-format=json" "--release", kill_on_drop: false }`
[INFO] [stderr]    Compiling log v0.4.33
[INFO] [stderr]    Compiling memchr v2.8.2
[INFO] [stderr]    Compiling cc v1.2.65
[INFO] [stderr]    Compiling regex-automata v0.4.14
[INFO] [stderr]    Compiling moosicbox_env_utils v0.4.0
[INFO] [stderr]    Compiling syn v2.0.118
[INFO] [stderr]    Compiling colored v3.1.1
[INFO] [stderr]    Compiling simd-adler32 v0.3.9
[INFO] [stderr]    Compiling strum v0.26.3
[INFO] [stderr]    Compiling time v0.3.53
[INFO] [stderr]    Compiling color-hex v0.2.0
[INFO] [stderr]    Compiling html-escape v0.2.14
[INFO] [stderr]    Compiling tl v0.7.8
[INFO] [stderr]    Compiling xml v1.3.0
[INFO] [stderr]    Compiling bumpalo v3.20.3
[INFO] [stderr]    Compiling tracing-log v0.2.0
[INFO] [stderr]    Compiling switchy_time v0.4.0
[INFO] [stderr]    Compiling miniz_oxide v0.8.9
[INFO] [stderr]    Compiling moosicbox_assert v0.4.0
[INFO] [stderr]    Compiling serde_json v1.0.150
[INFO] [stderr]    Compiling quick-xml v0.41.0
[INFO] [stderr]    Compiling flate2 v1.1.9
[INFO] [stderr]    Compiling onig_sys v69.9.3
[INFO] [stderr]    Compiling matchers v0.2.0
[INFO] [stderr]    Compiling serde_derive v1.0.228
[INFO] [stderr]    Compiling thiserror-impl v2.0.18
[INFO] [stderr]    Compiling thiserror-impl v1.0.69
[INFO] [stderr]    Compiling tracing-attributes v0.1.31
[INFO] [stderr]    Compiling strum_macros v0.26.4
[INFO] [stderr]    Compiling strum_macros v0.28.0
[INFO] [stderr]    Compiling thiserror v1.0.69
[INFO] [stderr]    Compiling thiserror v2.0.18
[INFO] [stderr]    Compiling switchy_env v0.4.0
[INFO] [stderr]    Compiling tracing v0.1.44
[INFO] [stderr]    Compiling tracing-subscriber v0.3.23
[INFO] [stderr]    Compiling strum v0.28.0
[INFO] [stderr]    Compiling serde v1.0.228
[INFO] [stderr]    Compiling free_log_models v0.2.0
[INFO] [stderr]    Compiling plist v1.10.0
[INFO] [stderr]    Compiling hyperchad_transformer_models v0.4.0
[INFO] [stderr]    Compiling bincode v1.3.3
[INFO] [stderr]    Compiling hyperchad_color v0.4.0
[INFO] [stderr]    Compiling free_log_client v0.5.0
[INFO] [stderr]    Compiling moosicbox_logging v0.4.0
[INFO] [stderr]    Compiling hyperchad_actions v0.4.0
[INFO] [stderr]    Compiling onig v6.5.3
[INFO] [stderr]    Compiling syntect v5.3.0
[INFO] [stderr]    Compiling hyperchad_transformer v0.4.0 (/opt/rustwide/workdir)
[INFO] [stderr] warning: unused dependency `moosicbox_logging`
[INFO] [stderr]   --> Cargo.toml:31:15
[INFO] [stderr]    |
[INFO] [stderr] 31 | [dependencies.moosicbox_logging]
[INFO] [stderr]    |               ^^^^^^^^^^^^^^^^^^
[INFO] [stderr]    |
[INFO] [stderr]    = note: `cargo::unused_dependencies` is set to `warn` by default
[INFO] [stderr] help: consider removing the dependency on `moosicbox_logging`
[INFO] [stderr] warning: `hyperchad_transformer` (manifest) generated 1 warning
[INFO] [stderr]     Finished `release` profile [optimized] target(s) in 1m 15s
[INFO] running `Command { std: "docker" "inspect" "bf151251ea24e5c31a25200f785ef1a829f1660fa59ba54e23ca45c7b2127e8b", kill_on_drop: false }`
[INFO] running `Command { std: "docker" "exec" "-e" "SOURCE_DIR=/opt/rustwide/workdir" "-e" "CARGO_HOME=/opt/rustwide/cargo-home" "-e" "RUSTUP_HOME=/opt/rustwide/rustup-home" "-e" "CARGO_TARGET_DIR=/opt/rustwide/target" "-e" "CARGO_INCREMENTAL=0" "-e" "RUST_BACKTRACE=full" "-e" "RUSTFLAGS=--cap-lints=warn" "-e" "RUSTDOCFLAGS=--cap-lints=warn" "-w" "/opt/rustwide/workdir" "--user" "0:0" "bf151251ea24e5c31a25200f785ef1a829f1660fa59ba54e23ca45c7b2127e8b" "/opt/rustwide/cargo-home/bin/cargo" "+1.100.0-beta.1" "test" "--frozen" "--no-run" "--message-format=json" "--release", kill_on_drop: false }`
[INFO] [stderr]    Compiling hyperchad_transformer v0.4.0 (/opt/rustwide/workdir)
[INFO] [stdout] error[E0433]: cannot find module or crate `proptest` in this scope
[INFO] [stdout]   --> src/arb.rs:13:5
[INFO] [stdout]    |
[INFO] [stdout] 13 | use proptest::prelude::*;
[INFO] [stdout]    |     ^^^^^^^^ use of unresolved module or unlinked crate `proptest`
[INFO] [stdout]    |
[INFO] [stdout]    = help: if you wanted to use a crate named `proptest`, use `cargo add proptest` to add it to your `Cargo.toml`
[INFO] [stdout] 
[INFO] [stdout] 
[INFO] [stdout] error[E0433]: cannot find module or crate `proptest` in this scope
[INFO] [stdout]     --> src/html.rs:1941:9
[INFO] [stdout]      |
[INFO] [stdout] 1941 |     use proptest::prelude::*;
[INFO] [stdout]      |         ^^^^^^^^ use of unresolved module or unlinked crate `proptest`
[INFO] [stdout]      |
[INFO] [stdout]      = help: if you wanted to use a crate named `proptest`, use `cargo add proptest` to add it to your `Cargo.toml`
[INFO] [stdout] 
[INFO] [stdout] 
[INFO] [stdout] error[E0432]: unresolved import `maud`
[INFO] [stdout]     --> src/layout/calc.rs:1838:9
[INFO] [stdout]      |
[INFO] [stdout] 1838 |     use maud::html;
[INFO] [stdout]      |         ^^^^ use of unresolved module or unlinked crate `maud`
[INFO] [stdout]      |
[INFO] [stdout]      = help: if you wanted to use a crate named `maud`, use `cargo add maud` to add it to your `Cargo.toml`
[INFO] [stdout] 
[INFO] [stdout] 
[INFO] [stdout] error[E0432]: unresolved import `pretty_assertions`
[INFO] [stdout]     --> src/layout/calc.rs:1840:9
[INFO] [stdout]      |
[INFO] [stdout] 1840 |     use pretty_assertions::assert_eq;
[INFO] [stdout]      |         ^^^^^^^^^^^^^^^^^ use of unresolved module or unlinked crate `pretty_assertions`
[INFO] [stdout]      |
[INFO] [stdout]      = help: if you wanted to use a crate named `pretty_assertions`, use `cargo add pretty_assertions` to add it to your `Cargo.toml`
[INFO] [stdout] 
[INFO] [stdout] 
[INFO] [stdout] error[E0432]: unresolved import `serial_test`
[INFO] [stdout]    --> src/layout/mod.rs:226:9
[INFO] [stdout]     |
[INFO] [stdout] 226 |     use serial_test::serial;
[INFO] [stdout]     |         ^^^^^^^^^^^ use of unresolved module or unlinked crate `serial_test`
[INFO] [stdout]     |
[INFO] [stdout]     = help: if you wanted to use a crate named `serial_test`, use `cargo add serial_test` to add it to your `Cargo.toml`
[INFO] [stdout] 
[INFO] [stdout] 
[INFO] [stdout] error[E0433]: cannot find module or crate `proptest` in this scope
[INFO] [stdout]    --> src/lib.rs:466:9
[INFO] [stdout]     |
[INFO] [stdout] 466 |     use proptest::prelude::*;
[INFO] [stdout]     |         ^^^^^^^^ use of unresolved module or unlinked crate `proptest`
[INFO] [stdout]     |
[INFO] [stdout]     = help: if you wanted to use a crate named `proptest`, use `cargo add proptest` to add it to your `Cargo.toml`
[INFO] [stdout] 
[INFO] [stdout] 
[INFO] [stdout] error[E0433]: cannot find module or crate `moosicbox_arb` in this scope
[INFO] [stdout]  --> src/arb.rs:8:5
[INFO] [stdout]   |
[INFO] [stdout] 8 | use moosicbox_arb::{
[INFO] [stdout]   |     ^^^^^^^^^^^^^ use of unresolved module or unlinked crate `moosicbox_arb`
[INFO] [stdout]   |
[INFO] [stdout] help: there is a crate or module with a similar name
[INFO] [stdout]   |
[INFO] [stdout] 8 - use moosicbox_arb::{
[INFO] [stdout] 8 + use moosicbox_assert::{
[INFO] [stdout]   |
[INFO] [stdout] 
[INFO] [stdout] 
[INFO] [stdout] error[E0432]: unresolved import `pretty_assertions`
[INFO] [stdout]    --> src/parse.rs:392:9
[INFO] [stdout]     |
[INFO] [stdout] 392 |     use pretty_assertions::assert_eq;
[INFO] [stdout]     |         ^^^^^^^^^^^^^^^^^ use of unresolved module or unlinked crate `pretty_assertions`
[INFO] [stdout]     |
[INFO] [stdout]     = help: if you wanted to use a crate named `pretty_assertions`, use `cargo add pretty_assertions` to add it to your `Cargo.toml`
[INFO] [stdout] 
[INFO] [stdout] 
[INFO] [stdout] error[E0432]: unresolved import `pretty_assertions`
[INFO] [stdout]     --> src/html.rs:1940:9
[INFO] [stdout]      |
[INFO] [stdout] 1940 |     use pretty_assertions::assert_eq;
[INFO] [stdout]      |         ^^^^^^^^^^^^^^^^^ use of unresolved module or unlinked crate `pretty_assertions`
[INFO] [stdout]      |
[INFO] [stdout]      = help: if you wanted to use a crate named `pretty_assertions`, use `cargo add pretty_assertions` to add it to your `Cargo.toml`
[INFO] [stdout] 
[INFO] [stdout] 
[INFO] [stdout] error[E0432]: unresolved import `pretty_assertions`
[INFO] [stdout]    --> src/lib.rs:465:9
[INFO] [stdout]     |
[INFO] [stdout] 465 |     use pretty_assertions::assert_eq;
[INFO] [stdout]     |         ^^^^^^^^^^^^^^^^^ use of unresolved module or unlinked crate `pretty_assertions`
[INFO] [stdout]     |
[INFO] [stdout]     = help: if you wanted to use a crate named `pretty_assertions`, use `cargo add pretty_assertions` to add it to your `Cargo.toml`
[INFO] [stdout] 
[INFO] [stdout] 
[INFO] [stdout] error[E0433]: cannot find module or crate `test_log` in this scope
[INFO] [stdout]     --> src/lib.rs:1708:7
[INFO] [stdout]      |
[INFO] [stdout] 1708 |     #[test_log::test]
[INFO] [stdout]      |       ^^^^^^^^ use of unresolved module or unlinked crate `test_log`
[INFO] [stdout] 
[INFO] [stdout] 
[INFO] [stdout] error[E0433]: cannot find module or crate `test_log` in this scope
[INFO] [stdout]     --> src/lib.rs:1685:7
[INFO] [stdout]      |
[INFO] [stdout] 1685 |     #[test_log::test]
[INFO] [stdout]      |       ^^^^^^^^ use of unresolved module or unlinked crate `test_log`
[INFO] [stdout] 
[INFO] [stdout] 
[INFO] [stdout] error[E0433]: cannot find module or crate `test_log` in this scope
[INFO] [stdout]     --> src/lib.rs:1651:7
[INFO] [stdout]      |
[INFO] [stdout] 1651 |     #[test_log::test]
[INFO] [stdout]      |       ^^^^^^^^ use of unresolved module or unlinked crate `test_log`
[INFO] [stdout] 
[INFO] [stdout] 
[INFO] [stdout] error[E0433]: cannot find module or crate `test_log` in this scope
[INFO] [stdout]     --> src/lib.rs:1620:7
[INFO] [stdout]      |
[INFO] [stdout] 1620 |     #[test_log::test]
[INFO] [stdout]      |       ^^^^^^^^ use of unresolved module or unlinked crate `test_log`
[INFO] [stdout] 
[INFO] [stdout] 
[INFO] [stdout] error[E0433]: cannot find module or crate `test_log` in this scope
[INFO] [stdout]     --> src/lib.rs:1593:7
[INFO] [stdout]      |
[INFO] [stdout] 1593 |     #[test_log::test]
[INFO] [stdout]      |       ^^^^^^^^ use of unresolved module or unlinked crate `test_log`
[INFO] [stdout] 
[INFO] [stdout] 
[INFO] [stdout] error[E0433]: cannot find module or crate `test_log` in this scope
[INFO] [stdout]     --> src/lib.rs:1551:7
[INFO] [stdout]      |
[INFO] [stdout] 1551 |     #[test_log::test]
[INFO] [stdout]      |       ^^^^^^^^ use of unresolved module or unlinked crate `test_log`
[INFO] [stdout] 
[INFO] [stdout] 
[INFO] [stdout] error[E0433]: cannot find module or crate `test_log` in this scope
[INFO] [stdout]     --> src/lib.rs:1519:7
[INFO] [stdout]      |
[INFO] [stdout] 1519 |     #[test_log::test]
[INFO] [stdout]      |       ^^^^^^^^ use of unresolved module or unlinked crate `test_log`
[INFO] [stdout] 
[INFO] [stdout] 
[INFO] [stdout] error[E0433]: cannot find module or crate `test_log` in this scope
[INFO] [stdout]     --> src/lib.rs:1492:7
[INFO] [stdout]      |
[INFO] [stdout] 1492 |     #[test_log::test]
[INFO] [stdout]      |       ^^^^^^^^ use of unresolved module or unlinked crate `test_log`
[INFO] [stdout] 
[INFO] [stdout] 
[INFO] [stdout] error[E0433]: cannot find module or crate `test_log` in this scope
[INFO] [stdout]     --> src/lib.rs:1464:7
[INFO] [stdout]      |
[INFO] [stdout] 1464 |     #[test_log::test]
[INFO] [stdout]      |       ^^^^^^^^ use of unresolved module or unlinked crate `test_log`
[INFO] [stdout] 
[INFO] [stdout] 
[INFO] [stdout] error[E0433]: cannot find module or crate `test_log` in this scope
[INFO] [stdout]     --> src/lib.rs:1445:7
[INFO] [stdout]      |
[INFO] [stdout] 1445 |     #[test_log::test]
[INFO] [stdout]      |       ^^^^^^^^ use of unresolved module or unlinked crate `test_log`
[INFO] [stdout] 
[INFO] [stdout] 
[INFO] [stdout] error[E0433]: cannot find module or crate `test_log` in this scope
[INFO] [stdout]     --> src/lib.rs:1426:7
[INFO] [stdout]      |
[INFO] [stdout] 1426 |     #[test_log::test]
[INFO] [stdout]      |       ^^^^^^^^ use of unresolved module or unlinked crate `test_log`
[INFO] [stdout] 
[INFO] [stdout] 
[INFO] [stdout] error[E0433]: cannot find module or crate `test_log` in this scope
[INFO] [stdout]     --> src/lib.rs:1407:7
[INFO] [stdout]      |
[INFO] [stdout] 1407 |     #[test_log::test]
[INFO] [stdout]      |       ^^^^^^^^ use of unresolved module or unlinked crate `test_log`
[INFO] [stdout] 
[INFO] [stdout] 
[INFO] [stdout] error[E0433]: cannot find module or crate `test_log` in this scope
[INFO] [stdout]     --> src/lib.rs:1401:7
[INFO] [stdout]      |
[INFO] [stdout] 1401 |     #[test_log::test]
[INFO] [stdout]      |       ^^^^^^^^ use of unresolved module or unlinked crate `test_log`
[INFO] [stdout] 
[INFO] [stdout] 
[INFO] [stdout] error[E0433]: cannot find module or crate `test_log` in this scope
[INFO] [stdout]     --> src/lib.rs:1390:7
[INFO] [stdout]      |
[INFO] [stdout] 1390 |     #[test_log::test]
[INFO] [stdout]      |       ^^^^^^^^ use of unresolved module or unlinked crate `test_log`
[INFO] [stdout] 
[INFO] [stdout] 
[INFO] [stdout] error[E0433]: cannot find module or crate `test_log` in this scope
[INFO] [stdout]     --> src/lib.rs:1353:7
[INFO] [stdout]      |
[INFO] [stdout] 1353 |     #[test_log::test]
[INFO] [stdout]      |       ^^^^^^^^ use of unresolved module or unlinked crate `test_log`
[INFO] [stdout] 
[INFO] [stdout] 
[INFO] [stdout] error[E0433]: cannot find module or crate `test_log` in this scope
[INFO] [stdout]     --> src/lib.rs:1342:7
[INFO] [stdout]      |
[INFO] [stdout] 1342 |     #[test_log::test]
[INFO] [stdout]      |       ^^^^^^^^ use of unresolved module or unlinked crate `test_log`
[INFO] [stdout] 
[INFO] [stdout] 
[INFO] [stdout] error[E0433]: cannot find module or crate `test_log` in this scope
[INFO] [stdout]     --> src/lib.rs:1304:7
[INFO] [stdout]      |
[INFO] [stdout] 1304 |     #[test_log::test]
[INFO] [stdout]      |       ^^^^^^^^ use of unresolved module or unlinked crate `test_log`
[INFO] [stdout] 
[INFO] [stdout] 
[INFO] [stdout] error[E0433]: cannot find module or crate `test_log` in this scope
[INFO] [stdout]     --> src/lib.rs:1293:7
[INFO] [stdout]      |
[INFO] [stdout] 1293 |     #[test_log::test]
[INFO] [stdout]      |       ^^^^^^^^ use of unresolved module or unlinked crate `test_log`
[INFO] [stdout] 
[INFO] [stdout] 
[INFO] [stdout] error[E0433]: cannot find module or crate `test_log` in this scope
[INFO] [stdout]     --> src/lib.rs:1260:7
[INFO] [stdout]      |
[INFO] [stdout] 1260 |     #[test_log::test]
[INFO] [stdout]      |       ^^^^^^^^ use of unresolved module or unlinked crate `test_log`
[INFO] [stdout] 
[INFO] [stdout] 
[INFO] [stdout] error[E0433]: cannot find module or crate `test_log` in this scope
[INFO] [stdout]     --> src/lib.rs:1249:7
[INFO] [stdout]      |
[INFO] [stdout] 1249 |     #[test_log::test]
[INFO] [stdout]      |       ^^^^^^^^ use of unresolved module or unlinked crate `test_log`
[INFO] [stdout] 
[INFO] [stdout] 
[INFO] [stdout] error[E0433]: cannot find module or crate `test_log` in this scope
[INFO] [stdout]     --> src/lib.rs:1210:7
[INFO] [stdout]      |
[INFO] [stdout] 1210 |     #[test_log::test]
[INFO] [stdout]      |       ^^^^^^^^ use of unresolved module or unlinked crate `test_log`
[INFO] [stdout] 
[INFO] [stdout] 
[INFO] [stdout] error[E0433]: cannot find module or crate `test_log` in this scope
[INFO] [stdout]     --> src/lib.rs:1198:7
[INFO] [stdout]      |
[INFO] [stdout] 1198 |     #[test_log::test]
[INFO] [stdout]      |       ^^^^^^^^ use of unresolved module or unlinked crate `test_log`
[INFO] [stdout] 
[INFO] [stdout] 
[INFO] [stdout] error[E0433]: cannot find module or crate `test_log` in this scope
[INFO] [stdout]     --> src/lib.rs:1189:7
[INFO] [stdout]      |
[INFO] [stdout] 1189 |     #[test_log::test]
[INFO] [stdout]      |       ^^^^^^^^ use of unresolved module or unlinked crate `test_log`
[INFO] [stdout] 
[INFO] [stdout] 
[INFO] [stdout] error[E0433]: cannot find module or crate `test_log` in this scope
[INFO] [stdout]     --> src/lib.rs:1180:7
[INFO] [stdout]      |
[INFO] [stdout] 1180 |     #[test_log::test]
[INFO] [stdout]      |       ^^^^^^^^ use of unresolved module or unlinked crate `test_log`
[INFO] [stdout] 
[INFO] [stdout] 
[INFO] [stdout] error[E0433]: cannot find module or crate `test_log` in this scope
[INFO] [stdout]     --> src/lib.rs:1171:7
[INFO] [stdout]      |
[INFO] [stdout] 1171 |     #[test_log::test]
[INFO] [stdout]      |       ^^^^^^^^ use of unresolved module or unlinked crate `test_log`
[INFO] [stdout] 
[INFO] [stdout] 
[INFO] [stdout] error[E0433]: cannot find module or crate `test_log` in this scope
[INFO] [stdout]     --> src/lib.rs:1150:7
[INFO] [stdout]      |
[INFO] [stdout] 1150 |     #[test_log::test]
[INFO] [stdout]      |       ^^^^^^^^ use of unresolved module or unlinked crate `test_log`
[INFO] [stdout] 
[INFO] [stdout] 
[INFO] [stdout] error[E0433]: cannot find module or crate `test_log` in this scope
[INFO] [stdout]     --> src/lib.rs:1137:7
[INFO] [stdout]      |
[INFO] [stdout] 1137 |     #[test_log::test]
[INFO] [stdout]      |       ^^^^^^^^ use of unresolved module or unlinked crate `test_log`
[INFO] [stdout] 
[INFO] [stdout] 
[INFO] [stdout] error[E0433]: cannot find module or crate `test_log` in this scope
[INFO] [stdout]     --> src/lib.rs:1117:7
[INFO] [stdout]      |
[INFO] [stdout] 1117 |     #[test_log::test]
[INFO] [stdout]      |       ^^^^^^^^ use of unresolved module or unlinked crate `test_log`
[INFO] [stdout] 
[INFO] [stdout] 
[INFO] [stdout] error[E0433]: cannot find module or crate `test_log` in this scope
[INFO] [stdout]     --> src/lib.rs:1107:7
[INFO] [stdout]      |
[INFO] [stdout] 1107 |     #[test_log::test]
[INFO] [stdout]      |       ^^^^^^^^ use of unresolved module or unlinked crate `test_log`
[INFO] [stdout] 
[INFO] [stdout] 
[INFO] [stdout] error[E0433]: cannot find module or crate `test_log` in this scope
[INFO] [stdout]     --> src/lib.rs:1091:7
[INFO] [stdout]      |
[INFO] [stdout] 1091 |     #[test_log::test]
[INFO] [stdout]      |       ^^^^^^^^ use of unresolved module or unlinked crate `test_log`
[INFO] [stdout] 
[INFO] [stdout] 
[INFO] [stdout] error[E0433]: cannot find module or crate `test_log` in this scope
[INFO] [stdout]     --> src/lib.rs:1082:7
[INFO] [stdout]      |
[INFO] [stdout] 1082 |     #[test_log::test]
[INFO] [stdout]      |       ^^^^^^^^ use of unresolved module or unlinked crate `test_log`
[INFO] [stdout] 
[INFO] [stdout] 
[INFO] [stdout] error[E0433]: cannot find module or crate `test_log` in this scope
[INFO] [stdout]     --> src/lib.rs:1067:7
[INFO] [stdout]      |
[INFO] [stdout] 1067 |     #[test_log::test]
[INFO] [stdout]      |       ^^^^^^^^ use of unresolved module or unlinked crate `test_log`
[INFO] [stdout] 
[INFO] [stdout] 
[INFO] [stdout] error[E0433]: cannot find module or crate `test_log` in this scope
[INFO] [stdout]     --> src/lib.rs:1058:7
[INFO] [stdout]      |
[INFO] [stdout] 1058 |     #[test_log::test]
[INFO] [stdout]      |       ^^^^^^^^ use of unresolved module or unlinked crate `test_log`
[INFO] [stdout] 
[INFO] [stdout] 
[INFO] [stdout] error[E0433]: cannot find module or crate `test_log` in this scope
[INFO] [stdout]     --> src/lib.rs:1048:7
[INFO] [stdout]      |
[INFO] [stdout] 1048 |     #[test_log::test]
[INFO] [stdout]      |       ^^^^^^^^ use of unresolved module or unlinked crate `test_log`
[INFO] [stdout] 
[INFO] [stdout] 
[INFO] [stdout] error[E0433]: cannot find module or crate `test_log` in this scope
[INFO] [stdout]     --> src/lib.rs:1034:7
[INFO] [stdout]      |
[INFO] [stdout] 1034 |     #[test_log::test]
[INFO] [stdout]      |       ^^^^^^^^ use of unresolved module or unlinked crate `test_log`
[INFO] [stdout] 
[INFO] [stdout] 
[INFO] [stdout] error[E0433]: cannot find module or crate `test_log` in this scope
[INFO] [stdout]     --> src/lib.rs:1024:7
[INFO] [stdout]      |
[INFO] [stdout] 1024 |     #[test_log::test]
[INFO] [stdout]      |       ^^^^^^^^ use of unresolved module or unlinked crate `test_log`
[INFO] [stdout] 
[INFO] [stdout] 
[INFO] [stdout] error[E0433]: cannot find module or crate `test_log` in this scope
[INFO] [stdout]     --> src/lib.rs:1015:7
[INFO] [stdout]      |
[INFO] [stdout] 1015 |     #[test_log::test]
[INFO] [stdout]      |       ^^^^^^^^ use of unresolved module or unlinked crate `test_log`
[INFO] [stdout] 
[INFO] [stdout] 
[INFO] [stdout] error[E0433]: cannot find module or crate `test_log` in this scope
[INFO] [stdout]    --> src/lib.rs:995:7
[INFO] [stdout]     |
[INFO] [stdout] 995 |     #[test_log::test]
[INFO] [stdout]     |       ^^^^^^^^ use of unresolved module or unlinked crate `test_log`
[INFO] [stdout] 
[INFO] [stdout] 
[INFO] [stdout] error[E0433]: cannot find module or crate `test_log` in this scope
[INFO] [stdout]    --> src/lib.rs:984:7
[INFO] [stdout]     |
[INFO] [stdout] 984 |     #[test_log::test]
[INFO] [stdout]     |       ^^^^^^^^ use of unresolved module or unlinked crate `test_log`
[INFO] [stdout] 
[INFO] [stdout] 
[INFO] [stdout] error[E0433]: cannot find module or crate `test_log` in this scope
[INFO] [stdout]    --> src/lib.rs:975:7
[INFO] [stdout]     |
[INFO] [stdout] 975 |     #[test_log::test]
[INFO] [stdout]     |       ^^^^^^^^ use of unresolved module or unlinked crate `test_log`
[INFO] [stdout] 
[INFO] [stdout] 
[INFO] [stdout] error[E0433]: cannot find module or crate `test_log` in this scope
[INFO] [stdout]    --> src/lib.rs:966:7
[INFO] [stdout]     |
[INFO] [stdout] 966 |     #[test_log::test]
[INFO] [stdout]     |       ^^^^^^^^ use of unresolved module or unlinked crate `test_log`
[INFO] [stdout] 
[INFO] [stdout] 
[INFO] [stdout] error[E0433]: cannot find module or crate `test_log` in this scope
[INFO] [stdout]    --> src/lib.rs:957:7
[INFO] [stdout]     |
[INFO] [stdout] 957 |     #[test_log::test]
[INFO] [stdout]     |       ^^^^^^^^ use of unresolved module or unlinked crate `test_log`
[INFO] [stdout] 
[INFO] [stdout] 
[INFO] [stdout] error[E0433]: cannot find module or crate `test_log` in this scope
[INFO] [stdout]    --> src/lib.rs:945:7
[INFO] [stdout]     |
[INFO] [stdout] 945 |     #[test_log::test]
[INFO] [stdout]     |       ^^^^^^^^ use of unresolved module or unlinked crate `test_log`
[INFO] [stdout] 
[INFO] [stdout] 
[INFO] [stdout] error[E0433]: cannot find module or crate `test_log` in this scope
[INFO] [stdout]    --> src/lib.rs:936:7
[INFO] [stdout]     |
[INFO] [stdout] 936 |     #[test_log::test]
[INFO] [stdout]     |       ^^^^^^^^ use of unresolved module or unlinked crate `test_log`
[INFO] [stdout] 
[INFO] [stdout] 
[INFO] [stdout] error[E0433]: cannot find module or crate `test_log` in this scope
[INFO] [stdout]    --> src/lib.rs:925:7
[INFO] [stdout]     |
[INFO] [stdout] 925 |     #[test_log::test]
[INFO] [stdout]     |       ^^^^^^^^ use of unresolved module or unlinked crate `test_log`
[INFO] [stdout] 
[INFO] [stdout] 
[INFO] [stdout] error[E0433]: cannot find module or crate `test_log` in this scope
[INFO] [stdout]    --> src/lib.rs:906:7
[INFO] [stdout]     |
[INFO] [stdout] 906 |     #[test_log::test]
[INFO] [stdout]     |       ^^^^^^^^ use of unresolved module or unlinked crate `test_log`
[INFO] [stdout] 
[INFO] [stdout] 
[INFO] [stdout] error[E0433]: cannot find module or crate `test_log` in this scope
[INFO] [stdout]    --> src/lib.rs:897:7
[INFO] [stdout]     |
[INFO] [stdout] 897 |     #[test_log::test]
[INFO] [stdout]     |       ^^^^^^^^ use of unresolved module or unlinked crate `test_log`
[INFO] [stdout] 
[INFO] [stdout] 
[INFO] [stdout] error[E0433]: cannot find module or crate `test_log` in this scope
[INFO] [stdout]    --> src/lib.rs:888:7
[INFO] [stdout]     |
[INFO] [stdout] 888 |     #[test_log::test]
[INFO] [stdout]     |       ^^^^^^^^ use of unresolved module or unlinked crate `test_log`
[INFO] [stdout] 
[INFO] [stdout] 
[INFO] [stdout] error[E0433]: cannot find module or crate `test_log` in this scope
[INFO] [stdout]    --> src/lib.rs:882:7
[INFO] [stdout]     |
[INFO] [stdout] 882 |     #[test_log::test]
[INFO] [stdout]     |       ^^^^^^^^ use of unresolved module or unlinked crate `test_log`
[INFO] [stdout] 
[INFO] [stdout] 
[INFO] [stdout] error[E0433]: cannot find module or crate `test_log` in this scope
[INFO] [stdout]    --> src/lib.rs:873:7
[INFO] [stdout]     |
[INFO] [stdout] 873 |     #[test_log::test]
[INFO] [stdout]     |       ^^^^^^^^ use of unresolved module or unlinked crate `test_log`
[INFO] [stdout] 
[INFO] [stdout] 
[INFO] [stdout] error[E0433]: cannot find module or crate `test_log` in this scope
[INFO] [stdout]    --> src/lib.rs:862:7
[INFO] [stdout]     |
[INFO] [stdout] 862 |     #[test_log::test]
[INFO] [stdout]     |       ^^^^^^^^ use of unresolved module or unlinked crate `test_log`
[INFO] [stdout] 
[INFO] [stdout] 
[INFO] [stdout] error[E0433]: cannot find module or crate `test_log` in this scope
[INFO] [stdout]    --> src/lib.rs:856:7
[INFO] [stdout]     |
[INFO] [stdout] 856 |     #[test_log::test]
[INFO] [stdout]     |       ^^^^^^^^ use of unresolved module or unlinked crate `test_log`
[INFO] [stdout] 
[INFO] [stdout] 
[INFO] [stdout] error[E0433]: cannot find module or crate `test_log` in this scope
[INFO] [stdout]    --> src/lib.rs:847:7
[INFO] [stdout]     |
[INFO] [stdout] 847 |     #[test_log::test]
[INFO] [stdout]     |       ^^^^^^^^ use of unresolved module or unlinked crate `test_log`
[INFO] [stdout] 
[INFO] [stdout] 
[INFO] [stdout] error[E0433]: cannot find module or crate `test_log` in this scope
[INFO] [stdout]    --> src/lib.rs:838:7
[INFO] [stdout]     |
[INFO] [stdout] 838 |     #[test_log::test]
[INFO] [stdout]     |       ^^^^^^^^ use of unresolved module or unlinked crate `test_log`
[INFO] [stdout] 
[INFO] [stdout] 
[INFO] [stdout] error[E0433]: cannot find module or crate `test_log` in this scope
[INFO] [stdout]    --> src/lib.rs:829:7
[INFO] [stdout]     |
[INFO] [stdout] 829 |     #[test_log::test]
[INFO] [stdout]     |       ^^^^^^^^ use of unresolved module or unlinked crate `test_log`
[INFO] [stdout] 
[INFO] [stdout] 
[INFO] [stdout] error[E0433]: cannot find module or crate `test_log` in this scope
[INFO] [stdout]    --> src/lib.rs:820:7
[INFO] [stdout]     |
[INFO] [stdout] 820 |     #[test_log::test]
[INFO] [stdout]     |       ^^^^^^^^ use of unresolved module or unlinked crate `test_log`
[INFO] [stdout] 
[INFO] [stdout] 
[INFO] [stdout] error[E0433]: cannot find module or crate `test_log` in this scope
[INFO] [stdout]    --> src/lib.rs:811:7
[INFO] [stdout]     |
[INFO] [stdout] 811 |     #[test_log::test]
[INFO] [stdout]     |       ^^^^^^^^ use of unresolved module or unlinked crate `test_log`
[INFO] [stdout] 
[INFO] [stdout] 
[INFO] [stdout] error[E0433]: cannot find module or crate `test_log` in this scope
[INFO] [stdout]    --> src/lib.rs:798:7
[INFO] [stdout]     |
[INFO] [stdout] 798 |     #[test_log::test]
[INFO] [stdout]     |       ^^^^^^^^ use of unresolved module or unlinked crate `test_log`
[INFO] [stdout] 
[INFO] [stdout] 
[INFO] [stdout] error[E0433]: cannot find module or crate `test_log` in this scope
[INFO] [stdout]    --> src/lib.rs:790:7
[INFO] [stdout]     |
[INFO] [stdout] 790 |     #[test_log::test]
[INFO] [stdout]     |       ^^^^^^^^ use of unresolved module or unlinked crate `test_log`
[INFO] [stdout] 
[INFO] [stdout] 
[INFO] [stdout] error[E0433]: cannot find module or crate `test_log` in this scope
[INFO] [stdout]    --> src/lib.rs:781:7
[INFO] [stdout]     |
[INFO] [stdout] 781 |     #[test_log::test]
[INFO] [stdout]     |       ^^^^^^^^ use of unresolved module or unlinked crate `test_log`
[INFO] [stdout] 
[INFO] [stdout] 
[INFO] [stdout] error[E0433]: cannot find module or crate `test_log` in this scope
[INFO] [stdout]    --> src/lib.rs:772:7
[INFO] [stdout]     |
[INFO] [stdout] 772 |     #[test_log::test]
[INFO] [stdout]     |       ^^^^^^^^ use of unresolved module or unlinked crate `test_log`
[INFO] [stdout] 
[INFO] [stdout] 
[INFO] [stdout] error[E0433]: cannot find module or crate `test_log` in this scope
[INFO] [stdout]    --> src/lib.rs:763:7
[INFO] [stdout]     |
[INFO] [stdout] 763 |     #[test_log::test]
[INFO] [stdout]     |       ^^^^^^^^ use of unresolved module or unlinked crate `test_log`
[INFO] [stdout] 
[INFO] [stdout] 
[INFO] [stdout] error[E0433]: cannot find module or crate `test_log` in this scope
[INFO] [stdout]    --> src/lib.rs:754:7
[INFO] [stdout]     |
[INFO] [stdout] 754 |     #[test_log::test]
[INFO] [stdout]     |       ^^^^^^^^ use of unresolved module or unlinked crate `test_log`
[INFO] [stdout] 
[INFO] [stdout] 
[INFO] [stdout] error[E0433]: cannot find module or crate `test_log` in this scope
[INFO] [stdout]    --> src/lib.rs:745:7
[INFO] [stdout]     |
[INFO] [stdout] 745 |     #[test_log::test]
[INFO] [stdout]     |       ^^^^^^^^ use of unresolved module or unlinked crate `test_log`
[INFO] [stdout] 
[INFO] [stdout] 
[INFO] [stdout] error[E0433]: cannot find module or crate `test_log` in this scope
[INFO] [stdout]    --> src/lib.rs:739:7
[INFO] [stdout]     |
[INFO] [stdout] 739 |     #[test_log::test]
[INFO] [stdout]     |       ^^^^^^^^ use of unresolved module or unlinked crate `test_log`
[INFO] [stdout] 
[INFO] [stdout] 
[INFO] [stdout] error[E0433]: cannot find module or crate `test_log` in this scope
[INFO] [stdout]    --> src/lib.rs:725:7
[INFO] [stdout]     |
[INFO] [stdout] 725 |     #[test_log::test]
[INFO] [stdout]     |       ^^^^^^^^ use of unresolved module or unlinked crate `test_log`
[INFO] [stdout] 
[INFO] [stdout] 
[INFO] [stdout] error[E0433]: cannot find module or crate `test_log` in this scope
[INFO] [stdout]    --> src/lib.rs:715:7
[INFO] [stdout]     |
[INFO] [stdout] 715 |     #[test_log::test]
[INFO] [stdout]     |       ^^^^^^^^ use of unresolved module or unlinked crate `test_log`
[INFO] [stdout] 
[INFO] [stdout] 
[INFO] [stdout] error[E0433]: cannot find module or crate `test_log` in this scope
[INFO] [stdout]    --> src/lib.rs:705:7
[INFO] [stdout]     |
[INFO] [stdout] 705 |     #[test_log::test]
[INFO] [stdout]     |       ^^^^^^^^ use of unresolved module or unlinked crate `test_log`
[INFO] [stdout] 
[INFO] [stdout] 
[INFO] [stdout] error[E0433]: cannot find module or crate `test_log` in this scope
[INFO] [stdout]    --> src/lib.rs:695:7
[INFO] [stdout]     |
[INFO] [stdout] 695 |     #[test_log::test]
[INFO] [stdout]     |       ^^^^^^^^ use of unresolved module or unlinked crate `test_log`
[INFO] [stdout] 
[INFO] [stdout] 
[INFO] [stdout] error[E0433]: cannot find module or crate `test_log` in this scope
[INFO] [stdout]    --> src/lib.rs:685:7
[INFO] [stdout]     |
[INFO] [stdout] 685 |     #[test_log::test]
[INFO] [stdout]     |       ^^^^^^^^ use of unresolved module or unlinked crate `test_log`
[INFO] [stdout] 
[INFO] [stdout] 
[INFO] [stdout] error[E0433]: cannot find module or crate `test_log` in this scope
[INFO] [stdout]    --> src/lib.rs:675:7
[INFO] [stdout]     |
[INFO] [stdout] 675 |     #[test_log::test]
[INFO] [stdout]     |       ^^^^^^^^ use of unresolved module or unlinked crate `test_log`
[INFO] [stdout] 
[INFO] [stdout] 
[INFO] [stdout] error[E0433]: cannot find module or crate `test_log` in this scope
[INFO] [stdout]    --> src/lib.rs:665:7
[INFO] [stdout]     |
[INFO] [stdout] 665 |     #[test_log::test]
[INFO] [stdout]     |       ^^^^^^^^ use of unresolved module or unlinked crate `test_log`
[INFO] [stdout] 
[INFO] [stdout] 
[INFO] [stdout] error[E0433]: cannot find module or crate `test_log` in this scope
[INFO] [stdout]    --> src/lib.rs:655:7
[INFO] [stdout]     |
[INFO] [stdout] 655 |     #[test_log::test]
[INFO] [stdout]     |       ^^^^^^^^ use of unresolved module or unlinked crate `test_log`
[INFO] [stdout] 
[INFO] [stdout] 
[INFO] [stdout] error[E0433]: cannot find module or crate `test_log` in this scope
[INFO] [stdout]    --> src/lib.rs:645:7
[INFO] [stdout]     |
[INFO] [stdout] 645 |     #[test_log::test]
[INFO] [stdout]     |       ^^^^^^^^ use of unresolved module or unlinked crate `test_log`
[INFO] [stdout] 
[INFO] [stdout] 
[INFO] [stdout] error[E0433]: cannot find module or crate `test_log` in this scope
[INFO] [stdout]    --> src/lib.rs:635:7
[INFO] [stdout]     |
[INFO] [stdout] 635 |     #[test_log::test]
[INFO] [stdout]     |       ^^^^^^^^ use of unresolved module or unlinked crate `test_log`
[INFO] [stdout] 
[INFO] [stdout] 
[INFO] [stdout] error[E0433]: cannot find module or crate `test_log` in this scope
[INFO] [stdout]    --> src/lib.rs:618:7
[INFO] [stdout]     |
[INFO] [stdout] 618 |     #[test_log::test]
[INFO] [stdout]     |       ^^^^^^^^ use of unresolved module or unlinked crate `test_log`
[INFO] [stdout] 
[INFO] [stdout] 
[INFO] [stdout] error[E0433]: cannot find module or crate `test_log` in this scope
[INFO] [stdout]    --> src/lib.rs:612:7
[INFO] [stdout]     |
[INFO] [stdout] 612 |     #[test_log::test]
[INFO] [stdout]     |       ^^^^^^^^ use of unresolved module or unlinked crate `test_log`
[INFO] [stdout] 
[INFO] [stdout] 
[INFO] [stdout] error[E0433]: cannot find module or crate `test_log` in this scope
[INFO] [stdout]    --> src/lib.rs:602:7
[INFO] [stdout]     |
[INFO] [stdout] 602 |     #[test_log::test]
[INFO] [stdout]     |       ^^^^^^^^ use of unresolved module or unlinked crate `test_log`
[INFO] [stdout] 
[INFO] [stdout] 
[INFO] [stdout] error[E0433]: cannot find module or crate `test_log` in this scope
[INFO] [stdout]    --> src/lib.rs:588:7
[INFO] [stdout]     |
[INFO] [stdout] 588 |     #[test_log::test]
[INFO] [stdout]     |       ^^^^^^^^ use of unresolved module or unlinked crate `test_log`
[INFO] [stdout] 
[INFO] [stdout] 
[INFO] [stdout] error[E0433]: cannot find module or crate `test_log` in this scope
[INFO] [stdout]    --> src/lib.rs:582:7
[INFO] [stdout]     |
[INFO] [stdout] 582 |     #[test_log::test]
[INFO] [stdout]     |       ^^^^^^^^ use of unresolved module or unlinked crate `test_log`
[INFO] [stdout] 
[INFO] [stdout] 
[INFO] [stdout] error[E0433]: cannot find module or crate `test_log` in this scope
[INFO] [stdout]    --> src/lib.rs:572:7
[INFO] [stdout]     |
[INFO] [stdout] 572 |     #[test_log::test]
[INFO] [stdout]     |       ^^^^^^^^ use of unresolved module or unlinked crate `test_log`
[INFO] [stdout] 
[INFO] [stdout] 
[INFO] [stdout] error[E0433]: cannot find module or crate `test_log` in this scope
[INFO] [stdout]    --> src/lib.rs:565:7
[INFO] [stdout]     |
[INFO] [stdout] 565 |     #[test_log::test]
[INFO] [stdout]     |       ^^^^^^^^ use of unresolved module or unlinked crate `test_log`
[INFO] [stdout] 
[INFO] [stdout] 
[INFO] [stdout] error[E0433]: cannot find module or crate `test_log` in this scope
[INFO] [stdout]    --> src/lib.rs:558:7
[INFO] [stdout]     |
[INFO] [stdout] 558 |     #[test_log::test]
[INFO] [stdout]     |       ^^^^^^^^ use of unresolved module or unlinked crate `test_log`
[INFO] [stdout] 
[INFO] [stdout] 
[INFO] [stdout] error[E0433]: cannot find module or crate `test_log` in this scope
[INFO] [stdout]    --> src/lib.rs:551:7
[INFO] [stdout]     |
[INFO] [stdout] 551 |     #[test_log::test]
[INFO] [stdout]     |       ^^^^^^^^ use of unresolved module or unlinked crate `test_log`
[INFO] [stdout] 
[INFO] [stdout] 
[INFO] [stdout] error[E0433]: cannot find module or crate `test_log` in this scope
[INFO] [stdout]    --> src/lib.rs:544:7
[INFO] [stdout]     |
[INFO] [stdout] 544 |     #[test_log::test]
[INFO] [stdout]     |       ^^^^^^^^ use of unresolved module or unlinked crate `test_log`
[INFO] [stdout] 
[INFO] [stdout] 
[INFO] [stdout] error[E0433]: cannot find module or crate `test_log` in this scope
[INFO] [stdout]    --> src/lib.rs:537:7
[INFO] [stdout]     |
[INFO] [stdout] 537 |     #[test_log::test]
[INFO] [stdout]     |       ^^^^^^^^ use of unresolved module or unlinked crate `test_log`
[INFO] [stdout] 
[INFO] [stdout] 
[INFO] [stdout] error[E0433]: cannot find module or crate `test_log` in this scope
[INFO] [stdout]    --> src/lib.rs:530:7
[INFO] [stdout]     |
[INFO] [stdout] 530 |     #[test_log::test]
[INFO] [stdout]     |       ^^^^^^^^ use of unresolved module or unlinked crate `test_log`
[INFO] [stdout] 
[INFO] [stdout] 
[INFO] [stdout] error[E0433]: cannot find module or crate `test_log` in this scope
[INFO] [stdout]    --> src/lib.rs:523:7
[INFO] [stdout]     |
[INFO] [stdout] 523 |     #[test_log::test]
[INFO] [stdout]     |       ^^^^^^^^ use of unresolved module or unlinked crate `test_log`
[INFO] [stdout] 
[INFO] [stdout] 
[INFO] [stdout] error[E0433]: cannot find module or crate `test_log` in this scope
[INFO] [stdout]    --> src/lib.rs:516:7
[INFO] [stdout]     |
[INFO] [stdout] 516 |     #[test_log::test]
[INFO] [stdout]     |       ^^^^^^^^ use of unresolved module or unlinked crate `test_log`
[INFO] [stdout] 
[INFO] [stdout] 
[INFO] [stdout] error[E0433]: cannot find module or crate `test_log` in this scope
[INFO] [stdout]    --> src/lib.rs:509:7
[INFO] [stdout]     |
[INFO] [stdout] 509 |     #[test_log::test]
[INFO] [stdout]     |       ^^^^^^^^ use of unresolved module or unlinked crate `test_log`
[INFO] [stdout] 
[INFO] [stdout] 
[INFO] [stdout] error[E0433]: cannot find module or crate `test_log` in this scope
[INFO] [stdout]    --> src/lib.rs:502:7
[INFO] [stdout]     |
[INFO] [stdout] 502 |     #[test_log::test]
[INFO] [stdout]     |       ^^^^^^^^ use of unresolved module or unlinked crate `test_log`
[INFO] [stdout] 
[INFO] [stdout] 
[INFO] [stdout] error[E0433]: cannot find module or crate `test_log` in this scope
[INFO] [stdout]    --> src/lib.rs:495:7
[INFO] [stdout]     |
[INFO] [stdout] 495 |     #[test_log::test]
[INFO] [stdout]     |       ^^^^^^^^ use of unresolved module or unlinked crate `test_log`
[INFO] [stdout] 
[INFO] [stdout] 
[INFO] [stdout] error[E0433]: cannot find module or crate `test_log` in this scope
[INFO] [stdout]    --> src/lib.rs:488:7
[INFO] [stdout]     |
[INFO] [stdout] 488 |     #[test_log::test]
[INFO] [stdout]     |       ^^^^^^^^ use of unresolved module or unlinked crate `test_log`
[INFO] [stdout] 
[INFO] [stdout] 
[INFO] [stdout] error[E0433]: cannot find module or crate `test_log` in this scope
[INFO] [stdout]    --> src/parse.rs:908:7
[INFO] [stdout]     |
[INFO] [stdout] 908 |     #[test_log::test]
[INFO] [stdout]     |       ^^^^^^^^ use of unresolved module or unlinked crate `test_log`
[INFO] [stdout] 
[INFO] [stdout] 
[INFO] [stdout] error[E0433]: cannot find module or crate `test_log` in this scope
[INFO] [stdout]    --> src/parse.rs:900:7
[INFO] [stdout]     |
[INFO] [stdout] 900 |     #[test_log::test]
[INFO] [stdout]     |       ^^^^^^^^ use of unresolved module or unlinked crate `test_log`
[INFO] [stdout] 
[INFO] [stdout] 
[INFO] [stdout] error[E0433]: cannot find module or crate `test_log` in this scope
[INFO] [stdout]    --> src/parse.rs:892:7
[INFO] [stdout]     |
[INFO] [stdout] 892 |     #[test_log::test]
[INFO] [stdout]     |       ^^^^^^^^ use of unresolved module or unlinked crate `test_log`
[INFO] [stdout] 
[INFO] [stdout] 
[INFO] [stdout] error[E0433]: cannot find module or crate `test_log` in this scope
[INFO] [stdout]    --> src/parse.rs:881:7
[INFO] [stdout]     |
[INFO] [stdout] 881 |     #[test_log::test]
[INFO] [stdout]     |       ^^^^^^^^ use of unresolved module or unlinked crate `test_log`
[INFO] [stdout] 
[INFO] [stdout] 
[INFO] [stdout] error[E0433]: cannot find module or crate `test_log` in this scope
[INFO] [stdout]    --> src/parse.rs:870:7
[INFO] [stdout]     |
[INFO] [stdout] 870 |     #[test_log::test]
[INFO] [stdout]     |       ^^^^^^^^ use of unresolved module or unlinked crate `test_log`
[INFO] [stdout] 
[INFO] [stdout] 
[INFO] [stdout] error[E0433]: cannot find module or crate `test_log` in this scope
[INFO] [stdout]    --> src/parse.rs:859:7
[INFO] [stdout]     |
[INFO] [stdout] 859 |     #[test_log::test]
[INFO] [stdout]     |       ^^^^^^^^ use of unresolved module or unlinked crate `test_log`
[INFO] [stdout] 
[INFO] [stdout] 
[INFO] [stdout] error[E0433]: cannot find module or crate `test_log` in this scope
[INFO] [stdout]    --> src/parse.rs:854:7
[INFO] [stdout]     |
[INFO] [stdout] 854 |     #[test_log::test]
[INFO] [stdout]     |       ^^^^^^^^ use of unresolved module or unlinked crate `test_log`
[INFO] [stdout] 
[INFO] [stdout] 
[INFO] [stdout] error[E0433]: cannot find module or crate `test_log` in this scope
[INFO] [stdout]    --> src/parse.rs:849:7
[INFO] [stdout]     |
[INFO] [stdout] 849 |     #[test_log::test]
[INFO] [stdout]     |       ^^^^^^^^ use of unresolved module or unlinked crate `test_log`
[INFO] [stdout] 
[INFO] [stdout] 
[INFO] [stdout] error[E0433]: cannot find module or crate `test_log` in this scope
[INFO] [stdout]    --> src/parse.rs:844:7
[INFO] [stdout]     |
[INFO] [stdout] 844 |     #[test_log::test]
[INFO] [stdout]     |       ^^^^^^^^ use of unresolved module or unlinked crate `test_log`
[INFO] [stdout] 
[INFO] [stdout] 
[INFO] [stdout] error[E0433]: cannot find module or crate `test_log` in this scope
[INFO] [stdout]    --> src/parse.rs:839:7
[INFO] [stdout]     |
[INFO] [stdout] 839 |     #[test_log::test]
[INFO] [stdout]     |       ^^^^^^^^ use of unresolved module or unlinked crate `test_log`
[INFO] [stdout] 
[INFO] [stdout] 
[INFO] [stdout] error[E0433]: cannot find module or crate `test_log` in this scope
[INFO] [stdout]    --> src/parse.rs:834:7
[INFO] [stdout]     |
[INFO] [stdout] 834 |     #[test_log::test]
[INFO] [stdout]     |       ^^^^^^^^ use of unresolved module or unlinked crate `test_log`
[INFO] [stdout] 
[INFO] [stdout] 
[INFO] [stdout] error[E0433]: cannot find module or crate `test_log` in this scope
[INFO] [stdout]    --> src/parse.rs:829:7
[INFO] [stdout]     |
[INFO] [stdout] 829 |     #[test_log::test]
[INFO] [stdout]     |       ^^^^^^^^ use of unresolved module or unlinked crate `test_log`
[INFO] [stdout] 
[INFO] [stdout] 
[INFO] [stdout] error[E0433]: cannot find module or crate `test_log` in this scope
[INFO] [stdout]    --> src/parse.rs:824:7
[INFO] [stdout]     |
[INFO] [stdout] 824 |     #[test_log::test]
[INFO] [stdout]     |       ^^^^^^^^ use of unresolved module or unlinked crate `test_log`
[INFO] [stdout] 
[INFO] [stdout] 
[INFO] [stdout] error[E0433]: cannot find module or crate `test_log` in this scope
[INFO] [stdout]    --> src/parse.rs:819:7
[INFO] [stdout]     |
[INFO] [stdout] 819 |     #[test_log::test]
[INFO] [stdout]     |       ^^^^^^^^ use of unresolved module or unlinked crate `test_log`
[INFO] [stdout] 
[INFO] [stdout] 
[INFO] [stdout] error[E0433]: cannot find module or crate `test_log` in this scope
[INFO] [stdout]    --> src/parse.rs:814:7
[INFO] [stdout]     |
[INFO] [stdout] 814 |     #[test_log::test]
[INFO] [stdout]     |       ^^^^^^^^ use of unresolved module or unlinked crate `test_log`
[INFO] [stdout] 
[INFO] [stdout] 
[INFO] [stdout] error[E0433]: cannot find module or crate `test_log` in this scope
[INFO] [stdout]    --> src/parse.rs:809:7
[INFO] [stdout]     |
[INFO] [stdout] 809 |     #[test_log::test]
[INFO] [stdout]     |       ^^^^^^^^ use of unresolved module or unlinked crate `test_log`
[INFO] [stdout] 
[INFO] [stdout] 
[INFO] [stdout] error[E0433]: cannot find module or crate `test_log` in this scope
[INFO] [stdout]    --> src/parse.rs:804:7
[INFO] [stdout]     |
[INFO] [stdout] 804 |     #[test_log::test]
[INFO] [stdout]     |       ^^^^^^^^ use of unresolved module or unlinked crate `test_log`
[INFO] [stdout] 
[INFO] [stdout] 
[INFO] [stdout] error[E0433]: cannot find module or crate `test_log` in this scope
[INFO] [stdout]    --> src/parse.rs:799:7
[INFO] [stdout]     |
[INFO] [stdout] 799 |     #[test_log::test]
[INFO] [stdout]     |       ^^^^^^^^ use of unresolved module or unlinked crate `test_log`
[INFO] [stdout] 
[INFO] [stdout] 
[INFO] [stdout] error[E0433]: cannot find module or crate `test_log` in this scope
[INFO] [stdout]    --> src/parse.rs:788:7
[INFO] [stdout]     |
[INFO] [stdout] 788 |     #[test_log::test]
[INFO] [stdout]     |       ^^^^^^^^ use of unresolved module or unlinked crate `test_log`
[INFO] [stdout] 
[INFO] [stdout] 
[INFO] [stdout] error[E0433]: cannot find module or crate `test_log` in this scope
[INFO] [stdout]    --> src/parse.rs:782:7
[INFO] [stdout]     |
[INFO] [stdout] 782 |     #[test_log::test]
[INFO] [stdout]     |       ^^^^^^^^ use of unresolved module or unlinked crate `test_log`
[INFO] [stdout] 
[INFO] [stdout] 
[INFO] [stdout] error[E0433]: cannot find module or crate `test_log` in this scope
[INFO] [stdout]    --> src/parse.rs:776:7
[INFO] [stdout]     |
[INFO] [stdout] 776 |     #[test_log::test]
[INFO] [stdout]     |       ^^^^^^^^ use of unresolved module or unlinked crate `test_log`
[INFO] [stdout] 
[INFO] [stdout] 
[INFO] [stdout] error[E0433]: cannot find module or crate `test_log` in this scope
[INFO] [stdout]    --> src/parse.rs:770:7
[INFO] [stdout]     |
[INFO] [stdout] 770 |     #[test_log::test]
[INFO] [stdout]     |       ^^^^^^^^ use of unresolved module or unlinked crate `test_log`
[INFO] [stdout] 
[INFO] [stdout] 
[INFO] [stdout] error[E0433]: cannot find module or crate `test_log` in this scope
[INFO] [stdout]    --> src/parse.rs:764:7
[INFO] [stdout]     |
[INFO] [stdout] 764 |     #[test_log::test]
[INFO] [stdout]     |       ^^^^^^^^ use of unresolved module or unlinked crate `test_log`
[INFO] [stdout] 
[INFO] [stdout] 
[INFO] [stdout] error[E0433]: cannot find module or crate `test_log` in this scope
[INFO] [stdout]    --> src/parse.rs:758:7
[INFO] [stdout]     |
[INFO] [stdout] 758 |     #[test_log::test]
[INFO] [stdout]     |       ^^^^^^^^ use of unresolved module or unlinked crate `test_log`
[INFO] [stdout] 
[INFO] [stdout] 
[INFO] [stdout] error[E0433]: cannot find module or crate `test_log` in this scope
[INFO] [stdout]    --> src/parse.rs:752:7
[INFO] [stdout]     |
[INFO] [stdout] 752 |     #[test_log::test]
[INFO] [stdout]     |       ^^^^^^^^ use of unresolved module or unlinked crate `test_log`
[INFO] [stdout] 
[INFO] [stdout] 
[INFO] [stdout] error[E0433]: cannot find module or crate `test_log` in this scope
[INFO] [stdout]    --> src/parse.rs:746:7
[INFO] [stdout]     |
[INFO] [stdout] 746 |     #[test_log::test]
[INFO] [stdout]     |       ^^^^^^^^ use of unresolved module or unlinked crate `test_log`
[INFO] [stdout] 
[INFO] [stdout] 
[INFO] [stdout] error[E0433]: cannot find module or crate `test_log` in this scope
[INFO] [stdout]    --> src/parse.rs:740:7
[INFO] [stdout]     |
[INFO] [stdout] 740 |     #[test_log::test]
[INFO] [stdout]     |       ^^^^^^^^ use of unresolved module or unlinked crate `test_log`
[INFO] [stdout] 
[INFO] [stdout] 
[INFO] [stdout] error[E0433]: cannot find module or crate `test_log` in this scope
[INFO] [stdout]    --> src/parse.rs:734:7
[INFO] [stdout]     |
[INFO] [stdout] 734 |     #[test_log::test]
[INFO] [stdout]     |       ^^^^^^^^ use of unresolved module or unlinked crate `test_log`
[INFO] [stdout] 
[INFO] [stdout] 
[INFO] [stdout] error[E0433]: cannot find module or crate `test_log` in this scope
[INFO] [stdout]    --> src/parse.rs:728:7
[INFO] [stdout]     |
[INFO] [stdout] 728 |     #[test_log::test]
[INFO] [stdout]     |       ^^^^^^^^ use of unresolved module or unlinked crate `test_log`
[INFO] [stdout] 
[INFO] [stdout] 
[INFO] [stdout] error[E0433]: cannot find module or crate `test_log` in this scope
[INFO] [stdout]    --> src/parse.rs:720:7
[INFO] [stdout]     |
[INFO] [stdout] 720 |     #[test_log::test]
[INFO] [stdout]     |       ^^^^^^^^ use of unresolved module or unlinked crate `test_log`
[INFO] [stdout] 
[INFO] [stdout] 
[INFO] [stdout] error[E0433]: cannot find module or crate `test_log` in this scope
[INFO] [stdout]    --> src/parse.rs:714:7
[INFO] [stdout]     |
[INFO] [stdout] 714 |     #[test_log::test]
[INFO] [stdout]     |       ^^^^^^^^ use of unresolved module or unlinked crate `test_log`
[INFO] [stdout] 
[INFO] [stdout] 
[INFO] [stdout] error[E0433]: cannot find module or crate `test_log` in this scope
[INFO] [stdout]    --> src/parse.rs:708:7
[INFO] [stdout]     |
[INFO] [stdout] 708 |     #[test_log::test]
[INFO] [stdout]     |       ^^^^^^^^ use of unresolved module or unlinked crate `test_log`
[INFO] [stdout] 
[INFO] [stdout] 
[INFO] [stdout] error[E0433]: cannot find module or crate `test_log` in this scope
[INFO] [stdout]    --> src/parse.rs:697:7
[INFO] [stdout]     |
[INFO] [stdout] 697 |     #[test_log::test]
[INFO] [stdout]     |       ^^^^^^^^ use of unresolved module or unlinked crate `test_log`
[INFO] [stdout] 
[INFO] [stdout] 
[INFO] [stdout] error[E0433]: cannot find module or crate `test_log` in this scope
[INFO] [stdout]    --> src/parse.rs:686:7
[INFO] [stdout]     |
[INFO] [stdout] 686 |     #[test_log::test]
[INFO] [stdout]     |       ^^^^^^^^ use of unresolved module or unlinked crate `test_log`
[INFO] [stdout] 
[INFO] [stdout] 
[INFO] [stdout] error[E0433]: cannot find module or crate `test_log` in this scope
[INFO] [stdout]    --> src/parse.rs:675:7
[INFO] [stdout]     |
[INFO] [stdout] 675 |     #[test_log::test]
[INFO] [stdout]     |       ^^^^^^^^ use of unresolved module or unlinked crate `test_log`
[INFO] [stdout] 
[INFO] [stdout] 
[INFO] [stdout] error[E0433]: cannot find module or crate `test_log` in this scope
[INFO] [stdout]    --> src/parse.rs:664:7
[INFO] [stdout]     |
[INFO] [stdout] 664 |     #[test_log::test]
[INFO] [stdout]     |       ^^^^^^^^ use of unresolved module or unlinked crate `test_log`
[INFO] [stdout] 
[INFO] [stdout] 
[INFO] [stdout] error[E0433]: cannot find module or crate `test_log` in this scope
[INFO] [stdout]    --> src/parse.rs:653:7
[INFO] [stdout]     |
[INFO] [stdout] 653 |     #[test_log::test]
[INFO] [stdout]     |       ^^^^^^^^ use of unresolved module or unlinked crate `test_log`
[INFO] [stdout] 
[INFO] [stdout] 
[INFO] [stdout] error[E0433]: cannot find module or crate `test_log` in this scope
[INFO] [stdout]    --> src/parse.rs:642:7
[INFO] [stdout]     |
[INFO] [stdout] 642 |     #[test_log::test]
[INFO] [stdout]     |       ^^^^^^^^ use of unresolved module or unlinked crate `test_log`
[INFO] [stdout] 
[INFO] [stdout] 
[INFO] [stdout] error[E0433]: cannot find module or crate `test_log` in this scope
[INFO] [stdout]    --> src/parse.rs:631:7
[INFO] [stdout]     |
[INFO] [stdout] 631 |     #[test_log::test]
[INFO] [stdout]     |       ^^^^^^^^ use of unresolved module or unlinked crate `test_log`
[INFO] [stdout] 
[INFO] [stdout] 
[INFO] [stdout] error[E0433]: cannot find module or crate `test_log` in this scope
[INFO] [stdout]    --> src/parse.rs:620:7
[INFO] [stdout]     |
[INFO] [stdout] 620 |     #[test_log::test]
[INFO] [stdout]     |       ^^^^^^^^ use of unresolved module or unlinked crate `test_log`
[INFO] [stdout] 
[INFO] [stdout] 
[INFO] [stdout] error[E0433]: cannot find module or crate `test_log` in this scope
[INFO] [stdout]    --> src/parse.rs:595:7
[INFO] [stdout]     |
[INFO] [stdout] 595 |     #[test_log::test]
[INFO] [stdout]     |       ^^^^^^^^ use of unresolved module or unlinked crate `test_log`
[INFO] [stdout] 
[INFO] [stdout] 
[INFO] [stdout] error[E0433]: cannot find module or crate `test_log` in this scope
[INFO] [stdout]    --> src/parse.rs:584:7
[INFO] [stdout]     |
[INFO] [stdout] 584 |     #[test_log::test]
[INFO] [stdout]     |       ^^^^^^^^ use of unresolved module or unlinked crate `test_log`
[INFO] [stdout] 
[INFO] [stdout] 
[INFO] [stdout] error[E0433]: cannot find module or crate `test_log` in this scope
[INFO] [stdout]    --> src/parse.rs:573:7
[INFO] [stdout]     |
[INFO] [stdout] 573 |     #[test_log::test]
[INFO] [stdout]     |       ^^^^^^^^ use of unresolved module or unlinked crate `test_log`
[INFO] [stdout] 
[INFO] [stdout] 
[INFO] [stdout] error[E0433]: cannot find module or crate `test_log` in this scope
[INFO] [stdout]    --> src/parse.rs:562:7
[INFO] [stdout]     |
[INFO] [stdout] 562 |     #[test_log::test]
[INFO] [stdout]     |       ^^^^^^^^ use of unresolved module or unlinked crate `test_log`
[INFO] [stdout] 
[INFO] [stdout] 
[INFO] [stdout] error[E0433]: cannot find module or crate `test_log` in this scope
[INFO] [stdout]    --> src/parse.rs:551:7
[INFO] [stdout]     |
[INFO] [stdout] 551 |     #[test_log::test]
[INFO] [stdout]     |       ^^^^^^^^ use of unresolved module or unlinked crate `test_log`
[INFO] [stdout] 
[INFO] [stdout] 
[INFO] [stdout] error[E0433]: cannot find module or crate `test_log` in this scope
[INFO] [stdout]    --> src/parse.rs:540:7
[INFO] [stdout]     |
[INFO] [stdout] 540 |     #[test_log::test]
[INFO] [stdout]     |       ^^^^^^^^ use of unresolved module or unlinked crate `test_log`
[INFO] [stdout] 
[INFO] [stdout] 
[INFO] [stdout] error[E0433]: cannot find module or crate `test_log` in this scope
[INFO] [stdout]    --> src/parse.rs:529:7
[INFO] [stdout]     |
[INFO] [stdout] 529 |     #[test_log::test]
[INFO] [stdout]     |       ^^^^^^^^ use of unresolved module or unlinked crate `test_log`
[INFO] [stdout] 
[INFO] [stdout] 
[INFO] [stdout] error[E0433]: cannot find module or crate `test_log` in this scope
[INFO] [stdout]    --> src/parse.rs:512:7
[INFO] [stdout]     |
[INFO] [stdout] 512 |     #[test_log::test]
[INFO] [stdout]     |       ^^^^^^^^ use of unresolved module or unlinked crate `test_log`
[INFO] [stdout] 
[INFO] [stdout] 
[INFO] [stdout] error[E0433]: cannot find module or crate `test_log` in this scope
[INFO] [stdout]    --> src/parse.rs:498:7
[INFO] [stdout]     |
[INFO] [stdout] 498 |     #[test_log::test]
[INFO] [stdout]     |       ^^^^^^^^ use of unresolved module or unlinked crate `test_log`
[INFO] [stdout] 
[INFO] [stdout] 
[INFO] [stdout] error[E0433]: cannot find module or crate `test_log` in this scope
[INFO] [stdout]    --> src/parse.rs:487:7
[INFO] [stdout]     |
[INFO] [stdout] 487 |     #[test_log::test]
[INFO] [stdout]     |       ^^^^^^^^ use of unresolved module or unlinked crate `test_log`
[INFO] [stdout] 
[INFO] [stdout] 
[INFO] [stdout] error[E0433]: cannot find module or crate `test_log` in this scope
[INFO] [stdout]    --> src/parse.rs:476:7
[INFO] [stdout]     |
[INFO] [stdout] 476 |     #[test_log::test]
[INFO] [stdout]     |       ^^^^^^^^ use of unresolved module or unlinked crate `test_log`
[INFO] [stdout] 
[INFO] [stdout] 
[INFO] [stdout] error[E0433]: cannot find module or crate `test_log` in this scope
[INFO] [stdout]    --> src/parse.rs:468:7
[INFO] [stdout]     |
[INFO] [stdout] 468 |     #[test_log::test]
[INFO] [stdout]     |       ^^^^^^^^ use of unresolved module or unlinked crate `test_log`
[INFO] [stdout] 
[INFO] [stdout] 
[INFO] [stdout] error[E0433]: cannot find module or crate `test_log` in this scope
[INFO] [stdout]    --> src/parse.rs:460:7
[INFO] [stdout]     |
[INFO] [stdout] 460 |     #[test_log::test]
[INFO] [stdout]     |       ^^^^^^^^ use of unresolved module or unlinked crate `test_log`
[INFO] [stdout] 
[INFO] [stdout] 
[INFO] [stdout] error[E0433]: cannot find module or crate `test_log` in this scope
[INFO] [stdout]    --> src/parse.rs:452:7
[INFO] [stdout]     |
[INFO] [stdout] 452 |     #[test_log::test]
[INFO] [stdout]     |       ^^^^^^^^ use of unresolved module or unlinked crate `test_log`
[INFO] [stdout] 
[INFO] [stdout] 
[INFO] [stdout] error[E0433]: cannot find module or crate `test_log` in this scope
[INFO] [stdout]    --> src/parse.rs:444:7
[INFO] [stdout]     |
[INFO] [stdout] 444 |     #[test_log::test]
[INFO] [stdout]     |       ^^^^^^^^ use of unresolved module or unlinked crate `test_log`
[INFO] [stdout] 
[INFO] [stdout] 
[INFO] [stdout] error[E0433]: cannot find module or crate `test_log` in this scope
[INFO] [stdout]    --> src/parse.rs:436:7
[INFO] [stdout]     |
[INFO] [stdout] 436 |     #[test_log::test]
[INFO] [stdout]     |       ^^^^^^^^ use of unresolved module or unlinked crate `test_log`
[INFO] [stdout] 
[INFO] [stdout] 
[INFO] [stdout] error[E0433]: cannot find module or crate `test_log` in this scope
[INFO] [stdout]    --> src/parse.rs:428:7
[INFO] [stdout]     |
[INFO] [stdout] 428 |     #[test_log::test]
[INFO] [stdout]     |       ^^^^^^^^ use of unresolved module or unlinked crate `test_log`
[INFO] [stdout] 
[INFO] [stdout] 
[INFO] [stdout] error[E0433]: cannot find module or crate `test_log` in this scope
[INFO] [stdout]    --> src/parse.rs:420:7
[INFO] [stdout]     |
[INFO] [stdout] 420 |     #[test_log::test]
[INFO] [stdout]     |       ^^^^^^^^ use of unresolved module or unlinked crate `test_log`
[INFO] [stdout] 
[INFO] [stdout] 
[INFO] [stdout] error[E0433]: cannot find module or crate `test_log` in this scope
[INFO] [stdout]    --> src/parse.rs:412:7
[INFO] [stdout]     |
[INFO] [stdout] 412 |     #[test_log::test]
[INFO] [stdout]     |       ^^^^^^^^ use of unresolved module or unlinked crate `test_log`
[INFO] [stdout] 
[INFO] [stdout] 
[INFO] [stdout] error[E0433]: cannot find module or crate `test_log` in this scope
[INFO] [stdout]    --> src/parse.rs:407:7
[INFO] [stdout]     |
[INFO] [stdout] 407 |     #[test_log::test]
[INFO] [stdout]     |       ^^^^^^^^ use of unresolved module or unlinked crate `test_log`
[INFO] [stdout] 
[INFO] [stdout] 
[INFO] [stdout] error[E0433]: cannot find module or crate `test_log` in this scope
[INFO] [stdout]    --> src/parse.rs:402:7
[INFO] [stdout]     |
[INFO] [stdout] 402 |     #[test_log::test]
[INFO] [stdout]     |       ^^^^^^^^ use of unresolved module or unlinked crate `test_log`
[INFO] [stdout] 
[INFO] [stdout] 
[INFO] [stdout] error[E0433]: cannot find module or crate `test_log` in this scope
[INFO] [stdout]    --> src/layout/mod.rs:360:7
[INFO] [stdout]     |
[INFO] [stdout] 360 |     #[test_log::test]
[INFO] [stdout]     |       ^^^^^^^^ use of unresolved module or unlinked crate `test_log`
[INFO] [stdout] 
[INFO] [stdout] 
[INFO] [stdout] error[E0433]: cannot find module or crate `test_log` in this scope
[INFO] [stdout]    --> src/layout/mod.rs:349:7
[INFO] [stdout]     |
[INFO] [stdout] 349 |     #[test_log::test]
[INFO] [stdout]     |       ^^^^^^^^ use of unresolved module or unlinked crate `test_log`
[INFO] [stdout] 
[INFO] [stdout] 
[INFO] [stdout] error[E0433]: cannot find module or crate `test_log` in this scope
[INFO] [stdout]    --> src/layout/mod.rs:339:7
[INFO] [stdout]     |
[INFO] [stdout] 339 |     #[test_log::test]
[INFO] [stdout]     |       ^^^^^^^^ use of unresolved module or unlinked crate `test_log`
[INFO] [stdout] 
[INFO] [stdout] 
[INFO] [stdout] error[E0433]: cannot find module or crate `test_log` in this scope
[INFO] [stdout]    --> src/layout/mod.rs:329:7
[INFO] [stdout]     |
[INFO] [stdout] 329 |     #[test_log::test]
[INFO] [stdout]     |       ^^^^^^^^ use of unresolved module or unlinked crate `test_log`
[INFO] [stdout] 
[INFO] [stdout] 
[INFO] [stdout] error[E0433]: cannot find module or crate `test_log` in this scope
[INFO] [stdout]    --> src/layout/mod.rs:320:7
[INFO] [stdout]     |
[INFO] [stdout] 320 |     #[test_log::test]
[INFO] [stdout]     |       ^^^^^^^^ use of unresolved module or unlinked crate `test_log`
[INFO] [stdout] 
[INFO] [stdout] 
[INFO] [stdout] error[E0433]: cannot find module or crate `test_log` in this scope
[INFO] [stdout]    --> src/layout/mod.rs:311:7
[INFO] [stdout]     |
[INFO] [stdout] 311 |     #[test_log::test]
[INFO] [stdout]     |       ^^^^^^^^ use of unresolved module or unlinked crate `test_log`
[INFO] [stdout] 
[INFO] [stdout] 
[INFO] [stdout] error[E0433]: cannot find module or crate `test_log` in this scope
[INFO] [stdout]    --> src/layout/mod.rs:302:7
[INFO] [stdout]     |
[INFO] [stdout] 302 |     #[test_log::test]
[INFO] [stdout]     |       ^^^^^^^^ use of unresolved module or unlinked crate `test_log`
[INFO] [stdout] 
[INFO] [stdout] 
[INFO] [stdout] error[E0433]: cannot find module or crate `test_log` in this scope
[INFO] [stdout]    --> src/layout/mod.rs:290:7
[INFO] [stdout]     |
[INFO] [stdout] 290 |     #[test_log::test]
[INFO] [stdout]     |       ^^^^^^^^ use of unresolved module or unlinked crate `test_log`
[INFO] [stdout] 
[INFO] [stdout] 
[INFO] [stdout] error[E0433]: cannot find module or crate `test_log` in this scope
[INFO] [stdout]    --> src/layout/mod.rs:281:7
[INFO] [stdout]     |
[INFO] [stdout] 281 |     #[test_log::test]
[INFO] [stdout]     |       ^^^^^^^^ use of unresolved module or unlinked crate `test_log`
[INFO] [stdout] 
[INFO] [stdout] 
[INFO] [stdout] error[E0433]: cannot find module or crate `test_log` in this scope
[INFO] [stdout]    --> src/layout/mod.rs:272:7
[INFO] [stdout]     |
[INFO] [stdout] 272 |     #[test_log::test]
[INFO] [stdout]     |       ^^^^^^^^ use of unresolved module or unlinked crate `test_log`
[INFO] [stdout] 
[INFO] [stdout] 
[INFO] [stdout] error[E0433]: cannot find module or crate `test_log` in this scope
[INFO] [stdout]    --> src/layout/mod.rs:263:7
[INFO] [stdout]     |
[INFO] [stdout] 263 |     #[test_log::test]
[INFO] [stdout]     |       ^^^^^^^^ use of unresolved module or unlinked crate `test_log`
[INFO] [stdout] 
[INFO] [stdout] 
[INFO] [stdout] error[E0433]: cannot find module or crate `test_log` in this scope
[INFO] [stdout]    --> src/layout/mod.rs:257:7
[INFO] [stdout]     |
[INFO] [stdout] 257 |     #[test_log::test]
[INFO] [stdout]     |       ^^^^^^^^ use of unresolved module or unlinked crate `test_log`
[INFO] [stdout] 
[INFO] [stdout] 
[INFO] [stdout] error[E0433]: cannot find module or crate `test_log` in this scope
[INFO] [stdout]    --> src/layout/mod.rs:251:7
[INFO] [stdout]     |
[INFO] [stdout] 251 |     #[test_log::test]
[INFO] [stdout]     |       ^^^^^^^^ use of unresolved module or unlinked crate `test_log`
[INFO] [stdout] 
[INFO] [stdout] 
[INFO] [stdout] error[E0433]: cannot find module or crate `test_log` in this scope
[INFO] [stdout]    --> src/layout/mod.rs:245:7
[INFO] [stdout]     |
[INFO] [stdout] 245 |     #[test_log::test]
[INFO] [stdout]     |       ^^^^^^^^ use of unresolved module or unlinked crate `test_log`
[INFO] [stdout] 
[INFO] [stdout] 
[INFO] [stdout] error[E0433]: cannot find module or crate `test_log` in this scope
[INFO] [stdout]    --> src/layout/mod.rs:230:7
[INFO] [stdout]     |
[INFO] [stdout] 230 |     #[test_log::test]
[INFO] [stdout]     |       ^^^^^^^^ use of unresolved module or unlinked crate `test_log`
[INFO] [stdout] 
[INFO] [stdout] 
[INFO] [stdout] error[E0433]: cannot find module or crate `test_log` in this scope
[INFO] [stdout]    --> src/layout/font.rs:124:7
[INFO] [stdout]     |
[INFO] [stdout] 124 |     #[test_log::test]
[INFO] [stdout]     |       ^^^^^^^^ use of unresolved module or unlinked crate `test_log`
[INFO] [stdout] 
[INFO] [stdout] 
[INFO] [stdout] error[E0433]: cannot find module or crate `test_log` in this scope
[INFO] [stdout]    --> src/layout/font.rs:112:7
[INFO] [stdout]     |
[INFO] [stdout] 112 |     #[test_log::test]
[INFO] [stdout]     |       ^^^^^^^^ use of unresolved module or unlinked crate `test_log`
[INFO] [stdout] 
[INFO] [stdout] 
[INFO] [stdout] error[E0433]: cannot find module or crate `test_log` in this scope
[INFO] [stdout]    --> src/layout/font.rs:105:7
[INFO] [stdout]     |
[INFO] [stdout] 105 |     #[test_log::test]
[INFO] [stdout]     |       ^^^^^^^^ use of unresolved module or unlinked crate `test_log`
[INFO] [stdout] 
[INFO] [stdout] 
[INFO] [stdout] error[E0433]: cannot find module or crate `test_log` in this scope
[INFO] [stdout]   --> src/layout/font.rs:83:7
[INFO] [stdout]    |
[INFO] [stdout] 83 |     #[test_log::test]
[INFO] [stdout]    |       ^^^^^^^^ use of unresolved module or unlinked crate `test_log`
[INFO] [stdout] 
[INFO] [stdout] 
[INFO] [stdout] error[E0433]: cannot find module or crate `test_log` in this scope
[INFO] [stdout]   --> src/layout/font.rs:76:7
[INFO] [stdout]    |
[INFO] [stdout] 76 |     #[test_log::test]
[INFO] [stdout]    |       ^^^^^^^^ use of unresolved module or unlinked crate `test_log`
[INFO] [stdout] 
[INFO] [stdout] 
[INFO] [stdout] error[E0433]: cannot find module or crate `test_log` in this scope
[INFO] [stdout]   --> src/layout/font.rs:54:7
[INFO] [stdout]    |
[INFO] [stdout] 54 |     #[test_log::test]
[INFO] [stdout]    |       ^^^^^^^^ use of unresolved module or unlinked crate `test_log`
[INFO] [stdout] 
[INFO] [stdout] 
[INFO] [stdout] error[E0433]: cannot find module or crate `test_log` in this scope
[INFO] [stdout]      --> src/layout/calc.rs:12230:15
[INFO] [stdout]       |
[INFO] [stdout] 12230 |             #[test_log::test]
[INFO] [stdout]       |               ^^^^^^^^ use of unresolved module or unlinked crate `test_log`
[INFO] [stdout] 
[INFO] [stdout] 
[INFO] [stdout] error[E0433]: cannot find module or crate `test_log` in this scope
[INFO] [stdout]      --> src/layout/calc.rs:12193:15
[INFO] [stdout]       |
[INFO] [stdout] 12193 |             #[test_log::test]
[INFO] [stdout]       |               ^^^^^^^^ use of unresolved module or unlinked crate `test_log`
[INFO] [stdout] 
[INFO] [stdout] 
[INFO] [stdout] error[E0433]: cannot find module or crate `test_log` in this scope
[INFO] [stdout]      --> src/layout/calc.rs:12154:15
[INFO] [stdout]       |
[INFO] [stdout] 12154 |             #[test_log::test]
[INFO] [stdout]       |               ^^^^^^^^ use of unresolved module or unlinked crate `test_log`
[INFO] [stdout] 
[INFO] [stdout] 
[INFO] [stdout] error[E0433]: cannot find module or crate `test_log` in this scope
[INFO] [stdout]      --> src/layout/calc.rs:12117:15
[INFO] [stdout]       |
[INFO] [stdout] 12117 |             #[test_log::test]
[INFO] [stdout]       |               ^^^^^^^^ use of unresolved module or unlinked crate `test_log`
[INFO] [stdout] 
[INFO] [stdout] 
[INFO] [stdout] error[E0433]: cannot find module or crate `test_log` in this scope
[INFO] [stdout]      --> src/layout/calc.rs:12079:15
[INFO] [stdout]       |
[INFO] [stdout] 12079 |             #[test_log::test]
[INFO] [stdout]       |               ^^^^^^^^ use of unresolved module or unlinked crate `test_log`
[INFO] [stdout] 
[INFO] [stdout] 
[INFO] [stdout] error[E0433]: cannot find module or crate `test_log` in this scope
[INFO] [stdout]      --> src/layout/calc.rs:12041:15
[INFO] [stdout]       |
[INFO] [stdout] 12041 |             #[test_log::test]
[INFO] [stdout]       |               ^^^^^^^^ use of unresolved module or unlinked crate `test_log`
[INFO] [stdout] 
[INFO] [stdout] 
[INFO] [stdout] error[E0433]: cannot find module or crate `test_log` in this scope
[INFO] [stdout]      --> src/layout/calc.rs:12003:15
[INFO] [stdout]       |
[INFO] [stdout] 12003 |             #[test_log::test]
[INFO] [stdout]       |               ^^^^^^^^ use of unresolved module or unlinked crate `test_log`
[INFO] [stdout] 
[INFO] [stdout] 
[INFO] [stdout] error[E0433]: cannot find module or crate `test_log` in this scope
[INFO] [stdout]      --> src/layout/calc.rs:11972:15
[INFO] [stdout]       |
[INFO] [stdout] 11972 |             #[test_log::test]
[INFO] [stdout]       |               ^^^^^^^^ use of unresolved module or unlinked crate `test_log`
[INFO] [stdout] 
[INFO] [stdout] 
[INFO] [stdout] error[E0433]: cannot find module or crate `test_log` in this scope
[INFO] [stdout]      --> src/layout/calc.rs:11942:15
[INFO] [stdout]       |
[INFO] [stdout] 11942 |             #[test_log::test]
[INFO] [stdout]       |               ^^^^^^^^ use of unresolved module or unlinked crate `test_log`
[INFO] [stdout] 
[INFO] [stdout] 
[INFO] [stdout] error[E0433]: cannot find module or crate `test_log` in this scope
[INFO] [stdout]      --> src/layout/calc.rs:11911:15
[INFO] [stdout]       |
[INFO] [stdout] 11911 |             #[test_log::test]
[INFO] [stdout]       |               ^^^^^^^^ use of unresolved module or unlinked crate `test_log`
[INFO] [stdout] 
[INFO] [stdout] 
[INFO] [stdout] error[E0433]: cannot find module or crate `test_log` in this scope
[INFO] [stdout]      --> src/layout/calc.rs:11880:15
[INFO] [stdout]       |
[INFO] [stdout] 11880 |             #[test_log::test]
[INFO] [stdout]       |               ^^^^^^^^ use of unresolved module or unlinked crate `test_log`
[INFO] [stdout] 
[INFO] [stdout] 
[INFO] [stdout] error[E0433]: cannot find module or crate `test_log` in this scope
[INFO] [stdout]      --> src/layout/calc.rs:11842:15
[INFO] [stdout]       |
[INFO] [stdout] 11842 |             #[test_log::test]
[INFO] [stdout]       |               ^^^^^^^^ use of unresolved module or unlinked crate `test_log`
[INFO] [stdout] 
[INFO] [stdout] 
[INFO] [stdout] error[E0433]: cannot find module or crate `test_log` in this scope
[INFO] [stdout]      --> src/layout/calc.rs:11816:15
[INFO] [stdout]       |
[INFO] [stdout] 11816 |             #[test_log::test]
[INFO] [stdout]       |               ^^^^^^^^ use of unresolved module or unlinked crate `test_log`
[INFO] [stdout] 
[INFO] [stdout] 
[INFO] [stdout] error[E0433]: cannot find module or crate `test_log` in this scope
[INFO] [stdout]      --> src/layout/calc.rs:11790:15
[INFO] [stdout]       |
[INFO] [stdout] 11790 |             #[test_log::test]
[INFO] [stdout]       |               ^^^^^^^^ use of unresolved module or unlinked crate `test_log`
[INFO] [stdout] 
[INFO] [stdout] 
[INFO] [stdout] error[E0433]: cannot find module or crate `test_log` in this scope
[INFO] [stdout]      --> src/layout/calc.rs:11747:11
[INFO] [stdout]       |
[INFO] [stdout] 11747 |         #[test_log::test]
[INFO] [stdout]       |           ^^^^^^^^ use of unresolved module or unlinked crate `test_log`
[INFO] [stdout] 
[INFO] [stdout] 
[INFO] [stdout] error[E0433]: cannot find module or crate `test_log` in this scope
[INFO] [stdout]      --> src/layout/calc.rs:11711:11
[INFO] [stdout]       |
[INFO] [stdout] 11711 |         #[test_log::test]
[INFO] [stdout]       |           ^^^^^^^^ use of unresolved module or unlinked crate `test_log`
[INFO] [stdout] 
[INFO] [stdout] 
[INFO] [stdout] error[E0433]: cannot find module or crate `test_log` in this scope
[INFO] [stdout]      --> src/layout/calc.rs:11672:11
[INFO] [stdout]       |
[INFO] [stdout] 11672 |         #[test_log::test]
[INFO] [stdout]       |           ^^^^^^^^ use of unresolved module or unlinked crate `test_log`
[INFO] [stdout] 
[INFO] [stdout] 
[INFO] [stdout] error[E0433]: cannot find module or crate `test_log` in this scope
[INFO] [stdout]      --> src/layout/calc.rs:11636:11
[INFO] [stdout]       |
[INFO] [stdout] 11636 |         #[test_log::test]
[INFO] [stdout]       |           ^^^^^^^^ use of unresolved module or unlinked crate `test_log`
[INFO] [stdout] 
[INFO] [stdout] 
[INFO] [stdout] error[E0433]: cannot find module or crate `test_log` in this scope
[INFO] [stdout]      --> src/layout/calc.rs:11598:11
[INFO] [stdout]       |
[INFO] [stdout] 11598 |         #[test_log::test]
[INFO] [stdout]       |           ^^^^^^^^ use of unresolved module or unlinked crate `test_log`
[INFO] [stdout] 
[INFO] [stdout] 
[INFO] [stdout] error[E0433]: cannot find module or crate `test_log` in this scope
[INFO] [stdout]      --> src/layout/calc.rs:11561:11
[INFO] [stdout]       |
[INFO] [stdout] 11561 |         #[test_log::test]
[INFO] [stdout]       |           ^^^^^^^^ use of unresolved module or unlinked crate `test_log`
[INFO] [stdout] 
[INFO] [stdout] 
[INFO] [stdout] error[E0433]: cannot find module or crate `test_log` in this scope
[INFO] [stdout]      --> src/layout/calc.rs:11525:11
[INFO] [stdout]       |
[INFO] [stdout] 11525 |         #[test_log::test]
[INFO] [stdout]       |           ^^^^^^^^ use of unresolved module or unlinked crate `test_log`
[INFO] [stdout] 
[INFO] [stdout] 
[INFO] [stdout] error[E0433]: cannot find module or crate `test_log` in this scope
[INFO] [stdout]      --> src/layout/calc.rs:11490:11
[INFO] [stdout]       |
[INFO] [stdout] 11490 |         #[test_log::test]
[INFO] [stdout]       |           ^^^^^^^^ use of unresolved module or unlinked crate `test_log`
[INFO] [stdout] 
[INFO] [stdout] 
[INFO] [stdout] error[E0433]: cannot find module or crate `test_log` in this scope
[INFO] [stdout]      --> src/layout/calc.rs:11438:11
[INFO] [stdout]       |
[INFO] [stdout] 11438 |         #[test_log::test]
[INFO] [stdout]       |           ^^^^^^^^ use of unresolved module or unlinked crate `test_log`
[INFO] [stdout] 
[INFO] [stdout] 
[INFO] [stdout] error[E0433]: cannot find module or crate `test_log` in this scope
[INFO] [stdout]      --> src/layout/calc.rs:11400:11
[INFO] [stdout]       |
[INFO] [stdout] 11400 |         #[test_log::test]
[INFO] [stdout]       |           ^^^^^^^^ use of unresolved module or unlinked crate `test_log`
[INFO] [stdout] 
[INFO] [stdout] 
[INFO] [stdout] error[E0433]: cannot find module or crate `test_log` in this scope
[INFO] [stdout]      --> src/layout/calc.rs:11365:11
[INFO] [stdout]       |
[INFO] [stdout] 11365 |         #[test_log::test]
[INFO] [stdout]       |           ^^^^^^^^ use of unresolved module or unlinked crate `test_log`
[INFO] [stdout] 
[INFO] [stdout] 
[INFO] [stdout] error[E0433]: cannot find module or crate `test_log` in this scope
[INFO] [stdout]      --> src/layout/calc.rs:11328:11
[INFO] [stdout]       |
[INFO] [stdout] 11328 |         #[test_log::test]
[INFO] [stdout]       |           ^^^^^^^^ use of unresolved module or unlinked crate `test_log`
[INFO] [stdout] 
[INFO] [stdout] 
[INFO] [stdout] error[E0433]: cannot find module or crate `test_log` in this scope
[INFO] [stdout]      --> src/layout/calc.rs:11278:11
[INFO] [stdout]       |
[INFO] [stdout] 11278 |         #[test_log::test]
[INFO] [stdout]       |           ^^^^^^^^ use of unresolved module or unlinked crate `test_log`
[INFO] [stdout] 
[INFO] [stdout] 
[INFO] [stdout] error[E0433]: cannot find module or crate `test_log` in this scope
[INFO] [stdout]      --> src/layout/calc.rs:11224:11
[INFO] [stdout]       |
[INFO] [stdout] 11224 |         #[test_log::test]
[INFO] [stdout]       |           ^^^^^^^^ use of unresolved module or unlinked crate `test_log`
[INFO] [stdout] 
[INFO] [stdout] 
[INFO] [stdout] error[E0433]: cannot find module or crate `test_log` in this scope
[INFO] [stdout]      --> src/layout/calc.rs:11178:11
[INFO] [stdout]       |
[INFO] [stdout] 11178 |         #[test_log::test]
[INFO] [stdout]       |           ^^^^^^^^ use of unresolved module or unlinked crate `test_log`
[INFO] [stdout] 
[INFO] [stdout] 
[INFO] [stdout] error[E0433]: cannot find module or crate `test_log` in this scope
[INFO] [stdout]      --> src/layout/calc.rs:11133:11
[INFO] [stdout]       |
[INFO] [stdout] 11133 |         #[test_log::test]
[INFO] [stdout]       |           ^^^^^^^^ use of unresolved module or unlinked crate `test_log`
[INFO] [stdout] 
[INFO] [stdout] 
[INFO] [stdout] error[E0433]: cannot find module or crate `test_log` in this scope
[INFO] [stdout]      --> src/layout/calc.rs:11081:11
[INFO] [stdout]       |
[INFO] [stdout] 11081 |         #[test_log::test]
[INFO] [stdout]       |           ^^^^^^^^ use of unresolved module or unlinked crate `test_log`
[INFO] [stdout] 
[INFO] [stdout] 
[INFO] [stdout] error[E0433]: cannot find module or crate `test_log` in this scope
[INFO] [stdout]      --> src/layout/calc.rs:11037:11
[INFO] [stdout]       |
[INFO] [stdout] 11037 |         #[test_log::test]
[INFO] [stdout]       |           ^^^^^^^^ use of unresolved module or unlinked crate `test_log`
[INFO] [stdout] 
[INFO] [stdout] 
[INFO] [stdout] error[E0433]: cannot find module or crate `test_log` in this scope
[INFO] [stdout]      --> src/layout/calc.rs:10991:11
[INFO] [stdout]       |
[INFO] [stdout] 10991 |         #[test_log::test]
[INFO] [stdout]       |           ^^^^^^^^ use of unresolved module or unlinked crate `test_log`
[INFO] [stdout] 
[INFO] [stdout] 
[INFO] [stdout] error[E0433]: cannot find module or crate `test_log` in this scope
[INFO] [stdout]      --> src/layout/calc.rs:10964:11
[INFO] [stdout]       |
[INFO] [stdout] 10964 |         #[test_log::test]
[INFO] [stdout]       |           ^^^^^^^^ use of unresolved module or unlinked crate `test_log`
[INFO] [stdout] 
[INFO] [stdout] 
[INFO] [stdout] error[E0433]: cannot find module or crate `test_log` in this scope
[INFO] [stdout]      --> src/layout/calc.rs:10937:11
[INFO] [stdout]       |
[INFO] [stdout] 10937 |         #[test_log::test]
[INFO] [stdout]       |           ^^^^^^^^ use of unresolved module or unlinked crate `test_log`
[INFO] [stdout] 
[INFO] [stdout] 
[INFO] [stdout] error[E0433]: cannot find module or crate `test_log` in this scope
[INFO] [stdout]      --> src/layout/calc.rs:10899:11
[INFO] [stdout]       |
[INFO] [stdout] 10899 |         #[test_log::test]
[INFO] [stdout]       |           ^^^^^^^^ use of unresolved module or unlinked crate `test_log`
[INFO] [stdout] 
[INFO] [stdout] 
[INFO] [stdout] error[E0433]: cannot find module or crate `test_log` in this scope
[INFO] [stdout]      --> src/layout/calc.rs:10865:11
[INFO] [stdout]       |
[INFO] [stdout] 10865 |         #[test_log::test]
[INFO] [stdout]       |           ^^^^^^^^ use of unresolved module or unlinked crate `test_log`
[INFO] [stdout] 
[INFO] [stdout] 
[INFO] [stdout] error[E0433]: cannot find module or crate `test_log` in this scope
[INFO] [stdout]      --> src/layout/calc.rs:10826:11
[INFO] [stdout]       |
[INFO] [stdout] 10826 |         #[test_log::test]
[INFO] [stdout]       |           ^^^^^^^^ use of unresolved module or unlinked crate `test_log`
[INFO] [stdout] 
[INFO] [stdout] 
[INFO] [stdout] error[E0433]: cannot find module or crate `test_log` in this scope
[INFO] [stdout]      --> src/layout/calc.rs:10791:11
[INFO] [stdout]       |
[INFO] [stdout] 10791 |         #[test_log::test]
[INFO] [stdout]       |           ^^^^^^^^ use of unresolved module or unlinked crate `test_log`
[INFO] [stdout] 
[INFO] [stdout] 
[INFO] [stdout] error[E0433]: cannot find module or crate `test_log` in this scope
[INFO] [stdout]      --> src/layout/calc.rs:10756:11
[INFO] [stdout]       |
[INFO] [stdout] 10756 |         #[test_log::test]
[INFO] [stdout]       |           ^^^^^^^^ use of unresolved module or unlinked crate `test_log`
[INFO] [stdout] 
[INFO] [stdout] 
[INFO] [stdout] error[E0433]: cannot find module or crate `test_log` in this scope
[INFO] [stdout]      --> src/layout/calc.rs:10721:11
[INFO] [stdout]       |
[INFO] [stdout] 10721 |         #[test_log::test]
[INFO] [stdout]       |           ^^^^^^^^ use of unresolved module or unlinked crate `test_log`
[INFO] [stdout] 
[INFO] [stdout] 
[INFO] [stdout] error[E0433]: cannot find module or crate `test_log` in this scope
[INFO] [stdout]      --> src/layout/calc.rs:10686:11
[INFO] [stdout]       |
[INFO] [stdout] 10686 |         #[test_log::test]
[INFO] [stdout]       |           ^^^^^^^^ use of unresolved module or unlinked crate `test_log`
[INFO] [stdout] 
[INFO] [stdout] 
[INFO] [stdout] error[E0433]: cannot find module or crate `test_log` in this scope
[INFO] [stdout]      --> src/layout/calc.rs:10651:11
[INFO] [stdout]       |
[INFO] [stdout] 10651 |         #[test_log::test]
[INFO] [stdout]       |           ^^^^^^^^ use of unresolved module or unlinked crate `test_log`
[INFO] [stdout] 
[INFO] [stdout] 
[INFO] [stdout] error[E0433]: cannot find module or crate `test_log` in this scope
[INFO] [stdout]      --> src/layout/calc.rs:10619:11
[INFO] [stdout]       |
[INFO] [stdout] 10619 |         #[test_log::test]
[INFO] [stdout]       |           ^^^^^^^^ use of unresolved module or unlinked crate `test_log`
[INFO] [stdout] 
[INFO] [stdout] 
[INFO] [stdout] error[E0433]: cannot find module or crate `test_log` in this scope
[INFO] [stdout]      --> src/layout/calc.rs:10584:11
[INFO] [stdout]       |
[INFO] [stdout] 10584 |         #[test_log::test]
[INFO] [stdout]       |           ^^^^^^^^ use of unresolved module or unlinked crate `test_log`
[INFO] [stdout] 
[INFO] [stdout] 
[INFO] [stdout] error[E0433]: cannot find module or crate `test_log` in this scope
[INFO] [stdout]      --> src/layout/calc.rs:10552:11
[INFO] [stdout]       |
[INFO] [stdout] 10552 |         #[test_log::test]
[INFO] [stdout]       |           ^^^^^^^^ use of unresolved module or unlinked crate `test_log`
[INFO] [stdout] 
[INFO] [stdout] 
[INFO] [stdout] error[E0433]: cannot find module or crate `test_log` in this scope
[INFO] [stdout]      --> src/layout/calc.rs:10517:11
[INFO] [stdout]       |
[INFO] [stdout] 10517 |         #[test_log::test]
[INFO] [stdout]       |           ^^^^^^^^ use of unresolved module or unlinked crate `test_log`
[INFO] [stdout] 
[INFO] [stdout] 
[INFO] [stdout] error[E0433]: cannot find module or crate `test_log` in this scope
[INFO] [stdout]      --> src/layout/calc.rs:10485:11
[INFO] [stdout]       |
[INFO] [stdout] 10485 |         #[test_log::test]
[INFO] [stdout]       |           ^^^^^^^^ use of unresolved module or unlinked crate `test_log`
[INFO] [stdout] 
[INFO] [stdout] 
[INFO] [stdout] error[E0433]: cannot find module or crate `test_log` in this scope
[INFO] [stdout]      --> src/layout/calc.rs:10450:11
[INFO] [stdout]       |
[INFO] [stdout] 10450 |         #[test_log::test]
[INFO] [stdout]       |           ^^^^^^^^ use of unresolved module or unlinked crate `test_log`
[INFO] [stdout] 
[INFO] [stdout] 
[INFO] [stdout] error[E0433]: cannot find module or crate `test_log` in this scope
[INFO] [stdout]      --> src/layout/calc.rs:10418:11
[INFO] [stdout]       |
[INFO] [stdout] 10418 |         #[test_log::test]
[INFO] [stdout]       |           ^^^^^^^^ use of unresolved module or unlinked crate `test_log`
[INFO] [stdout] 
[INFO] [stdout] 
[INFO] [stdout] error[E0433]: cannot find module or crate `test_log` in this scope
[INFO] [stdout]      --> src/layout/calc.rs:10383:11
[INFO] [stdout]       |
[INFO] [stdout] 10383 |         #[test_log::test]
[INFO] [stdout]       |           ^^^^^^^^ use of unresolved module or unlinked crate `test_log`
[INFO] [stdout] 
[INFO] [stdout] 
[INFO] [stdout] error[E0433]: cannot find module or crate `test_log` in this scope
[INFO] [stdout]      --> src/layout/calc.rs:10351:11
[INFO] [stdout]       |
[INFO] [stdout] 10351 |         #[test_log::test]
[INFO] [stdout]       |           ^^^^^^^^ use of unresolved module or unlinked crate `test_log`
[INFO] [stdout] 
[INFO] [stdout] 
[INFO] [stdout] error[E0433]: cannot find module or crate `test_log` in this scope
[INFO] [stdout]      --> src/layout/calc.rs:10316:11
[INFO] [stdout]       |
[INFO] [stdout] 10316 |         #[test_log::test]
[INFO] [stdout]       |           ^^^^^^^^ use of unresolved module or unlinked crate `test_log`
[INFO] [stdout] 
[INFO] [stdout] 
[INFO] [stdout] error[E0433]: cannot find module or crate `test_log` in this scope
[INFO] [stdout]      --> src/layout/calc.rs:10284:11
[INFO] [stdout]       |
[INFO] [stdout] 10284 |         #[test_log::test]
[INFO] [stdout]       |           ^^^^^^^^ use of unresolved module or unlinked crate `test_log`
[INFO] [stdout] 
[INFO] [stdout] 
[INFO] [stdout] error[E0433]: cannot find module or crate `test_log` in this scope
[INFO] [stdout]      --> src/layout/calc.rs:10249:11
[INFO] [stdout]       |
[INFO] [stdout] 10249 |         #[test_log::test]
[INFO] [stdout]       |           ^^^^^^^^ use of unresolved module or unlinked crate `test_log`
[INFO] [stdout] 
[INFO] [stdout] 
[INFO] [stdout] error[E0433]: cannot find module or crate `test_log` in this scope
[INFO] [stdout]      --> src/layout/calc.rs:10217:11
[INFO] [stdout]       |
[INFO] [stdout] 10217 |         #[test_log::test]
[INFO] [stdout]       |           ^^^^^^^^ use of unresolved module or unlinked crate `test_log`
[INFO] [stdout] 
[INFO] [stdout] 
[INFO] [stdout] error[E0433]: cannot find module or crate `test_log` in this scope
[INFO] [stdout]      --> src/layout/calc.rs:10183:11
[INFO] [stdout]       |
[INFO] [stdout] 10183 |         #[test_log::test]
[INFO] [stdout]       |           ^^^^^^^^ use of unresolved module or unlinked crate `test_log`
[INFO] [stdout] 
[INFO] [stdout] 
[INFO] [stdout] error[E0433]: cannot find module or crate `test_log` in this scope
[INFO] [stdout]      --> src/layout/calc.rs:10151:11
[INFO] [stdout]       |
[INFO] [stdout] 10151 |         #[test_log::test]
[INFO] [stdout]       |           ^^^^^^^^ use of unresolved module or unlinked crate `test_log`
[INFO] [stdout] 
[INFO] [stdout] 
[INFO] [stdout] error[E0433]: cannot find module or crate `test_log` in this scope
[INFO] [stdout]      --> src/layout/calc.rs:10117:11
[INFO] [stdout]       |
[INFO] [stdout] 10117 |         #[test_log::test]
[INFO] [stdout]       |           ^^^^^^^^ use of unresolved module or unlinked crate `test_log`
[INFO] [stdout] 
[INFO] [stdout] 
[INFO] [stdout] error[E0433]: cannot find module or crate `test_log` in this scope
[INFO] [stdout]      --> src/layout/calc.rs:10085:11
[INFO] [stdout]       |
[INFO] [stdout] 10085 |         #[test_log::test]
[INFO] [stdout]       |           ^^^^^^^^ use of unresolved module or unlinked crate `test_log`
[INFO] [stdout] 
[INFO] [stdout] 
[INFO] [stdout] error[E0433]: cannot find module or crate `test_log` in this scope
[INFO] [stdout]      --> src/layout/calc.rs:10051:11
[INFO] [stdout]       |
[INFO] [stdout] 10051 |         #[test_log::test]
[INFO] [stdout]       |           ^^^^^^^^ use of unresolved module or unlinked crate `test_log`
[INFO] [stdout] 
[INFO] [stdout] 
[INFO] [stdout] error[E0433]: cannot find module or crate `test_log` in this scope
[INFO] [stdout]      --> src/layout/calc.rs:10019:11
[INFO] [stdout]       |
[INFO] [stdout] 10019 |         #[test_log::test]
[INFO] [stdout]       |           ^^^^^^^^ use of unresolved module or unlinked crate `test_log`
[INFO] [stdout] 
[INFO] [stdout] 
[INFO] [stdout] error[E0433]: cannot find module or crate `test_log` in this scope
[INFO] [stdout]     --> src/layout/calc.rs:9985:11
[INFO] [stdout]      |
[INFO] [stdout] 9985 |         #[test_log::test]
[INFO] [stdout]      |           ^^^^^^^^ use of unresolved module or unlinked crate `test_log`
[INFO] [stdout] 
[INFO] [stdout] 
[INFO] [stdout] error[E0433]: cannot find module or crate `test_log` in this scope
[INFO] [stdout]     --> src/layout/calc.rs:9953:11
[INFO] [stdout]      |
[INFO] [stdout] 9953 |         #[test_log::test]
[INFO] [stdout]      |           ^^^^^^^^ use of unresolved module or unlinked crate `test_log`
[INFO] [stdout] 
[INFO] [stdout] 
[INFO] [stdout] error[E0433]: cannot find module or crate `test_log` in this scope
[INFO] [stdout]     --> src/layout/calc.rs:9919:11
[INFO] [stdout]      |
[INFO] [stdout] 9919 |         #[test_log::test]
[INFO] [stdout]      |           ^^^^^^^^ use of unresolved module or unlinked crate `test_log`
[INFO] [stdout] 
[INFO] [stdout] 
[INFO] [stdout] error[E0433]: cannot find module or crate `test_log` in this scope
[INFO] [stdout]     --> src/layout/calc.rs:9887:11
[INFO] [stdout]      |
[INFO] [stdout] 9887 |         #[test_log::test]
[INFO] [stdout]      |           ^^^^^^^^ use of unresolved module or unlinked crate `test_log`
[INFO] [stdout] 
[INFO] [stdout] 
[INFO] [stdout] error[E0433]: cannot find module or crate `test_log` in this scope
[INFO] [stdout]     --> src/layout/calc.rs:9853:11
[INFO] [stdout]      |
[INFO] [stdout] 9853 |         #[test_log::test]
[INFO] [stdout]      |           ^^^^^^^^ use of unresolved module or unlinked crate `test_log`
[INFO] [stdout] 
[INFO] [stdout] 
[INFO] [stdout] error[E0433]: cannot find module or crate `test_log` in this scope
[INFO] [stdout]     --> src/layout/calc.rs:9821:11
[INFO] [stdout]      |
[INFO] [stdout] 9821 |         #[test_log::test]
[INFO] [stdout]      |           ^^^^^^^^ use of unresolved module or unlinked crate `test_log`
[INFO] [stdout] 
[INFO] [stdout] 
[INFO] [stdout] error[E0433]: cannot find module or crate `test_log` in this scope
[INFO] [stdout]     --> src/layout/calc.rs:9787:11
[INFO] [stdout]      |
[INFO] [stdout] 9787 |         #[test_log::test]
[INFO] [stdout]      |           ^^^^^^^^ use of unresolved module or unlinked crate `test_log`
[INFO] [stdout] 
[INFO] [stdout] 
[INFO] [stdout] error[E0433]: cannot find module or crate `test_log` in this scope
[INFO] [stdout]     --> src/layout/calc.rs:9755:11
[INFO] [stdout]      |
[INFO] [stdout] 9755 |         #[test_log::test]
[INFO] [stdout]      |           ^^^^^^^^ use of unresolved module or unlinked crate `test_log`
[INFO] [stdout] 
[INFO] [stdout] 
[INFO] [stdout] error[E0433]: cannot find module or crate `test_log` in this scope
[INFO] [stdout]     --> src/layout/calc.rs:9721:11
[INFO] [stdout]      |
[INFO] [stdout] 9721 |         #[test_log::test]
[INFO] [stdout]      |           ^^^^^^^^ use of unresolved module or unlinked crate `test_log`
[INFO] [stdout] 
[INFO] [stdout] 
[INFO] [stdout] error[E0433]: cannot find module or crate `test_log` in this scope
[INFO] [stdout]     --> src/layout/calc.rs:9689:11
[INFO] [stdout]      |
[INFO] [stdout] 9689 |         #[test_log::test]
[INFO] [stdout]      |           ^^^^^^^^ use of unresolved module or unlinked crate `test_log`
[INFO] [stdout] 
[INFO] [stdout] 
[INFO] [stdout] error[E0433]: cannot find module or crate `test_log` in this scope
[INFO] [stdout]     --> src/layout/calc.rs:9655:11
[INFO] [stdout]      |
[INFO] [stdout] 9655 |         #[test_log::test]
[INFO] [stdout]      |           ^^^^^^^^ use of unresolved module or unlinked crate `test_log`
[INFO] [stdout] 
[INFO] [stdout] 
[INFO] [stdout] error[E0433]: cannot find module or crate `test_log` in this scope
[INFO] [stdout]     --> src/layout/calc.rs:9623:11
[INFO] [stdout]      |
[INFO] [stdout] 9623 |         #[test_log::test]
[INFO] [stdout]      |           ^^^^^^^^ use of unresolved module or unlinked crate `test_log`
[INFO] [stdout] 
[INFO] [stdout] 
[INFO] [stdout] error[E0433]: cannot find module or crate `test_log` in this scope
[INFO] [stdout]     --> src/layout/calc.rs:9567:23
[INFO] [stdout]      |
[INFO] [stdout] 9319 |         macro_rules! test_heading {
[INFO] [stdout] ...
[INFO] [stdout] 9567 |                     #[test_log::test]
[INFO] [stdout]      |                       ^^^^^^^^ use of unresolved module or unlinked crate `test_log`
[INFO] [stdout] ...
[INFO] [stdout] 9617 |         test_heading!(h6, h6_font_size, h6_font_margin_top, h6_font_margin_bottom);
[INFO] [stdout]      |         -------------------------------------------------------------------------- in this macro invocation
[INFO] [stdout] 
[INFO] [stdout] 
[INFO] [stdout] error[E0433]: cannot find module or crate `test_log` in this scope
[INFO] [stdout]     --> src/layout/calc.rs:9525:23
[INFO] [stdout]      |
[INFO] [stdout] 9319 |         macro_rules! test_heading {
[INFO] [stdout] ...
[INFO] [stdout] 9525 |                     #[test_log::test]
[INFO] [stdout]      |                       ^^^^^^^^ use of unresolved module or unlinked crate `test_log`
[INFO] [stdout] ...
[INFO] [stdout] 9617 |         test_heading!(h6, h6_font_size, h6_font_margin_top, h6_font_margin_bottom);
[INFO] [stdout]      |         -------------------------------------------------------------------------- in this macro invocation
[INFO] [stdout] 
[INFO] [stdout] 
[INFO] [stdout] error[E0433]: cannot find module or crate `test_log` in this scope
[INFO] [stdout]     --> src/layout/calc.rs:9487:23
[INFO] [stdout]      |
[INFO] [stdout] 9319 |         macro_rules! test_heading {
[INFO] [stdout] ...
[INFO] [stdout] 9487 |                     #[test_log::test]
[INFO] [stdout]      |                       ^^^^^^^^ use of unresolved module or unlinked crate `test_log`
[INFO] [stdout] ...
[INFO] [stdout] 9617 |         test_heading!(h6, h6_font_size, h6_font_margin_top, h6_font_margin_bottom);
[INFO] [stdout]      |         -------------------------------------------------------------------------- in this macro invocation
[INFO] [stdout] 
[INFO] [stdout] 
[INFO] [stdout] error[E0433]: cannot find module or crate `test_log` in this scope
[INFO] [stdout]     --> src/layout/calc.rs:9450:23
[INFO] [stdout]      |
[INFO] [stdout] 9319 |         macro_rules! test_heading {
[INFO] [stdout] ...
[INFO] [stdout] 9450 |                     #[test_log::test]
[INFO] [stdout]      |                       ^^^^^^^^ use of unresolved module or unlinked crate `test_log`
[INFO] [stdout] ...
[INFO] [stdout] 9617 |         test_heading!(h6, h6_font_size, h6_font_margin_top, h6_font_margin_bottom);
[INFO] [stdout]      |         -------------------------------------------------------------------------- in this macro invocation
[INFO] [stdout] 
[INFO] [stdout] 
[INFO] [stdout] error[E0433]: cannot find module or crate `test_log` in this scope
[INFO] [stdout]     --> src/layout/calc.rs:9402:23
[INFO] [stdout]      |
[INFO] [stdout] 9319 |         macro_rules! test_heading {
[INFO] [stdout] ...
[INFO] [stdout] 9402 |                     #[test_log::test]
[INFO] [stdout]      |                       ^^^^^^^^ use of unresolved module or unlinked crate `test_log`
[INFO] [stdout] ...
[INFO] [stdout] 9617 |         test_heading!(h6, h6_font_size, h6_font_margin_top, h6_font_margin_bottom);
[INFO] [stdout]      |         -------------------------------------------------------------------------- in this macro invocation
[INFO] [stdout] 
[INFO] [stdout] 
[INFO] [stdout] error[E0433]: cannot find module or crate `test_log` in this scope
[INFO] [stdout]     --> src/layout/calc.rs:9360:23
[INFO] [stdout]      |
[INFO] [stdout] 9319 |         macro_rules! test_heading {
[INFO] [stdout] ...
[INFO] [stdout] 9360 |                     #[test_log::test]
[INFO] [stdout]      |                       ^^^^^^^^ use of unresolved module or unlinked crate `test_log`
[INFO] [stdout] ...
[INFO] [stdout] 9617 |         test_heading!(h6, h6_font_size, h6_font_margin_top, h6_font_margin_bottom);
[INFO] [stdout]      |         -------------------------------------------------------------------------- in this macro invocation
[INFO] [stdout] 
[INFO] [stdout] 
[INFO] [stdout] error[E0433]: cannot find module or crate `test_log` in this scope
[INFO] [stdout]     --> src/layout/calc.rs:9322:23
[INFO] [stdout]      |
[INFO] [stdout] 9319 |         macro_rules! test_heading {
[INFO] [stdout] ...
[INFO] [stdout] 9322 |                     #[test_log::test]
[INFO] [stdout]      |                       ^^^^^^^^ use of unresolved module or unlinked crate `test_log`
[INFO] [stdout] ...
[INFO] [stdout] 9617 |         test_heading!(h6, h6_font_size, h6_font_margin_top, h6_font_margin_bottom);
[INFO] [stdout]      |         -------------------------------------------------------------------------- in this macro invocation
[INFO] [stdout] 
[INFO] [stdout] 
[INFO] [stdout] error[E0433]: cannot find module or crate `test_log` in this scope
[INFO] [stdout]     --> src/layout/calc.rs:9567:23
[INFO] [stdout]      |
[INFO] [stdout] 9319 |         macro_rules! test_heading {
[INFO] [stdout] ...
[INFO] [stdout] 9567 |                     #[test_log::test]
[INFO] [stdout]      |                       ^^^^^^^^ use of unresolved module or unlinked crate `test_log`
[INFO] [stdout] ...
[INFO] [stdout] 9616 |         test_heading!(h5, h5_font_size, h5_font_margin_top, h5_font_margin_bottom);
[INFO] [stdout]      |         -------------------------------------------------------------------------- in this macro invocation
[INFO] [stdout] 
[INFO] [stdout] 
[INFO] [stdout] error[E0433]: cannot find module or crate `test_log` in this scope
[INFO] [stdout]     --> src/layout/calc.rs:9525:23
[INFO] [stdout]      |
[INFO] [stdout] 9319 |         macro_rules! test_heading {
[INFO] [stdout] ...
[INFO] [stdout] 9525 |                     #[test_log::test]
[INFO] [stdout]      |                       ^^^^^^^^ use of unresolved module or unlinked crate `test_log`
[INFO] [stdout] ...
[INFO] [stdout] 9616 |         test_heading!(h5, h5_font_size, h5_font_margin_top, h5_font_margin_bottom);
[INFO] [stdout]      |         -------------------------------------------------------------------------- in this macro invocation
[INFO] [stdout] 
[INFO] [stdout] 
[INFO] [stdout] error[E0433]: cannot find module or crate `test_log` in this scope
[INFO] [stdout]     --> src/layout/calc.rs:9487:23
[INFO] [stdout]      |
[INFO] [stdout] 9319 |         macro_rules! test_heading {
[INFO] [stdout] ...
[INFO] [stdout] 9487 |                     #[test_log::test]
[INFO] [stdout]      |                       ^^^^^^^^ use of unresolved module or unlinked crate `test_log`
[INFO] [stdout] ...
[INFO] [stdout] 9616 |         test_heading!(h5, h5_font_size, h5_font_margin_top, h5_font_margin_bottom);
[INFO] [stdout]      |         -------------------------------------------------------------------------- in this macro invocation
[INFO] [stdout] 
[INFO] [stdout] 
[INFO] [stdout] error[E0433]: cannot find module or crate `test_log` in this scope
[INFO] [stdout]     --> src/layout/calc.rs:9450:23
[INFO] [stdout]      |
[INFO] [stdout] 9319 |         macro_rules! test_heading {
[INFO] [stdout] ...
[INFO] [stdout] 9450 |                     #[test_log::test]
[INFO] [stdout]      |                       ^^^^^^^^ use of unresolved module or unlinked crate `test_log`
[INFO] [stdout] ...
[INFO] [stdout] 9616 |         test_heading!(h5, h5_font_size, h5_font_margin_top, h5_font_margin_bottom);
[INFO] [stdout]      |         -------------------------------------------------------------------------- in this macro invocation
[INFO] [stdout] 
[INFO] [stdout] 
[INFO] [stdout] error[E0433]: cannot find module or crate `test_log` in this scope
[INFO] [stdout]     --> src/layout/calc.rs:9402:23
[INFO] [stdout]      |
[INFO] [stdout] 9319 |         macro_rules! test_heading {
[INFO] [stdout] ...
[INFO] [stdout] 9402 |                     #[test_log::test]
[INFO] [stdout]      |                       ^^^^^^^^ use of unresolved module or unlinked crate `test_log`
[INFO] [stdout] ...
[INFO] [stdout] 9616 |         test_heading!(h5, h5_font_size, h5_font_margin_top, h5_font_margin_bottom);
[INFO] [stdout]      |         -------------------------------------------------------------------------- in this macro invocation
[INFO] [stdout] 
[INFO] [stdout] 
[INFO] [stdout] error[E0433]: cannot find module or crate `test_log` in this scope
[INFO] [stdout]     --> src/layout/calc.rs:9360:23
[INFO] [stdout]      |
[INFO] [stdout] 9319 |         macro_rules! test_heading {
[INFO] [stdout] ...
[INFO] [stdout] 9360 |                     #[test_log::test]
[INFO] [stdout]      |                       ^^^^^^^^ use of unresolved module or unlinked crate `test_log`
[INFO] [stdout] ...
[INFO] [stdout] 9616 |         test_heading!(h5, h5_font_size, h5_font_margin_top, h5_font_margin_bottom);
[INFO] [stdout]      |         -------------------------------------------------------------------------- in this macro invocation
[INFO] [stdout] 
[INFO] [stdout] 
[INFO] [stdout] error[E0433]: cannot find module or crate `test_log` in this scope
[INFO] [stdout]     --> src/layout/calc.rs:9322:23
[INFO] [stdout]      |
[INFO] [stdout] 9319 |         macro_rules! test_heading {
[INFO] [stdout] ...
[INFO] [stdout] 9322 |                     #[test_log::test]
[INFO] [stdout]      |                       ^^^^^^^^ use of unresolved module or unlinked crate `test_log`
[INFO] [stdout] ...
[INFO] [stdout] 9616 |         test_heading!(h5, h5_font_size, h5_font_margin_top, h5_font_margin_bottom);
[INFO] [stdout]      |         -------------------------------------------------------------------------- in this macro invocation
[INFO] [stdout] 
[INFO] [stdout] 
[INFO] [stdout] error[E0433]: cannot find module or crate `test_log` in this scope
[INFO] [stdout]     --> src/layout/calc.rs:9567:23
[INFO] [stdout]      |
[INFO] [stdout] 9319 |         macro_rules! test_heading {
[INFO] [stdout] ...
[INFO] [stdout] 9567 |                     #[test_log::test]
[INFO] [stdout]      |                       ^^^^^^^^ use of unresolved module or unlinked crate `test_log`
[INFO] [stdout] ...
[INFO] [stdout] 9615 |         test_heading!(h4, h4_font_size, h4_font_margin_top, h4_font_margin_bottom);
[INFO] [stdout]      |         -------------------------------------------------------------------------- in this macro invocation
[INFO] [stdout] 
[INFO] [stdout] 
[INFO] [stdout] error[E0433]: cannot find module or crate `test_log` in this scope
[INFO] [stdout]     --> src/layout/calc.rs:9525:23
[INFO] [stdout]      |
[INFO] [stdout] 9319 |         macro_rules! test_heading {
[INFO] [stdout] ...
[INFO] [stdout] 9525 |                     #[test_log::test]
[INFO] [stdout]      |                       ^^^^^^^^ use of unresolved module or unlinked crate `test_log`
[INFO] [stdout] ...
[INFO] [stdout] 9615 |         test_heading!(h4, h4_font_size, h4_font_margin_top, h4_font_margin_bottom);
[INFO] [stdout]      |         -------------------------------------------------------------------------- in this macro invocation
[INFO] [stdout] 
[INFO] [stdout] 
[INFO] [stdout] error[E0433]: cannot find module or crate `test_log` in this scope
[INFO] [stdout]     --> src/layout/calc.rs:9487:23
[INFO] [stdout]      |
[INFO] [stdout] 9319 |         macro_rules! test_heading {
[INFO] [stdout] ...
[INFO] [stdout] 9487 |                     #[test_log::test]
[INFO] [stdout]      |                       ^^^^^^^^ use of unresolved module or unlinked crate `test_log`
[INFO] [stdout] ...
[INFO] [stdout] 9615 |         test_heading!(h4, h4_font_size, h4_font_margin_top, h4_font_margin_bottom);
[INFO] [stdout]      |         -------------------------------------------------------------------------- in this macro invocation
[INFO] [stdout] 
[INFO] [stdout] 
[INFO] [stdout] error[E0433]: cannot find module or crate `test_log` in this scope
[INFO] [stdout]     --> src/layout/calc.rs:9450:23
[INFO] [stdout]      |
[INFO] [stdout] 9319 |         macro_rules! test_heading {
[INFO] [stdout] ...
[INFO] [stdout] 9450 |                     #[test_log::test]
[INFO] [stdout]      |                       ^^^^^^^^ use of unresolved module or unlinked crate `test_log`
[INFO] [stdout] ...
[INFO] [stdout] 9615 |         test_heading!(h4, h4_font_size, h4_font_margin_top, h4_font_margin_bottom);
[INFO] [stdout]      |         -------------------------------------------------------------------------- in this macro invocation
[INFO] [stdout] 
[INFO] [stdout] 
[INFO] [stdout] error[E0433]: cannot find module or crate `test_log` in this scope
[INFO] [stdout]     --> src/layout/calc.rs:9402:23
[INFO] [stdout]      |
[INFO] [stdout] 9319 |         macro_rules! test_heading {
[INFO] [stdout] ...
[INFO] [stdout] 9402 |                     #[test_log::test]
[INFO] [stdout]      |                       ^^^^^^^^ use of unresolved module or unlinked crate `test_log`
[INFO] [stdout] ...
[INFO] [stdout] 9615 |         test_heading!(h4, h4_font_size, h4_font_margin_top, h4_font_margin_bottom);
[INFO] [stdout]      |         -------------------------------------------------------------------------- in this macro invocation
[INFO] [stdout] 
[INFO] [stdout] 
[INFO] [stdout] error[E0433]: cannot find module or crate `test_log` in this scope
[INFO] [stdout]     --> src/layout/calc.rs:9360:23
[INFO] [stdout]      |
[INFO] [stdout] 9319 |         macro_rules! test_heading {
[INFO] [stdout] ...
[INFO] [stdout] 9360 |                     #[test_log::test]
[INFO] [stdout]      |                       ^^^^^^^^ use of unresolved module or unlinked crate `test_log`
[INFO] [stdout] ...
[INFO] [stdout] 9615 |         test_heading!(h4, h4_font_size, h4_font_margin_top, h4_font_margin_bottom);
[INFO] [stdout]      |         -------------------------------------------------------------------------- in this macro invocation
[INFO] [stdout] 
[INFO] [stdout] 
[INFO] [stdout] error[E0433]: cannot find module or crate `test_log` in this scope
[INFO] [stdout]     --> src/layout/calc.rs:9322:23
[INFO] [stdout]      |
[INFO] [stdout] 9319 |         macro_rules! test_heading {
[INFO] [stdout] ...
[INFO] [stdout] 9322 |                     #[test_log::test]
[INFO] [stdout]      |                       ^^^^^^^^ use of unresolved module or unlinked crate `test_log`
[INFO] [stdout] ...
[INFO] [stdout] 9615 |         test_heading!(h4, h4_font_size, h4_font_margin_top, h4_font_margin_bottom);
[INFO] [stdout]      |         -------------------------------------------------------------------------- in this macro invocation
[INFO] [stdout] 
[INFO] [stdout] 
[INFO] [stdout] error[E0433]: cannot find module or crate `test_log` in this scope
[INFO] [stdout]     --> src/layout/calc.rs:9567:23
[INFO] [stdout]      |
[INFO] [stdout] 9319 |         macro_rules! test_heading {
[INFO] [stdout] ...
[INFO] [stdout] 9567 |                     #[test_log::test]
[INFO] [stdout]      |                       ^^^^^^^^ use of unresolved module or unlinked crate `test_log`
[INFO] [stdout] ...
[INFO] [stdout] 9614 |         test_heading!(h3, h3_font_size, h3_font_margin_top, h3_font_margin_bottom);
[INFO] [stdout]      |         -------------------------------------------------------------------------- in this macro invocation
[INFO] [stdout] 
[INFO] [stdout] 
[INFO] [stdout] error[E0433]: cannot find module or crate `test_log` in this scope
[INFO] [stdout]     --> src/layout/calc.rs:9525:23
[INFO] [stdout]      |
[INFO] [stdout] 9319 |         macro_rules! test_heading {
[INFO] [stdout] ...
[INFO] [stdout] 9525 |                     #[test_log::test]
[INFO] [stdout]      |                       ^^^^^^^^ use of unresolved module or unlinked crate `test_log`
[INFO] [stdout] ...
[INFO] [stdout] 9614 |         test_heading!(h3, h3_font_size, h3_font_margin_top, h3_font_margin_bottom);
[INFO] [stdout]      |         -------------------------------------------------------------------------- in this macro invocation
[INFO] [stdout] 
[INFO] [stdout] 
[INFO] [stdout] error[E0433]: cannot find module or crate `test_log` in this scope
[INFO] [stdout]     --> src/layout/calc.rs:9487:23
[INFO] [stdout]      |
[INFO] [stdout] 9319 |         macro_rules! test_heading {
[INFO] [stdout] ...
[INFO] [stdout] 9487 |                     #[test_log::test]
[INFO] [stdout]      |                       ^^^^^^^^ use of unresolved module or unlinked crate `test_log`
[INFO] [stdout] ...
[INFO] [stdout] 9614 |         test_heading!(h3, h3_font_size, h3_font_margin_top, h3_font_margin_bottom);
[INFO] [stdout]      |         -------------------------------------------------------------------------- in this macro invocation
[INFO] [stdout] 
[INFO] [stdout] 
[INFO] [stdout] error[E0433]: cannot find module or crate `test_log` in this scope
[INFO] [stdout]     --> src/layout/calc.rs:9450:23
[INFO] [stdout]      |
[INFO] [stdout] 9319 |         macro_rules! test_heading {
[INFO] [stdout] ...
[INFO] [stdout] 9450 |                     #[test_log::test]
[INFO] [stdout]      |                       ^^^^^^^^ use of unresolved module or unlinked crate `test_log`
[INFO] [stdout] ...
[INFO] [stdout] 9614 |         test_heading!(h3, h3_font_size, h3_font_margin_top, h3_font_margin_bottom);
[INFO] [stdout]      |         -------------------------------------------------------------------------- in this macro invocation
[INFO] [stdout] 
[INFO] [stdout] 
[INFO] [stdout] error[E0433]: cannot find module or crate `test_log` in this scope
[INFO] [stdout]     --> src/layout/calc.rs:9402:23
[INFO] [stdout]      |
[INFO] [stdout] 9319 |         macro_rules! test_heading {
[INFO] [stdout] ...
[INFO] [stdout] 9402 |                     #[test_log::test]
[INFO] [stdout]      |                       ^^^^^^^^ use of unresolved module or unlinked crate `test_log`
[INFO] [stdout] ...
[INFO] [stdout] 9614 |         test_heading!(h3, h3_font_size, h3_font_margin_top, h3_font_margin_bottom);
[INFO] [stdout]      |         -------------------------------------------------------------------------- in this macro invocation
[INFO] [stdout] 
[INFO] [stdout] 
[INFO] [stdout] error[E0433]: cannot find module or crate `test_log` in this scope
[INFO] [stdout]     --> src/layout/calc.rs:9360:23
[INFO] [stdout]      |
[INFO] [stdout] 9319 |         macro_rules! test_heading {
[INFO] [stdout] ...
[INFO] [stdout] 9360 |                     #[test_log::test]
[INFO] [stdout]      |                       ^^^^^^^^ use of unresolved module or unlinked crate `test_log`
[INFO] [stdout] ...
[INFO] [stdout] 9614 |         test_heading!(h3, h3_font_size, h3_font_margin_top, h3_font_margin_bottom);
[INFO] [stdout]      |         -------------------------------------------------------------------------- in this macro invocation
[INFO] [stdout] 
[INFO] [stdout] 
[INFO] [stdout] error[E0433]: cannot find module or crate `test_log` in this scope
[INFO] [stdout]     --> src/layout/calc.rs:9322:23
[INFO] [stdout]      |
[INFO] [stdout] 9319 |         macro_rules! test_heading {
[INFO] [stdout] ...
[INFO] [stdout] 9322 |                     #[test_log::test]
[INFO] [stdout]      |                       ^^^^^^^^ use of unresolved module or unlinked crate `test_log`
[INFO] [stdout] ...
[INFO] [stdout] 9614 |         test_heading!(h3, h3_font_size, h3_font_margin_top, h3_font_margin_bottom);
[INFO] [stdout]      |         -------------------------------------------------------------------------- in this macro invocation
[INFO] [stdout] 
[INFO] [stdout] 
[INFO] [stdout] error[E0433]: cannot find module or crate `test_log` in this scope
[INFO] [stdout]     --> src/layout/calc.rs:9567:23
[INFO] [stdout]      |
[INFO] [stdout] 9319 |         macro_rules! test_heading {
[INFO] [stdout] ...
[INFO] [stdout] 9567 |                     #[test_log::test]
[INFO] [stdout]      |                       ^^^^^^^^ use of unresolved module or unlinked crate `test_log`
[INFO] [stdout] ...
[INFO] [stdout] 9613 |         test_heading!(h2, h2_font_size, h2_font_margin_top, h2_font_margin_bottom);
[INFO] [stdout]      |         -------------------------------------------------------------------------- in this macro invocation
[INFO] [stdout] 
[INFO] [stdout] 
[INFO] [stdout] error[E0433]: cannot find module or crate `test_log` in this scope
[INFO] [stdout]     --> src/layout/calc.rs:9525:23
[INFO] [stdout]      |
[INFO] [stdout] 9319 |         macro_rules! test_heading {
[INFO] [stdout] ...
[INFO] [stdout] 9525 |                     #[test_log::test]
[INFO] [stdout]      |                       ^^^^^^^^ use of unresolved module or unlinked crate `test_log`
[INFO] [stdout] ...
[INFO] [stdout] 9613 |         test_heading!(h2, h2_font_size, h2_font_margin_top, h2_font_margin_bottom);
[INFO] [stdout]      |         -------------------------------------------------------------------------- in this macro invocation
[INFO] [stdout] 
[INFO] [stdout] 
[INFO] [stdout] error[E0433]: cannot find module or crate `test_log` in this scope
[INFO] [stdout]     --> src/layout/calc.rs:9487:23
[INFO] [stdout]      |
[INFO] [stdout] 9319 |         macro_rules! test_heading {
[INFO] [stdout] ...
[INFO] [stdout] 9487 |                     #[test_log::test]
[INFO] [stdout]      |                       ^^^^^^^^ use of unresolved module or unlinked crate `test_log`
[INFO] [stdout] ...
[INFO] [stdout] 9613 |         test_heading!(h2, h2_font_size, h2_font_margin_top, h2_font_margin_bottom);
[INFO] [stdout]      |         -------------------------------------------------------------------------- in this macro invocation
[INFO] [stdout] 
[INFO] [stdout] 
[INFO] [stdout] error[E0433]: cannot find module or crate `test_log` in this scope
[INFO] [stdout]     --> src/layout/calc.rs:9450:23
[INFO] [stdout]      |
[INFO] [stdout] 9319 |         macro_rules! test_heading {
[INFO] [stdout] ...
[INFO] [stdout] 9450 |                     #[test_log::test]
[INFO] [stdout]      |                       ^^^^^^^^ use of unresolved module or unlinked crate `test_log`
[INFO] [stdout] ...
[INFO] [stdout] 9613 |         test_heading!(h2, h2_font_size, h2_font_margin_top, h2_font_margin_bottom);
[INFO] [stdout]      |         -------------------------------------------------------------------------- in this macro invocation
[INFO] [stdout] 
[INFO] [stdout] 
[INFO] [stdout] error[E0433]: cannot find module or crate `test_log` in this scope
[INFO] [stdout]     --> src/layout/calc.rs:9402:23
[INFO] [stdout]      |
[INFO] [stdout] 9319 |         macro_rules! test_heading {
[INFO] [stdout] ...
[INFO] [stdout] 9402 |                     #[test_log::test]
[INFO] [stdout]      |                       ^^^^^^^^ use of unresolved module or unlinked crate `test_log`
[INFO] [stdout] ...
[INFO] [stdout] 9613 |         test_heading!(h2, h2_font_size, h2_font_margin_top, h2_font_margin_bottom);
[INFO] [stdout]      |         -------------------------------------------------------------------------- in this macro invocation
[INFO] [stdout] 
[INFO] [stdout] 
[INFO] [stdout] error[E0433]: cannot find module or crate `test_log` in this scope
[INFO] [stdout]     --> src/layout/calc.rs:9360:23
[INFO] [stdout]      |
[INFO] [stdout] 9319 |         macro_rules! test_heading {
[INFO] [stdout] ...
[INFO] [stdout] 9360 |                     #[test_log::test]
[INFO] [stdout]      |                       ^^^^^^^^ use of unresolved module or unlinked crate `test_log`
[INFO] [stdout] ...
[INFO] [stdout] 9613 |         test_heading!(h2, h2_font_size, h2_font_margin_top, h2_font_margin_bottom);
[INFO] [stdout]      |         -------------------------------------------------------------------------- in this macro invocation
[INFO] [stdout] 
[INFO] [stdout] 
[INFO] [stdout] error[E0433]: cannot find module or crate `test_log` in this scope
[INFO] [stdout]     --> src/layout/calc.rs:9322:23
[INFO] [stdout]      |
[INFO] [stdout] 9319 |         macro_rules! test_heading {
[INFO] [stdout] ...
[INFO] [stdout] 9322 |                     #[test_log::test]
[INFO] [stdout]      |                       ^^^^^^^^ use of unresolved module or unlinked crate `test_log`
[INFO] [stdout] ...
[INFO] [stdout] 9613 |         test_heading!(h2, h2_font_size, h2_font_margin_top, h2_font_margin_bottom);
[INFO] [stdout]      |         -------------------------------------------------------------------------- in this macro invocation
[INFO] [stdout] 
[INFO] [stdout] 
[INFO] [stdout] error[E0433]: cannot find module or crate `test_log` in this scope
[INFO] [stdout]     --> src/layout/calc.rs:9567:23
[INFO] [stdout]      |
[INFO] [stdout] 9319 |         macro_rules! test_heading {
[INFO] [stdout] ...
[INFO] [stdout] 9567 |                     #[test_log::test]
[INFO] [stdout]      |                       ^^^^^^^^ use of unresolved module or unlinked crate `test_log`
[INFO] [stdout] ...
[INFO] [stdout] 9612 |         test_heading!(h1, h1_font_size, h1_font_margin_top, h1_font_margin_bottom);
[INFO] [stdout]      |         -------------------------------------------------------------------------- in this macro invocation
[INFO] [stdout] 
[INFO] [stdout] 
[INFO] [stdout] error[E0433]: cannot find module or crate `test_log` in this scope
[INFO] [stdout]     --> src/layout/calc.rs:9525:23
[INFO] [stdout]      |
[INFO] [stdout] 9319 |         macro_rules! test_heading {
[INFO] [stdout] ...
[INFO] [stdout] 9525 |                     #[test_log::test]
[INFO] [stdout]      |                       ^^^^^^^^ use of unresolved module or unlinked crate `test_log`
[INFO] [stdout] ...
[INFO] [stdout] 9612 |         test_heading!(h1, h1_font_size, h1_font_margin_top, h1_font_margin_bottom);
[INFO] [stdout]      |         -------------------------------------------------------------------------- in this macro invocation
[INFO] [stdout] 
[INFO] [stdout] 
[INFO] [stdout] error[E0433]: cannot find module or crate `test_log` in this scope
[INFO] [stdout]     --> src/layout/calc.rs:9487:23
[INFO] [stdout]      |
[INFO] [stdout] 9319 |         macro_rules! test_heading {
[INFO] [stdout] ...
[INFO] [stdout] 9487 |                     #[test_log::test]
[INFO] [stdout]      |                       ^^^^^^^^ use of unresolved module or unlinked crate `test_log`
[INFO] [stdout] ...
[INFO] [stdout] 9612 |         test_heading!(h1, h1_font_size, h1_font_margin_top, h1_font_margin_bottom);
[INFO] [stdout]      |         -------------------------------------------------------------------------- in this macro invocation
[INFO] [stdout] 
[INFO] [stdout] 
[INFO] [stdout] error[E0433]: cannot find module or crate `test_log` in this scope
[INFO] [stdout]     --> src/layout/calc.rs:9450:23
[INFO] [stdout]      |
[INFO] [stdout] 9319 |         macro_rules! test_heading {
[INFO] [stdout] ...
[INFO] [stdout] 9450 |                     #[test_log::test]
[INFO] [stdout]      |                       ^^^^^^^^ use of unresolved module or unlinked crate `test_log`
[INFO] [stdout] ...
[INFO] [stdout] 9612 |         test_heading!(h1, h1_font_size, h1_font_margin_top, h1_font_margin_bottom);
[INFO] [stdout]      |         -------------------------------------------------------------------------- in this macro invocation
[INFO] [stdout] 
[INFO] [stdout] 
[INFO] [stdout] error[E0433]: cannot find module or crate `test_log` in this scope
[INFO] [stdout]     --> src/layout/calc.rs:9402:23
[INFO] [stdout]      |
[INFO] [stdout] 9319 |         macro_rules! test_heading {
[INFO] [stdout] ...
[INFO] [stdout] 9402 |                     #[test_log::test]
[INFO] [stdout]      |                       ^^^^^^^^ use of unresolved module or unlinked crate `test_log`
[INFO] [stdout] ...
[INFO] [stdout] 9612 |         test_heading!(h1, h1_font_size, h1_font_margin_top, h1_font_margin_bottom);
[INFO] [stdout]      |         -------------------------------------------------------------------------- in this macro invocation
[INFO] [stdout] 
[INFO] [stdout] 
[INFO] [stdout] error[E0433]: cannot find module or crate `test_log` in this scope
[INFO] [stdout]     --> src/layout/calc.rs:9360:23
[INFO] [stdout]      |
[INFO] [stdout] 9319 |         macro_rules! test_heading {
[INFO] [stdout] ...
[INFO] [stdout] 9360 |                     #[test_log::test]
[INFO] [stdout]      |                       ^^^^^^^^ use of unresolved module or unlinked crate `test_log`
[INFO] [stdout] ...
[INFO] [stdout] 9612 |         test_heading!(h1, h1_font_size, h1_font_margin_top, h1_font_margin_bottom);
[INFO] [stdout]      |         -------------------------------------------------------------------------- in this macro invocation
[INFO] [stdout] 
[INFO] [stdout] 
[INFO] [stdout] error[E0433]: cannot find module or crate `test_log` in this scope
[INFO] [stdout]     --> src/layout/calc.rs:9322:23
[INFO] [stdout]      |
[INFO] [stdout] 9319 |         macro_rules! test_heading {
[INFO] [stdout] ...
[INFO] [stdout] 9322 |                     #[test_log::test]
[INFO] [stdout]      |                       ^^^^^^^^ use of unresolved module or unlinked crate `test_log`
[INFO] [stdout] ...
[INFO] [stdout] 9612 |         test_heading!(h1, h1_font_size, h1_font_margin_top, h1_font_margin_bottom);
[INFO] [stdout]      |         -------------------------------------------------------------------------- in this macro invocation
[INFO] [stdout] 
[INFO] [stdout] 
[INFO] [stdout] error[E0433]: cannot find module or crate `test_log` in this scope
[INFO] [stdout]     --> src/layout/calc.rs:9277:11
[INFO] [stdout]      |
[INFO] [stdout] 9277 |         #[test_log::test]
[INFO] [stdout]      |           ^^^^^^^^ use of unresolved module or unlinked crate `test_log`
[INFO] [stdout] 
[INFO] [stdout] 
[INFO] [stdout] error[E0433]: cannot find module or crate `test_log` in this scope
[INFO] [stdout]     --> src/layout/calc.rs:9235:11
[INFO] [stdout]      |
[INFO] [stdout] 9235 |         #[test_log::test]
[INFO] [stdout]      |           ^^^^^^^^ use of unresolved module or unlinked crate `test_log`
[INFO] [stdout] 
[INFO] [stdout] 
[INFO] [stdout] error[E0433]: cannot find module or crate `test_log` in this scope
[INFO] [stdout]     --> src/layout/calc.rs:9192:11
[INFO] [stdout]      |
[INFO] [stdout] 9192 |         #[test_log::test]
[INFO] [stdout]      |           ^^^^^^^^ use of unresolved module or unlinked crate `test_log`
[INFO] [stdout] 
[INFO] [stdout] 
[INFO] [stdout] error[E0433]: cannot find module or crate `test_log` in this scope
[INFO] [stdout]     --> src/layout/calc.rs:9149:11
[INFO] [stdout]      |
[INFO] [stdout] 9149 |         #[test_log::test]
[INFO] [stdout]      |           ^^^^^^^^ use of unresolved module or unlinked crate `test_log`
[INFO] [stdout] 
[INFO] [stdout] 
[INFO] [stdout] error[E0433]: cannot find module or crate `test_log` in this scope
[INFO] [stdout]     --> src/layout/calc.rs:9109:11
[INFO] [stdout]      |
[INFO] [stdout] 9109 |         #[test_log::test]
[INFO] [stdout]      |           ^^^^^^^^ use of unresolved module or unlinked crate `test_log`
[INFO] [stdout] 
[INFO] [stdout] 
[INFO] [stdout] error[E0433]: cannot find module or crate `test_log` in this scope
[INFO] [stdout]     --> src/layout/calc.rs:9069:11
[INFO] [stdout]      |
[INFO] [stdout] 9069 |         #[test_log::test]
[INFO] [stdout]      |           ^^^^^^^^ use of unresolved module or unlinked crate `test_log`
[INFO] [stdout] 
[INFO] [stdout] 
[INFO] [stdout] error[E0433]: cannot find module or crate `test_log` in this scope
[INFO] [stdout]     --> src/layout/calc.rs:9033:11
[INFO] [stdout]      |
[INFO] [stdout] 9033 |         #[test_log::test]
[INFO] [stdout]      |           ^^^^^^^^ use of unresolved module or unlinked crate `test_log`
[INFO] [stdout] 
[INFO] [stdout] 
[INFO] [stdout] error[E0433]: cannot find module or crate `test_log` in this scope
[INFO] [stdout]     --> src/layout/calc.rs:9000:11
[INFO] [stdout]      |
[INFO] [stdout] 9000 |         #[test_log::test]
[INFO] [stdout]      |           ^^^^^^^^ use of unresolved module or unlinked crate `test_log`
[INFO] [stdout] 
[INFO] [stdout] 
[INFO] [stdout] error[E0433]: cannot find module or crate `test_log` in this scope
[INFO] [stdout]     --> src/layout/calc.rs:8967:11
[INFO] [stdout]      |
[INFO] [stdout] 8967 |         #[test_log::test]
[INFO] [stdout]      |           ^^^^^^^^ use of unresolved module or unlinked crate `test_log`
[INFO] [stdout] 
[INFO] [stdout] 
[INFO] [stdout] error[E0433]: cannot find module or crate `test_log` in this scope
[INFO] [stdout]     --> src/layout/calc.rs:8934:11
[INFO] [stdout]      |
[INFO] [stdout] 8934 |         #[test_log::test]
[INFO] [stdout]      |           ^^^^^^^^ use of unresolved module or unlinked crate `test_log`
[INFO] [stdout] 
[INFO] [stdout] 
[INFO] [stdout] error[E0433]: cannot find module or crate `test_log` in this scope
[INFO] [stdout]     --> src/layout/calc.rs:8903:11
[INFO] [stdout]      |
[INFO] [stdout] 8903 |         #[test_log::test]
[INFO] [stdout]      |           ^^^^^^^^ use of unresolved module or unlinked crate `test_log`
[INFO] [stdout] 
[INFO] [stdout] 
[INFO] [stdout] error[E0433]: cannot find module or crate `test_log` in this scope
[INFO] [stdout]     --> src/layout/calc.rs:8873:11
[INFO] [stdout]      |
[INFO] [stdout] 8873 |         #[test_log::test]
[INFO] [stdout]      |           ^^^^^^^^ use of unresolved module or unlinked crate `test_log`
[INFO] [stdout] 
[INFO] [stdout] 
[INFO] [stdout] error[E0433]: cannot find module or crate `test_log` in this scope
[INFO] [stdout]     --> src/layout/calc.rs:8825:11
[INFO] [stdout]      |
[INFO] [stdout] 8825 |         #[test_log::test]
[INFO] [stdout]      |           ^^^^^^^^ use of unresolved module or unlinked crate `test_log`
[INFO] [stdout] 
[INFO] [stdout] 
[INFO] [stdout] error[E0433]: cannot find module or crate `test_log` in this scope
[INFO] [stdout]     --> src/layout/calc.rs:8788:11
[INFO] [stdout]      |
[INFO] [stdout] 8788 |         #[test_log::test]
[INFO] [stdout]      |           ^^^^^^^^ use of unresolved module or unlinked crate `test_log`
[INFO] [stdout] 
[INFO] [stdout] 
[INFO] [stdout] error[E0433]: cannot find module or crate `test_log` in this scope
[INFO] [stdout]     --> src/layout/calc.rs:8758:11
[INFO] [stdout]      |
[INFO] [stdout] 8758 |         #[test_log::test]
[INFO] [stdout]      |           ^^^^^^^^ use of unresolved module or unlinked crate `test_log`
[INFO] [stdout] 
[INFO] [stdout] 
[INFO] [stdout] error[E0433]: cannot find module or crate `test_log` in this scope
[INFO] [stdout]     --> src/layout/calc.rs:8729:11
[INFO] [stdout]      |
[INFO] [stdout] 8729 |         #[test_log::test]
[INFO] [stdout]      |           ^^^^^^^^ use of unresolved module or unlinked crate `test_log`
[INFO] [stdout] 
[INFO] [stdout] 
[INFO] [stdout] error[E0433]: cannot find module or crate `test_log` in this scope
[INFO] [stdout]     --> src/layout/calc.rs:8687:7
[INFO] [stdout]      |
[INFO] [stdout] 8687 |     #[test_log::test]
[INFO] [stdout]      |       ^^^^^^^^ use of unresolved module or unlinked crate `test_log`
[INFO] [stdout] 
[INFO] [stdout] 
[INFO] [stdout] error[E0433]: cannot find module or crate `test_log` in this scope
[INFO] [stdout]     --> src/layout/calc.rs:8647:7
[INFO] [stdout]      |
[INFO] [stdout] 8647 |     #[test_log::test]
[INFO] [stdout]      |       ^^^^^^^^ use of unresolved module or unlinked crate `test_log`
[INFO] [stdout] 
[INFO] [stdout] 
[INFO] [stdout] error[E0433]: cannot find module or crate `test_log` in this scope
[INFO] [stdout]     --> src/layout/calc.rs:8607:7
[INFO] [stdout]      |
[INFO] [stdout] 8607 |     #[test_log::test]
[INFO] [stdout]      |       ^^^^^^^^ use of unresolved module or unlinked crate `test_log`
[INFO] [stdout] 
[INFO] [stdout] 
[INFO] [stdout] error[E0433]: cannot find module or crate `test_log` in this scope
[INFO] [stdout]     --> src/layout/calc.rs:8565:7
[INFO] [stdout]      |
[INFO] [stdout] 8565 |     #[test_log::test]
[INFO] [stdout]      |       ^^^^^^^^ use of unresolved module or unlinked crate `test_log`
[INFO] [stdout] 
[INFO] [stdout] 
[INFO] [stdout] error[E0433]: cannot find module or crate `test_log` in this scope
[INFO] [stdout]     --> src/layout/calc.rs:8518:7
[INFO] [stdout]      |
[INFO] [stdout] 8518 |     #[test_log::test]
[INFO] [stdout]      |       ^^^^^^^^ use of unresolved module or unlinked crate `test_log`
[INFO] [stdout] 
[INFO] [stdout] 
[INFO] [stdout] error[E0433]: cannot find module or crate `test_log` in this scope
[INFO] [stdout]     --> src/layout/calc.rs:8489:7
[INFO] [stdout]      |
[INFO] [stdout] 8489 |     #[test_log::test]
[INFO] [stdout]      |       ^^^^^^^^ use of unresolved module or unlinked crate `test_log`
[INFO] [stdout] 
[INFO] [stdout] 
[INFO] [stdout] error[E0433]: cannot find module or crate `test_log` in this scope
[INFO] [stdout]     --> src/layout/calc.rs:8460:7
[INFO] [stdout]      |
[INFO] [stdout] 8460 |     #[test_log::test]
[INFO] [stdout]      |       ^^^^^^^^ use of unresolved module or unlinked crate `test_log`
[INFO] [stdout] 
[INFO] [stdout] 
[INFO] [stdout] error[E0433]: cannot find module or crate `test_log` in this scope
[INFO] [stdout]     --> src/layout/calc.rs:8431:7
[INFO] [stdout]      |
[INFO] [stdout] 8431 |     #[test_log::test]
[INFO] [stdout]      |       ^^^^^^^^ use of unresolved module or unlinked crate `test_log`
[INFO] [stdout] 
[INFO] [stdout] 
[INFO] [stdout] error[E0433]: cannot find module or crate `test_log` in this scope
[INFO] [stdout]     --> src/layout/calc.rs:8402:7
[INFO] [stdout]      |
[INFO] [stdout] 8402 |     #[test_log::test]
[INFO] [stdout]      |       ^^^^^^^^ use of unresolved module or unlinked crate `test_log`
[INFO] [stdout] 
[INFO] [stdout] 
[INFO] [stdout] error[E0433]: cannot find module or crate `test_log` in this scope
[INFO] [stdout]     --> src/layout/calc.rs:8373:7
[INFO] [stdout]      |
[INFO] [stdout] 8373 |     #[test_log::test]
[INFO] [stdout]      |       ^^^^^^^^ use of unresolved module or unlinked crate `test_log`
[INFO] [stdout] 
[INFO] [stdout] 
[INFO] [stdout] error[E0433]: cannot find module or crate `test_log` in this scope
[INFO] [stdout]     --> src/layout/calc.rs:8344:7
[INFO] [stdout]      |
[INFO] [stdout] 8344 |     #[test_log::test]
[INFO] [stdout]      |       ^^^^^^^^ use of unresolved module or unlinked crate `test_log`
[INFO] [stdout] 
[INFO] [stdout] 
[INFO] [stdout] error[E0433]: cannot find module or crate `test_log` in this scope
[INFO] [stdout]     --> src/layout/calc.rs:8315:7
[INFO] [stdout]      |
[INFO] [stdout] 8315 |     #[test_log::test]
[INFO] [stdout]      |       ^^^^^^^^ use of unresolved module or unlinked crate `test_log`
[INFO] [stdout] 
[INFO] [stdout] 
[INFO] [stdout] error[E0433]: cannot find module or crate `test_log` in this scope
[INFO] [stdout]     --> src/layout/calc.rs:8286:7
[INFO] [stdout]      |
[INFO] [stdout] 8286 |     #[test_log::test]
[INFO] [stdout]      |       ^^^^^^^^ use of unresolved module or unlinked crate `test_log`
[INFO] [stdout] 
[INFO] [stdout] 
[INFO] [stdout] error[E0433]: cannot find module or crate `test_log` in this scope
[INFO] [stdout]     --> src/layout/calc.rs:8257:7
[INFO] [stdout]      |
[INFO] [stdout] 8257 |     #[test_log::test]
[INFO] [stdout]      |       ^^^^^^^^ use of unresolved module or unlinked crate `test_log`
[INFO] [stdout] 
[INFO] [stdout] 
[INFO] [stdout] error[E0433]: cannot find module or crate `test_log` in this scope
[INFO] [stdout]     --> src/layout/calc.rs:8228:7
[INFO] [stdout]      |
[INFO] [stdout] 8228 |     #[test_log::test]
[INFO] [stdout]      |       ^^^^^^^^ use of unresolved module or unlinked crate `test_log`
[INFO] [stdout] 
[INFO] [stdout] 
[INFO] [stdout] error[E0433]: cannot find module or crate `test_log` in this scope
[INFO] [stdout]     --> src/layout/calc.rs:8199:7
[INFO] [stdout]      |
[INFO] [stdout] 8199 |     #[test_log::test]
[INFO] [stdout]      |       ^^^^^^^^ use of unresolved module or unlinked crate `test_log`
[INFO] [stdout] 
[INFO] [stdout] 
[INFO] [stdout] error[E0433]: cannot find module or crate `test_log` in this scope
[INFO] [stdout]     --> src/layout/calc.rs:8170:7
[INFO] [stdout]      |
[INFO] [stdout] 8170 |     #[test_log::test]
[INFO] [stdout]      |       ^^^^^^^^ use of unresolved module or unlinked crate `test_log`
[INFO] [stdout] 
[INFO] [stdout] 
[INFO] [stdout] error[E0433]: cannot find module or crate `test_log` in this scope
[INFO] [stdout]     --> src/layout/calc.rs:8141:7
[INFO] [stdout]      |
[INFO] [stdout] 8141 |     #[test_log::test]
[INFO] [stdout]      |       ^^^^^^^^ use of unresolved module or unlinked crate `test_log`
[INFO] [stdout] 
[INFO] [stdout] 
[INFO] [stdout] error[E0433]: cannot find module or crate `test_log` in this scope
[INFO] [stdout]     --> src/layout/calc.rs:8112:7
[INFO] [stdout]      |
[INFO] [stdout] 8112 |     #[test_log::test]
[INFO] [stdout]      |       ^^^^^^^^ use of unresolved module or unlinked crate `test_log`
[INFO] [stdout] 
[INFO] [stdout] 
[INFO] [stdout] error[E0433]: cannot find module or crate `test_log` in this scope
[INFO] [stdout]     --> src/layout/calc.rs:8084:7
[INFO] [stdout]      |
[INFO] [stdout] 8084 |     #[test_log::test]
[INFO] [stdout]      |       ^^^^^^^^ use of unresolved module or unlinked crate `test_log`
[INFO] [stdout] 
[INFO] [stdout] 
[INFO] [stdout] error[E0433]: cannot find module or crate `test_log` in this scope
[INFO] [stdout]     --> src/layout/calc.rs:8056:7
[INFO] [stdout]      |
[INFO] [stdout] 8056 |     #[test_log::test]
[INFO] [stdout]      |       ^^^^^^^^ use of unresolved module or unlinked crate `test_log`
[INFO] [stdout] 
[INFO] [stdout] 
[INFO] [stdout] error[E0433]: cannot find module or crate `test_log` in this scope
[INFO] [stdout]     --> src/layout/calc.rs:8029:7
[INFO] [stdout]      |
[INFO] [stdout] 8029 |     #[test_log::test]
[INFO] [stdout]      |       ^^^^^^^^ use of unresolved module or unlinked crate `test_log`
[INFO] [stdout] 
[INFO] [stdout] 
[INFO] [stdout] error[E0433]: cannot find module or crate `test_log` in this scope
[INFO] [stdout]     --> src/layout/calc.rs:8002:7
[INFO] [stdout]      |
[INFO] [stdout] 8002 |     #[test_log::test]
[INFO] [stdout]      |       ^^^^^^^^ use of unresolved module or unlinked crate `test_log`
[INFO] [stdout] 
[INFO] [stdout] 
[INFO] [stdout] error[E0433]: cannot find module or crate `test_log` in this scope
[INFO] [stdout]     --> src/layout/calc.rs:7975:7
[INFO] [stdout]      |
[INFO] [stdout] 7975 |     #[test_log::test]
[INFO] [stdout]      |       ^^^^^^^^ use of unresolved module or unlinked crate `test_log`
[INFO] [stdout] 
[INFO] [stdout] 
[INFO] [stdout] error[E0433]: cannot find module or crate `test_log` in this scope
[INFO] [stdout]     --> src/layout/calc.rs:7948:7
[INFO] [stdout]      |
[INFO] [stdout] 7948 |     #[test_log::test]
[INFO] [stdout]      |       ^^^^^^^^ use of unresolved module or unlinked crate `test_log`
[INFO] [stdout] 
[INFO] [stdout] 
[INFO] [stdout] error[E0433]: cannot find module or crate `test_log` in this scope
[INFO] [stdout]     --> src/layout/calc.rs:7921:7
[INFO] [stdout]      |
[INFO] [stdout] 7921 |     #[test_log::test]
[INFO] [stdout]      |       ^^^^^^^^ use of unresolved module or unlinked crate `test_log`
[INFO] [stdout] 
[INFO] [stdout] 
[INFO] [stdout] error[E0433]: cannot find module or crate `test_log` in this scope
[INFO] [stdout]     --> src/layout/calc.rs:7894:7
[INFO] [stdout]      |
[INFO] [stdout] 7894 |     #[test_log::test]
[INFO] [stdout]      |       ^^^^^^^^ use of unresolved module or unlinked crate `test_log`
[INFO] [stdout] 
[INFO] [stdout] 
[INFO] [stdout] error[E0433]: cannot find module or crate `test_log` in this scope
[INFO] [stdout]     --> src/layout/calc.rs:7867:7
[INFO] [stdout]      |
[INFO] [stdout] 7867 |     #[test_log::test]
[INFO] [stdout]      |       ^^^^^^^^ use of unresolved module or unlinked crate `test_log`
[INFO] [stdout] 
[INFO] [stdout] 
[INFO] [stdout] error[E0433]: cannot find module or crate `test_log` in this scope
[INFO] [stdout]     --> src/layout/calc.rs:7840:7
[INFO] [stdout]      |
[INFO] [stdout] 7840 |     #[test_log::test]
[INFO] [stdout]      |       ^^^^^^^^ use of unresolved module or unlinked crate `test_log`
[INFO] [stdout] 
[INFO] [stdout] 
[INFO] [stdout] error[E0433]: cannot find module or crate `test_log` in this scope
[INFO] [stdout]     --> src/layout/calc.rs:7813:7
[INFO] [stdout]      |
[INFO] [stdout] 7813 |     #[test_log::test]
[INFO] [stdout]      |       ^^^^^^^^ use of unresolved module or unlinked crate `test_log`
[INFO] [stdout] 
[INFO] [stdout] 
[INFO] [stdout] error[E0433]: cannot find module or crate `test_log` in this scope
[INFO] [stdout]     --> src/layout/calc.rs:7786:7
[INFO] [stdout]      |
[INFO] [stdout] 7786 |     #[test_log::test]
[INFO] [stdout]      |       ^^^^^^^^ use of unresolved module or unlinked crate `test_log`
[INFO] [stdout] 
[INFO] [stdout] 
[INFO] [stdout] error[E0433]: cannot find module or crate `test_log` in this scope
[INFO] [stdout]     --> src/layout/calc.rs:7740:7
[INFO] [stdout]      |
[INFO] [stdout] 7740 |     #[test_log::test]
[INFO] [stdout]      |       ^^^^^^^^ use of unresolved module or unlinked crate `test_log`
[INFO] [stdout] 
[INFO] [stdout] 
[INFO] [stdout] error[E0433]: cannot find module or crate `test_log` in this scope
[INFO] [stdout]     --> src/layout/calc.rs:7694:7
[INFO] [stdout]      |
[INFO] [stdout] 7694 |     #[test_log::test]
[INFO] [stdout]      |       ^^^^^^^^ use of unresolved module or unlinked crate `test_log`
[INFO] [stdout] 
[INFO] [stdout] 
[INFO] [stdout] error[E0433]: cannot find module or crate `test_log` in this scope
[INFO] [stdout]     --> src/layout/calc.rs:7653:7
[INFO] [stdout]      |
[INFO] [stdout] 7653 |     #[test_log::test]
[INFO] [stdout]      |       ^^^^^^^^ use of unresolved module or unlinked crate `test_log`
[INFO] [stdout] 
[INFO] [stdout] 
[INFO] [stdout] error[E0433]: cannot find module or crate `test_log` in this scope
[INFO] [stdout]     --> src/layout/calc.rs:7614:7
[INFO] [stdout]      |
[INFO] [stdout] 7614 |     #[test_log::test]
[INFO] [stdout]      |       ^^^^^^^^ use of unresolved module or unlinked crate `test_log`
[INFO] [stdout] 
[INFO] [stdout] 
[INFO] [stdout] error[E0433]: cannot find module or crate `test_log` in this scope
[INFO] [stdout]     --> src/layout/calc.rs:7555:7
[INFO] [stdout]      |
[INFO] [stdout] 7555 |     #[test_log::test]
[INFO] [stdout]      |       ^^^^^^^^ use of unresolved module or unlinked crate `test_log`
[INFO] [stdout] 
[INFO] [stdout] 
[INFO] [stdout] error[E0433]: cannot find module or crate `test_log` in this scope
[INFO] [stdout]     --> src/layout/calc.rs:7507:7
[INFO] [stdout]      |
[INFO] [stdout] 7507 |     #[test_log::test]
[INFO] [stdout]      |       ^^^^^^^^ use of unresolved module or unlinked crate `test_log`
[INFO] [stdout] 
[INFO] [stdout] 
[INFO] [stdout] error[E0433]: cannot find module or crate `test_log` in this scope
[INFO] [stdout]     --> src/layout/calc.rs:7460:7
[INFO] [stdout]      |
[INFO] [stdout] 7460 |     #[test_log::test]
[INFO] [stdout]      |       ^^^^^^^^ use of unresolved module or unlinked crate `test_log`
[INFO] [stdout] 
[INFO] [stdout] 
[INFO] [stdout] error[E0433]: cannot find module or crate `test_log` in this scope
[INFO] [stdout]     --> src/layout/calc.rs:7417:7
[INFO] [stdout]      |
[INFO] [stdout] 7417 |     #[test_log::test]
[INFO] [stdout]      |       ^^^^^^^^ use of unresolved module or unlinked crate `test_log`
[INFO] [stdout] 
[INFO] [stdout] 
[INFO] [stdout] error[E0433]: cannot find module or crate `test_log` in this scope
[INFO] [stdout]     --> src/layout/calc.rs:7377:7
[INFO] [stdout]      |
[INFO] [stdout] 7377 |     #[test_log::test]
[INFO] [stdout]      |       ^^^^^^^^ use of unresolved module or unlinked crate `test_log`
[INFO] [stdout] 
[INFO] [stdout] 
[INFO] [stdout] error[E0433]: cannot find module or crate `test_log` in this scope
[INFO] [stdout]     --> src/layout/calc.rs:7337:7
[INFO] [stdout]      |
[INFO] [stdout] 7337 |     #[test_log::test]
[INFO] [stdout]      |       ^^^^^^^^ use of unresolved module or unlinked crate `test_log`
[INFO] [stdout] 
[INFO] [stdout] 
[INFO] [stdout] error[E0433]: cannot find module or crate `test_log` in this scope
[INFO] [stdout]     --> src/layout/calc.rs:7265:7
[INFO] [stdout]      |
[INFO] [stdout] 7265 |     #[test_log::test]
[INFO] [stdout]      |       ^^^^^^^^ use of unresolved module or unlinked crate `test_log`
[INFO] [stdout] 
[INFO] [stdout] 
[INFO] [stdout] error[E0433]: cannot find module or crate `test_log` in this scope
[INFO] [stdout]     --> src/layout/calc.rs:7214:7
[INFO] [stdout]      |
[INFO] [stdout] 7214 |     #[test_log::test]
[INFO] [stdout]      |       ^^^^^^^^ use of unresolved module or unlinked crate `test_log`
[INFO] [stdout] 
[INFO] [stdout] 
[INFO] [stdout] error[E0433]: cannot find module or crate `test_log` in this scope
[INFO] [stdout]     --> src/layout/calc.rs:7176:7
[INFO] [stdout]      |
[INFO] [stdout] 7176 |     #[test_log::test]
[INFO] [stdout]      |       ^^^^^^^^ use of unresolved module or unlinked crate `test_log`
[INFO] [stdout] 
[INFO] [stdout] 
[INFO] [stdout] error[E0433]: cannot find module or crate `test_log` in this scope
[INFO] [stdout]     --> src/layout/calc.rs:7137:7
[INFO] [stdout]      |
[INFO] [stdout] 7137 |     #[test_log::test]
[INFO] [stdout]      |       ^^^^^^^^ use of unresolved module or unlinked crate `test_log`
[INFO] [stdout] 
[INFO] [stdout] 
[INFO] [stdout] error[E0433]: cannot find module or crate `test_log` in this scope
[INFO] [stdout]     --> src/layout/calc.rs:7097:7
[INFO] [stdout]      |
[INFO] [stdout] 7097 |     #[test_log::test]
[INFO] [stdout]      |       ^^^^^^^^ use of unresolved module or unlinked crate `test_log`
[INFO] [stdout] 
[INFO] [stdout] 
[INFO] [stdout] error[E0433]: cannot find module or crate `test_log` in this scope
[INFO] [stdout]     --> src/layout/calc.rs:7044:7
[INFO] [stdout]      |
[INFO] [stdout] 7044 |     #[test_log::test]
[INFO] [stdout]      |       ^^^^^^^^ use of unresolved module or unlinked crate `test_log`
[INFO] [stdout] 
[INFO] [stdout] 
[INFO] [stdout] error[E0433]: cannot find module or crate `test_log` in this scope
[INFO] [stdout]     --> src/layout/calc.rs:6993:7
[INFO] [stdout]      |
[INFO] [stdout] 6993 |     #[test_log::test]
[INFO] [stdout]      |       ^^^^^^^^ use of unresolved module or unlinked crate `test_log`
[INFO] [stdout] 
[INFO] [stdout] 
[INFO] [stdout] error[E0433]: cannot find module or crate `test_log` in this scope
[INFO] [stdout]     --> src/layout/calc.rs:6961:7
[INFO] [stdout]      |
[INFO] [stdout] 6961 |     #[test_log::test]
[INFO] [stdout]      |       ^^^^^^^^ use of unresolved module or unlinked crate `test_log`
[INFO] [stdout] 
[INFO] [stdout] 
[INFO] [stdout] error[E0433]: cannot find module or crate `test_log` in this scope
[INFO] [stdout]     --> src/layout/calc.rs:6931:7
[INFO] [stdout]      |
[INFO] [stdout] 6931 |     #[test_log::test]
[INFO] [stdout]      |       ^^^^^^^^ use of unresolved module or unlinked crate `test_log`
[INFO] [stdout] 
[INFO] [stdout] 
[INFO] [stdout] error[E0433]: cannot find module or crate `test_log` in this scope
[INFO] [stdout]     --> src/layout/calc.rs:6903:7
[INFO] [stdout]      |
[INFO] [stdout] 6903 |     #[test_log::test]
[INFO] [stdout]      |       ^^^^^^^^ use of unresolved module or unlinked crate `test_log`
[INFO] [stdout] 
[INFO] [stdout] 
[INFO] [stdout] error[E0433]: cannot find module or crate `test_log` in this scope
[INFO] [stdout]     --> src/layout/calc.rs:6863:7
[INFO] [stdout]      |
[INFO] [stdout] 6863 |     #[test_log::test]
[INFO] [stdout]      |       ^^^^^^^^ use of unresolved module or unlinked crate `test_log`
[INFO] [stdout] 
[INFO] [stdout] 
[INFO] [stdout] error[E0433]: cannot find module or crate `test_log` in this scope
[INFO] [stdout]     --> src/layout/calc.rs:6810:7
[INFO] [stdout]      |
[INFO] [stdout] 6810 |     #[test_log::test]
[INFO] [stdout]      |       ^^^^^^^^ use of unresolved module or unlinked crate `test_log`
[INFO] [stdout] 
[INFO] [stdout] 
[INFO] [stdout] error[E0433]: cannot find module or crate `test_log` in this scope
[INFO] [stdout]     --> src/layout/calc.rs:6764:7
[INFO] [stdout]      |
[INFO] [stdout] 6764 |     #[test_log::test]
[INFO] [stdout]      |       ^^^^^^^^ use of unresolved module or unlinked crate `test_log`
[INFO] [stdout] 
[INFO] [stdout] 
[INFO] [stdout] error[E0433]: cannot find module or crate `test_log` in this scope
[INFO] [stdout]     --> src/layout/calc.rs:6726:7
[INFO] [stdout]      |
[INFO] [stdout] 6726 |     #[test_log::test]
[INFO] [stdout]      |       ^^^^^^^^ use of unresolved module or unlinked crate `test_log`
[INFO] [stdout] 
[INFO] [stdout] 
[INFO] [stdout] error[E0433]: cannot find module or crate `test_log` in this scope
[INFO] [stdout]     --> src/layout/calc.rs:6683:7
[INFO] [stdout]      |
[INFO] [stdout] 6683 |     #[test_log::test]
[INFO] [stdout]      |       ^^^^^^^^ use of unresolved module or unlinked crate `test_log`
[INFO] [stdout] 
[INFO] [stdout] 
[INFO] [stdout] error[E0433]: cannot find module or crate `test_log` in this scope
[INFO] [stdout]     --> src/layout/calc.rs:6641:7
[INFO] [stdout]      |
[INFO] [stdout] 6641 |     #[test_log::test]
[INFO] [stdout]      |       ^^^^^^^^ use of unresolved module or unlinked crate `test_log`
[INFO] [stdout] 
[INFO] [stdout] 
[INFO] [stdout] error[E0433]: cannot find module or crate `test_log` in this scope
[INFO] [stdout]     --> src/layout/calc.rs:6597:7
[INFO] [stdout]      |
[INFO] [stdout] 6597 |     #[test_log::test]
[INFO] [stdout]      |       ^^^^^^^^ use of unresolved module or unlinked crate `test_log`
[INFO] [stdout] 
[INFO] [stdout] 
[INFO] [stdout] error[E0433]: cannot find module or crate `test_log` in this scope
[INFO] [stdout]     --> src/layout/calc.rs:6557:7
[INFO] [stdout]      |
[INFO] [stdout] 6557 |     #[test_log::test]
[INFO] [stdout]      |       ^^^^^^^^ use of unresolved module or unlinked crate `test_log`
[INFO] [stdout] 
[INFO] [stdout] 
[INFO] [stdout] error[E0433]: cannot find module or crate `test_log` in this scope
[INFO] [stdout]     --> src/layout/calc.rs:6517:7
[INFO] [stdout]      |
[INFO] [stdout] 6517 |     #[test_log::test]
[INFO] [stdout]      |       ^^^^^^^^ use of unresolved module or unlinked crate `test_log`
[INFO] [stdout] 
[INFO] [stdout] 
[INFO] [stdout] error[E0433]: cannot find module or crate `test_log` in this scope
[INFO] [stdout]     --> src/layout/calc.rs:6474:7
[INFO] [stdout]      |
[INFO] [stdout] 6474 |     #[test_log::test]
[INFO] [stdout]      |       ^^^^^^^^ use of unresolved module or unlinked crate `test_log`
[INFO] [stdout] 
[INFO] [stdout] 
[INFO] [stdout] error[E0433]: cannot find module or crate `test_log` in this scope
[INFO] [stdout]     --> src/layout/calc.rs:6431:7
[INFO] [stdout]      |
[INFO] [stdout] 6431 |     #[test_log::test]
[INFO] [stdout]      |       ^^^^^^^^ use of unresolved module or unlinked crate `test_log`
[INFO] [stdout] 
[INFO] [stdout] 
[INFO] [stdout] error[E0433]: cannot find module or crate `test_log` in this scope
[INFO] [stdout]     --> src/layout/calc.rs:6391:7
[INFO] [stdout]      |
[INFO] [stdout] 6391 |     #[test_log::test]
[INFO] [stdout]      |       ^^^^^^^^ use of unresolved module or unlinked crate `test_log`
[INFO] [stdout] 
[INFO] [stdout] 
[INFO] [stdout] error[E0433]: cannot find module or crate `test_log` in this scope
[INFO] [stdout]     --> src/layout/calc.rs:6362:7
[INFO] [stdout]      |
[INFO] [stdout] 6362 |     #[test_log::test]
[INFO] [stdout]      |       ^^^^^^^^ use of unresolved module or unlinked crate `test_log`
[INFO] [stdout] 
[INFO] [stdout] 
[INFO] [stdout] error[E0433]: cannot find module or crate `test_log` in this scope
[INFO] [stdout]     --> src/layout/calc.rs:6316:7
[INFO] [stdout]      |
[INFO] [stdout] 6316 |     #[test_log::test]
[INFO] [stdout]      |       ^^^^^^^^ use of unresolved module or unlinked crate `test_log`
[INFO] [stdout] 
[INFO] [stdout] 
[INFO] [stdout] error[E0433]: cannot find module or crate `test_log` in this scope
[INFO] [stdout]     --> src/layout/calc.rs:6272:7
[INFO] [stdout]      |
[INFO] [stdout] 6272 |     #[test_log::test]
[INFO] [stdout]      |       ^^^^^^^^ use of unresolved module or unlinked crate `test_log`
[INFO] [stdout] 
[INFO] [stdout] 
[INFO] [stdout] error[E0433]: cannot find module or crate `test_log` in this scope
[INFO] [stdout]     --> src/layout/calc.rs:6218:7
[INFO] [stdout]      |
[INFO] [stdout] 6218 |     #[test_log::test]
[INFO] [stdout]      |       ^^^^^^^^ use of unresolved module or unlinked crate `test_log`
[INFO] [stdout] 
[INFO] [stdout] 
[INFO] [stdout] error[E0433]: cannot find module or crate `test_log` in this scope
[INFO] [stdout]     --> src/layout/calc.rs:6175:7
[INFO] [stdout]      |
[INFO] [stdout] 6175 |     #[test_log::test]
[INFO] [stdout]      |       ^^^^^^^^ use of unresolved module or unlinked crate `test_log`
[INFO] [stdout] 
[INFO] [stdout] 
[INFO] [stdout] error[E0433]: cannot find module or crate `test_log` in this scope
[INFO] [stdout]     --> src/layout/calc.rs:6078:7
[INFO] [stdout]      |
[INFO] [stdout] 6078 |     #[test_log::test]
[INFO] [stdout]      |       ^^^^^^^^ use of unresolved module or unlinked crate `test_log`
[INFO] [stdout] 
[INFO] [stdout] 
[INFO] [stdout] error[E0433]: cannot find module or crate `test_log` in this scope
[INFO] [stdout]     --> src/layout/calc.rs:5986:7
[INFO] [stdout]      |
[INFO] [stdout] 5986 |     #[test_log::test]
[INFO] [stdout]      |       ^^^^^^^^ use of unresolved module or unlinked crate `test_log`
[INFO] [stdout] 
[INFO] [stdout] 
[INFO] [stdout] error[E0433]: cannot find module or crate `test_log` in this scope
[INFO] [stdout]     --> src/layout/calc.rs:5871:7
[INFO] [stdout]      |
[INFO] [stdout] 5871 |     #[test_log::test]
[INFO] [stdout]      |       ^^^^^^^^ use of unresolved module or unlinked crate `test_log`
[INFO] [stdout] 
[INFO] [stdout] 
[INFO] [stdout] error[E0433]: cannot find module or crate `test_log` in this scope
[INFO] [stdout]     --> src/layout/calc.rs:5756:7
[INFO] [stdout]      |
[INFO] [stdout] 5756 |     #[test_log::test]
[INFO] [stdout]      |       ^^^^^^^^ use of unresolved module or unlinked crate `test_log`
[INFO] [stdout] 
[INFO] [stdout] 
[INFO] [stdout] error[E0433]: cannot find module or crate `test_log` in this scope
[INFO] [stdout]     --> src/layout/calc.rs:5647:7
[INFO] [stdout]      |
[INFO] [stdout] 5647 |     #[test_log::test]
[INFO] [stdout]      |       ^^^^^^^^ use of unresolved module or unlinked crate `test_log`
[INFO] [stdout] 
[INFO] [stdout] 
[INFO] [stdout] error[E0433]: cannot find module or crate `test_log` in this scope
[INFO] [stdout]     --> src/layout/calc.rs:5540:7
[INFO] [stdout]      |
[INFO] [stdout] 5540 |     #[test_log::test]
[INFO] [stdout]      |       ^^^^^^^^ use of unresolved module or unlinked crate `test_log`
[INFO] [stdout] 
[INFO] [stdout] 
[INFO] [stdout] error[E0433]: cannot find module or crate `test_log` in this scope
[INFO] [stdout]     --> src/layout/calc.rs:5476:7
[INFO] [stdout]      |
[INFO] [stdout] 5476 |     #[test_log::test]
[INFO] [stdout]      |       ^^^^^^^^ use of unresolved module or unlinked crate `test_log`
[INFO] [stdout] 
[INFO] [stdout] 
[INFO] [stdout] error[E0433]: cannot find module or crate `test_log` in this scope
[INFO] [stdout]     --> src/layout/calc.rs:5411:7
[INFO] [stdout]      |
[INFO] [stdout] 5411 |     #[test_log::test]
[INFO] [stdout]      |       ^^^^^^^^ use of unresolved module or unlinked crate `test_log`
[INFO] [stdout] 
[INFO] [stdout] 
[INFO] [stdout] error[E0433]: cannot find module or crate `test_log` in this scope
[INFO] [stdout]     --> src/layout/calc.rs:5318:7
[INFO] [stdout]      |
[INFO] [stdout] 5318 |     #[test_log::test]
[INFO] [stdout]      |       ^^^^^^^^ use of unresolved module or unlinked crate `test_log`
[INFO] [stdout] 
[INFO] [stdout] 
[INFO] [stdout] error[E0433]: cannot find module or crate `test_log` in this scope
[INFO] [stdout]     --> src/layout/calc.rs:5253:7
[INFO] [stdout]      |
[INFO] [stdout] 5253 |     #[test_log::test]
[INFO] [stdout]      |       ^^^^^^^^ use of unresolved module or unlinked crate `test_log`
[INFO] [stdout] 
[INFO] [stdout] 
[INFO] [stdout] error[E0433]: cannot find module or crate `test_log` in this scope
[INFO] [stdout]     --> src/layout/calc.rs:5200:7
[INFO] [stdout]      |
[INFO] [stdout] 5200 |     #[test_log::test]
[INFO] [stdout]      |       ^^^^^^^^ use of unresolved module or unlinked crate `test_log`
[INFO] [stdout] 
[INFO] [stdout] 
[INFO] [stdout] error[E0433]: cannot find module or crate `test_log` in this scope
[INFO] [stdout]     --> src/layout/calc.rs:5147:7
[INFO] [stdout]      |
[INFO] [stdout] 5147 |     #[test_log::test]
[INFO] [stdout]      |       ^^^^^^^^ use of unresolved module or unlinked crate `test_log`
[INFO] [stdout] 
[INFO] [stdout] 
[INFO] [stdout] error[E0433]: cannot find module or crate `test_log` in this scope
[INFO] [stdout]     --> src/layout/calc.rs:5093:7
[INFO] [stdout]      |
[INFO] [stdout] 5093 |     #[test_log::test]
[INFO] [stdout]      |       ^^^^^^^^ use of unresolved module or unlinked crate `test_log`
[INFO] [stdout] 
[INFO] [stdout] 
[INFO] [stdout] error[E0433]: cannot find module or crate `test_log` in this scope
[INFO] [stdout]     --> src/layout/calc.rs:5042:7
[INFO] [stdout]      |
[INFO] [stdout] 5042 |     #[test_log::test]
[INFO] [stdout]      |       ^^^^^^^^ use of unresolved module or unlinked crate `test_log`
[INFO] [stdout] 
[INFO] [stdout] 
[INFO] [stdout] error[E0433]: cannot find module or crate `test_log` in this scope
[INFO] [stdout]     --> src/layout/calc.rs:4934:7
[INFO] [stdout]      |
[INFO] [stdout] 4934 |     #[test_log::test]
[INFO] [stdout]      |       ^^^^^^^^ use of unresolved module or unlinked crate `test_log`
[INFO] [stdout] 
[INFO] [stdout] 
[INFO] [stdout] error[E0433]: cannot find module or crate `test_log` in this scope
[INFO] [stdout]     --> src/layout/calc.rs:4831:7
[INFO] [stdout]      |
[INFO] [stdout] 4831 |     #[test_log::test]
[INFO] [stdout]      |       ^^^^^^^^ use of unresolved module or unlinked crate `test_log`
[INFO] [stdout] 
[INFO] [stdout] 
[INFO] [stdout] error[E0433]: cannot find module or crate `test_log` in this scope
[INFO] [stdout]     --> src/layout/calc.rs:4695:7
[INFO] [stdout]      |
[INFO] [stdout] 4695 |     #[test_log::test]
[INFO] [stdout]      |       ^^^^^^^^ use of unresolved module or unlinked crate `test_log`
[INFO] [stdout] 
[INFO] [stdout] 
[INFO] [stdout] error[E0433]: cannot find module or crate `test_log` in this scope
[INFO] [stdout]     --> src/layout/calc.rs:4559:7
[INFO] [stdout]      |
[INFO] [stdout] 4559 |     #[test_log::test]
[INFO] [stdout]      |       ^^^^^^^^ use of unresolved module or unlinked crate `test_log`
[INFO] [stdout] 
[INFO] [stdout] 
[INFO] [stdout] error[E0433]: cannot find module or crate `test_log` in this scope
[INFO] [stdout]     --> src/layout/calc.rs:4482:7
[INFO] [stdout]      |
[INFO] [stdout] 4482 |     #[test_log::test]
[INFO] [stdout]      |       ^^^^^^^^ use of unresolved module or unlinked crate `test_log`
[INFO] [stdout] 
[INFO] [stdout] 
[INFO] [stdout] error[E0433]: cannot find module or crate `test_log` in this scope
[INFO] [stdout]     --> src/layout/calc.rs:4406:7
[INFO] [stdout]      |
[INFO] [stdout] 4406 |     #[test_log::test]
[INFO] [stdout]      |       ^^^^^^^^ use of unresolved module or unlinked crate `test_log`
[INFO] [stdout] 
[INFO] [stdout] 
[INFO] [stdout] error[E0433]: cannot find module or crate `test_log` in this scope
[INFO] [stdout]     --> src/layout/calc.rs:4312:7
[INFO] [stdout]      |
[INFO] [stdout] 4312 |     #[test_log::test]
[INFO] [stdout]      |       ^^^^^^^^ use of unresolved module or unlinked crate `test_log`
[INFO] [stdout] 
[INFO] [stdout] 
[INFO] [stdout] error[E0433]: cannot find module or crate `test_log` in this scope
[INFO] [stdout]     --> src/layout/calc.rs:4222:7
[INFO] [stdout]      |
[INFO] [stdout] 4222 |     #[test_log::test]
[INFO] [stdout]      |       ^^^^^^^^ use of unresolved module or unlinked crate `test_log`
[INFO] [stdout] 
[INFO] [stdout] 
[INFO] [stdout] error[E0433]: cannot find module or crate `test_log` in this scope
[INFO] [stdout]     --> src/layout/calc.rs:4124:7
[INFO] [stdout]      |
[INFO] [stdout] 4124 |     #[test_log::test]
[INFO] [stdout]      |       ^^^^^^^^ use of unresolved module or unlinked crate `test_log`
[INFO] [stdout] 
[INFO] [stdout] 
[INFO] [stdout] error[E0433]: cannot find module or crate `test_log` in this scope
[INFO] [stdout]     --> src/layout/calc.rs:4031:7
[INFO] [stdout]      |
[INFO] [stdout] 4031 |     #[test_log::test]
[INFO] [stdout]      |       ^^^^^^^^ use of unresolved module or unlinked crate `test_log`
[INFO] [stdout] 
[INFO] [stdout] 
[INFO] [stdout] error[E0433]: cannot find module or crate `test_log` in this scope
[INFO] [stdout]     --> src/layout/calc.rs:3895:7
[INFO] [stdout]      |
[INFO] [stdout] 3895 |     #[test_log::test]
[INFO] [stdout]      |       ^^^^^^^^ use of unresolved module or unlinked crate `test_log`
[INFO] [stdout] 
[INFO] [stdout] 
[INFO] [stdout] error[E0433]: cannot find module or crate `test_log` in this scope
[INFO] [stdout]     --> src/layout/calc.rs:3757:7
[INFO] [stdout]      |
[INFO] [stdout] 3757 |     #[test_log::test]
[INFO] [stdout]      |       ^^^^^^^^ use of unresolved module or unlinked crate `test_log`
[INFO] [stdout] 
[INFO] [stdout] 
[INFO] [stdout] error[E0433]: cannot find module or crate `test_log` in this scope
[INFO] [stdout]     --> src/layout/calc.rs:3651:7
[INFO] [stdout]      |
[INFO] [stdout] 3651 |     #[test_log::test]
[INFO] [stdout]      |       ^^^^^^^^ use of unresolved module or unlinked crate `test_log`
[INFO] [stdout] 
[INFO] [stdout] 
[INFO] [stdout] error[E0433]: cannot find module or crate `test_log` in this scope
[INFO] [stdout]     --> src/layout/calc.rs:3553:7
[INFO] [stdout]      |
[INFO] [stdout] 3553 |     #[test_log::test]
[INFO] [stdout]      |       ^^^^^^^^ use of unresolved module or unlinked crate `test_log`
[INFO] [stdout] 
[INFO] [stdout] 
[INFO] [stdout] error[E0433]: cannot find module or crate `test_log` in this scope
[INFO] [stdout]     --> src/layout/calc.rs:3503:7
[INFO] [stdout]      |
[INFO] [stdout] 3503 |     #[test_log::test]
[INFO] [stdout]      |       ^^^^^^^^ use of unresolved module or unlinked crate `test_log`
[INFO] [stdout] 
[INFO] [stdout] 
[INFO] [stdout] error[E0433]: cannot find module or crate `test_log` in this scope
[INFO] [stdout]     --> src/layout/calc.rs:3443:7
[INFO] [stdout]      |
[INFO] [stdout] 3443 |     #[test_log::test]
[INFO] [stdout]      |       ^^^^^^^^ use of unresolved module or unlinked crate `test_log`
[INFO] [stdout] 
[INFO] [stdout] 
[INFO] [stdout] error[E0433]: cannot find module or crate `test_log` in this scope
[INFO] [stdout]     --> src/layout/calc.rs:3390:7
[INFO] [stdout]      |
[INFO] [stdout] 3390 |     #[test_log::test]
[INFO] [stdout]      |       ^^^^^^^^ use of unresolved module or unlinked crate `test_log`
[INFO] [stdout] 
[INFO] [stdout] 
[INFO] [stdout] error[E0433]: cannot find module or crate `test_log` in this scope
[INFO] [stdout]     --> src/layout/calc.rs:3362:7
[INFO] [stdout]      |
[INFO] [stdout] 3362 |     #[test_log::test]
[INFO] [stdout]      |       ^^^^^^^^ use of unresolved module or unlinked crate `test_log`
[INFO] [stdout] 
[INFO] [stdout] 
[INFO] [stdout] error[E0433]: cannot find module or crate `test_log` in this scope
[INFO] [stdout]     --> src/layout/calc.rs:3322:11
[INFO] [stdout]      |
[INFO] [stdout] 3322 |         #[test_log::test]
[INFO] [stdout]      |           ^^^^^^^^ use of unresolved module or unlinked crate `test_log`
[INFO] [stdout] 
[INFO] [stdout] 
[INFO] [stdout] error[E0433]: cannot find module or crate `test_log` in this scope
[INFO] [stdout]     --> src/layout/calc.rs:3277:11
[INFO] [stdout]      |
[INFO] [stdout] 3277 |         #[test_log::test]
[INFO] [stdout]      |           ^^^^^^^^ use of unresolved module or unlinked crate `test_log`
[INFO] [stdout] 
[INFO] [stdout] 
[INFO] [stdout] error[E0433]: cannot find module or crate `test_log` in this scope
[INFO] [stdout]     --> src/layout/calc.rs:3188:11
[INFO] [stdout]      |
[INFO] [stdout] 3188 |         #[test_log::test]
[INFO] [stdout]      |           ^^^^^^^^ use of unresolved module or unlinked crate `test_log`
[INFO] [stdout] 
[INFO] [stdout] 
[INFO] [stdout] error[E0433]: cannot find module or crate `test_log` in this scope
[INFO] [stdout]     --> src/layout/calc.rs:3136:11
[INFO] [stdout]      |
[INFO] [stdout] 3136 |         #[test_log::test]
[INFO] [stdout]      |           ^^^^^^^^ use of unresolved module or unlinked crate `test_log`
[INFO] [stdout] 
[INFO] [stdout] 
[INFO] [stdout] error[E0433]: cannot find module or crate `test_log` in this scope
[INFO] [stdout]     --> src/layout/calc.rs:3083:11
[INFO] [stdout]      |
[INFO] [stdout] 3083 |         #[test_log::test]
[INFO] [stdout]      |           ^^^^^^^^ use of unresolved module or unlinked crate `test_log`
[INFO] [stdout] 
[INFO] [stdout] 
[INFO] [stdout] error[E0433]: cannot find module or crate `test_log` in this scope
[INFO] [stdout]     --> src/layout/calc.rs:3038:11
[INFO] [stdout]      |
[INFO] [stdout] 3038 |         #[test_log::test]
[INFO] [stdout]      |           ^^^^^^^^ use of unresolved module or unlinked crate `test_log`
[INFO] [stdout] 
[INFO] [stdout] 
[INFO] [stdout] error[E0433]: cannot find module or crate `test_log` in this scope
[INFO] [stdout]     --> src/layout/calc.rs:3007:11
[INFO] [stdout]      |
[INFO] [stdout] 3007 |         #[test_log::test]
[INFO] [stdout]      |           ^^^^^^^^ use of unresolved module or unlinked crate `test_log`
[INFO] [stdout] 
[INFO] [stdout] 
[INFO] [stdout] error[E0433]: cannot find module or crate `test_log` in this scope
[INFO] [stdout]     --> src/layout/calc.rs:2976:11
[INFO] [stdout]      |
[INFO] [stdout] 2976 |         #[test_log::test]
[INFO] [stdout]      |           ^^^^^^^^ use of unresolved module or unlinked crate `test_log`
[INFO] [stdout] 
[INFO] [stdout] 
[INFO] [stdout] error[E0433]: cannot find module or crate `test_log` in this scope
[INFO] [stdout]     --> src/layout/calc.rs:2812:11
[INFO] [stdout]      |
[INFO] [stdout] 2812 |         #[test_log::test]
[INFO] [stdout]      |           ^^^^^^^^ use of unresolved module or unlinked crate `test_log`
[INFO] [stdout] 
[INFO] [stdout] 
[INFO] [stdout] error[E0433]: cannot find module or crate `test_log` in this scope
[INFO] [stdout]     --> src/layout/calc.rs:2725:11
[INFO] [stdout]      |
[INFO] [stdout] 2725 |         #[test_log::test]
[INFO] [stdout]      |           ^^^^^^^^ use of unresolved module or unlinked crate `test_log`
[INFO] [stdout] 
[INFO] [stdout] 
[INFO] [stdout] error[E0433]: cannot find module or crate `test_log` in this scope
[INFO] [stdout]     --> src/layout/calc.rs:2583:11
[INFO] [stdout]      |
[INFO] [stdout] 2583 |         #[test_log::test]
[INFO] [stdout]      |           ^^^^^^^^ use of unresolved module or unlinked crate `test_log`
[INFO] [stdout] 
[INFO] [stdout] 
[INFO] [stdout] error[E0433]: cannot find module or crate `test_log` in this scope
[INFO] [stdout]     --> src/layout/calc.rs:2448:11
[INFO] [stdout]      |
[INFO] [stdout] 2448 |         #[test_log::test]
[INFO] [stdout]      |           ^^^^^^^^ use of unresolved module or unlinked crate `test_log`
[INFO] [stdout] 
[INFO] [stdout] 
[INFO] [stdout] error[E0433]: cannot find module or crate `test_log` in this scope
[INFO] [stdout]     --> src/layout/calc.rs:2291:11
[INFO] [stdout]      |
[INFO] [stdout] 2291 |         #[test_log::test]
[INFO] [stdout]      |           ^^^^^^^^ use of unresolved module or unlinked crate `test_log`
[INFO] [stdout] 
[INFO] [stdout] 
[INFO] [stdout] error[E0433]: cannot find module or crate `test_log` in this scope
[INFO] [stdout]     --> src/layout/calc.rs:2130:11
[INFO] [stdout]      |
[INFO] [stdout] 2130 |         #[test_log::test]
[INFO] [stdout]      |           ^^^^^^^^ use of unresolved module or unlinked crate `test_log`
[INFO] [stdout] 
[INFO] [stdout] 
[INFO] [stdout] error[E0433]: cannot find module or crate `test_log` in this scope
[INFO] [stdout]     --> src/layout/calc.rs:2027:11
[INFO] [stdout]      |
[INFO] [stdout] 2027 |         #[test_log::test]
[INFO] [stdout]      |           ^^^^^^^^ use of unresolved module or unlinked crate `test_log`
[INFO] [stdout] 
[INFO] [stdout] 
[INFO] [stdout] error[E0433]: cannot find module or crate `test_log` in this scope
[INFO] [stdout]     --> src/layout/calc.rs:1965:11
[INFO] [stdout]      |
[INFO] [stdout] 1965 |         #[test_log::test]
[INFO] [stdout]      |           ^^^^^^^^ use of unresolved module or unlinked crate `test_log`
[INFO] [stdout] 
[INFO] [stdout] 
[INFO] [stdout] error[E0433]: cannot find module or crate `test_log` in this scope
[INFO] [stdout]     --> src/html.rs:2717:7
[INFO] [stdout]      |
[INFO] [stdout] 2717 |     #[test_log::test]
[INFO] [stdout]      |       ^^^^^^^^ use of unresolved module or unlinked crate `test_log`
[INFO] [stdout] 
[INFO] [stdout] 
[INFO] [stdout] error[E0433]: cannot find module or crate `test_log` in this scope
[INFO] [stdout]     --> src/html.rs:2706:7
[INFO] [stdout]      |
[INFO] [stdout] 2706 |     #[test_log::test]
[INFO] [stdout]      |       ^^^^^^^^ use of unresolved module or unlinked crate `test_log`
[INFO] [stdout] 
[INFO] [stdout] 
[INFO] [stdout] error[E0433]: cannot find module or crate `test_log` in this scope
[INFO] [stdout]     --> src/html.rs:2685:7
[INFO] [stdout]      |
[INFO] [stdout] 2685 |     #[test_log::test]
[INFO] [stdout]      |       ^^^^^^^^ use of unresolved module or unlinked crate `test_log`
[INFO] [stdout] 
[INFO] [stdout] 
[INFO] [stdout] error[E0433]: cannot find module or crate `test_log` in this scope
[INFO] [stdout]     --> src/html.rs:2660:7
[INFO] [stdout]      |
[INFO] [stdout] 2660 |     #[test_log::test]
[INFO] [stdout]      |       ^^^^^^^^ use of unresolved module or unlinked crate `test_log`
[INFO] [stdout] 
[INFO] [stdout] 
[INFO] [stdout] error[E0433]: cannot find module or crate `test_log` in this scope
[INFO] [stdout]     --> src/html.rs:2649:7
[INFO] [stdout]      |
[INFO] [stdout] 2649 |     #[test_log::test]
[INFO] [stdout]      |       ^^^^^^^^ use of unresolved module or unlinked crate `test_log`
[INFO] [stdout] 
[INFO] [stdout] 
[INFO] [stdout] error[E0433]: cannot find module or crate `test_log` in this scope
[INFO] [stdout]     --> src/html.rs:2601:7
[INFO] [stdout]      |
[INFO] [stdout] 2601 |     #[test_log::test]
[INFO] [stdout]      |       ^^^^^^^^ use of unresolved module or unlinked crate `test_log`
[INFO] [stdout] 
[INFO] [stdout] 
[INFO] [stdout] error[E0433]: cannot find module or crate `test_log` in this scope
[INFO] [stdout]     --> src/html.rs:2578:7
[INFO] [stdout]      |
[INFO] [stdout] 2578 |     #[test_log::test]
[INFO] [stdout]      |       ^^^^^^^^ use of unresolved module or unlinked crate `test_log`
[INFO] [stdout] 
[INFO] [stdout] 
[INFO] [stdout] error[E0433]: cannot find module or crate `test_log` in this scope
[INFO] [stdout]     --> src/html.rs:2552:7
[INFO] [stdout]      |
[INFO] [stdout] 2552 |     #[test_log::test]
[INFO] [stdout]      |       ^^^^^^^^ use of unresolved module or unlinked crate `test_log`
[INFO] [stdout] 
[INFO] [stdout] 
[INFO] [stdout] error[E0433]: cannot find module or crate `test_log` in this scope
[INFO] [stdout]     --> src/html.rs:2509:7
[INFO] [stdout]      |
[INFO] [stdout] 2509 |     #[test_log::test]
[INFO] [stdout]      |       ^^^^^^^^ use of unresolved module or unlinked crate `test_log`
[INFO] [stdout] 
[INFO] [stdout] 
[INFO] [stdout] error[E0433]: cannot find module or crate `test_log` in this scope
[INFO] [stdout]     --> src/html.rs:2491:7
[INFO] [stdout]      |
[INFO] [stdout] 2491 |     #[test_log::test]
[INFO] [stdout]      |       ^^^^^^^^ use of unresolved module or unlinked crate `test_log`
[INFO] [stdout] 
[INFO] [stdout] 
[INFO] [stdout] error[E0433]: cannot find module or crate `test_log` in this scope
[INFO] [stdout]     --> src/html.rs:2473:7
[INFO] [stdout]      |
[INFO] [stdout] 2473 |     #[test_log::test]
[INFO] [stdout]      |       ^^^^^^^^ use of unresolved module or unlinked crate `test_log`
[INFO] [stdout] 
[INFO] [stdout] 
[INFO] [stdout] error[E0433]: cannot find module or crate `test_log` in this scope
[INFO] [stdout]     --> src/html.rs:2455:7
[INFO] [stdout]      |
[INFO] [stdout] 2455 |     #[test_log::test]
[INFO] [stdout]      |       ^^^^^^^^ use of unresolved module or unlinked crate `test_log`
[INFO] [stdout] 
[INFO] [stdout] 
[INFO] [stdout] error[E0433]: cannot find module or crate `test_log` in this scope
[INFO] [stdout]     --> src/html.rs:2431:7
[INFO] [stdout]      |
[INFO] [stdout] 2431 |     #[test_log::test]
[INFO] [stdout]      |       ^^^^^^^^ use of unresolved module or unlinked crate `test_log`
[INFO] [stdout] 
[INFO] [stdout] 
[INFO] [stdout] error[E0433]: cannot find module or crate `test_log` in this scope
[INFO] [stdout]     --> src/html.rs:2415:7
[INFO] [stdout]      |
[INFO] [stdout] 2415 |     #[test_log::test]
[INFO] [stdout]      |       ^^^^^^^^ use of unresolved module or unlinked crate `test_log`
[INFO] [stdout] 
[INFO] [stdout] 
[INFO] [stdout] error[E0433]: cannot find module or crate `test_log` in this scope
[INFO] [stdout]     --> src/html.rs:2399:7
[INFO] [stdout]      |
[INFO] [stdout] 2399 |     #[test_log::test]
[INFO] [stdout]      |       ^^^^^^^^ use of unresolved module or unlinked crate `test_log`
[INFO] [stdout] 
[INFO] [stdout] 
[INFO] [stdout] error[E0433]: cannot find module or crate `test_log` in this scope
[INFO] [stdout]     --> src/html.rs:2383:7
[INFO] [stdout]      |
[INFO] [stdout] 2383 |     #[test_log::test]
[INFO] [stdout]      |       ^^^^^^^^ use of unresolved module or unlinked crate `test_log`
[INFO] [stdout] 
[INFO] [stdout] 
[INFO] [stdout] error[E0433]: cannot find module or crate `test_log` in this scope
[INFO] [stdout]     --> src/html.rs:2366:7
[INFO] [stdout]      |
[INFO] [stdout] 2366 |     #[test_log::test]
[INFO] [stdout]      |       ^^^^^^^^ use of unresolved module or unlinked crate `test_log`
[INFO] [stdout] 
[INFO] [stdout] 
[INFO] [stdout] error[E0433]: cannot find module or crate `test_log` in this scope
[INFO] [stdout]     --> src/html.rs:2349:7
[INFO] [stdout]      |
[INFO] [stdout] 2349 |     #[test_log::test]
[INFO] [stdout]      |       ^^^^^^^^ use of unresolved module or unlinked crate `test_log`
[INFO] [stdout] 
[INFO] [stdout] 
[INFO] [stdout] error: cannot find macro `proptest` in this scope
[INFO] [stdout]    --> src/lib.rs:470:5
[INFO] [stdout]     |
[INFO] [stdout] 470 |     proptest! {
[INFO] [stdout]     |     ^^^^^^^^
[INFO] [stdout] 
[INFO] [stdout] 
[INFO] [stdout] error: cannot find macro `proptest` in this scope
[INFO] [stdout]     --> src/html.rs:2201:5
[INFO] [stdout]      |
[INFO] [stdout] 2201 |     proptest! {
[INFO] [stdout]      |     ^^^^^^^^
[INFO] [stdout] 
[INFO] [stdout] 
[INFO] [stdout] error: cannot find macro `prop_compose` in this scope
[INFO] [stdout]    --> src/arb.rs:665:1
[INFO] [stdout]     |
[INFO] [stdout] 665 | prop_compose! {
[INFO] [stdout]     | ^^^^^^^^^^^^
[INFO] [stdout] 
[INFO] [stdout] 
[INFO] [stdout] error: cannot find macro `prop_compose` in this scope
[INFO] [stdout]    --> src/arb.rs:647:1
[INFO] [stdout]     |
[INFO] [stdout] 647 | prop_compose! {
[INFO] [stdout]     | ^^^^^^^^^^^^
[INFO] [stdout] 
[INFO] [stdout] 
[INFO] [stdout] error: cannot find macro `prop_compose` in this scope
[INFO] [stdout]    --> src/arb.rs:630:1
[INFO] [stdout]     |
[INFO] [stdout] 630 | prop_compose! {
[INFO] [stdout]     | ^^^^^^^^^^^^
[INFO] [stdout] 
[INFO] [stdout] 
[INFO] [stdout] error: cannot find macro `prop_compose` in this scope
[INFO] [stdout]    --> src/arb.rs:611:1
[INFO] [stdout]     |
[INFO] [stdout] 611 | prop_compose! {
[INFO] [stdout]     | ^^^^^^^^^^^^
[INFO] [stdout] 
[INFO] [stdout] 
[INFO] [stdout] error: cannot find macro `prop_compose` in this scope
[INFO] [stdout]    --> src/arb.rs:593:1
[INFO] [stdout]     |
[INFO] [stdout] 593 | prop_compose! {
[INFO] [stdout]     | ^^^^^^^^^^^^
[INFO] [stdout] 
[INFO] [stdout] 
[INFO] [stdout] error: cannot find macro `prop_compose` in this scope
[INFO] [stdout]    --> src/arb.rs:575:1
[INFO] [stdout]     |
[INFO] [stdout] 575 | prop_compose! {
[INFO] [stdout]     | ^^^^^^^^^^^^
[INFO] [stdout] 
[INFO] [stdout] 
[INFO] [stdout] error: cannot find macro `prop_compose` in this scope
[INFO] [stdout]    --> src/arb.rs:543:1
[INFO] [stdout]     |
[INFO] [stdout] 543 | prop_compose! {
[INFO] [stdout]     | ^^^^^^^^^^^^
[INFO] [stdout] 
[INFO] [stdout] 
[INFO] [stdout] error: cannot find macro `prop_oneof` in this scope
[INFO] [stdout]    --> src/arb.rs:366:9
[INFO] [stdout]     |
[INFO] [stdout] 366 |         prop_oneof![
[INFO] [stdout]     |         ^^^^^^^^^^
[INFO] [stdout] 
[INFO] [stdout] 
[INFO] [stdout] error: cannot find macro `prop_oneof` in this scope
[INFO] [stdout]    --> src/arb.rs:232:9
[INFO] [stdout]     |
[INFO] [stdout] 232 |         prop_oneof![
[INFO] [stdout]     |         ^^^^^^^^^^
[INFO] [stdout] 
[INFO] [stdout] 
[INFO] [stdout] error: cannot find macro `prop_oneof` in this scope
[INFO] [stdout]    --> src/arb.rs:227:31
[INFO] [stdout]     |
[INFO] [stdout] 227 |         let canvas_strategy = prop_oneof![Just(Self::Canvas)].boxed();
[INFO] [stdout]     |                               ^^^^^^^^^^
[INFO] [stdout] 
[INFO] [stdout] 
[INFO] [stdout] error: cannot find macro `prop_oneof` in this scope
[INFO] [stdout]    --> src/arb.rs:202:9
[INFO] [stdout]     |
[INFO] [stdout] 202 |         prop_oneof![
[INFO] [stdout]     |         ^^^^^^^^^^
[INFO] [stdout] 
[INFO] [stdout] 
[INFO] [stdout] error: cannot find macro `prop_oneof` in this scope
[INFO] [stdout]    --> src/arb.rs:146:9
[INFO] [stdout]     |
[INFO] [stdout] 146 |         prop_oneof![
[INFO] [stdout]     |         ^^^^^^^^^^
[INFO] [stdout] 
[INFO] [stdout] 
[INFO] [stdout] error: cannot find macro `prop_oneof` in this scope
[INFO] [stdout]    --> src/arb.rs:112:5
[INFO] [stdout]     |
[INFO] [stdout] 112 |     prop_oneof![
[INFO] [stdout]     |     ^^^^^^^^^^
[INFO] [stdout] 
[INFO] [stdout] 
[INFO] [stdout] error: cannot find macro `prop_oneof` in this scope
[INFO] [stdout]   --> src/arb.rs:59:13
[INFO] [stdout]    |
[INFO] [stdout] 59 |             prop_oneof![
[INFO] [stdout]    |             ^^^^^^^^^^
[INFO] [stdout] 
[INFO] [stdout] 
[INFO] [stdout] error: cannot find macro `prop_oneof` in this scope
[INFO] [stdout]   --> src/arb.rs:25:5
[INFO] [stdout]    |
[INFO] [stdout] 25 |     prop_oneof![
[INFO] [stdout]    |     ^^^^^^^^^^
[INFO] [stdout] 
[INFO] [stdout] 
[INFO] [stdout] error[E0433]: cannot find module or crate `prop` in this scope
[INFO] [stdout]    --> src/arb.rs:165:13
[INFO] [stdout]     |
[INFO] [stdout] 165 |             prop::collection::vec(
[INFO] [stdout]     |             ^^^^ use of unresolved module or unlinked crate `prop`
[INFO] [stdout]     |
[INFO] [stdout]     = help: if you wanted to use a crate named `prop`, use `cargo add prop` to add it to your `Cargo.toml`
[INFO] [stdout] 
[INFO] [stdout] 
[INFO] [stdout] error[E0433]: cannot find module or crate `prop` in this scope
[INFO] [stdout]    --> src/arb.rs:500:5
[INFO] [stdout]     |
[INFO] [stdout] 500 |     prop::collection::btree_map(any::<XmlAttrNameString>(), any::<XmlString>(), 0..5)
[INFO] [stdout]     |     ^^^^ use of unresolved module or unlinked crate `prop`
[INFO] [stdout]     |
[INFO] [stdout]     = help: if you wanted to use a crate named `prop`, use `cargo add prop` to add it to your `Cargo.toml`
[INFO] [stdout] 
[INFO] [stdout] 
[INFO] [stdout] error[E0433]: cannot find module or crate `prop` in this scope
[INFO] [stdout]    --> src/arb.rs:926:25
[INFO] [stdout]     |
[INFO] [stdout] 926 |                         prop::collection::vec(inner, 0..3),
[INFO] [stdout]     |                         ^^^^ use of unresolved module or unlinked crate `prop`
[INFO] [stdout]     |
[INFO] [stdout]     = help: if you wanted to use a crate named `prop`, use `cargo add prop` to add it to your `Cargo.toml`
[INFO] [stdout] 
[INFO] [stdout] 
[INFO] [stdout] error[E0425]: cannot find type `BoxedStrategy` in this scope
[INFO] [stdout]   --> src/arb.rs:24:34
[INFO] [stdout]    |
[INFO] [stdout] 24 | fn non_calc_number_strategy() -> BoxedStrategy<Number> {
[INFO] [stdout]    |                                  ^^^^^^^^^^^^^ not found in this scope
[INFO] [stdout] 
[INFO] [stdout] 
[INFO] [stdout] error[E0425]: cannot find type `BoxedStrategy` in this scope
[INFO] [stdout]   --> src/arb.rs:50:30
[INFO] [stdout]    |
[INFO] [stdout] 50 | fn calculation_strategy() -> BoxedStrategy<Calculation> {
[INFO] [stdout]    |                              ^^^^^^^^^^^^^ not found in this scope
[INFO] [stdout] 
[INFO] [stdout] 
[INFO] [stdout] error[E0405]: cannot find trait `Arbitrary` in this scope
[INFO] [stdout]   --> src/arb.rs:98:6
[INFO] [stdout]    |
[INFO] [stdout] 98 | impl Arbitrary for Calculation {
[INFO] [stdout]    |      ^^^^^^^^^ not found in this scope
[INFO] [stdout] 
[INFO] [stdout] 
[INFO] [stdout] error[E0425]: cannot find type `BoxedStrategy` in this scope
[INFO] [stdout]    --> src/arb.rs:100:21
[INFO] [stdout]     |
[INFO] [stdout] 100 |     type Strategy = BoxedStrategy<Self>;
[INFO] [stdout]     |                     ^^^^^^^^^^^^^ not found in this scope
[INFO] [stdout] 
[INFO] [stdout] 
[INFO] [stdout] error[E0425]: cannot find type `BoxedStrategy` in this scope
[INFO] [stdout]    --> src/arb.rs:111:25
[INFO] [stdout]     |
[INFO] [stdout] 111 | fn number_strategy() -> BoxedStrategy<Number> {
[INFO] [stdout]     |                         ^^^^^^^^^^^^^ not found in this scope
[INFO] [stdout] 
[INFO] [stdout] 
[INFO] [stdout] error[E0405]: cannot find trait `Arbitrary` in this scope
[INFO] [stdout]    --> src/arb.rs:132:6
[INFO] [stdout]     |
[INFO] [stdout] 132 | impl Arbitrary for Number {
[INFO] [stdout]     |      ^^^^^^^^^ not found in this scope
[INFO] [stdout] 
[INFO] [stdout] 
[INFO] [stdout] error[E0425]: cannot find type `BoxedStrategy` in this scope
[INFO] [stdout]    --> src/arb.rs:134:21
[INFO] [stdout]     |
[INFO] [stdout] 134 |     type Strategy = BoxedStrategy<Self>;
[INFO] [stdout]     |                     ^^^^^^^^^^^^^ not found in this scope
[INFO] [stdout] 
[INFO] [stdout] 
[INFO] [stdout] error[E0405]: cannot find trait `Arbitrary` in this scope
[INFO] [stdout]    --> src/arb.rs:141:6
[INFO] [stdout]     |
[INFO] [stdout] 141 | impl Arbitrary for HeaderSize {
[INFO] [stdout]     |      ^^^^^^^^^ not found in this scope
[INFO] [stdout] 
[INFO] [stdout] 
[INFO] [stdout] error[E0425]: cannot find type `BoxedStrategy` in this scope
[INFO] [stdout]    --> src/arb.rs:143:21
[INFO] [stdout]     |
[INFO] [stdout] 143 |     type Strategy = BoxedStrategy<Self>;
[INFO] [stdout]     |                     ^^^^^^^^^^^^^ not found in this scope
[INFO] [stdout] 
[INFO] [stdout] 
[INFO] [stdout] error[E0405]: cannot find trait `Arbitrary` in this scope
[INFO] [stdout]    --> src/arb.rs:158:6
[INFO] [stdout]     |
[INFO] [stdout] 158 | impl Arbitrary for TextDecoration {
[INFO] [stdout]     |      ^^^^^^^^^ not found in this scope
[INFO] [stdout] 
[INFO] [stdout] 
[INFO] [stdout] error[E0425]: cannot find type `BoxedStrategy` in this scope
[INFO] [stdout]    --> src/arb.rs:160:21
[INFO] [stdout]     |
[INFO] [stdout] 160 |     type Strategy = BoxedStrategy<Self>;
[INFO] [stdout]     |                     ^^^^^^^^^^^^^ not found in this scope
[INFO] [stdout] 
[INFO] [stdout] 
[INFO] [stdout] error[E0405]: cannot find trait `Arbitrary` in this scope
[INFO] [stdout]    --> src/arb.rs:182:6
[INFO] [stdout]     |
[INFO] [stdout] 182 | impl Arbitrary for Flex {
[INFO] [stdout]     |      ^^^^^^^^^ not found in this scope
[INFO] [stdout] 
[INFO] [stdout] 
[INFO] [stdout] error[E0425]: cannot find type `BoxedStrategy` in this scope
[INFO] [stdout]    --> src/arb.rs:184:21
[INFO] [stdout]     |
[INFO] [stdout] 184 |     type Strategy = BoxedStrategy<Self>;
[INFO] [stdout]     |                     ^^^^^^^^^^^^^ not found in this scope
[INFO] [stdout] 
[INFO] [stdout] 
[INFO] [stdout] error[E0405]: cannot find trait `Arbitrary` in this scope
[INFO] [stdout]    --> src/arb.rs:197:6
[INFO] [stdout]     |
[INFO] [stdout] 197 | impl Arbitrary for Input {
[INFO] [stdout]     |      ^^^^^^^^^ not found in this scope
[INFO] [stdout] 
[INFO] [stdout] 
[INFO] [stdout] error[E0425]: cannot find type `BoxedStrategy` in this scope
[INFO] [stdout]    --> src/arb.rs:199:21
[INFO] [stdout]     |
[INFO] [stdout] 199 |     type Strategy = BoxedStrategy<Self>;
[INFO] [stdout]     |                     ^^^^^^^^^^^^^ not found in this scope
[INFO] [stdout] 
[INFO] [stdout] 
[INFO] [stdout] error[E0405]: cannot find trait `Arbitrary` in this scope
[INFO] [stdout]    --> src/arb.rs:221:6
[INFO] [stdout]     |
[INFO] [stdout] 221 | impl Arbitrary for Element {
[INFO] [stdout]     |      ^^^^^^^^^ not found in this scope
[INFO] [stdout] 
[INFO] [stdout] 
[INFO] [stdout] error[E0425]: cannot find type `BoxedStrategy` in this scope
[INFO] [stdout]    --> src/arb.rs:223:21
[INFO] [stdout]     |
[INFO] [stdout] 223 |     type Strategy = BoxedStrategy<Self>;
[INFO] [stdout]     |                     ^^^^^^^^^^^^^ not found in this scope
[INFO] [stdout] 
[INFO] [stdout] 
[INFO] [stdout] error[E0405]: cannot find trait `Arbitrary` in this scope
[INFO] [stdout]    --> src/arb.rs:316:6
[INFO] [stdout]     |
[INFO] [stdout] 316 | impl Arbitrary for ConfigOverride {
[INFO] [stdout]     |      ^^^^^^^^^ not found in this scope
[INFO] [stdout] 
[INFO] [stdout] 
[INFO] [stdout] error[E0425]: cannot find type `BoxedStrategy` in this scope
[INFO] [stdout]    --> src/arb.rs:318:21
[INFO] [stdout]     |
[INFO] [stdout] 318 |     type Strategy = BoxedStrategy<Self>;
[INFO] [stdout]     |                     ^^^^^^^^^^^^^ not found in this scope
[INFO] [stdout] 
[INFO] [stdout] 
[INFO] [stdout] error[E0405]: cannot find trait `Arbitrary` in this scope
[INFO] [stdout]    --> src/arb.rs:348:6
[INFO] [stdout]     |
[INFO] [stdout] 348 | impl Arbitrary for OverrideCondition {
[INFO] [stdout]     |      ^^^^^^^^^ not found in this scope
[INFO] [stdout] 
[INFO] [stdout] 
[INFO] [stdout] error[E0425]: cannot find type `BoxedStrategy` in this scope
[INFO] [stdout]    --> src/arb.rs:350:21
[INFO] [stdout]     |
[INFO] [stdout] 350 |     type Strategy = BoxedStrategy<Self>;
[INFO] [stdout]     |                     ^^^^^^^^^^^^^ not found in this scope
[INFO] [stdout] 
[INFO] [stdout] 
[INFO] [stdout] error[E0405]: cannot find trait `Arbitrary` in this scope
[INFO] [stdout]    --> src/arb.rs:359:6
[INFO] [stdout]     |
[INFO] [stdout] 359 | impl Arbitrary for OverrideItem {
[INFO] [stdout]     |      ^^^^^^^^^ not found in this scope
[INFO] [stdout] 
[INFO] [stdout] 
[INFO] [stdout] error[E0425]: cannot find type `BoxedStrategy` in this scope
[INFO] [stdout]    --> src/arb.rs:361:21
[INFO] [stdout]     |
[INFO] [stdout] 361 |     type Strategy = BoxedStrategy<Self>;
[INFO] [stdout]     |                     ^^^^^^^^^^^^^ not found in this scope
[INFO] [stdout] 
[INFO] [stdout] 
[INFO] [stdout] error[E0425]: cannot find type `BoxedStrategy` in this scope
[INFO] [stdout]    --> src/arb.rs:499:31
[INFO] [stdout]     |
[INFO] [stdout] 499 | fn xml_btreemap_strategy() -> BoxedStrategy<BTreeMap<String, String>> {
[INFO] [stdout]     |                               ^^^^^^^^^^^^^ not found in this scope
[INFO] [stdout] 
[INFO] [stdout] 
[INFO] [stdout] error[E0425]: cannot find type `BoxedStrategy` in this scope
[INFO] [stdout]    --> src/arb.rs:682:35
[INFO] [stdout]     |
[INFO] [stdout] 682 | fn container_fields_strategy() -> BoxedStrategy<Container> {
[INFO] [stdout]     |                                   ^^^^^^^^^^^^^ not found in this scope
[INFO] [stdout] 
[INFO] [stdout] 
[INFO] [stdout] error[E0425]: cannot find type `BoxedStrategy` in this scope
[INFO] [stdout]    --> src/arb.rs:901:33
[INFO] [stdout]     |
[INFO] [stdout] 901 | fn leaf_container_strategy() -> BoxedStrategy<Container> {
[INFO] [stdout]     |                                 ^^^^^^^^^^^^^ not found in this scope
[INFO] [stdout] 
[INFO] [stdout] 
[INFO] [stdout] error[E0405]: cannot find trait `Arbitrary` in this scope
[INFO] [stdout]    --> src/arb.rs:905:6
[INFO] [stdout]     |
[INFO] [stdout] 905 | impl Arbitrary for Container {
[INFO] [stdout]     |      ^^^^^^^^^ not found in this scope
[INFO] [stdout] 
[INFO] [stdout] 
[INFO] [stdout] error[E0425]: cannot find type `BoxedStrategy` in this scope
[INFO] [stdout]    --> src/arb.rs:907:21
[INFO] [stdout]     |
[INFO] [stdout] 907 |     type Strategy = BoxedStrategy<Self>;
[INFO] [stdout]     |                     ^^^^^^^^^^^^^ not found in this scope
[INFO] [stdout] 
[INFO] [stdout] 
[INFO] [stdout] warning: unused imports: `Flex`, `Number`, and `TextDecoration`
[INFO] [stdout]     --> src/html.rs:1943:28
[INFO] [stdout]      |
[INFO] [stdout] 1943 |     use crate::{Container, Flex, Input, Number, TextDecoration};
[INFO] [stdout]      |                            ^^^^         ^^^^^^  ^^^^^^^^^^^^^^
[INFO] [stdout]      |
[INFO] [stdout]      = note: `#[warn(unused_imports)]` (part of `#[warn(unused)]`) on by default
[INFO] [stdout] 
[INFO] [stdout] 
[INFO] [stdout] warning: unused import: `hyperchad_color::Color`
[INFO] [stdout]     --> src/html.rs:1944:9
[INFO] [stdout]      |
[INFO] [stdout] 1944 |     use hyperchad_color::Color;
[INFO] [stdout]      |         ^^^^^^^^^^^^^^^^^^^^^^
[INFO] [stdout] 
[INFO] [stdout] 
[INFO] [stdout] warning: unused imports: `FontWeight`, `ImageFit`, `ImageLoading`, `LayoutDirection`, `LinkTarget`, `Selector`, `TextDecorationLine`, and `TextDecorationStyle`
[INFO] [stdout]     --> src/html.rs:1946:9
[INFO] [stdout]      |
[INFO] [stdout] 1946 |         FontWeight, ImageFit, ImageLoading, LayoutDirection, LinkTarget, Route, Selector,
[INFO] [stdout]      |         ^^^^^^^^^^  ^^^^^^^^  ^^^^^^^^^^^^  ^^^^^^^^^^^^^^^  ^^^^^^^^^^         ^^^^^^^^
[INFO] [stdout] 1947 |         SwapStrategy, TextDecorationLine, TextDecorationStyle,
[INFO] [stdout]      |                       ^^^^^^^^^^^^^^^^^^  ^^^^^^^^^^^^^^^^^^^
[INFO] [stdout] 
[INFO] [stdout] 
[INFO] [stdout] warning: unused import: `hyperchad_transformer_models::AlignItems`
[INFO] [stdout]     --> src/layout/calc.rs:1837:9
[INFO] [stdout]      |
[INFO] [stdout] 1837 |     use hyperchad_transformer_models::AlignItems;
[INFO] [stdout]      |         ^^^^^^^^^^^^^^^^^^^^^^^^^^^^^^^^^^^^^^^^
[INFO] [stdout] 
[INFO] [stdout] 
[INFO] [stdout] warning: unused imports: `AlignItems`, `TextAlign`, and `Visibility`
[INFO] [stdout]      --> src/layout/calc.rs:11324:44
[INFO] [stdout]       |
[INFO] [stdout] 11324 |         use hyperchad_transformer_models::{AlignItems, TextAlign, Visibility};
[INFO] [stdout]       |                                            ^^^^^^^^^^  ^^^^^^^^^  ^^^^^^^^^^
[INFO] [stdout] 
[INFO] [stdout] 
[INFO] [stdout] warning: unused imports: `Calculation`, `parse_calculation`, and `split_on_char_trimmed`
[INFO] [stdout]    --> src/parse.rs:395:9
[INFO] [stdout]     |
[INFO] [stdout] 395 |         Calculation, Number,
[INFO] [stdout]     |         ^^^^^^^^^^^
[INFO] [stdout] 396 |         parse::{
[INFO] [stdout] 397 |             parse_calc, parse_calculation, parse_grouping, parse_max, parse_min, parse_number,
[INFO] [stdout]     |                         ^^^^^^^^^^^^^^^^^
[INFO] [stdout] 398 |             split_on_char, split_on_char_trimmed,
[INFO] [stdout]     |                            ^^^^^^^^^^^^^^^^^^^^^
[INFO] [stdout] 
[INFO] [stdout] 
[INFO] [stdout] warning: unused import: `crate::Number`
[INFO] [stdout]    --> src/lib.rs:468:9
[INFO] [stdout]     |
[INFO] [stdout] 468 |     use crate::Number;
[INFO] [stdout]     |         ^^^^^^^^^^^^^
[INFO] [stdout] 
[INFO] [stdout] 
[INFO] [stdout] error[E0425]: cannot find function `any` in this scope
[INFO] [stdout]    --> src/arb.rs:164:13
[INFO] [stdout]     |
[INFO] [stdout] 164 |             any::<Option<hyperchad_color::Color>>(),
[INFO] [stdout]     |             ^^^ not found in this scope
[INFO] [stdout] 
[INFO] [stdout] 
[INFO] [stdout] error[E0425]: cannot find function `any` in this scope
[INFO] [stdout]    --> src/arb.rs:166:17
[INFO] [stdout]     |
[INFO] [stdout] 166 |                 any::<hyperchad_transformer_models::TextDecorationLine>(),
[INFO] [stdout]     |                 ^^^ not found in this scope
[INFO] [stdout] 
[INFO] [stdout] 
[INFO] [stdout] error[E0425]: cannot find function `any` in this scope
[INFO] [stdout]    --> src/arb.rs:169:13
[INFO] [stdout]     |
[INFO] [stdout] 169 |             any::<Option<hyperchad_transformer_models::TextDecorationStyle>>(),
[INFO] [stdout]     |             ^^^ not found in this scope
[INFO] [stdout] 
[INFO] [stdout] 
[INFO] [stdout] error[E0425]: cannot find function `any` in this scope
[INFO] [stdout]    --> src/arb.rs:170:13
[INFO] [stdout]     |
[INFO] [stdout] 170 |             any::<Option<Number>>(),
[INFO] [stdout]     |             ^^^ not found in this scope
[INFO] [stdout] 
[INFO] [stdout] 
[INFO] [stdout] error[E0425]: cannot find function `any` in this scope
[INFO] [stdout]    --> src/arb.rs:187:10
[INFO] [stdout]     |
[INFO] [stdout] 187 |         (any::<Number>(), any::<Number>(), any::<Number>())
[INFO] [stdout]     |          ^^^ not found in this scope
[INFO] [stdout] 
[INFO] [stdout] 
[INFO] [stdout] error[E0425]: cannot find function `any` in this scope
[INFO] [stdout]    --> src/arb.rs:187:27
[INFO] [stdout]     |
[INFO] [stdout] 187 |         (any::<Number>(), any::<Number>(), any::<Number>())
[INFO] [stdout]     |                           ^^^ not found in this scope
[INFO] [stdout] 
[INFO] [stdout] 
[INFO] [stdout] error[E0425]: cannot find function `any` in this scope
[INFO] [stdout]    --> src/arb.rs:187:44
[INFO] [stdout]     |
[INFO] [stdout] 187 |         (any::<Number>(), any::<Number>(), any::<Number>())
[INFO] [stdout]     |                                            ^^^ not found in this scope
[INFO] [stdout] 
[INFO] [stdout] 
[INFO] [stdout] error[E0425]: cannot find function `any` in this scope
[INFO] [stdout]    --> src/arb.rs:324:13
[INFO] [stdout]     |
[INFO] [stdout] 324 |             any::<OverrideCondition>(),
[INFO] [stdout]     |             ^^^ not found in this scope
[INFO] [stdout] 
[INFO] [stdout] 
[INFO] [stdout] error[E0425]: cannot find function `any` in this scope
[INFO] [stdout]    --> src/arb.rs:325:13
[INFO] [stdout]     |
[INFO] [stdout] 325 |             any::<OverrideItem>(),
[INFO] [stdout]     |             ^^^ not found in this scope
[INFO] [stdout] 
[INFO] [stdout] 
[INFO] [stdout] error[E0425]: cannot find function `any` in this scope
[INFO] [stdout]    --> src/arb.rs:326:13
[INFO] [stdout]     |
[INFO] [stdout] 326 |             any::<Option<OverrideItem>>(),
[INFO] [stdout]     |             ^^^ not found in this scope
[INFO] [stdout] 
[INFO] [stdout] 
[INFO] [stdout] error[E0425]: cannot find function `any` in this scope
[INFO] [stdout]    --> src/arb.rs:353:9
[INFO] [stdout]     |
[INFO] [stdout] 353 |         any::<CssIdentifierString>()
[INFO] [stdout]     |         ^^^ not found in this scope
[INFO] [stdout] 
[INFO] [stdout] 
[INFO] [stdout] error[E0425]: cannot find function `any` in this scope
[INFO] [stdout]    --> src/arb.rs:500:33
[INFO] [stdout]     |
[INFO] [stdout] 500 |     prop::collection::btree_map(any::<XmlAttrNameString>(), any::<XmlString>(), 0..5)
[INFO] [stdout]     |                                 ^^^ not found in this scope
[INFO] [stdout] 
[INFO] [stdout] 
[INFO] [stdout] error[E0425]: cannot find function `any` in this scope
[INFO] [stdout]    --> src/arb.rs:500:61
[INFO] [stdout]     |
[INFO] [stdout] 500 |     prop::collection::btree_map(any::<XmlAttrNameString>(), any::<XmlString>(), 0..5)
[INFO] [stdout]     |                                                             ^^^ not found in this scope
[INFO] [stdout] 
[INFO] [stdout] 
[INFO] [stdout] error[E0425]: cannot find function `container_group1` in this scope
[INFO] [stdout]    --> src/arb.rs:684:9
[INFO] [stdout]     |
[INFO] [stdout] 684 |         container_group1(),
[INFO] [stdout]     |         ^^^^^^^^^^^^^^^^ not found in this scope
[INFO] [stdout] 
[INFO] [stdout] 
[INFO] [stdout] error[E0425]: cannot find function `container_group2` in this scope
[INFO] [stdout]    --> src/arb.rs:685:9
[INFO] [stdout]     |
[INFO] [stdout] 685 |         container_group2(),
[INFO] [stdout]     |         ^^^^^^^^^^^^^^^^ not found in this scope
[INFO] [stdout] 
[INFO] [stdout] 
[INFO] [stdout] error[E0425]: cannot find function `container_group3` in this scope
[INFO] [stdout]    --> src/arb.rs:686:9
[INFO] [stdout]     |
[INFO] [stdout] 686 |         container_group3(),
[INFO] [stdout]     |         ^^^^^^^^^^^^^^^^ not found in this scope
[INFO] [stdout] 
[INFO] [stdout] 
[INFO] [stdout] error[E0425]: cannot find function `container_group4` in this scope
[INFO] [stdout]    --> src/arb.rs:687:9
[INFO] [stdout]     |
[INFO] [stdout] 687 |         container_group4(),
[INFO] [stdout]     |         ^^^^^^^^^^^^^^^^ not found in this scope
[INFO] [stdout] 
[INFO] [stdout] 
[INFO] [stdout] error[E0425]: cannot find function `container_group5` in this scope
[INFO] [stdout]    --> src/arb.rs:688:9
[INFO] [stdout]     |
[INFO] [stdout] 688 |         container_group5(),
[INFO] [stdout]     |         ^^^^^^^^^^^^^^^^ not found in this scope
[INFO] [stdout] 
[INFO] [stdout] 
[INFO] [stdout] error[E0425]: cannot find function `container_group6` in this scope
[INFO] [stdout]    --> src/arb.rs:689:9
[INFO] [stdout]     |
[INFO] [stdout] 689 |         container_group6(),
[INFO] [stdout]     |         ^^^^^^^^^^^^^^^^ not found in this scope
[INFO] [stdout] 
[INFO] [stdout] 
[INFO] [stdout] error[E0425]: cannot find function `container_group7` in this scope
[INFO] [stdout]    --> src/arb.rs:690:9
[INFO] [stdout]     |
[INFO] [stdout] 690 |         container_group7(),
[INFO] [stdout]     |         ^^^^^^^^^^^^^^^^ not found in this scope
[INFO] [stdout] 
[INFO] [stdout] 
[INFO] [stdout] Some errors have detailed explanations: E0405, E0425, E0432, E0433.
[INFO] [stdout] 
[INFO] [stdout] For more information about an error, try `rustc --explain E0405`.
[INFO] [stdout] 
[INFO] [stderr] error: could not compile `hyperchad_transformer` (lib test) due to 519 previous errors; 7 warnings emitted
[INFO] [stderr] warning: unused dependency `moosicbox_logging`
[INFO] [stderr]   --> Cargo.toml:31:15
[INFO] [stderr]    |
[INFO] [stderr] 31 | [dependencies.moosicbox_logging]
[INFO] [stderr]    |               ^^^^^^^^^^^^^^^^^^
[INFO] [stderr]    |
[INFO] [stderr]    = note: `cargo::unused_dependencies` is set to `warn` by default
[INFO] [stderr] help: consider removing the dependency on `moosicbox_logging`
[INFO] [stderr] warning: `hyperchad_transformer` (manifest) generated 1 warning
[INFO] running `Command { std: "docker" "inspect" "bf151251ea24e5c31a25200f785ef1a829f1660fa59ba54e23ca45c7b2127e8b", kill_on_drop: false }`
[INFO] running `Command { std: "docker" "rm" "-f" "bf151251ea24e5c31a25200f785ef1a829f1660fa59ba54e23ca45c7b2127e8b", kill_on_drop: false }`
[INFO] [stdout] bf151251ea24e5c31a25200f785ef1a829f1660fa59ba54e23ca45c7b2127e8b
