[INFO] fetching crate hyperchad_router 0.4.0...
[INFO] testing hyperchad_router-0.4.0 against 1.100.0-beta.1+cargoflags=--release for beta-release-1.100-2
[INFO] extracting crate hyperchad_router 0.4.0 into /workspace/builds/worker-2-tc2/source
[INFO] started tweaking crates.io crate hyperchad_router 0.4.0
[INFO] finished tweaking crates.io crate hyperchad_router 0.4.0
[INFO] tweaked toml for crates.io crate hyperchad_router 0.4.0 written to /workspace/builds/worker-2-tc2/source/Cargo.toml
[INFO] validating manifest of crates.io crate hyperchad_router 0.4.0 on toolchain 1.100.0-beta.1
[INFO] running `Command { std: CARGO_HOME="/workspace/cargo-home" RUSTUP_HOME="/workspace/rustup-home" "/workspace/cargo-home/bin/cargo" "+1.100.0-beta.1" "metadata" "--manifest-path" "Cargo.toml" "--no-deps", kill_on_drop: false }`
[INFO] crate crates.io crate hyperchad_router 0.4.0 already has a lockfile, it will not be regenerated
[INFO] running `Command { std: CARGO_HOME="/workspace/cargo-home" RUSTUP_HOME="/workspace/rustup-home" "/workspace/cargo-home/bin/cargo" "+1.100.0-beta.1" "fetch" "--manifest-path" "Cargo.toml", kill_on_drop: false }`
[INFO] running `Command { std: "docker" "create" "-v" "/var/lib/crater-agent-workspace/builds/worker-2-tc2/source:/opt/rustwide/workdir:ro,Z" "-v" "/var/lib/crater-agent-workspace/builds/worker-2-tc2/target:/opt/rustwide/target:rw,Z" "-v" "/var/lib/crater-agent-workspace/cargo-home:/opt/rustwide/cargo-home:ro,Z" "-v" "/var/lib/crater-agent-workspace/rustup-home:/opt/rustwide/rustup-home:ro,Z" "-m" "1610612736" "--network" "none" "ghcr.io/rust-lang/crates-build-env/linux@sha256:77db811e55d90add9212f6832c23229e3de5f1c1f9905e8cb07319ea15df73ac" "sleep" "infinity", kill_on_drop: false }`
[INFO] [stdout] 098d934276139871c32e8a4529c9d4182696b0ef361e27c51b41f2715ab8a464
[INFO] running `Command { std: "docker" "start" "098d934276139871c32e8a4529c9d4182696b0ef361e27c51b41f2715ab8a464", kill_on_drop: false }`
[INFO] running `Command { std: "docker" "inspect" "098d934276139871c32e8a4529c9d4182696b0ef361e27c51b41f2715ab8a464", kill_on_drop: false }`
[INFO] running `Command { std: "docker" "exec" "-e" "SOURCE_DIR=/opt/rustwide/workdir" "-e" "CARGO_HOME=/opt/rustwide/cargo-home" "-e" "RUSTUP_HOME=/opt/rustwide/rustup-home" "-e" "CARGO_TARGET_DIR=/opt/rustwide/target" "-w" "/opt/rustwide/workdir" "--user" "0:0" "098d934276139871c32e8a4529c9d4182696b0ef361e27c51b41f2715ab8a464" "/opt/rustwide/cargo-home/bin/cargo" "+1.100.0-beta.1" "metadata" "--no-deps" "--format-version=1", kill_on_drop: false }`
[INFO] running `Command { std: "docker" "inspect" "098d934276139871c32e8a4529c9d4182696b0ef361e27c51b41f2715ab8a464", kill_on_drop: false }`
[INFO] running `Command { std: "docker" "exec" "-e" "SOURCE_DIR=/opt/rustwide/workdir" "-e" "CARGO_HOME=/opt/rustwide/cargo-home" "-e" "RUSTUP_HOME=/opt/rustwide/rustup-home" "-e" "CARGO_TARGET_DIR=/opt/rustwide/target" "-e" "CARGO_INCREMENTAL=0" "-e" "RUST_BACKTRACE=full" "-e" "RUSTFLAGS=--cap-lints=warn" "-e" "RUSTDOCFLAGS=--cap-lints=warn" "-w" "/opt/rustwide/workdir" "--user" "0:0" "098d934276139871c32e8a4529c9d4182696b0ef361e27c51b41f2715ab8a464" "/opt/rustwide/cargo-home/bin/cargo" "+1.100.0-beta.1" "build" "--frozen" "--message-format=json" "--release", kill_on_drop: false }`
[INFO] [stderr]    Compiling log v0.4.33
[INFO] [stderr]    Compiling colored v3.1.1
[INFO] [stderr]    Compiling serde_json v1.0.150
[INFO] [stderr]    Compiling moosicbox_env_utils v0.4.0
[INFO] [stderr]    Compiling encoding_index_tests v0.1.4
[INFO] [stderr]    Compiling getrandom v0.1.16
[INFO] [stderr]    Compiling regex-automata v0.4.14
[INFO] [stderr]    Compiling syn v2.0.118
[INFO] [stderr]    Compiling thread_local v1.1.9
[INFO] [stderr]    Compiling zerocopy v0.8.52
[INFO] [stderr]    Compiling smallvec v1.15.2
[INFO] [stderr]    Compiling bitflags v2.13.0
[INFO] [stderr]    Compiling version_check v0.1.5
[INFO] [stderr]    Compiling strum v0.26.3
[INFO] [stderr]    Compiling unicode-normalization v0.1.25
[INFO] [stderr]    Compiling nix v0.31.3
[INFO] [stderr]    Compiling spin v0.9.8
[INFO] [stderr]    Compiling tokio v1.52.3
[INFO] [stderr]    Compiling tracing-log v0.2.0
[INFO] [stderr]    Compiling switchy_time v0.4.0
[INFO] [stderr]    Compiling moosicbox_assert v0.4.0
[INFO] [stderr]    Compiling unicase v1.4.2
[INFO] [stderr]    Compiling log v0.3.9
[INFO] [stderr]    Compiling color-hex v0.2.0
[INFO] [stderr]    Compiling safemem v0.3.3
[INFO] [stderr]    Compiling rand_core v0.5.1
[INFO] [stderr]    Compiling base64 v0.9.3
[INFO] [stderr]    Compiling rustix v1.1.4
[INFO] [stderr]    Compiling flume v0.12.0
[INFO] [stderr]    Compiling mime v0.2.6
[INFO] [stderr]    Compiling idna v0.1.5
[INFO] [stderr]    Compiling encoding-index-japanese v1.20141219.5
[INFO] [stderr]    Compiling encoding-index-singlebyte v1.20141219.5
[INFO] [stderr]    Compiling encoding-index-simpchinese v1.20141219.5
[INFO] [stderr]    Compiling encoding-index-korean v1.20141219.5
[INFO] [stderr]    Compiling encoding-index-tradchinese v1.20141219.5
[INFO] [stderr]    Compiling time v0.1.45
[INFO] [stderr]    Compiling num_cpus v1.17.0
[INFO] [stderr]    Compiling tl v0.7.8
[INFO] [stderr]    Compiling xml v1.3.0
[INFO] [stderr]    Compiling traitobject v0.1.1
[INFO] [stderr]    Compiling typeable v0.1.2
[INFO] [stderr]    Compiling base64 v0.12.3
[INFO] [stderr]    Compiling language-tags v0.2.2
[INFO] [stderr]    Compiling html-escape v0.2.14
[INFO] [stderr]    Compiling encoding v0.2.33
[INFO] [stderr]    Compiling url v1.7.2
[INFO] [stderr]    Compiling buf-read-ext v0.4.0
[INFO] [stderr]    Compiling os_info v3.15.0
[INFO] [stderr]    Compiling qstring v0.7.2
[INFO] [stderr]    Compiling hyper v0.10.16
[INFO] [stderr]    Compiling tokio-util v0.7.18
[INFO] [stderr]    Compiling tempfile v3.27.0
[INFO] [stderr]    Compiling matchers v0.2.0
[INFO] [stderr]    Compiling ppv-lite86 v0.2.21
[INFO] [stderr]    Compiling thiserror-impl v2.0.18
[INFO] [stderr]    Compiling serde_derive v1.0.228
[INFO] [stderr]    Compiling thiserror-impl v1.0.69
[INFO] [stderr]    Compiling tracing-attributes v0.1.31
[INFO] [stderr]    Compiling strum_macros v0.28.0
[INFO] [stderr]    Compiling futures-macro v0.3.32
[INFO] [stderr]    Compiling strum_macros v0.26.4
[INFO] [stderr]    Compiling async-trait v0.1.89
[INFO] [stderr]    Compiling rand_chacha v0.2.2
[INFO] [stderr]    Compiling rand v0.7.3
[INFO] [stderr]    Compiling futures-util v0.3.32
[INFO] [stderr]    Compiling tracing v0.1.44
[INFO] [stderr]    Compiling thiserror v1.0.69
[INFO] [stderr]    Compiling thiserror v2.0.18
[INFO] [stderr]    Compiling switchy_env v0.4.0
[INFO] [stderr]    Compiling tracing-subscriber v0.3.23
[INFO] [stderr]    Compiling textnonce v1.0.0
[INFO] [stderr]    Compiling mime_multipart v0.6.1
[INFO] [stderr]    Compiling strum v0.28.0
[INFO] [stderr]    Compiling switchy_http_models v0.4.0
[INFO] [stderr]    Compiling switchy v0.4.0
[INFO] [stderr]    Compiling serde v1.0.228
[INFO] [stderr]    Compiling futures-executor v0.3.32
[INFO] [stderr]    Compiling free_log_models v0.2.0
[INFO] [stderr]    Compiling hyperchad_transformer_models v0.4.0
[INFO] [stderr]    Compiling hyperchad_color v0.4.0
[INFO] [stderr]    Compiling serde_urlencoded v0.7.1
[INFO] [stderr]    Compiling futures v0.3.32
[INFO] [stderr]    Compiling switchy_async v0.4.0
[INFO] [stderr]    Compiling free_log_client v0.5.0
[INFO] [stderr]    Compiling moosicbox_logging v0.4.0
[INFO] [stderr]    Compiling hyperchad_actions v0.4.0
[INFO] [stderr]    Compiling hyperchad_transformer v0.4.0
[INFO] [stderr]    Compiling hyperchad_renderer v0.4.0
[INFO] [stderr]    Compiling hyperchad_router v0.4.0 (/opt/rustwide/workdir)
[INFO] [stderr]     Finished `release` profile [optimized] target(s) in 1m 12s
[INFO] [stderr] warning: the following packages contain code that will be rejected by a future version of Rust: hyper v0.10.16, nix v0.31.3
[INFO] [stderr] note: to see what the problems were, use the option `--future-incompat-report`, or run `cargo report future-incompatibilities --id 2`
[INFO] running `Command { std: "docker" "inspect" "098d934276139871c32e8a4529c9d4182696b0ef361e27c51b41f2715ab8a464", kill_on_drop: false }`
[INFO] running `Command { std: "docker" "exec" "-e" "SOURCE_DIR=/opt/rustwide/workdir" "-e" "CARGO_HOME=/opt/rustwide/cargo-home" "-e" "RUSTUP_HOME=/opt/rustwide/rustup-home" "-e" "CARGO_TARGET_DIR=/opt/rustwide/target" "-e" "CARGO_INCREMENTAL=0" "-e" "RUST_BACKTRACE=full" "-e" "RUSTFLAGS=--cap-lints=warn" "-e" "RUSTDOCFLAGS=--cap-lints=warn" "-w" "/opt/rustwide/workdir" "--user" "0:0" "098d934276139871c32e8a4529c9d4182696b0ef361e27c51b41f2715ab8a464" "/opt/rustwide/cargo-home/bin/cargo" "+1.100.0-beta.1" "test" "--frozen" "--no-run" "--message-format=json" "--release", kill_on_drop: false }`
[INFO] [stderr]    Compiling hyperchad_router v0.4.0 (/opt/rustwide/workdir)
[INFO] [stdout] error[E0433]: cannot find module or crate `test_log` in this scope
[INFO] [stdout]     --> src/lib.rs:1945:11
[INFO] [stdout]      |
[INFO] [stdout] 1945 |         #[test_log::test]
[INFO] [stdout]      |           ^^^^^^^^ use of unresolved module or unlinked crate `test_log`
[INFO] [stdout] 
[INFO] [stdout] 
[INFO] [stdout] error[E0433]: cannot find module or crate `test_log` in this scope
[INFO] [stdout]     --> src/lib.rs:1953:11
[INFO] [stdout]      |
[INFO] [stdout] 1953 |         #[test_log::test]
[INFO] [stdout]      |           ^^^^^^^^ use of unresolved module or unlinked crate `test_log`
[INFO] [stdout] 
[INFO] [stdout] 
[INFO] [stdout] error[E0433]: cannot find module or crate `test_log` in this scope
[INFO] [stdout]     --> src/lib.rs:1961:11
[INFO] [stdout]      |
[INFO] [stdout] 1961 |         #[test_log::test]
[INFO] [stdout]      |           ^^^^^^^^ use of unresolved module or unlinked crate `test_log`
[INFO] [stdout] 
[INFO] [stdout] 
[INFO] [stdout] error[E0433]: cannot find module or crate `test_log` in this scope
[INFO] [stdout]     --> src/lib.rs:1971:11
[INFO] [stdout]      |
[INFO] [stdout] 1971 |         #[test_log::test]
[INFO] [stdout]      |           ^^^^^^^^ use of unresolved module or unlinked crate `test_log`
[INFO] [stdout] 
[INFO] [stdout] 
[INFO] [stdout] error[E0433]: cannot find module or crate `test_log` in this scope
[INFO] [stdout]     --> src/lib.rs:1978:11
[INFO] [stdout]      |
[INFO] [stdout] 1978 |         #[test_log::test]
[INFO] [stdout]      |           ^^^^^^^^ use of unresolved module or unlinked crate `test_log`
[INFO] [stdout] 
[INFO] [stdout] 
[INFO] [stdout] error[E0433]: cannot find module or crate `test_log` in this scope
[INFO] [stdout]     --> src/lib.rs:1986:11
[INFO] [stdout]      |
[INFO] [stdout] 1986 |         #[test_log::test]
[INFO] [stdout]      |           ^^^^^^^^ use of unresolved module or unlinked crate `test_log`
[INFO] [stdout] 
[INFO] [stdout] 
[INFO] [stdout] error[E0433]: cannot find module or crate `test_log` in this scope
[INFO] [stdout]     --> src/lib.rs:1998:11
[INFO] [stdout]      |
[INFO] [stdout] 1998 |         #[test_log::test]
[INFO] [stdout]      |           ^^^^^^^^ use of unresolved module or unlinked crate `test_log`
[INFO] [stdout] 
[INFO] [stdout] 
[INFO] [stdout] error[E0433]: cannot find module or crate `test_log` in this scope
[INFO] [stdout]     --> src/lib.rs:2004:11
[INFO] [stdout]      |
[INFO] [stdout] 2004 |         #[test_log::test]
[INFO] [stdout]      |           ^^^^^^^^ use of unresolved module or unlinked crate `test_log`
[INFO] [stdout] 
[INFO] [stdout] 
[INFO] [stdout] error[E0433]: cannot find module or crate `test_log` in this scope
[INFO] [stdout]     --> src/lib.rs:2018:11
[INFO] [stdout]      |
[INFO] [stdout] 2018 |         #[test_log::test]
[INFO] [stdout]      |           ^^^^^^^^ use of unresolved module or unlinked crate `test_log`
[INFO] [stdout] 
[INFO] [stdout] 
[INFO] [stdout] error[E0433]: cannot find module or crate `test_log` in this scope
[INFO] [stdout]     --> src/lib.rs:2026:11
[INFO] [stdout]      |
[INFO] [stdout] 2026 |         #[test_log::test]
[INFO] [stdout]      |           ^^^^^^^^ use of unresolved module or unlinked crate `test_log`
[INFO] [stdout] 
[INFO] [stdout] 
[INFO] [stdout] error[E0433]: cannot find module or crate `test_log` in this scope
[INFO] [stdout]     --> src/lib.rs:2035:11
[INFO] [stdout]      |
[INFO] [stdout] 2035 |         #[test_log::test]
[INFO] [stdout]      |           ^^^^^^^^ use of unresolved module or unlinked crate `test_log`
[INFO] [stdout] 
[INFO] [stdout] 
[INFO] [stdout] error[E0433]: cannot find module or crate `test_log` in this scope
[INFO] [stdout]     --> src/lib.rs:2042:11
[INFO] [stdout]      |
[INFO] [stdout] 2042 |         #[test_log::test]
[INFO] [stdout]      |           ^^^^^^^^ use of unresolved module or unlinked crate `test_log`
[INFO] [stdout] 
[INFO] [stdout] 
[INFO] [stdout] error[E0433]: cannot find module or crate `test_log` in this scope
[INFO] [stdout]     --> src/lib.rs:2050:11
[INFO] [stdout]      |
[INFO] [stdout] 2050 |         #[test_log::test]
[INFO] [stdout]      |           ^^^^^^^^ use of unresolved module or unlinked crate `test_log`
[INFO] [stdout] 
[INFO] [stdout] 
[INFO] [stdout] error[E0433]: cannot find module or crate `test_log` in this scope
[INFO] [stdout]     --> src/lib.rs:2057:11
[INFO] [stdout]      |
[INFO] [stdout] 2057 |         #[test_log::test]
[INFO] [stdout]      |           ^^^^^^^^ use of unresolved module or unlinked crate `test_log`
[INFO] [stdout] 
[INFO] [stdout] 
[INFO] [stdout] error[E0433]: cannot find module or crate `test_log` in this scope
[INFO] [stdout]     --> src/lib.rs:2074:11
[INFO] [stdout]      |
[INFO] [stdout] 2074 |         #[test_log::test]
[INFO] [stdout]      |           ^^^^^^^^ use of unresolved module or unlinked crate `test_log`
[INFO] [stdout] 
[INFO] [stdout] 
[INFO] [stdout] error[E0433]: cannot find module or crate `test_log` in this scope
[INFO] [stdout]     --> src/lib.rs:2097:11
[INFO] [stdout]      |
[INFO] [stdout] 2097 |         #[test_log::test]
[INFO] [stdout]      |           ^^^^^^^^ use of unresolved module or unlinked crate `test_log`
[INFO] [stdout] 
[INFO] [stdout] 
[INFO] [stdout] error[E0433]: cannot find module or crate `test_log` in this scope
[INFO] [stdout]     --> src/lib.rs:2115:11
[INFO] [stdout]      |
[INFO] [stdout] 2115 |         #[test_log::test]
[INFO] [stdout]      |           ^^^^^^^^ use of unresolved module or unlinked crate `test_log`
[INFO] [stdout] 
[INFO] [stdout] 
[INFO] [stdout] error[E0433]: cannot find module or crate `test_log` in this scope
[INFO] [stdout]     --> src/lib.rs:2122:11
[INFO] [stdout]      |
[INFO] [stdout] 2122 |         #[test_log::test]
[INFO] [stdout]      |           ^^^^^^^^ use of unresolved module or unlinked crate `test_log`
[INFO] [stdout] 
[INFO] [stdout] 
[INFO] [stdout] error[E0433]: cannot find module or crate `test_log` in this scope
[INFO] [stdout]     --> src/lib.rs:2134:11
[INFO] [stdout]      |
[INFO] [stdout] 2134 |         #[test_log::test]
[INFO] [stdout]      |           ^^^^^^^^ use of unresolved module or unlinked crate `test_log`
[INFO] [stdout] 
[INFO] [stdout] 
[INFO] [stdout] error[E0433]: cannot find module or crate `test_log` in this scope
[INFO] [stdout]     --> src/lib.rs:2154:11
[INFO] [stdout]      |
[INFO] [stdout] 2154 |         #[test_log::test(switchy_async::test)]
[INFO] [stdout]      |           ^^^^^^^^ use of unresolved module or unlinked crate `test_log`
[INFO] [stdout] 
[INFO] [stdout] 
[INFO] [stdout] error[E0433]: cannot find module or crate `test_log` in this scope
[INFO] [stdout]     --> src/lib.rs:2160:11
[INFO] [stdout]      |
[INFO] [stdout] 2160 |         #[test_log::test(switchy_async::test)]
[INFO] [stdout]      |           ^^^^^^^^ use of unresolved module or unlinked crate `test_log`
[INFO] [stdout] 
[INFO] [stdout] 
[INFO] [stdout] error[E0433]: cannot find module or crate `test_log` in this scope
[INFO] [stdout]     --> src/lib.rs:2169:11
[INFO] [stdout]      |
[INFO] [stdout] 2169 |         #[test_log::test(switchy_async::test)]
[INFO] [stdout]      |           ^^^^^^^^ use of unresolved module or unlinked crate `test_log`
[INFO] [stdout] 
[INFO] [stdout] 
[INFO] [stdout] error[E0433]: cannot find module or crate `test_log` in this scope
[INFO] [stdout]     --> src/lib.rs:2177:11
[INFO] [stdout]      |
[INFO] [stdout] 2177 |         #[test_log::test(switchy_async::test)]
[INFO] [stdout]      |           ^^^^^^^^ use of unresolved module or unlinked crate `test_log`
[INFO] [stdout] 
[INFO] [stdout] 
[INFO] [stdout] error[E0433]: cannot find module or crate `test_log` in this scope
[INFO] [stdout]     --> src/lib.rs:2189:11
[INFO] [stdout]      |
[INFO] [stdout] 2189 |         #[test_log::test(switchy_async::test)]
[INFO] [stdout]      |           ^^^^^^^^ use of unresolved module or unlinked crate `test_log`
[INFO] [stdout] 
[INFO] [stdout] 
[INFO] [stdout] error[E0433]: cannot find module or crate `test_log` in this scope
[INFO] [stdout]     --> src/lib.rs:2200:11
[INFO] [stdout]      |
[INFO] [stdout] 2200 |         #[test_log::test(switchy_async::test)]
[INFO] [stdout]      |           ^^^^^^^^ use of unresolved module or unlinked crate `test_log`
[INFO] [stdout] 
[INFO] [stdout] 
[INFO] [stdout] error[E0433]: cannot find module or crate `test_log` in this scope
[INFO] [stdout]     --> src/lib.rs:2215:11
[INFO] [stdout]      |
[INFO] [stdout] 2215 |         #[test_log::test(switchy_async::test)]
[INFO] [stdout]      |           ^^^^^^^^ use of unresolved module or unlinked crate `test_log`
[INFO] [stdout] 
[INFO] [stdout] 
[INFO] [stdout] error[E0433]: cannot find module or crate `test_log` in this scope
[INFO] [stdout]     --> src/lib.rs:2225:11
[INFO] [stdout]      |
[INFO] [stdout] 2225 |         #[test_log::test(switchy_async::test)]
[INFO] [stdout]      |           ^^^^^^^^ use of unresolved module or unlinked crate `test_log`
[INFO] [stdout] 
[INFO] [stdout] 
[INFO] [stdout] error[E0433]: cannot find module or crate `test_log` in this scope
[INFO] [stdout]     --> src/lib.rs:2237:11
[INFO] [stdout]      |
[INFO] [stdout] 2237 |         #[test_log::test(switchy_async::test)]
[INFO] [stdout]      |           ^^^^^^^^ use of unresolved module or unlinked crate `test_log`
[INFO] [stdout] 
[INFO] [stdout] 
[INFO] [stdout] error[E0433]: cannot find module or crate `test_log` in this scope
[INFO] [stdout]     --> src/lib.rs:2247:11
[INFO] [stdout]      |
[INFO] [stdout] 2247 |         #[test_log::test(switchy_async::test)]
[INFO] [stdout]      |           ^^^^^^^^ use of unresolved module or unlinked crate `test_log`
[INFO] [stdout] 
[INFO] [stdout] 
[INFO] [stdout] error[E0433]: cannot find module or crate `test_log` in this scope
[INFO] [stdout]     --> src/lib.rs:2259:11
[INFO] [stdout]      |
[INFO] [stdout] 2259 |         #[test_log::test(switchy_async::test)]
[INFO] [stdout]      |           ^^^^^^^^ use of unresolved module or unlinked crate `test_log`
[INFO] [stdout] 
[INFO] [stdout] 
[INFO] [stdout] error[E0433]: cannot find module or crate `test_log` in this scope
[INFO] [stdout]     --> src/lib.rs:2271:11
[INFO] [stdout]      |
[INFO] [stdout] 2271 |         #[test_log::test(switchy_async::test)]
[INFO] [stdout]      |           ^^^^^^^^ use of unresolved module or unlinked crate `test_log`
[INFO] [stdout] 
[INFO] [stdout] 
[INFO] [stdout] error[E0433]: cannot find module or crate `test_log` in this scope
[INFO] [stdout]     --> src/lib.rs:2280:11
[INFO] [stdout]      |
[INFO] [stdout] 2280 |         #[test_log::test(switchy_async::test)]
[INFO] [stdout]      |           ^^^^^^^^ use of unresolved module or unlinked crate `test_log`
[INFO] [stdout] 
[INFO] [stdout] 
[INFO] [stdout] error[E0433]: cannot find module or crate `test_log` in this scope
[INFO] [stdout]     --> src/lib.rs:2288:11
[INFO] [stdout]      |
[INFO] [stdout] 2288 |         #[test_log::test(switchy_async::test)]
[INFO] [stdout]      |           ^^^^^^^^ use of unresolved module or unlinked crate `test_log`
[INFO] [stdout] 
[INFO] [stdout] 
[INFO] [stdout] error[E0433]: cannot find module or crate `test_log` in this scope
[INFO] [stdout]     --> src/lib.rs:2296:11
[INFO] [stdout]      |
[INFO] [stdout] 2296 |         #[test_log::test(switchy_async::test)]
[INFO] [stdout]      |           ^^^^^^^^ use of unresolved module or unlinked crate `test_log`
[INFO] [stdout] 
[INFO] [stdout] 
[INFO] [stdout] error[E0433]: cannot find module or crate `test_log` in this scope
[INFO] [stdout]     --> src/lib.rs:2307:11
[INFO] [stdout]      |
[INFO] [stdout] 2307 |         #[test_log::test(switchy_async::test)]
[INFO] [stdout]      |           ^^^^^^^^ use of unresolved module or unlinked crate `test_log`
[INFO] [stdout] 
[INFO] [stdout] 
[INFO] [stdout] error[E0433]: cannot find module or crate `test_log` in this scope
[INFO] [stdout]     --> src/lib.rs:2319:11
[INFO] [stdout]      |
[INFO] [stdout] 2319 |         #[test_log::test(switchy_async::test)]
[INFO] [stdout]      |           ^^^^^^^^ use of unresolved module or unlinked crate `test_log`
[INFO] [stdout] 
[INFO] [stdout] 
[INFO] [stdout] error[E0433]: cannot find module or crate `test_log` in this scope
[INFO] [stdout]     --> src/lib.rs:2340:11
[INFO] [stdout]      |
[INFO] [stdout] 2340 |         #[test_log::test(switchy_async::test)]
[INFO] [stdout]      |           ^^^^^^^^ use of unresolved module or unlinked crate `test_log`
[INFO] [stdout] 
[INFO] [stdout] 
[INFO] [stdout] error[E0433]: cannot find module or crate `test_log` in this scope
[INFO] [stdout]     --> src/lib.rs:2353:11
[INFO] [stdout]      |
[INFO] [stdout] 2353 |         #[test_log::test]
[INFO] [stdout]      |           ^^^^^^^^ use of unresolved module or unlinked crate `test_log`
[INFO] [stdout] 
[INFO] [stdout] 
[INFO] [stdout] error[E0433]: cannot find module or crate `test_log` in this scope
[INFO] [stdout]     --> src/lib.rs:2359:11
[INFO] [stdout]      |
[INFO] [stdout] 2359 |         #[test_log::test]
[INFO] [stdout]      |           ^^^^^^^^ use of unresolved module or unlinked crate `test_log`
[INFO] [stdout] 
[INFO] [stdout] 
[INFO] [stdout] error[E0433]: cannot find module or crate `test_log` in this scope
[INFO] [stdout]     --> src/lib.rs:2365:11
[INFO] [stdout]      |
[INFO] [stdout] 2365 |         #[test_log::test]
[INFO] [stdout]      |           ^^^^^^^^ use of unresolved module or unlinked crate `test_log`
[INFO] [stdout] 
[INFO] [stdout] 
[INFO] [stdout] error[E0433]: cannot find module or crate `test_log` in this scope
[INFO] [stdout]     --> src/lib.rs:2377:11
[INFO] [stdout]      |
[INFO] [stdout] 2377 |         #[test_log::test]
[INFO] [stdout]      |           ^^^^^^^^ use of unresolved module or unlinked crate `test_log`
[INFO] [stdout] 
[INFO] [stdout] 
[INFO] [stdout] error[E0433]: cannot find module or crate `test_log` in this scope
[INFO] [stdout]     --> src/lib.rs:2389:11
[INFO] [stdout]      |
[INFO] [stdout] 2389 |         #[test_log::test]
[INFO] [stdout]      |           ^^^^^^^^ use of unresolved module or unlinked crate `test_log`
[INFO] [stdout] 
[INFO] [stdout] 
[INFO] [stdout] error[E0433]: cannot find module or crate `test_log` in this scope
[INFO] [stdout]     --> src/lib.rs:2397:11
[INFO] [stdout]      |
[INFO] [stdout] 2397 |         #[test_log::test]
[INFO] [stdout]      |           ^^^^^^^^ use of unresolved module or unlinked crate `test_log`
[INFO] [stdout] 
[INFO] [stdout] 
[INFO] [stdout] error[E0433]: cannot find module or crate `test_log` in this scope
[INFO] [stdout]     --> src/lib.rs:2405:11
[INFO] [stdout]      |
[INFO] [stdout] 2405 |         #[test_log::test]
[INFO] [stdout]      |           ^^^^^^^^ use of unresolved module or unlinked crate `test_log`
[INFO] [stdout] 
[INFO] [stdout] 
[INFO] [stdout] error[E0433]: cannot find module or crate `test_log` in this scope
[INFO] [stdout]     --> src/lib.rs:2417:11
[INFO] [stdout]      |
[INFO] [stdout] 2417 |         #[test_log::test]
[INFO] [stdout]      |           ^^^^^^^^ use of unresolved module or unlinked crate `test_log`
[INFO] [stdout] 
[INFO] [stdout] 
[INFO] [stdout] error[E0433]: cannot find module or crate `test_log` in this scope
[INFO] [stdout]     --> src/lib.rs:2432:11
[INFO] [stdout]      |
[INFO] [stdout] 2432 |         #[test_log::test]
[INFO] [stdout]      |           ^^^^^^^^ use of unresolved module or unlinked crate `test_log`
[INFO] [stdout] 
[INFO] [stdout] 
[INFO] [stdout] error[E0433]: cannot find module or crate `test_log` in this scope
[INFO] [stdout]     --> src/lib.rs:2438:11
[INFO] [stdout]      |
[INFO] [stdout] 2438 |         #[test_log::test]
[INFO] [stdout]      |           ^^^^^^^^ use of unresolved module or unlinked crate `test_log`
[INFO] [stdout] 
[INFO] [stdout] 
[INFO] [stdout] error[E0433]: cannot find module or crate `test_log` in this scope
[INFO] [stdout]     --> src/lib.rs:2444:11
[INFO] [stdout]      |
[INFO] [stdout] 2444 |         #[test_log::test]
[INFO] [stdout]      |           ^^^^^^^^ use of unresolved module or unlinked crate `test_log`
[INFO] [stdout] 
[INFO] [stdout] 
[INFO] [stdout] error[E0433]: cannot find module or crate `test_log` in this scope
[INFO] [stdout]     --> src/lib.rs:2450:11
[INFO] [stdout]      |
[INFO] [stdout] 2450 |         #[test_log::test]
[INFO] [stdout]      |           ^^^^^^^^ use of unresolved module or unlinked crate `test_log`
[INFO] [stdout] 
[INFO] [stdout] 
[INFO] [stdout] error[E0433]: cannot find module or crate `test_log` in this scope
[INFO] [stdout]     --> src/lib.rs:2463:11
[INFO] [stdout]      |
[INFO] [stdout] 2463 |         #[test_log::test]
[INFO] [stdout]      |           ^^^^^^^^ use of unresolved module or unlinked crate `test_log`
[INFO] [stdout] 
[INFO] [stdout] 
[INFO] [stdout] error[E0433]: cannot find module or crate `test_log` in this scope
[INFO] [stdout]     --> src/lib.rs:2495:11
[INFO] [stdout]      |
[INFO] [stdout] 2495 |         #[test_log::test]
[INFO] [stdout]      |           ^^^^^^^^ use of unresolved module or unlinked crate `test_log`
[INFO] [stdout] 
[INFO] [stdout] 
[INFO] [stdout] error[E0433]: cannot find module or crate `test_log` in this scope
[INFO] [stdout]     --> src/lib.rs:2518:11
[INFO] [stdout]      |
[INFO] [stdout] 2518 |         #[test_log::test]
[INFO] [stdout]      |           ^^^^^^^^ use of unresolved module or unlinked crate `test_log`
[INFO] [stdout] 
[INFO] [stdout] 
[INFO] [stdout] error[E0433]: cannot find module or crate `test_log` in this scope
[INFO] [stdout]     --> src/lib.rs:2548:11
[INFO] [stdout]      |
[INFO] [stdout] 2548 |         #[test_log::test]
[INFO] [stdout]      |           ^^^^^^^^ use of unresolved module or unlinked crate `test_log`
[INFO] [stdout] 
[INFO] [stdout] 
[INFO] [stdout] error[E0433]: cannot find module or crate `test_log` in this scope
[INFO] [stdout]     --> src/lib.rs:2590:11
[INFO] [stdout]      |
[INFO] [stdout] 2590 |         #[test_log::test]
[INFO] [stdout]      |           ^^^^^^^^ use of unresolved module or unlinked crate `test_log`
[INFO] [stdout] 
[INFO] [stdout] 
[INFO] [stdout] error[E0433]: cannot find module or crate `test_log` in this scope
[INFO] [stdout]     --> src/lib.rs:2613:11
[INFO] [stdout]      |
[INFO] [stdout] 2613 |         #[test_log::test]
[INFO] [stdout]      |           ^^^^^^^^ use of unresolved module or unlinked crate `test_log`
[INFO] [stdout] 
[INFO] [stdout] 
[INFO] [stdout] error[E0433]: cannot find module or crate `test_log` in this scope
[INFO] [stdout]     --> src/lib.rs:2638:11
[INFO] [stdout]      |
[INFO] [stdout] 2638 |         #[test_log::test]
[INFO] [stdout]      |           ^^^^^^^^ use of unresolved module or unlinked crate `test_log`
[INFO] [stdout] 
[INFO] [stdout] 
[INFO] [stdout] error[E0433]: cannot find module or crate `test_log` in this scope
[INFO] [stdout]     --> src/lib.rs:2661:11
[INFO] [stdout]      |
[INFO] [stdout] 2661 |         #[test_log::test]
[INFO] [stdout]      |           ^^^^^^^^ use of unresolved module or unlinked crate `test_log`
[INFO] [stdout] 
[INFO] [stdout] 
[INFO] [stdout] error[E0433]: cannot find module or crate `test_log` in this scope
[INFO] [stdout]     --> src/lib.rs:2680:11
[INFO] [stdout]      |
[INFO] [stdout] 2680 |         #[test_log::test]
[INFO] [stdout]      |           ^^^^^^^^ use of unresolved module or unlinked crate `test_log`
[INFO] [stdout] 
[INFO] [stdout] 
[INFO] [stdout] error[E0433]: cannot find module or crate `test_log` in this scope
[INFO] [stdout]     --> src/lib.rs:2699:11
[INFO] [stdout]      |
[INFO] [stdout] 2699 |         #[test_log::test]
[INFO] [stdout]      |           ^^^^^^^^ use of unresolved module or unlinked crate `test_log`
[INFO] [stdout] 
[INFO] [stdout] 
[INFO] [stdout] error[E0433]: cannot find module or crate `test_log` in this scope
[INFO] [stdout]     --> src/lib.rs:2719:11
[INFO] [stdout]      |
[INFO] [stdout] 2719 |         #[test_log::test]
[INFO] [stdout]      |           ^^^^^^^^ use of unresolved module or unlinked crate `test_log`
[INFO] [stdout] 
[INFO] [stdout] 
[INFO] [stdout] error[E0433]: cannot find module or crate `test_log` in this scope
[INFO] [stdout]     --> src/lib.rs:2755:11
[INFO] [stdout]      |
[INFO] [stdout] 2755 |         #[test_log::test]
[INFO] [stdout]      |           ^^^^^^^^ use of unresolved module or unlinked crate `test_log`
[INFO] [stdout] 
[INFO] [stdout] 
[INFO] [stdout] error[E0433]: cannot find module or crate `test_log` in this scope
[INFO] [stdout]     --> src/lib.rs:2785:11
[INFO] [stdout]      |
[INFO] [stdout] 2785 |         #[test_log::test]
[INFO] [stdout]      |           ^^^^^^^^ use of unresolved module or unlinked crate `test_log`
[INFO] [stdout] 
[INFO] [stdout] 
[INFO] [stdout] error[E0433]: cannot find module or crate `test_log` in this scope
[INFO] [stdout]     --> src/lib.rs:2824:11
[INFO] [stdout]      |
[INFO] [stdout] 2824 |         #[test_log::test]
[INFO] [stdout]      |           ^^^^^^^^ use of unresolved module or unlinked crate `test_log`
[INFO] [stdout] 
[INFO] [stdout] 
[INFO] [stdout] error[E0433]: cannot find module or crate `test_log` in this scope
[INFO] [stdout]     --> src/lib.rs:2857:11
[INFO] [stdout]      |
[INFO] [stdout] 2857 |         #[test_log::test]
[INFO] [stdout]      |           ^^^^^^^^ use of unresolved module or unlinked crate `test_log`
[INFO] [stdout] 
[INFO] [stdout] 
[INFO] [stdout] error[E0433]: cannot find module or crate `test_log` in this scope
[INFO] [stdout]     --> src/lib.rs:2897:11
[INFO] [stdout]      |
[INFO] [stdout] 2897 |         #[test_log::test]
[INFO] [stdout]      |           ^^^^^^^^ use of unresolved module or unlinked crate `test_log`
[INFO] [stdout] 
[INFO] [stdout] 
[INFO] [stdout] error[E0433]: cannot find module or crate `test_log` in this scope
[INFO] [stdout]     --> src/lib.rs:2904:11
[INFO] [stdout]      |
[INFO] [stdout] 2904 |         #[test_log::test]
[INFO] [stdout]      |           ^^^^^^^^ use of unresolved module or unlinked crate `test_log`
[INFO] [stdout] 
[INFO] [stdout] 
[INFO] [stdout] error[E0433]: cannot find module or crate `test_log` in this scope
[INFO] [stdout]     --> src/lib.rs:2932:11
[INFO] [stdout]      |
[INFO] [stdout] 2932 |         #[test_log::test]
[INFO] [stdout]      |           ^^^^^^^^ use of unresolved module or unlinked crate `test_log`
[INFO] [stdout] 
[INFO] [stdout] 
[INFO] [stdout] error[E0433]: cannot find module or crate `test_log` in this scope
[INFO] [stdout]     --> src/lib.rs:2940:11
[INFO] [stdout]      |
[INFO] [stdout] 2940 |         #[test_log::test]
[INFO] [stdout]      |           ^^^^^^^^ use of unresolved module or unlinked crate `test_log`
[INFO] [stdout] 
[INFO] [stdout] 
[INFO] [stdout] error[E0433]: cannot find module or crate `test_log` in this scope
[INFO] [stdout]     --> src/lib.rs:2967:11
[INFO] [stdout]      |
[INFO] [stdout] 2967 |         #[test_log::test]
[INFO] [stdout]      |           ^^^^^^^^ use of unresolved module or unlinked crate `test_log`
[INFO] [stdout] 
[INFO] [stdout] 
[INFO] [stdout] error[E0433]: cannot find module or crate `test_log` in this scope
[INFO] [stdout]     --> src/lib.rs:3003:11
[INFO] [stdout]      |
[INFO] [stdout] 3003 |         #[test_log::test]
[INFO] [stdout]      |           ^^^^^^^^ use of unresolved module or unlinked crate `test_log`
[INFO] [stdout] 
[INFO] [stdout] 
[INFO] [stdout] error[E0433]: cannot find module or crate `test_log` in this scope
[INFO] [stdout]     --> src/lib.rs:3011:11
[INFO] [stdout]      |
[INFO] [stdout] 3011 |         #[test_log::test]
[INFO] [stdout]      |           ^^^^^^^^ use of unresolved module or unlinked crate `test_log`
[INFO] [stdout] 
[INFO] [stdout] 
[INFO] [stdout] error[E0433]: cannot find module or crate `test_log` in this scope
[INFO] [stdout]     --> src/lib.rs:3028:11
[INFO] [stdout]      |
[INFO] [stdout] 3028 |         #[test_log::test]
[INFO] [stdout]      |           ^^^^^^^^ use of unresolved module or unlinked crate `test_log`
[INFO] [stdout] 
[INFO] [stdout] 
[INFO] [stdout] error[E0433]: cannot find module or crate `test_log` in this scope
[INFO] [stdout]     --> src/lib.rs:3047:11
[INFO] [stdout]      |
[INFO] [stdout] 3047 |         #[test_log::test]
[INFO] [stdout]      |           ^^^^^^^^ use of unresolved module or unlinked crate `test_log`
[INFO] [stdout] 
[INFO] [stdout] 
[INFO] [stdout] error[E0433]: cannot find module or crate `test_log` in this scope
[INFO] [stdout]     --> src/lib.rs:3066:11
[INFO] [stdout]      |
[INFO] [stdout] 3066 |         #[test_log::test]
[INFO] [stdout]      |           ^^^^^^^^ use of unresolved module or unlinked crate `test_log`
[INFO] [stdout] 
[INFO] [stdout] 
[INFO] [stdout] error[E0433]: cannot find module or crate `test_log` in this scope
[INFO] [stdout]     --> src/lib.rs:3085:11
[INFO] [stdout]      |
[INFO] [stdout] 3085 |         #[test_log::test]
[INFO] [stdout]      |           ^^^^^^^^ use of unresolved module or unlinked crate `test_log`
[INFO] [stdout] 
[INFO] [stdout] 
[INFO] [stdout] error[E0433]: cannot find module or crate `test_log` in this scope
[INFO] [stdout]     --> src/lib.rs:3104:11
[INFO] [stdout]      |
[INFO] [stdout] 3104 |         #[test_log::test]
[INFO] [stdout]      |           ^^^^^^^^ use of unresolved module or unlinked crate `test_log`
[INFO] [stdout] 
[INFO] [stdout] 
[INFO] [stdout] error[E0433]: cannot find module or crate `test_log` in this scope
[INFO] [stdout]     --> src/lib.rs:3126:11
[INFO] [stdout]      |
[INFO] [stdout] 3126 |         #[test_log::test]
[INFO] [stdout]      |           ^^^^^^^^ use of unresolved module or unlinked crate `test_log`
[INFO] [stdout] 
[INFO] [stdout] 
[INFO] [stdout] error[E0433]: cannot find module or crate `test_log` in this scope
[INFO] [stdout]     --> src/lib.rs:3148:11
[INFO] [stdout]      |
[INFO] [stdout] 3148 |         #[test_log::test]
[INFO] [stdout]      |           ^^^^^^^^ use of unresolved module or unlinked crate `test_log`
[INFO] [stdout] 
[INFO] [stdout] 
[INFO] [stdout] error[E0433]: cannot find module or crate `test_log` in this scope
[INFO] [stdout]     --> src/lib.rs:3170:11
[INFO] [stdout]      |
[INFO] [stdout] 3170 |         #[test_log::test]
[INFO] [stdout]      |           ^^^^^^^^ use of unresolved module or unlinked crate `test_log`
[INFO] [stdout] 
[INFO] [stdout] 
[INFO] [stdout] error[E0433]: cannot find module or crate `test_log` in this scope
[INFO] [stdout]     --> src/lib.rs:3195:11
[INFO] [stdout]      |
[INFO] [stdout] 3195 |         #[test_log::test]
[INFO] [stdout]      |           ^^^^^^^^ use of unresolved module or unlinked crate `test_log`
[INFO] [stdout] 
[INFO] [stdout] 
[INFO] [stdout] error[E0433]: cannot find module or crate `test_log` in this scope
[INFO] [stdout]     --> src/lib.rs:3238:11
[INFO] [stdout]      |
[INFO] [stdout] 3238 |         #[test_log::test]
[INFO] [stdout]      |           ^^^^^^^^ use of unresolved module or unlinked crate `test_log`
[INFO] [stdout] 
[INFO] [stdout] 
[INFO] [stdout] error[E0433]: cannot find module or crate `test_log` in this scope
[INFO] [stdout]     --> src/lib.rs:3256:11
[INFO] [stdout]      |
[INFO] [stdout] 3256 |         #[test_log::test]
[INFO] [stdout]      |           ^^^^^^^^ use of unresolved module or unlinked crate `test_log`
[INFO] [stdout] 
[INFO] [stdout] 
[INFO] [stdout] error[E0433]: cannot find module or crate `test_log` in this scope
[INFO] [stdout]     --> src/lib.rs:3275:11
[INFO] [stdout]      |
[INFO] [stdout] 3275 |         #[test_log::test]
[INFO] [stdout]      |           ^^^^^^^^ use of unresolved module or unlinked crate `test_log`
[INFO] [stdout] 
[INFO] [stdout] 
[INFO] [stdout] error[E0433]: cannot find module or crate `test_log` in this scope
[INFO] [stdout]     --> src/lib.rs:3293:11
[INFO] [stdout]      |
[INFO] [stdout] 3293 |         #[test_log::test]
[INFO] [stdout]      |           ^^^^^^^^ use of unresolved module or unlinked crate `test_log`
[INFO] [stdout] 
[INFO] [stdout] 
[INFO] [stdout] error[E0433]: cannot find module or crate `test_log` in this scope
[INFO] [stdout]     --> src/lib.rs:3306:11
[INFO] [stdout]      |
[INFO] [stdout] 3306 |         #[test_log::test]
[INFO] [stdout]      |           ^^^^^^^^ use of unresolved module or unlinked crate `test_log`
[INFO] [stdout] 
[INFO] [stdout] 
[INFO] [stdout] error[E0433]: cannot find module or crate `test_log` in this scope
[INFO] [stdout]     --> src/lib.rs:3317:11
[INFO] [stdout]      |
[INFO] [stdout] 3317 |         #[test_log::test]
[INFO] [stdout]      |           ^^^^^^^^ use of unresolved module or unlinked crate `test_log`
[INFO] [stdout] 
[INFO] [stdout] 
[INFO] [stdout] error[E0433]: cannot find module or crate `test_log` in this scope
[INFO] [stdout]     --> src/lib.rs:3330:11
[INFO] [stdout]      |
[INFO] [stdout] 3330 |         #[test_log::test]
[INFO] [stdout]      |           ^^^^^^^^ use of unresolved module or unlinked crate `test_log`
[INFO] [stdout] 
[INFO] [stdout] 
[INFO] [stdout] error[E0433]: cannot find module or crate `test_log` in this scope
[INFO] [stdout]     --> src/lib.rs:3360:11
[INFO] [stdout]      |
[INFO] [stdout] 3360 |         #[test_log::test(switchy_async::test)]
[INFO] [stdout]      |           ^^^^^^^^ use of unresolved module or unlinked crate `test_log`
[INFO] [stdout] 
[INFO] [stdout] 
[INFO] [stdout] error[E0433]: cannot find module or crate `test_log` in this scope
[INFO] [stdout]     --> src/lib.rs:3373:11
[INFO] [stdout]      |
[INFO] [stdout] 3373 |         #[test_log::test(switchy_async::test)]
[INFO] [stdout]      |           ^^^^^^^^ use of unresolved module or unlinked crate `test_log`
[INFO] [stdout] 
[INFO] [stdout] 
[INFO] [stdout] error[E0433]: cannot find module or crate `test_log` in this scope
[INFO] [stdout]     --> src/lib.rs:3381:11
[INFO] [stdout]      |
[INFO] [stdout] 3381 |         #[test_log::test(switchy_async::test)]
[INFO] [stdout]      |           ^^^^^^^^ use of unresolved module or unlinked crate `test_log`
[INFO] [stdout] 
[INFO] [stdout] 
[INFO] [stdout] error[E0433]: cannot find module or crate `test_log` in this scope
[INFO] [stdout]     --> src/lib.rs:3393:11
[INFO] [stdout]      |
[INFO] [stdout] 3393 |         #[test_log::test(switchy_async::test)]
[INFO] [stdout]      |           ^^^^^^^^ use of unresolved module or unlinked crate `test_log`
[INFO] [stdout] 
[INFO] [stdout] 
[INFO] [stdout] error[E0433]: cannot find module or crate `test_log` in this scope
[INFO] [stdout]     --> src/lib.rs:3407:11
[INFO] [stdout]      |
[INFO] [stdout] 3407 |         #[test_log::test(switchy_async::test)]
[INFO] [stdout]      |           ^^^^^^^^ use of unresolved module or unlinked crate `test_log`
[INFO] [stdout] 
[INFO] [stdout] 
[INFO] [stdout] error[E0433]: cannot find module or crate `test_log` in this scope
[INFO] [stdout]     --> src/lib.rs:3423:11
[INFO] [stdout]      |
[INFO] [stdout] 3423 |         #[test_log::test(switchy_async::test)]
[INFO] [stdout]      |           ^^^^^^^^ use of unresolved module or unlinked crate `test_log`
[INFO] [stdout] 
[INFO] [stdout] 
[INFO] [stdout] error[E0433]: cannot find module or crate `test_log` in this scope
[INFO] [stdout]     --> src/lib.rs:3436:11
[INFO] [stdout]      |
[INFO] [stdout] 3436 |         #[test_log::test(switchy_async::test)]
[INFO] [stdout]      |           ^^^^^^^^ use of unresolved module or unlinked crate `test_log`
[INFO] [stdout] 
[INFO] [stdout] 
[INFO] [stdout] error[E0433]: cannot find module or crate `test_log` in this scope
[INFO] [stdout]     --> src/lib.rs:3445:11
[INFO] [stdout]      |
[INFO] [stdout] 3445 |         #[test_log::test(switchy_async::test)]
[INFO] [stdout]      |           ^^^^^^^^ use of unresolved module or unlinked crate `test_log`
[INFO] [stdout] 
[INFO] [stdout] 
[INFO] [stdout] error[E0433]: cannot find module or crate `test_log` in this scope
[INFO] [stdout]     --> src/lib.rs:3461:11
[INFO] [stdout]      |
[INFO] [stdout] 3461 |         #[test_log::test(switchy_async::test)]
[INFO] [stdout]      |           ^^^^^^^^ use of unresolved module or unlinked crate `test_log`
[INFO] [stdout] 
[INFO] [stdout] 
[INFO] [stdout] error[E0433]: cannot find module or crate `test_log` in this scope
[INFO] [stdout]     --> src/lib.rs:3472:11
[INFO] [stdout]      |
[INFO] [stdout] 3472 |         #[test_log::test(switchy_async::test)]
[INFO] [stdout]      |           ^^^^^^^^ use of unresolved module or unlinked crate `test_log`
[INFO] [stdout] 
[INFO] [stdout] 
[INFO] [stdout] error[E0433]: cannot find module or crate `test_log` in this scope
[INFO] [stdout]     --> src/lib.rs:3485:11
[INFO] [stdout]      |
[INFO] [stdout] 3485 |         #[test_log::test(switchy_async::test)]
[INFO] [stdout]      |           ^^^^^^^^ use of unresolved module or unlinked crate `test_log`
[INFO] [stdout] 
[INFO] [stdout] 
[INFO] [stdout] error[E0433]: cannot find module or crate `test_log` in this scope
[INFO] [stdout]     --> src/lib.rs:3498:11
[INFO] [stdout]      |
[INFO] [stdout] 3498 |         #[test_log::test]
[INFO] [stdout]      |           ^^^^^^^^ use of unresolved module or unlinked crate `test_log`
[INFO] [stdout] 
[INFO] [stdout] 
[INFO] [stdout] error[E0433]: cannot find module or crate `test_log` in this scope
[INFO] [stdout]     --> src/lib.rs:3521:11
[INFO] [stdout]      |
[INFO] [stdout] 3521 |         #[test_log::test]
[INFO] [stdout]      |           ^^^^^^^^ use of unresolved module or unlinked crate `test_log`
[INFO] [stdout] 
[INFO] [stdout] 
[INFO] [stdout] error[E0433]: cannot find module or crate `test_log` in this scope
[INFO] [stdout]     --> src/lib.rs:3528:11
[INFO] [stdout]      |
[INFO] [stdout] 3528 |         #[test_log::test]
[INFO] [stdout]      |           ^^^^^^^^ use of unresolved module or unlinked crate `test_log`
[INFO] [stdout] 
[INFO] [stdout] 
[INFO] [stdout] error[E0433]: cannot find module or crate `test_log` in this scope
[INFO] [stdout]     --> src/lib.rs:3537:11
[INFO] [stdout]      |
[INFO] [stdout] 3537 |         #[test_log::test]
[INFO] [stdout]      |           ^^^^^^^^ use of unresolved module or unlinked crate `test_log`
[INFO] [stdout] 
[INFO] [stdout] 
[INFO] [stdout] error[E0433]: cannot find module or crate `test_log` in this scope
[INFO] [stdout]     --> src/lib.rs:3545:11
[INFO] [stdout]      |
[INFO] [stdout] 3545 |         #[test_log::test]
[INFO] [stdout]      |           ^^^^^^^^ use of unresolved module or unlinked crate `test_log`
[INFO] [stdout] 
[INFO] [stdout] 
[INFO] [stdout] error[E0433]: cannot find module or crate `test_log` in this scope
[INFO] [stdout]     --> src/lib.rs:3555:11
[INFO] [stdout]      |
[INFO] [stdout] 3555 |         #[test_log::test]
[INFO] [stdout]      |           ^^^^^^^^ use of unresolved module or unlinked crate `test_log`
[INFO] [stdout] 
[INFO] [stdout] 
[INFO] [stdout] error[E0433]: cannot find module or crate `test_log` in this scope
[INFO] [stdout]     --> src/lib.rs:3573:11
[INFO] [stdout]      |
[INFO] [stdout] 3573 |         #[test_log::test]
[INFO] [stdout]      |           ^^^^^^^^ use of unresolved module or unlinked crate `test_log`
[INFO] [stdout] 
[INFO] [stdout] 
[INFO] [stdout] error[E0433]: cannot find module or crate `test_log` in this scope
[INFO] [stdout]     --> src/lib.rs:3579:11
[INFO] [stdout]      |
[INFO] [stdout] 3579 |         #[test_log::test]
[INFO] [stdout]      |           ^^^^^^^^ use of unresolved module or unlinked crate `test_log`
[INFO] [stdout] 
[INFO] [stdout] 
[INFO] [stdout] error[E0433]: cannot find module or crate `test_log` in this scope
[INFO] [stdout]     --> src/lib.rs:3586:11
[INFO] [stdout]      |
[INFO] [stdout] 3586 |         #[test_log::test]
[INFO] [stdout]      |           ^^^^^^^^ use of unresolved module or unlinked crate `test_log`
[INFO] [stdout] 
[INFO] [stdout] 
[INFO] [stdout] error[E0433]: cannot find module or crate `test_log` in this scope
[INFO] [stdout]     --> src/lib.rs:3598:11
[INFO] [stdout]      |
[INFO] [stdout] 3598 |         #[test_log::test]
[INFO] [stdout]      |           ^^^^^^^^ use of unresolved module or unlinked crate `test_log`
[INFO] [stdout] 
[INFO] [stdout] 
[INFO] [stdout] error[E0433]: cannot find module or crate `test_log` in this scope
[INFO] [stdout]     --> src/lib.rs:3610:11
[INFO] [stdout]      |
[INFO] [stdout] 3610 |         #[test_log::test]
[INFO] [stdout]      |           ^^^^^^^^ use of unresolved module or unlinked crate `test_log`
[INFO] [stdout] 
[INFO] [stdout] 
[INFO] [stdout] error[E0433]: cannot find module or crate `test_log` in this scope
[INFO] [stdout]     --> src/lib.rs:3622:11
[INFO] [stdout]      |
[INFO] [stdout] 3622 |         #[test_log::test]
[INFO] [stdout]      |           ^^^^^^^^ use of unresolved module or unlinked crate `test_log`
[INFO] [stdout] 
[INFO] [stdout] 
[INFO] [stdout] error[E0433]: cannot find module or crate `test_log` in this scope
[INFO] [stdout]     --> src/lib.rs:3629:11
[INFO] [stdout]      |
[INFO] [stdout] 3629 |         #[test_log::test]
[INFO] [stdout]      |           ^^^^^^^^ use of unresolved module or unlinked crate `test_log`
[INFO] [stdout] 
[INFO] [stdout] 
[INFO] [stdout] error[E0433]: cannot find module or crate `test_log` in this scope
[INFO] [stdout]     --> src/lib.rs:3637:11
[INFO] [stdout]      |
[INFO] [stdout] 3637 |         #[test_log::test]
[INFO] [stdout]      |           ^^^^^^^^ use of unresolved module or unlinked crate `test_log`
[INFO] [stdout] 
[INFO] [stdout] 
[INFO] [stdout] error[E0433]: cannot find module or crate `test_log` in this scope
[INFO] [stdout]     --> src/lib.rs:3644:11
[INFO] [stdout]      |
[INFO] [stdout] 3644 |         #[test_log::test]
[INFO] [stdout]      |           ^^^^^^^^ use of unresolved module or unlinked crate `test_log`
[INFO] [stdout] 
[INFO] [stdout] 
[INFO] [stdout] error[E0433]: cannot find module or crate `test_log` in this scope
[INFO] [stdout]     --> src/lib.rs:3651:11
[INFO] [stdout]      |
[INFO] [stdout] 3651 |         #[test_log::test]
[INFO] [stdout]      |           ^^^^^^^^ use of unresolved module or unlinked crate `test_log`
[INFO] [stdout] 
[INFO] [stdout] 
[INFO] [stdout] error[E0433]: cannot find module or crate `test_log` in this scope
[INFO] [stdout]     --> src/lib.rs:3663:11
[INFO] [stdout]      |
[INFO] [stdout] 3663 |         #[test_log::test]
[INFO] [stdout]      |           ^^^^^^^^ use of unresolved module or unlinked crate `test_log`
[INFO] [stdout] 
[INFO] [stdout] 
[INFO] [stdout] error[E0433]: cannot find module or crate `test_log` in this scope
[INFO] [stdout]     --> src/lib.rs:3675:11
[INFO] [stdout]      |
[INFO] [stdout] 3675 |         #[test_log::test]
[INFO] [stdout]      |           ^^^^^^^^ use of unresolved module or unlinked crate `test_log`
[INFO] [stdout] 
[INFO] [stdout] 
[INFO] [stdout] error[E0433]: cannot find module or crate `test_log` in this scope
[INFO] [stdout]     --> src/lib.rs:3686:11
[INFO] [stdout]      |
[INFO] [stdout] 3686 |         #[test_log::test]
[INFO] [stdout]      |           ^^^^^^^^ use of unresolved module or unlinked crate `test_log`
[INFO] [stdout] 
[INFO] [stdout] 
[INFO] [stdout] error[E0433]: cannot find module or crate `test_log` in this scope
[INFO] [stdout]     --> src/lib.rs:3698:11
[INFO] [stdout]      |
[INFO] [stdout] 3698 |         #[test_log::test]
[INFO] [stdout]      |           ^^^^^^^^ use of unresolved module or unlinked crate `test_log`
[INFO] [stdout] 
[INFO] [stdout] 
[INFO] [stdout] error[E0433]: cannot find module or crate `test_log` in this scope
[INFO] [stdout]     --> src/lib.rs:3705:11
[INFO] [stdout]      |
[INFO] [stdout] 3705 |         #[test_log::test]
[INFO] [stdout]      |           ^^^^^^^^ use of unresolved module or unlinked crate `test_log`
[INFO] [stdout] 
[INFO] [stdout] 
[INFO] [stdout] error[E0277]: the trait bound `test_parse_body_missing::Data: serde::de::DeserializeOwned` is not satisfied
[INFO] [stdout]     --> src/lib.rs:2068:51
[INFO] [stdout]      |
[INFO] [stdout] 2068 |                 let result: Result<Data, _> = req.parse_body();
[INFO] [stdout]      |                                                   ^^^^^^^^^^ unsatisfied trait bound
[INFO] [stdout]      |
[INFO] [stdout] help: the trait `for<'de> Deserialize<'de>` is not implemented for `test_parse_body_missing::Data`
[INFO] [stdout]     --> src/lib.rs:2062:17
[INFO] [stdout]      |
[INFO] [stdout] 2062 |                 struct Data {
[INFO] [stdout]      |                 ^^^^^^^^^^^
[INFO] [stdout]      = help: the following other types implement trait `Deserialize<'de>`:
[INFO] [stdout]                &'a Path
[INFO] [stdout]                &'a [u8]
[INFO] [stdout]                &'a str
[INFO] [stdout]                ()
[INFO] [stdout]                (T,)
[INFO] [stdout]                (T0, T1)
[INFO] [stdout]                (T0, T1, T2)
[INFO] [stdout]                (T0, T1, T2, T3)
[INFO] [stdout]              and 192 others
[INFO] [stdout]      = note: required for `test_parse_body_missing::Data` to implement `DeserializeOwned`
[INFO] [stdout] note: required by a bound in `RouteRequest::parse_body`
[INFO] [stdout]     --> src/lib.rs:1060:26
[INFO] [stdout]      |
[INFO] [stdout]  852 | impl RouteRequest {
[INFO] [stdout] ...
[INFO] [stdout] 1060 |     pub fn parse_body<T: serde::de::DeserializeOwned>(&self) -> Result<T, ParseError> {
[INFO] [stdout]      |                          ^^^^^^^^^^^^^^^^^^^^^^^^^^^ required by this bound in `RouteRequest::parse_body`
[INFO] [stdout] 
[INFO] [stdout] 
[INFO] [stdout] error[E0277]: the trait bound `test_parse_body_valid_json::Data: serde::de::DeserializeOwned` is not satisfied
[INFO] [stdout]     --> src/lib.rs:2088:51
[INFO] [stdout]      |
[INFO] [stdout] 2088 |                 let result: Result<Data, _> = req.parse_body();
[INFO] [stdout]      |                                                   ^^^^^^^^^^ unsatisfied trait bound
[INFO] [stdout]      |
[INFO] [stdout] help: the trait `for<'de> Deserialize<'de>` is not implemented for `test_parse_body_valid_json::Data`
[INFO] [stdout]     --> src/lib.rs:2079:17
[INFO] [stdout]      |
[INFO] [stdout] 2079 |                 struct Data {
[INFO] [stdout]      |                 ^^^^^^^^^^^
[INFO] [stdout]      = help: the following other types implement trait `Deserialize<'de>`:
[INFO] [stdout]                &'a Path
[INFO] [stdout]                &'a [u8]
[INFO] [stdout]                &'a str
[INFO] [stdout]                ()
[INFO] [stdout]                (T,)
[INFO] [stdout]                (T0, T1)
[INFO] [stdout]                (T0, T1, T2)
[INFO] [stdout]                (T0, T1, T2, T3)
[INFO] [stdout]              and 192 others
[INFO] [stdout]      = note: required for `test_parse_body_valid_json::Data` to implement `DeserializeOwned`
[INFO] [stdout] note: required by a bound in `RouteRequest::parse_body`
[INFO] [stdout]     --> src/lib.rs:1060:26
[INFO] [stdout]      |
[INFO] [stdout]  852 | impl RouteRequest {
[INFO] [stdout] ...
[INFO] [stdout] 1060 |     pub fn parse_body<T: serde::de::DeserializeOwned>(&self) -> Result<T, ParseError> {
[INFO] [stdout]      |                          ^^^^^^^^^^^^^^^^^^^^^^^^^^^ required by this bound in `RouteRequest::parse_body`
[INFO] [stdout] 
[INFO] [stdout] 
[INFO] [stdout] error[E0277]: the trait bound `test_parse_body_invalid_json::Data: serde::de::DeserializeOwned` is not satisfied
[INFO] [stdout]     --> src/lib.rs:2110:51
[INFO] [stdout]      |
[INFO] [stdout] 2110 |                 let result: Result<Data, _> = req.parse_body();
[INFO] [stdout]      |                                                   ^^^^^^^^^^ unsatisfied trait bound
[INFO] [stdout]      |
[INFO] [stdout] help: the trait `for<'de> Deserialize<'de>` is not implemented for `test_parse_body_invalid_json::Data`
[INFO] [stdout]     --> src/lib.rs:2103:17
[INFO] [stdout]      |
[INFO] [stdout] 2103 |                 struct Data {
[INFO] [stdout]      |                 ^^^^^^^^^^^
[INFO] [stdout]      = help: the following other types implement trait `Deserialize<'de>`:
[INFO] [stdout]                &'a Path
[INFO] [stdout]                &'a [u8]
[INFO] [stdout]                &'a str
[INFO] [stdout]                ()
[INFO] [stdout]                (T,)
[INFO] [stdout]                (T0, T1)
[INFO] [stdout]                (T0, T1, T2)
[INFO] [stdout]                (T0, T1, T2, T3)
[INFO] [stdout]              and 192 others
[INFO] [stdout]      = note: required for `test_parse_body_invalid_json::Data` to implement `DeserializeOwned`
[INFO] [stdout] note: required by a bound in `RouteRequest::parse_body`
[INFO] [stdout]     --> src/lib.rs:1060:26
[INFO] [stdout]      |
[INFO] [stdout]  852 | impl RouteRequest {
[INFO] [stdout] ...
[INFO] [stdout] 1060 |     pub fn parse_body<T: serde::de::DeserializeOwned>(&self) -> Result<T, ParseError> {
[INFO] [stdout]      |                          ^^^^^^^^^^^^^^^^^^^^^^^^^^^ required by this bound in `RouteRequest::parse_body`
[INFO] [stdout] 
[INFO] [stdout] 
[INFO] [stdout] Some errors have detailed explanations: E0277, E0433.
[INFO] [stdout] 
[INFO] [stdout] For more information about an error, try `rustc --explain E0277`.
[INFO] [stdout] 
[INFO] [stderr] error: could not compile `hyperchad_router` (lib test) due to 122 previous errors
[INFO] running `Command { std: "docker" "inspect" "098d934276139871c32e8a4529c9d4182696b0ef361e27c51b41f2715ab8a464", kill_on_drop: false }`
[INFO] running `Command { std: "docker" "rm" "-f" "098d934276139871c32e8a4529c9d4182696b0ef361e27c51b41f2715ab8a464", kill_on_drop: false }`
[INFO] [stdout] 098d934276139871c32e8a4529c9d4182696b0ef361e27c51b41f2715ab8a464
