[INFO] fetching crate hyperchad_renderer_html_lambda 0.4.0...
[INFO] testing hyperchad_renderer_html_lambda-0.4.0 against 1.99.0-beta.8+cargoflags=--release for beta-release-1.100-2
[INFO] extracting crate hyperchad_renderer_html_lambda 0.4.0 into /workspace/builds/worker-1-tc1/source
[INFO] started tweaking crates.io crate hyperchad_renderer_html_lambda 0.4.0
[INFO] finished tweaking crates.io crate hyperchad_renderer_html_lambda 0.4.0
[INFO] tweaked toml for crates.io crate hyperchad_renderer_html_lambda 0.4.0 written to /workspace/builds/worker-1-tc1/source/Cargo.toml
[INFO] validating manifest of crates.io crate hyperchad_renderer_html_lambda 0.4.0 on toolchain 1.99.0-beta.8
[INFO] running `Command { std: CARGO_HOME="/workspace/cargo-home" RUSTUP_HOME="/workspace/rustup-home" "/workspace/cargo-home/bin/cargo" "+1.99.0-beta.8" "metadata" "--manifest-path" "Cargo.toml" "--no-deps", kill_on_drop: false }`
[INFO] crate crates.io crate hyperchad_renderer_html_lambda 0.4.0 already has a lockfile, it will not be regenerated
[INFO] running `Command { std: CARGO_HOME="/workspace/cargo-home" RUSTUP_HOME="/workspace/rustup-home" "/workspace/cargo-home/bin/cargo" "+1.99.0-beta.8" "fetch" "--manifest-path" "Cargo.toml", kill_on_drop: false }`
[INFO] [stderr]     Updating crates.io index
[INFO] [stderr]  Downloading crates ...
[INFO] [stderr]   Downloaded lambda_runtime_api_client v1.0.3
[INFO] [stderr]   Downloaded moosicbox_env_utils v0.4.0
[INFO] [stderr]   Downloaded lambda_runtime v1.2.1
[INFO] [stderr]   Downloaded lambda_http v1.2.1
[INFO] [stderr]   Downloaded moosicbox_assert v0.4.0
[INFO] [stderr]   Downloaded query_map v0.7.0
[INFO] [stderr]   Downloaded switchy_random v0.4.0
[INFO] [stderr]   Downloaded switchy_time v0.4.0
[INFO] [stderr]   Downloaded hyperchad_renderer v0.4.0
[INFO] [stderr]   Downloaded switchy_async_macros v0.4.0
[INFO] [stderr]   Downloaded switchy_async v0.4.0
[INFO] [stderr]   Downloaded aws_lambda_events v1.2.0
[INFO] [stderr]   Downloaded switchy_env v0.4.0
[INFO] [stderr]   Downloaded moosicbox_logging v0.4.0
[INFO] [stderr]   Downloaded moosicbox_config v0.4.0
[INFO] [stderr]   Downloaded switchy_fs v0.4.0
[INFO] [stderr]   Downloaded moosicbox_profiles v0.4.0
[INFO] [stderr]   Downloaded impl-more v0.3.1
[INFO] [stderr]   Downloaded hyperchad_transformer v0.4.0
[INFO] [stderr]   Downloaded actix-rt v2.11.0
[INFO] [stderr]   Downloaded hyperchad_transformer_models v0.4.0
[INFO] [stderr]   Downloaded moosicbox_json_utils v0.4.0
[INFO] [stderr]   Downloaded hyperchad_color v0.4.0
[INFO] [stderr]   Downloaded moosicbox_arb v0.4.0
[INFO] [stderr]   Downloaded hyperchad_actions v0.4.0
[INFO] [stderr]   Downloaded html-escape v0.2.14
[INFO] [stderr]   Downloaded actix-web v4.14.0
[INFO] [stderr]   Downloaded actix-http v3.13.1
[INFO] [stderr]   Downloaded switchy_database v0.4.0
[INFO] running `Command { std: "docker" "create" "-v" "/var/lib/crater-agent-workspace/builds/worker-1-tc1/source:/opt/rustwide/workdir:ro,Z" "-v" "/var/lib/crater-agent-workspace/builds/worker-1-tc1/target:/opt/rustwide/target:rw,Z" "-v" "/var/lib/crater-agent-workspace/cargo-home:/opt/rustwide/cargo-home:ro,Z" "-v" "/var/lib/crater-agent-workspace/rustup-home:/opt/rustwide/rustup-home:ro,Z" "-m" "1610612736" "--network" "none" "ghcr.io/rust-lang/crates-build-env/linux@sha256:77db811e55d90add9212f6832c23229e3de5f1c1f9905e8cb07319ea15df73ac" "sleep" "infinity", kill_on_drop: false }`
[INFO] [stdout] 0cbb3efe143a33c120fdff3fa36e0967fbac7da88e6618a09619cdc14f9e6503
[INFO] running `Command { std: "docker" "start" "0cbb3efe143a33c120fdff3fa36e0967fbac7da88e6618a09619cdc14f9e6503", kill_on_drop: false }`
[INFO] running `Command { std: "docker" "inspect" "0cbb3efe143a33c120fdff3fa36e0967fbac7da88e6618a09619cdc14f9e6503", kill_on_drop: false }`
[INFO] running `Command { std: "docker" "exec" "-e" "SOURCE_DIR=/opt/rustwide/workdir" "-e" "CARGO_HOME=/opt/rustwide/cargo-home" "-e" "RUSTUP_HOME=/opt/rustwide/rustup-home" "-e" "CARGO_TARGET_DIR=/opt/rustwide/target" "-w" "/opt/rustwide/workdir" "--user" "0:0" "0cbb3efe143a33c120fdff3fa36e0967fbac7da88e6618a09619cdc14f9e6503" "/opt/rustwide/cargo-home/bin/cargo" "+1.99.0-beta.8" "metadata" "--no-deps" "--format-version=1", kill_on_drop: false }`
[INFO] running `Command { std: "docker" "inspect" "0cbb3efe143a33c120fdff3fa36e0967fbac7da88e6618a09619cdc14f9e6503", kill_on_drop: false }`
[INFO] running `Command { std: "docker" "exec" "-e" "SOURCE_DIR=/opt/rustwide/workdir" "-e" "CARGO_HOME=/opt/rustwide/cargo-home" "-e" "RUSTUP_HOME=/opt/rustwide/rustup-home" "-e" "CARGO_TARGET_DIR=/opt/rustwide/target" "-e" "CARGO_INCREMENTAL=0" "-e" "RUST_BACKTRACE=full" "-e" "RUSTFLAGS=--cap-lints=warn" "-e" "RUSTDOCFLAGS=--cap-lints=warn" "-w" "/opt/rustwide/workdir" "--user" "0:0" "0cbb3efe143a33c120fdff3fa36e0967fbac7da88e6618a09619cdc14f9e6503" "/opt/rustwide/cargo-home/bin/cargo" "+1.99.0-beta.8" "build" "--frozen" "--message-format=json" "--release", kill_on_drop: false }`
[INFO] [stderr]    Compiling memchr v2.8.2
[INFO] [stderr]    Compiling log v0.4.33
[INFO] [stderr]    Compiling serde_json v1.0.150
[INFO] [stderr]    Compiling regex-automata v0.4.14
[INFO] [stderr]    Compiling syn v2.0.118
[INFO] [stderr]    Compiling socket2 v0.6.4
[INFO] [stderr]    Compiling mio v1.2.1
[INFO] [stderr]    Compiling moosicbox_env_utils v0.4.0
[INFO] [stderr]    Compiling strum v0.26.3
[INFO] [stderr]    Compiling color-hex v0.2.0
[INFO] [stderr]    Compiling serde_path_to_error v0.1.20
[INFO] [stderr]    Compiling tl v0.7.8
[INFO] [stderr]    Compiling html-escape v0.2.14
[INFO] [stderr]    Compiling moosicbox_assert v0.4.0
[INFO] [stderr]    Compiling tracing-log v0.2.0
[INFO] [stderr]    Compiling switchy_time v0.4.0
[INFO] [stderr]    Compiling matchers v0.2.0
[INFO] [stderr]    Compiling synstructure v0.13.2
[INFO] [stderr]    Compiling serde_derive v1.0.228
[INFO] [stderr]    Compiling zerofrom-derive v0.1.7
[INFO] [stderr]    Compiling yoke-derive v0.8.2
[INFO] [stderr]    Compiling zerovec-derive v0.11.3
[INFO] [stderr]    Compiling displaydoc v0.2.6
[INFO] [stderr]    Compiling thiserror-impl v2.0.18
[INFO] [stderr]    Compiling tokio-macros v2.7.0
[INFO] [stderr]    Compiling tracing-attributes v0.1.31
[INFO] [stderr]    Compiling futures-macro v0.3.32
[INFO] [stderr]    Compiling thiserror-impl v1.0.69
[INFO] [stderr]    Compiling strum_macros v0.26.4
[INFO] [stderr]    Compiling async-stream-impl v0.3.6
[INFO] [stderr]    Compiling strum_macros v0.28.0
[INFO] [stderr]    Compiling pin-project-internal v1.1.13
[INFO] [stderr]    Compiling async-trait v0.1.89
[INFO] [stderr]    Compiling async-stream v0.3.6
[INFO] [stderr]    Compiling futures-util v0.3.32
[INFO] [stderr]    Compiling zerofrom v0.1.8
[INFO] [stderr]    Compiling thiserror v1.0.69
[INFO] [stderr]    Compiling yoke v0.8.3
[INFO] [stderr]    Compiling tracing v0.1.44
[INFO] [stderr]    Compiling pin-project v1.1.13
[INFO] [stderr]    Compiling zerovec v0.11.6
[INFO] [stderr]    Compiling zerotrie v0.2.4
[INFO] [stderr]    Compiling thiserror v2.0.18
[INFO] [stderr]    Compiling switchy_env v0.4.0
[INFO] [stderr]    Compiling strum v0.28.0
[INFO] [stderr]    Compiling tinystr v0.8.3
[INFO] [stderr]    Compiling potential_utf v0.1.5
[INFO] [stderr]    Compiling icu_collections v2.2.0
[INFO] [stderr]    Compiling icu_locale_core v2.2.0
[INFO] [stderr]    Compiling serde v1.0.228
[INFO] [stderr]    Compiling icu_provider v2.2.0
[INFO] [stderr]    Compiling bytes v1.12.0
[INFO] [stderr]    Compiling tracing-serde v0.2.0
[INFO] [stderr]    Compiling free_log_models v0.2.0
[INFO] [stderr]    Compiling hyperchad_transformer_models v0.4.0
[INFO] [stderr]    Compiling hyperchad_color v0.4.0
[INFO] [stderr]    Compiling query_map v0.7.0
[INFO] [stderr]    Compiling serde_urlencoded v0.7.1
[INFO] [stderr]    Compiling tracing-subscriber v0.3.23
[INFO] [stderr]    Compiling icu_normalizer v2.2.0
[INFO] [stderr]    Compiling icu_properties v2.2.0
[INFO] [stderr]    Compiling futures-executor v0.3.32
[INFO] [stderr]    Compiling tower v0.5.3
[INFO] [stderr]    Compiling http v1.4.2
[INFO] [stderr]    Compiling tokio v1.52.3
[INFO] [stderr]    Compiling futures v0.3.32
[INFO] [stderr]    Compiling hyperchad_actions v0.4.0
[INFO] [stderr]    Compiling idna_adapter v1.2.2
[INFO] [stderr]    Compiling idna v1.1.0
[INFO] [stderr]    Compiling http-body v1.0.1
[INFO] [stderr]    Compiling http-serde v2.1.1
[INFO] [stderr]    Compiling http-body-util v0.1.3
[INFO] [stderr]    Compiling aws_lambda_events v1.2.0
[INFO] [stderr]    Compiling free_log_client v0.5.0
[INFO] [stderr]    Compiling url v2.5.8
[INFO] [stderr]    Compiling moosicbox_logging v0.4.0
[INFO] [stderr]    Compiling hyperchad_transformer v0.4.0
[INFO] [stderr]    Compiling hyper v1.10.1
[INFO] [stderr]    Compiling tokio-stream v0.1.18
[INFO] [stderr]    Compiling tokio-util v0.7.18
[INFO] [stderr]    Compiling switchy_async v0.4.0
[INFO] [stderr]    Compiling hyperchad_renderer v0.4.0
[INFO] [stderr]    Compiling hyper-util v0.1.20
[INFO] [stderr]    Compiling lambda_runtime_api_client v1.0.3
[INFO] [stderr]    Compiling lambda_runtime v1.2.1
[INFO] [stderr]    Compiling lambda_http v1.2.1
[INFO] [stderr]    Compiling hyperchad_renderer_html_lambda v0.4.0 (/opt/rustwide/workdir)
[INFO] [stderr]     Finished `release` profile [optimized] target(s) in 1m 11s
[INFO] running `Command { std: "docker" "inspect" "0cbb3efe143a33c120fdff3fa36e0967fbac7da88e6618a09619cdc14f9e6503", kill_on_drop: false }`
[INFO] running `Command { std: "docker" "exec" "-e" "SOURCE_DIR=/opt/rustwide/workdir" "-e" "CARGO_HOME=/opt/rustwide/cargo-home" "-e" "RUSTUP_HOME=/opt/rustwide/rustup-home" "-e" "CARGO_TARGET_DIR=/opt/rustwide/target" "-e" "CARGO_INCREMENTAL=0" "-e" "RUST_BACKTRACE=full" "-e" "RUSTFLAGS=--cap-lints=warn" "-e" "RUSTDOCFLAGS=--cap-lints=warn" "-w" "/opt/rustwide/workdir" "--user" "0:0" "0cbb3efe143a33c120fdff3fa36e0967fbac7da88e6618a09619cdc14f9e6503" "/opt/rustwide/cargo-home/bin/cargo" "+1.99.0-beta.8" "test" "--frozen" "--no-run" "--message-format=json" "--release", kill_on_drop: false }`
[INFO] [stderr]    Compiling hyperchad_renderer_html_lambda v0.4.0 (/opt/rustwide/workdir)
[INFO] [stdout] error[E0433]: cannot find module or crate `test_log` in this scope
[INFO] [stdout]    --> src/lib.rs:397:7
[INFO] [stdout]     |
[INFO] [stdout] 397 |     #[test_log::test]
[INFO] [stdout]     |       ^^^^^^^^ use of unresolved module or unlinked crate `test_log`
[INFO] [stdout] 
[INFO] [stdout] 
[INFO] [stdout] error[E0433]: cannot find module or crate `test_log` in this scope
[INFO] [stdout]    --> src/lib.rs:408:7
[INFO] [stdout]     |
[INFO] [stdout] 408 |     #[test_log::test]
[INFO] [stdout]     |       ^^^^^^^^ use of unresolved module or unlinked crate `test_log`
[INFO] [stdout] 
[INFO] [stdout] 
[INFO] [stdout] error[E0433]: cannot find module or crate `test_log` in this scope
[INFO] [stdout]    --> src/lib.rs:419:7
[INFO] [stdout]     |
[INFO] [stdout] 419 |     #[test_log::test]
[INFO] [stdout]     |       ^^^^^^^^ use of unresolved module or unlinked crate `test_log`
[INFO] [stdout] 
[INFO] [stdout] 
[INFO] [stdout] error[E0433]: cannot find module or crate `test_log` in this scope
[INFO] [stdout]    --> src/lib.rs:442:7
[INFO] [stdout]     |
[INFO] [stdout] 442 |     #[test_log::test]
[INFO] [stdout]     |       ^^^^^^^^ use of unresolved module or unlinked crate `test_log`
[INFO] [stdout] 
[INFO] [stdout] 
[INFO] [stdout] error[E0433]: cannot find module or crate `test_log` in this scope
[INFO] [stdout]    --> src/lib.rs:465:7
[INFO] [stdout]     |
[INFO] [stdout] 465 |     #[test_log::test]
[INFO] [stdout]     |       ^^^^^^^^ use of unresolved module or unlinked crate `test_log`
[INFO] [stdout] 
[INFO] [stdout] 
[INFO] [stdout] error[E0433]: cannot find module or crate `test_log` in this scope
[INFO] [stdout]    --> src/lib.rs:477:7
[INFO] [stdout]     |
[INFO] [stdout] 477 |     #[test_log::test]
[INFO] [stdout]     |       ^^^^^^^^ use of unresolved module or unlinked crate `test_log`
[INFO] [stdout] 
[INFO] [stdout] 
[INFO] [stdout] error[E0433]: cannot find module or crate `test_log` in this scope
[INFO] [stdout]    --> src/lib.rs:492:7
[INFO] [stdout]     |
[INFO] [stdout] 492 |     #[test_log::test]
[INFO] [stdout]     |       ^^^^^^^^ use of unresolved module or unlinked crate `test_log`
[INFO] [stdout] 
[INFO] [stdout] 
[INFO] [stdout] error[E0433]: cannot find module or crate `test_log` in this scope
[INFO] [stdout]    --> src/lib.rs:507:7
[INFO] [stdout]     |
[INFO] [stdout] 507 |     #[test_log::test]
[INFO] [stdout]     |       ^^^^^^^^ use of unresolved module or unlinked crate `test_log`
[INFO] [stdout] 
[INFO] [stdout] 
[INFO] [stdout] error[E0433]: cannot find module or crate `test_log` in this scope
[INFO] [stdout]    --> src/lib.rs:517:7
[INFO] [stdout]     |
[INFO] [stdout] 517 |     #[test_log::test]
[INFO] [stdout]     |       ^^^^^^^^ use of unresolved module or unlinked crate `test_log`
[INFO] [stdout] 
[INFO] [stdout] 
[INFO] [stdout] For more information about this error, try `rustc --explain E0433`.
[INFO] [stdout] 
[INFO] [stderr] error: could not compile `hyperchad_renderer_html_lambda` (lib test) due to 9 previous errors
[INFO] running `Command { std: "docker" "inspect" "0cbb3efe143a33c120fdff3fa36e0967fbac7da88e6618a09619cdc14f9e6503", kill_on_drop: false }`
[INFO] running `Command { std: "docker" "rm" "-f" "0cbb3efe143a33c120fdff3fa36e0967fbac7da88e6618a09619cdc14f9e6503", kill_on_drop: false }`
[INFO] [stdout] 0cbb3efe143a33c120fdff3fa36e0967fbac7da88e6618a09619cdc14f9e6503
