[INFO] fetching crate hyperchad_actions 0.4.0...
[INFO] testing hyperchad_actions-0.4.0 against 1.100.0-beta.1+cargoflags=--release for beta-release-1.100-2
[INFO] extracting crate hyperchad_actions 0.4.0 into /workspace/builds/worker-4-tc2/source
[INFO] started tweaking crates.io crate hyperchad_actions 0.4.0
[INFO] finished tweaking crates.io crate hyperchad_actions 0.4.0
[INFO] tweaked toml for crates.io crate hyperchad_actions 0.4.0 written to /workspace/builds/worker-4-tc2/source/Cargo.toml
[INFO] validating manifest of crates.io crate hyperchad_actions 0.4.0 on toolchain 1.100.0-beta.1
[INFO] running `Command { std: CARGO_HOME="/workspace/cargo-home" RUSTUP_HOME="/workspace/rustup-home" "/workspace/cargo-home/bin/cargo" "+1.100.0-beta.1" "metadata" "--manifest-path" "Cargo.toml" "--no-deps", kill_on_drop: false }`
[INFO] crate crates.io crate hyperchad_actions 0.4.0 already has a lockfile, it will not be regenerated
[INFO] running `Command { std: CARGO_HOME="/workspace/cargo-home" RUSTUP_HOME="/workspace/rustup-home" "/workspace/cargo-home/bin/cargo" "+1.100.0-beta.1" "fetch" "--manifest-path" "Cargo.toml", kill_on_drop: false }`
[INFO] running `Command { std: "docker" "create" "-v" "/var/lib/crater-agent-workspace/builds/worker-4-tc2/source:/opt/rustwide/workdir:ro,Z" "-v" "/var/lib/crater-agent-workspace/builds/worker-4-tc2/target:/opt/rustwide/target:rw,Z" "-v" "/var/lib/crater-agent-workspace/cargo-home:/opt/rustwide/cargo-home:ro,Z" "-v" "/var/lib/crater-agent-workspace/rustup-home:/opt/rustwide/rustup-home:ro,Z" "-m" "1610612736" "--network" "none" "ghcr.io/rust-lang/crates-build-env/linux@sha256:77db811e55d90add9212f6832c23229e3de5f1c1f9905e8cb07319ea15df73ac" "sleep" "infinity", kill_on_drop: false }`
[INFO] [stdout] 4e8543b2b7ed37c2065d8c1f3c1b3f3bc65a0d88dd63665e828aaaf8a970988b
[INFO] running `Command { std: "docker" "start" "4e8543b2b7ed37c2065d8c1f3c1b3f3bc65a0d88dd63665e828aaaf8a970988b", kill_on_drop: false }`
[INFO] running `Command { std: "docker" "inspect" "4e8543b2b7ed37c2065d8c1f3c1b3f3bc65a0d88dd63665e828aaaf8a970988b", kill_on_drop: false }`
[INFO] running `Command { std: "docker" "exec" "-e" "SOURCE_DIR=/opt/rustwide/workdir" "-e" "CARGO_HOME=/opt/rustwide/cargo-home" "-e" "RUSTUP_HOME=/opt/rustwide/rustup-home" "-e" "CARGO_TARGET_DIR=/opt/rustwide/target" "-w" "/opt/rustwide/workdir" "--user" "0:0" "4e8543b2b7ed37c2065d8c1f3c1b3f3bc65a0d88dd63665e828aaaf8a970988b" "/opt/rustwide/cargo-home/bin/cargo" "+1.100.0-beta.1" "metadata" "--no-deps" "--format-version=1", kill_on_drop: false }`
[INFO] running `Command { std: "docker" "inspect" "4e8543b2b7ed37c2065d8c1f3c1b3f3bc65a0d88dd63665e828aaaf8a970988b", kill_on_drop: false }`
[INFO] running `Command { std: "docker" "exec" "-e" "SOURCE_DIR=/opt/rustwide/workdir" "-e" "CARGO_HOME=/opt/rustwide/cargo-home" "-e" "RUSTUP_HOME=/opt/rustwide/rustup-home" "-e" "CARGO_TARGET_DIR=/opt/rustwide/target" "-e" "CARGO_INCREMENTAL=0" "-e" "RUST_BACKTRACE=full" "-e" "RUSTFLAGS=--cap-lints=warn" "-e" "RUSTDOCFLAGS=--cap-lints=warn" "-w" "/opt/rustwide/workdir" "--user" "0:0" "4e8543b2b7ed37c2065d8c1f3c1b3f3bc65a0d88dd63665e828aaaf8a970988b" "/opt/rustwide/cargo-home/bin/cargo" "+1.100.0-beta.1" "build" "--frozen" "--message-format=json" "--release", kill_on_drop: false }`
[INFO] [stderr]    Compiling libc v0.2.186
[INFO] [stderr]    Compiling syn v2.0.118
[INFO] [stderr]    Compiling colored v3.1.1
[INFO] [stderr]    Compiling log v0.4.33
[INFO] [stderr]    Compiling moosicbox_env_utils v0.4.0
[INFO] [stderr]    Compiling color-hex v0.2.0
[INFO] [stderr]    Compiling switchy_time v0.4.0
[INFO] [stderr]    Compiling moosicbox_assert v0.4.0
[INFO] [stderr]    Compiling getrandom v0.3.4
[INFO] [stderr]    Compiling rand_core v0.9.5
[INFO] [stderr]    Compiling rand v0.9.4
[INFO] [stderr]    Compiling rand_chacha v0.9.0
[INFO] [stderr]    Compiling rand_xorshift v0.4.0
[INFO] [stderr]    Compiling proptest v1.11.0
[INFO] [stderr]    Compiling structmeta-derive v0.3.0
[INFO] [stderr]    Compiling thiserror-impl v2.0.18
[INFO] [stderr]    Compiling serde_derive v1.0.228
[INFO] [stderr]    Compiling structmeta v0.3.0
[INFO] [stderr]    Compiling derive-ex v0.1.8
[INFO] [stderr]    Compiling thiserror v2.0.18
[INFO] [stderr]    Compiling moosicbox_arb v0.4.0
[INFO] [stderr]    Compiling test-strategy v0.4.5
[INFO] [stderr]    Compiling serde v1.0.228
[INFO] [stderr]    Compiling hyperchad_transformer_models v0.4.0
[INFO] [stderr]    Compiling hyperchad_color v0.4.0
[INFO] [stderr]    Compiling hyperchad_actions v0.4.0 (/opt/rustwide/workdir)
[INFO] [stderr]     Finished `release` profile [optimized] target(s) in 30.63s
[INFO] running `Command { std: "docker" "inspect" "4e8543b2b7ed37c2065d8c1f3c1b3f3bc65a0d88dd63665e828aaaf8a970988b", kill_on_drop: false }`
[INFO] running `Command { std: "docker" "exec" "-e" "SOURCE_DIR=/opt/rustwide/workdir" "-e" "CARGO_HOME=/opt/rustwide/cargo-home" "-e" "RUSTUP_HOME=/opt/rustwide/rustup-home" "-e" "CARGO_TARGET_DIR=/opt/rustwide/target" "-e" "CARGO_INCREMENTAL=0" "-e" "RUST_BACKTRACE=full" "-e" "RUSTFLAGS=--cap-lints=warn" "-e" "RUSTDOCFLAGS=--cap-lints=warn" "-w" "/opt/rustwide/workdir" "--user" "0:0" "4e8543b2b7ed37c2065d8c1f3c1b3f3bc65a0d88dd63665e828aaaf8a970988b" "/opt/rustwide/cargo-home/bin/cargo" "+1.100.0-beta.1" "test" "--frozen" "--no-run" "--message-format=json" "--release", kill_on_drop: false }`
[INFO] [stderr]    Compiling hyperchad_actions v0.4.0 (/opt/rustwide/workdir)
[INFO] [stdout] error[E0432]: unresolved import `flume`
[INFO] [stdout]    --> src/handler.rs:994:9
[INFO] [stdout]     |
[INFO] [stdout] 994 |     use flume::Sender;
[INFO] [stdout]     |         ^^^^^ use of unresolved module or unlinked crate `flume`
[INFO] [stdout]     |
[INFO] [stdout]     = help: if you wanted to use a crate named `flume`, use `cargo add flume` to add it to your `Cargo.toml`
[INFO] [stdout] 
[INFO] [stdout] 
[INFO] [stdout] error[E0433]: cannot find module or crate `test_log` in this scope
[INFO] [stdout]     --> src/logic.rs:1057:7
[INFO] [stdout]      |
[INFO] [stdout] 1057 |     #[test_log::test]
[INFO] [stdout]      |       ^^^^^^^^ use of unresolved module or unlinked crate `test_log`
[INFO] [stdout] 
[INFO] [stdout] 
[INFO] [stdout] error[E0433]: cannot find module or crate `test_log` in this scope
[INFO] [stdout]     --> src/logic.rs:1072:7
[INFO] [stdout]      |
[INFO] [stdout] 1072 |     #[test_log::test]
[INFO] [stdout]      |       ^^^^^^^^ use of unresolved module or unlinked crate `test_log`
[INFO] [stdout] 
[INFO] [stdout] 
[INFO] [stdout] error[E0433]: cannot find module or crate `test_log` in this scope
[INFO] [stdout]     --> src/logic.rs:1081:7
[INFO] [stdout]      |
[INFO] [stdout] 1081 |     #[test_log::test]
[INFO] [stdout]      |       ^^^^^^^^ use of unresolved module or unlinked crate `test_log`
[INFO] [stdout] 
[INFO] [stdout] 
[INFO] [stdout] error[E0433]: cannot find module or crate `test_log` in this scope
[INFO] [stdout]     --> src/logic.rs:1088:7
[INFO] [stdout]      |
[INFO] [stdout] 1088 |     #[test_log::test]
[INFO] [stdout]      |       ^^^^^^^^ use of unresolved module or unlinked crate `test_log`
[INFO] [stdout] 
[INFO] [stdout] 
[INFO] [stdout] error[E0433]: cannot find module or crate `test_log` in this scope
[INFO] [stdout]     --> src/logic.rs:1095:7
[INFO] [stdout]      |
[INFO] [stdout] 1095 |     #[test_log::test]
[INFO] [stdout]      |       ^^^^^^^^ use of unresolved module or unlinked crate `test_log`
[INFO] [stdout] 
[INFO] [stdout] 
[INFO] [stdout] error[E0433]: cannot find module or crate `test_log` in this scope
[INFO] [stdout]     --> src/logic.rs:1102:7
[INFO] [stdout]      |
[INFO] [stdout] 1102 |     #[test_log::test]
[INFO] [stdout]      |       ^^^^^^^^ use of unresolved module or unlinked crate `test_log`
[INFO] [stdout] 
[INFO] [stdout] 
[INFO] [stdout] error[E0433]: cannot find module or crate `test_log` in this scope
[INFO] [stdout]     --> src/logic.rs:1109:7
[INFO] [stdout]      |
[INFO] [stdout] 1109 |     #[test_log::test]
[INFO] [stdout]      |       ^^^^^^^^ use of unresolved module or unlinked crate `test_log`
[INFO] [stdout] 
[INFO] [stdout] 
[INFO] [stdout] error[E0433]: cannot find module or crate `test_log` in this scope
[INFO] [stdout]     --> src/logic.rs:1120:7
[INFO] [stdout]      |
[INFO] [stdout] 1120 |     #[test_log::test]
[INFO] [stdout]      |       ^^^^^^^^ use of unresolved module or unlinked crate `test_log`
[INFO] [stdout] 
[INFO] [stdout] 
[INFO] [stdout] error[E0433]: cannot find module or crate `test_log` in this scope
[INFO] [stdout]     --> src/logic.rs:1131:7
[INFO] [stdout]      |
[INFO] [stdout] 1131 |     #[test_log::test]
[INFO] [stdout]      |       ^^^^^^^^ use of unresolved module or unlinked crate `test_log`
[INFO] [stdout] 
[INFO] [stdout] 
[INFO] [stdout] error[E0433]: cannot find module or crate `test_log` in this scope
[INFO] [stdout]     --> src/logic.rs:1139:7
[INFO] [stdout]      |
[INFO] [stdout] 1139 |     #[test_log::test]
[INFO] [stdout]      |       ^^^^^^^^ use of unresolved module or unlinked crate `test_log`
[INFO] [stdout] 
[INFO] [stdout] 
[INFO] [stdout] error[E0433]: cannot find module or crate `test_log` in this scope
[INFO] [stdout]     --> src/logic.rs:1148:7
[INFO] [stdout]      |
[INFO] [stdout] 1148 |     #[test_log::test]
[INFO] [stdout]      |       ^^^^^^^^ use of unresolved module or unlinked crate `test_log`
[INFO] [stdout] 
[INFO] [stdout] 
[INFO] [stdout] error[E0433]: cannot find module or crate `test_log` in this scope
[INFO] [stdout]     --> src/logic.rs:1157:7
[INFO] [stdout]      |
[INFO] [stdout] 1157 |     #[test_log::test]
[INFO] [stdout]      |       ^^^^^^^^ use of unresolved module or unlinked crate `test_log`
[INFO] [stdout] 
[INFO] [stdout] 
[INFO] [stdout] error[E0433]: cannot find module or crate `test_log` in this scope
[INFO] [stdout]     --> src/logic.rs:1166:7
[INFO] [stdout]      |
[INFO] [stdout] 1166 |     #[test_log::test]
[INFO] [stdout]      |       ^^^^^^^^ use of unresolved module or unlinked crate `test_log`
[INFO] [stdout] 
[INFO] [stdout] 
[INFO] [stdout] error[E0433]: cannot find module or crate `test_log` in this scope
[INFO] [stdout]     --> src/logic.rs:1182:7
[INFO] [stdout]      |
[INFO] [stdout] 1182 |     #[test_log::test]
[INFO] [stdout]      |       ^^^^^^^^ use of unresolved module or unlinked crate `test_log`
[INFO] [stdout] 
[INFO] [stdout] 
[INFO] [stdout] error[E0433]: cannot find module or crate `test_log` in this scope
[INFO] [stdout]     --> src/logic.rs:1198:7
[INFO] [stdout]      |
[INFO] [stdout] 1198 |     #[test_log::test]
[INFO] [stdout]      |       ^^^^^^^^ use of unresolved module or unlinked crate `test_log`
[INFO] [stdout] 
[INFO] [stdout] 
[INFO] [stdout] error[E0433]: cannot find module or crate `test_log` in this scope
[INFO] [stdout]     --> src/logic.rs:1208:7
[INFO] [stdout]      |
[INFO] [stdout] 1208 |     #[test_log::test]
[INFO] [stdout]      |       ^^^^^^^^ use of unresolved module or unlinked crate `test_log`
[INFO] [stdout] 
[INFO] [stdout] 
[INFO] [stdout] error[E0433]: cannot find module or crate `test_log` in this scope
[INFO] [stdout]     --> src/logic.rs:1219:7
[INFO] [stdout]      |
[INFO] [stdout] 1219 |     #[test_log::test]
[INFO] [stdout]      |       ^^^^^^^^ use of unresolved module or unlinked crate `test_log`
[INFO] [stdout] 
[INFO] [stdout] 
[INFO] [stdout] error[E0433]: cannot find module or crate `test_log` in this scope
[INFO] [stdout]     --> src/logic.rs:1229:7
[INFO] [stdout]      |
[INFO] [stdout] 1229 |     #[test_log::test]
[INFO] [stdout]      |       ^^^^^^^^ use of unresolved module or unlinked crate `test_log`
[INFO] [stdout] 
[INFO] [stdout] 
[INFO] [stdout] error[E0433]: cannot find module or crate `test_log` in this scope
[INFO] [stdout]     --> src/logic.rs:1239:7
[INFO] [stdout]      |
[INFO] [stdout] 1239 |     #[test_log::test]
[INFO] [stdout]      |       ^^^^^^^^ use of unresolved module or unlinked crate `test_log`
[INFO] [stdout] 
[INFO] [stdout] 
[INFO] [stdout] error[E0433]: cannot find module or crate `test_log` in this scope
[INFO] [stdout]     --> src/logic.rs:1251:7
[INFO] [stdout]      |
[INFO] [stdout] 1251 |     #[test_log::test]
[INFO] [stdout]      |       ^^^^^^^^ use of unresolved module or unlinked crate `test_log`
[INFO] [stdout] 
[INFO] [stdout] 
[INFO] [stdout] error[E0433]: cannot find module or crate `test_log` in this scope
[INFO] [stdout]     --> src/logic.rs:1264:7
[INFO] [stdout]      |
[INFO] [stdout] 1264 |     #[test_log::test]
[INFO] [stdout]      |       ^^^^^^^^ use of unresolved module or unlinked crate `test_log`
[INFO] [stdout] 
[INFO] [stdout] 
[INFO] [stdout] error[E0433]: cannot find module or crate `test_log` in this scope
[INFO] [stdout]     --> src/logic.rs:1273:7
[INFO] [stdout]      |
[INFO] [stdout] 1273 |     #[test_log::test]
[INFO] [stdout]      |       ^^^^^^^^ use of unresolved module or unlinked crate `test_log`
[INFO] [stdout] 
[INFO] [stdout] 
[INFO] [stdout] error[E0433]: cannot find module or crate `test_log` in this scope
[INFO] [stdout]     --> src/logic.rs:1279:7
[INFO] [stdout]      |
[INFO] [stdout] 1279 |     #[test_log::test]
[INFO] [stdout]      |       ^^^^^^^^ use of unresolved module or unlinked crate `test_log`
[INFO] [stdout] 
[INFO] [stdout] 
[INFO] [stdout] error[E0433]: cannot find module or crate `test_log` in this scope
[INFO] [stdout]     --> src/logic.rs:1285:7
[INFO] [stdout]      |
[INFO] [stdout] 1285 |     #[test_log::test]
[INFO] [stdout]      |       ^^^^^^^^ use of unresolved module or unlinked crate `test_log`
[INFO] [stdout] 
[INFO] [stdout] 
[INFO] [stdout] error[E0433]: cannot find module or crate `test_log` in this scope
[INFO] [stdout]     --> src/logic.rs:1297:7
[INFO] [stdout]      |
[INFO] [stdout] 1297 |     #[test_log::test]
[INFO] [stdout]      |       ^^^^^^^^ use of unresolved module or unlinked crate `test_log`
[INFO] [stdout] 
[INFO] [stdout] 
[INFO] [stdout] error[E0433]: cannot find module or crate `test_log` in this scope
[INFO] [stdout]     --> src/logic.rs:1309:7
[INFO] [stdout]      |
[INFO] [stdout] 1309 |     #[test_log::test]
[INFO] [stdout]      |       ^^^^^^^^ use of unresolved module or unlinked crate `test_log`
[INFO] [stdout] 
[INFO] [stdout] 
[INFO] [stdout] error[E0433]: cannot find module or crate `test_log` in this scope
[INFO] [stdout]     --> src/logic.rs:1321:7
[INFO] [stdout]      |
[INFO] [stdout] 1321 |     #[test_log::test]
[INFO] [stdout]      |       ^^^^^^^^ use of unresolved module or unlinked crate `test_log`
[INFO] [stdout] 
[INFO] [stdout] 
[INFO] [stdout] error[E0433]: cannot find module or crate `test_log` in this scope
[INFO] [stdout]     --> src/logic.rs:1333:7
[INFO] [stdout]      |
[INFO] [stdout] 1333 |     #[test_log::test]
[INFO] [stdout]      |       ^^^^^^^^ use of unresolved module or unlinked crate `test_log`
[INFO] [stdout] 
[INFO] [stdout] 
[INFO] [stdout] error[E0433]: cannot find module or crate `test_log` in this scope
[INFO] [stdout]     --> src/logic.rs:1345:7
[INFO] [stdout]      |
[INFO] [stdout] 1345 |     #[test_log::test]
[INFO] [stdout]      |       ^^^^^^^^ use of unresolved module or unlinked crate `test_log`
[INFO] [stdout] 
[INFO] [stdout] 
[INFO] [stdout] error[E0433]: cannot find module or crate `test_log` in this scope
[INFO] [stdout]     --> src/logic.rs:1357:7
[INFO] [stdout]      |
[INFO] [stdout] 1357 |     #[test_log::test]
[INFO] [stdout]      |       ^^^^^^^^ use of unresolved module or unlinked crate `test_log`
[INFO] [stdout] 
[INFO] [stdout] 
[INFO] [stdout] error[E0433]: cannot find module or crate `test_log` in this scope
[INFO] [stdout]     --> src/logic.rs:1369:7
[INFO] [stdout]      |
[INFO] [stdout] 1369 |     #[test_log::test]
[INFO] [stdout]      |       ^^^^^^^^ use of unresolved module or unlinked crate `test_log`
[INFO] [stdout] 
[INFO] [stdout] 
[INFO] [stdout] error[E0433]: cannot find module or crate `test_log` in this scope
[INFO] [stdout]     --> src/logic.rs:1384:7
[INFO] [stdout]      |
[INFO] [stdout] 1384 |     #[test_log::test]
[INFO] [stdout]      |       ^^^^^^^^ use of unresolved module or unlinked crate `test_log`
[INFO] [stdout] 
[INFO] [stdout] 
[INFO] [stdout] error[E0433]: cannot find module or crate `test_log` in this scope
[INFO] [stdout]     --> src/logic.rs:1396:7
[INFO] [stdout]      |
[INFO] [stdout] 1396 |     #[test_log::test]
[INFO] [stdout]      |       ^^^^^^^^ use of unresolved module or unlinked crate `test_log`
[INFO] [stdout] 
[INFO] [stdout] 
[INFO] [stdout] error[E0433]: cannot find module or crate `test_log` in this scope
[INFO] [stdout]     --> src/logic.rs:1408:7
[INFO] [stdout]      |
[INFO] [stdout] 1408 |     #[test_log::test]
[INFO] [stdout]      |       ^^^^^^^^ use of unresolved module or unlinked crate `test_log`
[INFO] [stdout] 
[INFO] [stdout] 
[INFO] [stdout] error[E0433]: cannot find module or crate `test_log` in this scope
[INFO] [stdout]     --> src/logic.rs:1420:7
[INFO] [stdout]      |
[INFO] [stdout] 1420 |     #[test_log::test]
[INFO] [stdout]      |       ^^^^^^^^ use of unresolved module or unlinked crate `test_log`
[INFO] [stdout] 
[INFO] [stdout] 
[INFO] [stdout] error[E0433]: cannot find module or crate `test_log` in this scope
[INFO] [stdout]     --> src/logic.rs:1432:7
[INFO] [stdout]      |
[INFO] [stdout] 1432 |     #[test_log::test]
[INFO] [stdout]      |       ^^^^^^^^ use of unresolved module or unlinked crate `test_log`
[INFO] [stdout] 
[INFO] [stdout] 
[INFO] [stdout] error[E0433]: cannot find module or crate `test_log` in this scope
[INFO] [stdout]     --> src/logic.rs:1444:7
[INFO] [stdout]      |
[INFO] [stdout] 1444 |     #[test_log::test]
[INFO] [stdout]      |       ^^^^^^^^ use of unresolved module or unlinked crate `test_log`
[INFO] [stdout] 
[INFO] [stdout] 
[INFO] [stdout] error[E0433]: cannot find module or crate `test_log` in this scope
[INFO] [stdout]     --> src/logic.rs:1454:7
[INFO] [stdout]      |
[INFO] [stdout] 1454 |     #[test_log::test]
[INFO] [stdout]      |       ^^^^^^^^ use of unresolved module or unlinked crate `test_log`
[INFO] [stdout] 
[INFO] [stdout] 
[INFO] [stdout] error[E0433]: cannot find module or crate `test_log` in this scope
[INFO] [stdout]     --> src/logic.rs:1467:7
[INFO] [stdout]      |
[INFO] [stdout] 1467 |     #[test_log::test]
[INFO] [stdout]      |       ^^^^^^^^ use of unresolved module or unlinked crate `test_log`
[INFO] [stdout] 
[INFO] [stdout] 
[INFO] [stdout] error[E0433]: cannot find module or crate `test_log` in this scope
[INFO] [stdout]     --> src/logic.rs:1479:7
[INFO] [stdout]      |
[INFO] [stdout] 1479 |     #[test_log::test]
[INFO] [stdout]      |       ^^^^^^^^ use of unresolved module or unlinked crate `test_log`
[INFO] [stdout] 
[INFO] [stdout] 
[INFO] [stdout] error[E0433]: cannot find module or crate `test_log` in this scope
[INFO] [stdout]     --> src/logic.rs:1493:7
[INFO] [stdout]      |
[INFO] [stdout] 1493 |     #[test_log::test]
[INFO] [stdout]      |       ^^^^^^^^ use of unresolved module or unlinked crate `test_log`
[INFO] [stdout] 
[INFO] [stdout] 
[INFO] [stdout] error[E0433]: cannot find module or crate `test_log` in this scope
[INFO] [stdout]     --> src/logic.rs:1502:7
[INFO] [stdout]      |
[INFO] [stdout] 1502 |     #[test_log::test]
[INFO] [stdout]      |       ^^^^^^^^ use of unresolved module or unlinked crate `test_log`
[INFO] [stdout] 
[INFO] [stdout] 
[INFO] [stdout] error[E0433]: cannot find module or crate `test_log` in this scope
[INFO] [stdout]     --> src/logic.rs:1511:7
[INFO] [stdout]      |
[INFO] [stdout] 1511 |     #[test_log::test]
[INFO] [stdout]      |       ^^^^^^^^ use of unresolved module or unlinked crate `test_log`
[INFO] [stdout] 
[INFO] [stdout] 
[INFO] [stdout] error[E0433]: cannot find module or crate `test_log` in this scope
[INFO] [stdout]     --> src/logic.rs:1520:7
[INFO] [stdout]      |
[INFO] [stdout] 1520 |     #[test_log::test]
[INFO] [stdout]      |       ^^^^^^^^ use of unresolved module or unlinked crate `test_log`
[INFO] [stdout] 
[INFO] [stdout] 
[INFO] [stdout] error[E0433]: cannot find module or crate `test_log` in this scope
[INFO] [stdout]     --> src/logic.rs:1535:7
[INFO] [stdout]      |
[INFO] [stdout] 1535 |     #[test_log::test]
[INFO] [stdout]      |       ^^^^^^^^ use of unresolved module or unlinked crate `test_log`
[INFO] [stdout] 
[INFO] [stdout] 
[INFO] [stdout] error[E0433]: cannot find module or crate `test_log` in this scope
[INFO] [stdout]     --> src/logic.rs:1543:7
[INFO] [stdout]      |
[INFO] [stdout] 1543 |     #[test_log::test]
[INFO] [stdout]      |       ^^^^^^^^ use of unresolved module or unlinked crate `test_log`
[INFO] [stdout] 
[INFO] [stdout] 
[INFO] [stdout] error[E0433]: cannot find module or crate `test_log` in this scope
[INFO] [stdout]     --> src/logic.rs:1562:7
[INFO] [stdout]      |
[INFO] [stdout] 1562 |     #[test_log::test]
[INFO] [stdout]      |       ^^^^^^^^ use of unresolved module or unlinked crate `test_log`
[INFO] [stdout] 
[INFO] [stdout] 
[INFO] [stdout] error[E0433]: cannot find module or crate `test_log` in this scope
[INFO] [stdout]     --> src/logic.rs:1583:7
[INFO] [stdout]      |
[INFO] [stdout] 1583 |     #[test_log::test]
[INFO] [stdout]      |       ^^^^^^^^ use of unresolved module or unlinked crate `test_log`
[INFO] [stdout] 
[INFO] [stdout] 
[INFO] [stdout] error[E0433]: cannot find module or crate `test_log` in this scope
[INFO] [stdout]     --> src/logic.rs:1593:7
[INFO] [stdout]      |
[INFO] [stdout] 1593 |     #[test_log::test]
[INFO] [stdout]      |       ^^^^^^^^ use of unresolved module or unlinked crate `test_log`
[INFO] [stdout] 
[INFO] [stdout] 
[INFO] [stdout] error[E0433]: cannot find module or crate `test_log` in this scope
[INFO] [stdout]     --> src/logic.rs:1603:7
[INFO] [stdout]      |
[INFO] [stdout] 1603 |     #[test_log::test]
[INFO] [stdout]      |       ^^^^^^^^ use of unresolved module or unlinked crate `test_log`
[INFO] [stdout] 
[INFO] [stdout] 
[INFO] [stdout] error[E0433]: cannot find module or crate `test_log` in this scope
[INFO] [stdout]     --> src/logic.rs:1613:7
[INFO] [stdout]      |
[INFO] [stdout] 1613 |     #[test_log::test]
[INFO] [stdout]      |       ^^^^^^^^ use of unresolved module or unlinked crate `test_log`
[INFO] [stdout] 
[INFO] [stdout] 
[INFO] [stdout] error[E0433]: cannot find module or crate `test_log` in this scope
[INFO] [stdout]     --> src/logic.rs:1621:7
[INFO] [stdout]      |
[INFO] [stdout] 1621 |     #[test_log::test]
[INFO] [stdout]      |       ^^^^^^^^ use of unresolved module or unlinked crate `test_log`
[INFO] [stdout] 
[INFO] [stdout] 
[INFO] [stdout] error[E0433]: cannot find module or crate `test_log` in this scope
[INFO] [stdout]     --> src/logic.rs:1633:7
[INFO] [stdout]      |
[INFO] [stdout] 1633 |     #[test_log::test]
[INFO] [stdout]      |       ^^^^^^^^ use of unresolved module or unlinked crate `test_log`
[INFO] [stdout] 
[INFO] [stdout] 
[INFO] [stdout] error[E0433]: cannot find module or crate `test_log` in this scope
[INFO] [stdout]     --> src/logic.rs:1643:7
[INFO] [stdout]      |
[INFO] [stdout] 1643 |     #[test_log::test]
[INFO] [stdout]      |       ^^^^^^^^ use of unresolved module or unlinked crate `test_log`
[INFO] [stdout] 
[INFO] [stdout] 
[INFO] [stdout] error[E0433]: cannot find module or crate `test_log` in this scope
[INFO] [stdout]     --> src/logic.rs:1653:7
[INFO] [stdout]      |
[INFO] [stdout] 1653 |     #[test_log::test]
[INFO] [stdout]      |       ^^^^^^^^ use of unresolved module or unlinked crate `test_log`
[INFO] [stdout] 
[INFO] [stdout] 
[INFO] [stdout] error[E0433]: cannot find module or crate `test_log` in this scope
[INFO] [stdout]     --> src/logic.rs:1663:7
[INFO] [stdout]      |
[INFO] [stdout] 1663 |     #[test_log::test]
[INFO] [stdout]      |       ^^^^^^^^ use of unresolved module or unlinked crate `test_log`
[INFO] [stdout] 
[INFO] [stdout] 
[INFO] [stdout] error[E0433]: cannot find module or crate `test_log` in this scope
[INFO] [stdout]     --> src/logic.rs:1673:7
[INFO] [stdout]      |
[INFO] [stdout] 1673 |     #[test_log::test]
[INFO] [stdout]      |       ^^^^^^^^ use of unresolved module or unlinked crate `test_log`
[INFO] [stdout] 
[INFO] [stdout] 
[INFO] [stdout] error[E0433]: cannot find module or crate `test_log` in this scope
[INFO] [stdout]     --> src/logic.rs:1691:7
[INFO] [stdout]      |
[INFO] [stdout] 1691 |     #[test_log::test]
[INFO] [stdout]      |       ^^^^^^^^ use of unresolved module or unlinked crate `test_log`
[INFO] [stdout] 
[INFO] [stdout] 
[INFO] [stdout] error[E0433]: cannot find module or crate `test_log` in this scope
[INFO] [stdout]     --> src/logic.rs:1709:7
[INFO] [stdout]      |
[INFO] [stdout] 1709 |     #[test_log::test]
[INFO] [stdout]      |       ^^^^^^^^ use of unresolved module or unlinked crate `test_log`
[INFO] [stdout] 
[INFO] [stdout] 
[INFO] [stdout] error[E0433]: cannot find module or crate `test_log` in this scope
[INFO] [stdout]     --> src/logic.rs:1718:7
[INFO] [stdout]      |
[INFO] [stdout] 1718 |     #[test_log::test]
[INFO] [stdout]      |       ^^^^^^^^ use of unresolved module or unlinked crate `test_log`
[INFO] [stdout] 
[INFO] [stdout] 
[INFO] [stdout] error[E0433]: cannot find module or crate `test_log` in this scope
[INFO] [stdout]     --> src/logic.rs:1733:7
[INFO] [stdout]      |
[INFO] [stdout] 1733 |     #[test_log::test]
[INFO] [stdout]      |       ^^^^^^^^ use of unresolved module or unlinked crate `test_log`
[INFO] [stdout] 
[INFO] [stdout] 
[INFO] [stdout] error[E0433]: cannot find module or crate `test_log` in this scope
[INFO] [stdout]     --> src/logic.rs:1754:7
[INFO] [stdout]      |
[INFO] [stdout] 1754 |     #[test_log::test]
[INFO] [stdout]      |       ^^^^^^^^ use of unresolved module or unlinked crate `test_log`
[INFO] [stdout] 
[INFO] [stdout] 
[INFO] [stdout] error[E0433]: cannot find module or crate `test_log` in this scope
[INFO] [stdout]     --> src/logic.rs:1766:7
[INFO] [stdout]      |
[INFO] [stdout] 1766 |     #[test_log::test]
[INFO] [stdout]      |       ^^^^^^^^ use of unresolved module or unlinked crate `test_log`
[INFO] [stdout] 
[INFO] [stdout] 
[INFO] [stdout] error[E0433]: cannot find module or crate `test_log` in this scope
[INFO] [stdout]     --> src/logic.rs:1778:7
[INFO] [stdout]      |
[INFO] [stdout] 1778 |     #[test_log::test]
[INFO] [stdout]      |       ^^^^^^^^ use of unresolved module or unlinked crate `test_log`
[INFO] [stdout] 
[INFO] [stdout] 
[INFO] [stdout] error[E0433]: cannot find module or crate `test_log` in this scope
[INFO] [stdout]     --> src/logic.rs:1790:7
[INFO] [stdout]      |
[INFO] [stdout] 1790 |     #[test_log::test]
[INFO] [stdout]      |       ^^^^^^^^ use of unresolved module or unlinked crate `test_log`
[INFO] [stdout] 
[INFO] [stdout] 
[INFO] [stdout] error[E0433]: cannot find module or crate `test_log` in this scope
[INFO] [stdout]     --> src/logic.rs:1802:7
[INFO] [stdout]      |
[INFO] [stdout] 1802 |     #[test_log::test]
[INFO] [stdout]      |       ^^^^^^^^ use of unresolved module or unlinked crate `test_log`
[INFO] [stdout] 
[INFO] [stdout] 
[INFO] [stdout] error[E0433]: cannot find module or crate `test_log` in this scope
[INFO] [stdout]     --> src/logic.rs:1814:7
[INFO] [stdout]      |
[INFO] [stdout] 1814 |     #[test_log::test]
[INFO] [stdout]      |       ^^^^^^^^ use of unresolved module or unlinked crate `test_log`
[INFO] [stdout] 
[INFO] [stdout] 
[INFO] [stdout] error[E0433]: cannot find module or crate `test_log` in this scope
[INFO] [stdout]     --> src/logic.rs:1826:7
[INFO] [stdout]      |
[INFO] [stdout] 1826 |     #[test_log::test]
[INFO] [stdout]      |       ^^^^^^^^ use of unresolved module or unlinked crate `test_log`
[INFO] [stdout] 
[INFO] [stdout] 
[INFO] [stdout] error[E0433]: cannot find module or crate `test_log` in this scope
[INFO] [stdout]     --> src/logic.rs:1838:7
[INFO] [stdout]      |
[INFO] [stdout] 1838 |     #[test_log::test]
[INFO] [stdout]      |       ^^^^^^^^ use of unresolved module or unlinked crate `test_log`
[INFO] [stdout] 
[INFO] [stdout] 
[INFO] [stdout] error[E0433]: cannot find module or crate `test_log` in this scope
[INFO] [stdout]     --> src/logic.rs:1853:7
[INFO] [stdout]      |
[INFO] [stdout] 1853 |     #[test_log::test]
[INFO] [stdout]      |       ^^^^^^^^ use of unresolved module or unlinked crate `test_log`
[INFO] [stdout] 
[INFO] [stdout] 
[INFO] [stdout] error[E0433]: cannot find module or crate `test_log` in this scope
[INFO] [stdout]     --> src/logic.rs:1865:7
[INFO] [stdout]      |
[INFO] [stdout] 1865 |     #[test_log::test]
[INFO] [stdout]      |       ^^^^^^^^ use of unresolved module or unlinked crate `test_log`
[INFO] [stdout] 
[INFO] [stdout] 
[INFO] [stdout] error[E0433]: cannot find module or crate `test_log` in this scope
[INFO] [stdout]     --> src/logic.rs:1877:7
[INFO] [stdout]      |
[INFO] [stdout] 1877 |     #[test_log::test]
[INFO] [stdout]      |       ^^^^^^^^ use of unresolved module or unlinked crate `test_log`
[INFO] [stdout] 
[INFO] [stdout] 
[INFO] [stdout] error[E0433]: cannot find module or crate `test_log` in this scope
[INFO] [stdout]     --> src/logic.rs:1893:7
[INFO] [stdout]      |
[INFO] [stdout] 1893 |     #[test_log::test]
[INFO] [stdout]      |       ^^^^^^^^ use of unresolved module or unlinked crate `test_log`
[INFO] [stdout] 
[INFO] [stdout] 
[INFO] [stdout] error[E0433]: cannot find module or crate `test_log` in this scope
[INFO] [stdout]     --> src/logic.rs:1905:7
[INFO] [stdout]      |
[INFO] [stdout] 1905 |     #[test_log::test]
[INFO] [stdout]      |       ^^^^^^^^ use of unresolved module or unlinked crate `test_log`
[INFO] [stdout] 
[INFO] [stdout] 
[INFO] [stdout] error[E0433]: cannot find module or crate `test_log` in this scope
[INFO] [stdout]     --> src/logic.rs:1923:7
[INFO] [stdout]      |
[INFO] [stdout] 1923 |     #[test_log::test]
[INFO] [stdout]      |       ^^^^^^^^ use of unresolved module or unlinked crate `test_log`
[INFO] [stdout] 
[INFO] [stdout] 
[INFO] [stdout] error[E0433]: cannot find module or crate `test_log` in this scope
[INFO] [stdout]     --> src/logic.rs:1933:7
[INFO] [stdout]      |
[INFO] [stdout] 1933 |     #[test_log::test]
[INFO] [stdout]      |       ^^^^^^^^ use of unresolved module or unlinked crate `test_log`
[INFO] [stdout] 
[INFO] [stdout] 
[INFO] [stdout] error[E0433]: cannot find module or crate `test_log` in this scope
[INFO] [stdout]     --> src/logic.rs:1943:7
[INFO] [stdout]      |
[INFO] [stdout] 1943 |     #[test_log::test]
[INFO] [stdout]      |       ^^^^^^^^ use of unresolved module or unlinked crate `test_log`
[INFO] [stdout] 
[INFO] [stdout] 
[INFO] [stdout] error[E0433]: cannot find module or crate `test_log` in this scope
[INFO] [stdout]     --> src/logic.rs:1953:7
[INFO] [stdout]      |
[INFO] [stdout] 1953 |     #[test_log::test]
[INFO] [stdout]      |       ^^^^^^^^ use of unresolved module or unlinked crate `test_log`
[INFO] [stdout] 
[INFO] [stdout] 
[INFO] [stdout] error[E0433]: cannot find module or crate `test_log` in this scope
[INFO] [stdout]     --> src/logic.rs:1964:7
[INFO] [stdout]      |
[INFO] [stdout] 1964 |     #[test_log::test]
[INFO] [stdout]      |       ^^^^^^^^ use of unresolved module or unlinked crate `test_log`
[INFO] [stdout] 
[INFO] [stdout] 
[INFO] [stdout] error[E0433]: cannot find module or crate `test_log` in this scope
[INFO] [stdout]     --> src/logic.rs:1973:7
[INFO] [stdout]      |
[INFO] [stdout] 1973 |     #[test_log::test]
[INFO] [stdout]      |       ^^^^^^^^ use of unresolved module or unlinked crate `test_log`
[INFO] [stdout] 
[INFO] [stdout] 
[INFO] [stdout] error[E0433]: cannot find module or crate `test_log` in this scope
[INFO] [stdout]     --> src/logic.rs:1984:7
[INFO] [stdout]      |
[INFO] [stdout] 1984 |     #[test_log::test]
[INFO] [stdout]      |       ^^^^^^^^ use of unresolved module or unlinked crate `test_log`
[INFO] [stdout] 
[INFO] [stdout] 
[INFO] [stdout] error[E0433]: cannot find module or crate `test_log` in this scope
[INFO] [stdout]     --> src/logic.rs:1993:7
[INFO] [stdout]      |
[INFO] [stdout] 1993 |     #[test_log::test]
[INFO] [stdout]      |       ^^^^^^^^ use of unresolved module or unlinked crate `test_log`
[INFO] [stdout] 
[INFO] [stdout] 
[INFO] [stdout] error[E0433]: cannot find module or crate `test_log` in this scope
[INFO] [stdout]     --> src/logic.rs:2002:7
[INFO] [stdout]      |
[INFO] [stdout] 2002 |     #[test_log::test]
[INFO] [stdout]      |       ^^^^^^^^ use of unresolved module or unlinked crate `test_log`
[INFO] [stdout] 
[INFO] [stdout] 
[INFO] [stdout] error[E0433]: cannot find module or crate `test_log` in this scope
[INFO] [stdout]     --> src/logic.rs:2016:7
[INFO] [stdout]      |
[INFO] [stdout] 2016 |     #[test_log::test]
[INFO] [stdout]      |       ^^^^^^^^ use of unresolved module or unlinked crate `test_log`
[INFO] [stdout] 
[INFO] [stdout] 
[INFO] [stdout] error[E0433]: cannot find module or crate `test_log` in this scope
[INFO] [stdout]     --> src/logic.rs:2027:7
[INFO] [stdout]      |
[INFO] [stdout] 2027 |     #[test_log::test]
[INFO] [stdout]      |       ^^^^^^^^ use of unresolved module or unlinked crate `test_log`
[INFO] [stdout] 
[INFO] [stdout] 
[INFO] [stdout] error[E0433]: cannot find module or crate `test_log` in this scope
[INFO] [stdout]     --> src/logic.rs:2037:7
[INFO] [stdout]      |
[INFO] [stdout] 2037 |     #[test_log::test]
[INFO] [stdout]      |       ^^^^^^^^ use of unresolved module or unlinked crate `test_log`
[INFO] [stdout] 
[INFO] [stdout] 
[INFO] [stdout] error[E0433]: cannot find module or crate `test_log` in this scope
[INFO] [stdout]     --> src/handler.rs:1158:7
[INFO] [stdout]      |
[INFO] [stdout] 1158 |     #[test_log::test]
[INFO] [stdout]      |       ^^^^^^^^ use of unresolved module or unlinked crate `test_log`
[INFO] [stdout] 
[INFO] [stdout] 
[INFO] [stdout] error[E0433]: cannot find module or crate `test_log` in this scope
[INFO] [stdout]     --> src/handler.rs:1168:7
[INFO] [stdout]      |
[INFO] [stdout] 1168 |     #[test_log::test]
[INFO] [stdout]      |       ^^^^^^^^ use of unresolved module or unlinked crate `test_log`
[INFO] [stdout] 
[INFO] [stdout] 
[INFO] [stdout] error[E0433]: cannot find module or crate `test_log` in this scope
[INFO] [stdout]     --> src/handler.rs:1180:7
[INFO] [stdout]      |
[INFO] [stdout] 1180 |     #[test_log::test]
[INFO] [stdout]      |       ^^^^^^^^ use of unresolved module or unlinked crate `test_log`
[INFO] [stdout] 
[INFO] [stdout] 
[INFO] [stdout] error[E0433]: cannot find module or crate `test_log` in this scope
[INFO] [stdout]     --> src/handler.rs:1196:7
[INFO] [stdout]      |
[INFO] [stdout] 1196 |     #[test_log::test]
[INFO] [stdout]      |       ^^^^^^^^ use of unresolved module or unlinked crate `test_log`
[INFO] [stdout] 
[INFO] [stdout] 
[INFO] [stdout] error[E0433]: cannot find module or crate `test_log` in this scope
[INFO] [stdout]     --> src/handler.rs:1211:7
[INFO] [stdout]      |
[INFO] [stdout] 1211 |     #[test_log::test]
[INFO] [stdout]      |       ^^^^^^^^ use of unresolved module or unlinked crate `test_log`
[INFO] [stdout] 
[INFO] [stdout] 
[INFO] [stdout] error[E0433]: cannot find module or crate `test_log` in this scope
[INFO] [stdout]     --> src/handler.rs:1224:7
[INFO] [stdout]      |
[INFO] [stdout] 1224 |     #[test_log::test]
[INFO] [stdout]      |       ^^^^^^^^ use of unresolved module or unlinked crate `test_log`
[INFO] [stdout] 
[INFO] [stdout] 
[INFO] [stdout] error[E0433]: cannot find module or crate `test_log` in this scope
[INFO] [stdout]     --> src/handler.rs:1237:7
[INFO] [stdout]      |
[INFO] [stdout] 1237 |     #[test_log::test]
[INFO] [stdout]      |       ^^^^^^^^ use of unresolved module or unlinked crate `test_log`
[INFO] [stdout] 
[INFO] [stdout] 
[INFO] [stdout] error[E0433]: cannot find module or crate `test_log` in this scope
[INFO] [stdout]     --> src/handler.rs:1261:7
[INFO] [stdout]      |
[INFO] [stdout] 1261 |     #[test_log::test]
[INFO] [stdout]      |       ^^^^^^^^ use of unresolved module or unlinked crate `test_log`
[INFO] [stdout] 
[INFO] [stdout] 
[INFO] [stdout] error[E0433]: cannot find module or crate `test_log` in this scope
[INFO] [stdout]     --> src/handler.rs:1267:7
[INFO] [stdout]      |
[INFO] [stdout] 1267 |     #[test_log::test]
[INFO] [stdout]      |       ^^^^^^^^ use of unresolved module or unlinked crate `test_log`
[INFO] [stdout] 
[INFO] [stdout] 
[INFO] [stdout] error[E0433]: cannot find module or crate `test_log` in this scope
[INFO] [stdout]     --> src/handler.rs:1279:7
[INFO] [stdout]      |
[INFO] [stdout] 1279 |     #[test_log::test]
[INFO] [stdout]      |       ^^^^^^^^ use of unresolved module or unlinked crate `test_log`
[INFO] [stdout] 
[INFO] [stdout] 
[INFO] [stdout] error[E0433]: cannot find module or crate `test_log` in this scope
[INFO] [stdout]     --> src/handler.rs:1285:7
[INFO] [stdout]      |
[INFO] [stdout] 1285 |     #[test_log::test]
[INFO] [stdout]      |       ^^^^^^^^ use of unresolved module or unlinked crate `test_log`
[INFO] [stdout] 
[INFO] [stdout] 
[INFO] [stdout] error[E0433]: cannot find module or crate `test_log` in this scope
[INFO] [stdout]     --> src/handler.rs:1291:7
[INFO] [stdout]      |
[INFO] [stdout] 1291 |     #[test_log::test]
[INFO] [stdout]      |       ^^^^^^^^ use of unresolved module or unlinked crate `test_log`
[INFO] [stdout] 
[INFO] [stdout] 
[INFO] [stdout] error[E0433]: cannot find module or crate `test_log` in this scope
[INFO] [stdout]     --> src/handler.rs:1297:7
[INFO] [stdout]      |
[INFO] [stdout] 1297 |     #[test_log::test]
[INFO] [stdout]      |       ^^^^^^^^ use of unresolved module or unlinked crate `test_log`
[INFO] [stdout] 
[INFO] [stdout] 
[INFO] [stdout] error[E0433]: cannot find module or crate `test_log` in this scope
[INFO] [stdout]     --> src/handler.rs:1306:7
[INFO] [stdout]      |
[INFO] [stdout] 1306 |     #[test_log::test]
[INFO] [stdout]      |       ^^^^^^^^ use of unresolved module or unlinked crate `test_log`
[INFO] [stdout] 
[INFO] [stdout] 
[INFO] [stdout] error[E0433]: cannot find module or crate `test_log` in this scope
[INFO] [stdout]     --> src/handler.rs:1318:7
[INFO] [stdout]      |
[INFO] [stdout] 1318 |     #[test_log::test]
[INFO] [stdout]      |       ^^^^^^^^ use of unresolved module or unlinked crate `test_log`
[INFO] [stdout] 
[INFO] [stdout] 
[INFO] [stdout] error[E0433]: cannot find module or crate `test_log` in this scope
[INFO] [stdout]     --> src/handler.rs:1352:7
[INFO] [stdout]      |
[INFO] [stdout] 1352 |     #[test_log::test]
[INFO] [stdout]      |       ^^^^^^^^ use of unresolved module or unlinked crate `test_log`
[INFO] [stdout] 
[INFO] [stdout] 
[INFO] [stdout] error[E0433]: cannot find module or crate `test_log` in this scope
[INFO] [stdout]     --> src/handler.rs:1361:7
[INFO] [stdout]      |
[INFO] [stdout] 1361 |     #[test_log::test]
[INFO] [stdout]      |       ^^^^^^^^ use of unresolved module or unlinked crate `test_log`
[INFO] [stdout] 
[INFO] [stdout] 
[INFO] [stdout] error[E0433]: cannot find module or crate `test_log` in this scope
[INFO] [stdout]     --> src/handler.rs:1374:7
[INFO] [stdout]      |
[INFO] [stdout] 1374 |     #[test_log::test]
[INFO] [stdout]      |       ^^^^^^^^ use of unresolved module or unlinked crate `test_log`
[INFO] [stdout] 
[INFO] [stdout] 
[INFO] [stdout] error[E0433]: cannot find module or crate `test_log` in this scope
[INFO] [stdout]     --> src/handler.rs:1398:7
[INFO] [stdout]      |
[INFO] [stdout] 1398 |     #[test_log::test]
[INFO] [stdout]      |       ^^^^^^^^ use of unresolved module or unlinked crate `test_log`
[INFO] [stdout] 
[INFO] [stdout] 
[INFO] [stdout] error[E0433]: cannot find module or crate `test_log` in this scope
[INFO] [stdout]     --> src/handler.rs:1414:7
[INFO] [stdout]      |
[INFO] [stdout] 1414 |     #[test_log::test]
[INFO] [stdout]      |       ^^^^^^^^ use of unresolved module or unlinked crate `test_log`
[INFO] [stdout] 
[INFO] [stdout] 
[INFO] [stdout] error[E0433]: cannot find module or crate `test_log` in this scope
[INFO] [stdout]     --> src/handler.rs:1423:7
[INFO] [stdout]      |
[INFO] [stdout] 1423 |     #[test_log::test]
[INFO] [stdout]      |       ^^^^^^^^ use of unresolved module or unlinked crate `test_log`
[INFO] [stdout] 
[INFO] [stdout] 
[INFO] [stdout] error[E0433]: cannot find module or crate `test_log` in this scope
[INFO] [stdout]     --> src/handler.rs:1436:7
[INFO] [stdout]      |
[INFO] [stdout] 1436 |     #[test_log::test]
[INFO] [stdout]      |       ^^^^^^^^ use of unresolved module or unlinked crate `test_log`
[INFO] [stdout] 
[INFO] [stdout] 
[INFO] [stdout] error[E0433]: cannot find module or crate `test_log` in this scope
[INFO] [stdout]     --> src/handler.rs:1451:7
[INFO] [stdout]      |
[INFO] [stdout] 1451 |     #[test_log::test]
[INFO] [stdout]      |       ^^^^^^^^ use of unresolved module or unlinked crate `test_log`
[INFO] [stdout] 
[INFO] [stdout] 
[INFO] [stdout] error[E0433]: cannot find module or crate `test_log` in this scope
[INFO] [stdout]     --> src/handler.rs:1465:7
[INFO] [stdout]      |
[INFO] [stdout] 1465 |     #[test_log::test]
[INFO] [stdout]      |       ^^^^^^^^ use of unresolved module or unlinked crate `test_log`
[INFO] [stdout] 
[INFO] [stdout] 
[INFO] [stdout] error[E0433]: cannot find module or crate `test_log` in this scope
[INFO] [stdout]     --> src/handler.rs:1474:7
[INFO] [stdout]      |
[INFO] [stdout] 1474 |     #[test_log::test]
[INFO] [stdout]      |       ^^^^^^^^ use of unresolved module or unlinked crate `test_log`
[INFO] [stdout] 
[INFO] [stdout] 
[INFO] [stdout] error[E0433]: cannot find module or crate `test_log` in this scope
[INFO] [stdout]     --> src/handler.rs:1486:7
[INFO] [stdout]      |
[INFO] [stdout] 1486 |     #[test_log::test]
[INFO] [stdout]      |       ^^^^^^^^ use of unresolved module or unlinked crate `test_log`
[INFO] [stdout] 
[INFO] [stdout] 
[INFO] [stdout] error[E0433]: cannot find module or crate `test_log` in this scope
[INFO] [stdout]     --> src/handler.rs:1500:7
[INFO] [stdout]      |
[INFO] [stdout] 1500 |     #[test_log::test]
[INFO] [stdout]      |       ^^^^^^^^ use of unresolved module or unlinked crate `test_log`
[INFO] [stdout] 
[INFO] [stdout] 
[INFO] [stdout] error[E0433]: cannot find module or crate `test_log` in this scope
[INFO] [stdout]     --> src/handler.rs:1650:7
[INFO] [stdout]      |
[INFO] [stdout] 1650 |     #[test_log::test]
[INFO] [stdout]      |       ^^^^^^^^ use of unresolved module or unlinked crate `test_log`
[INFO] [stdout] 
[INFO] [stdout] 
[INFO] [stdout] error[E0433]: cannot find module or crate `test_log` in this scope
[INFO] [stdout]     --> src/handler.rs:1659:7
[INFO] [stdout]      |
[INFO] [stdout] 1659 |     #[test_log::test]
[INFO] [stdout]      |       ^^^^^^^^ use of unresolved module or unlinked crate `test_log`
[INFO] [stdout] 
[INFO] [stdout] 
[INFO] [stdout] error[E0433]: cannot find module or crate `test_log` in this scope
[INFO] [stdout]     --> src/handler.rs:1668:7
[INFO] [stdout]      |
[INFO] [stdout] 1668 |     #[test_log::test]
[INFO] [stdout]      |       ^^^^^^^^ use of unresolved module or unlinked crate `test_log`
[INFO] [stdout] 
[INFO] [stdout] 
[INFO] [stdout] error[E0433]: cannot find module or crate `test_log` in this scope
[INFO] [stdout]     --> src/handler.rs:1678:7
[INFO] [stdout]      |
[INFO] [stdout] 1678 |     #[test_log::test]
[INFO] [stdout]      |       ^^^^^^^^ use of unresolved module or unlinked crate `test_log`
[INFO] [stdout] 
[INFO] [stdout] 
[INFO] [stdout] error[E0433]: cannot find module or crate `test_log` in this scope
[INFO] [stdout]     --> src/handler.rs:1687:7
[INFO] [stdout]      |
[INFO] [stdout] 1687 |     #[test_log::test]
[INFO] [stdout]      |       ^^^^^^^^ use of unresolved module or unlinked crate `test_log`
[INFO] [stdout] 
[INFO] [stdout] 
[INFO] [stdout] error[E0433]: cannot find module or crate `test_log` in this scope
[INFO] [stdout]     --> src/handler.rs:1696:7
[INFO] [stdout]      |
[INFO] [stdout] 1696 |     #[test_log::test]
[INFO] [stdout]      |       ^^^^^^^^ use of unresolved module or unlinked crate `test_log`
[INFO] [stdout] 
[INFO] [stdout] 
[INFO] [stdout] error[E0433]: cannot find module or crate `test_log` in this scope
[INFO] [stdout]     --> src/handler.rs:1706:7
[INFO] [stdout]      |
[INFO] [stdout] 1706 |     #[test_log::test]
[INFO] [stdout]      |       ^^^^^^^^ use of unresolved module or unlinked crate `test_log`
[INFO] [stdout] 
[INFO] [stdout] 
[INFO] [stdout] error[E0433]: cannot find module or crate `test_log` in this scope
[INFO] [stdout]     --> src/handler.rs:1715:7
[INFO] [stdout]      |
[INFO] [stdout] 1715 |     #[test_log::test]
[INFO] [stdout]      |       ^^^^^^^^ use of unresolved module or unlinked crate `test_log`
[INFO] [stdout] 
[INFO] [stdout] 
[INFO] [stdout] error[E0433]: cannot find module or crate `test_log` in this scope
[INFO] [stdout]     --> src/handler.rs:1730:7
[INFO] [stdout]      |
[INFO] [stdout] 1730 |     #[test_log::test]
[INFO] [stdout]      |       ^^^^^^^^ use of unresolved module or unlinked crate `test_log`
[INFO] [stdout] 
[INFO] [stdout] 
[INFO] [stdout] error[E0433]: cannot find module or crate `test_log` in this scope
[INFO] [stdout]     --> src/handler.rs:1742:7
[INFO] [stdout]      |
[INFO] [stdout] 1742 |     #[test_log::test]
[INFO] [stdout]      |       ^^^^^^^^ use of unresolved module or unlinked crate `test_log`
[INFO] [stdout] 
[INFO] [stdout] 
[INFO] [stdout] error[E0433]: cannot find module or crate `test_log` in this scope
[INFO] [stdout]     --> src/handler.rs:1754:7
[INFO] [stdout]      |
[INFO] [stdout] 1754 |     #[test_log::test]
[INFO] [stdout]      |       ^^^^^^^^ use of unresolved module or unlinked crate `test_log`
[INFO] [stdout] 
[INFO] [stdout] 
[INFO] [stdout] error[E0433]: cannot find module or crate `test_log` in this scope
[INFO] [stdout]     --> src/handler.rs:1771:7
[INFO] [stdout]      |
[INFO] [stdout] 1771 |     #[test_log::test]
[INFO] [stdout]      |       ^^^^^^^^ use of unresolved module or unlinked crate `test_log`
[INFO] [stdout] 
[INFO] [stdout] 
[INFO] [stdout] error[E0433]: cannot find module or crate `test_log` in this scope
[INFO] [stdout]     --> src/handler.rs:1783:7
[INFO] [stdout]      |
[INFO] [stdout] 1783 |     #[test_log::test]
[INFO] [stdout]      |       ^^^^^^^^ use of unresolved module or unlinked crate `test_log`
[INFO] [stdout] 
[INFO] [stdout] 
[INFO] [stdout] error[E0433]: cannot find module or crate `test_log` in this scope
[INFO] [stdout]     --> src/handler.rs:1794:7
[INFO] [stdout]      |
[INFO] [stdout] 1794 |     #[test_log::test]
[INFO] [stdout]      |       ^^^^^^^^ use of unresolved module or unlinked crate `test_log`
[INFO] [stdout] 
[INFO] [stdout] 
[INFO] [stdout] error[E0433]: cannot find module or crate `test_log` in this scope
[INFO] [stdout]     --> src/handler.rs:1809:7
[INFO] [stdout]      |
[INFO] [stdout] 1809 |     #[test_log::test]
[INFO] [stdout]      |       ^^^^^^^^ use of unresolved module or unlinked crate `test_log`
[INFO] [stdout] 
[INFO] [stdout] 
[INFO] [stdout] error[E0433]: cannot find module or crate `test_log` in this scope
[INFO] [stdout]     --> src/handler.rs:1824:7
[INFO] [stdout]      |
[INFO] [stdout] 1824 |     #[test_log::test]
[INFO] [stdout]      |       ^^^^^^^^ use of unresolved module or unlinked crate `test_log`
[INFO] [stdout] 
[INFO] [stdout] 
[INFO] [stdout] error[E0433]: cannot find module or crate `test_log` in this scope
[INFO] [stdout]     --> src/handler.rs:1839:7
[INFO] [stdout]      |
[INFO] [stdout] 1839 |     #[test_log::test]
[INFO] [stdout]      |       ^^^^^^^^ use of unresolved module or unlinked crate `test_log`
[INFO] [stdout] 
[INFO] [stdout] 
[INFO] [stdout] error[E0433]: cannot find module or crate `test_log` in this scope
[INFO] [stdout]     --> src/handler.rs:1878:7
[INFO] [stdout]      |
[INFO] [stdout] 1878 |     #[test_log::test]
[INFO] [stdout]      |       ^^^^^^^^ use of unresolved module or unlinked crate `test_log`
[INFO] [stdout] 
[INFO] [stdout] 
[INFO] [stdout] error[E0433]: cannot find module or crate `test_log` in this scope
[INFO] [stdout]     --> src/handler.rs:1897:7
[INFO] [stdout]      |
[INFO] [stdout] 1897 |     #[test_log::test]
[INFO] [stdout]      |       ^^^^^^^^ use of unresolved module or unlinked crate `test_log`
[INFO] [stdout] 
[INFO] [stdout] 
[INFO] [stdout] error[E0433]: cannot find module or crate `test_log` in this scope
[INFO] [stdout]     --> src/handler.rs:1923:7
[INFO] [stdout]      |
[INFO] [stdout] 1923 |     #[test_log::test]
[INFO] [stdout]      |       ^^^^^^^^ use of unresolved module or unlinked crate `test_log`
[INFO] [stdout] 
[INFO] [stdout] 
[INFO] [stdout] error[E0433]: cannot find module or crate `test_log` in this scope
[INFO] [stdout]     --> src/handler.rs:1949:7
[INFO] [stdout]      |
[INFO] [stdout] 1949 |     #[test_log::test]
[INFO] [stdout]      |       ^^^^^^^^ use of unresolved module or unlinked crate `test_log`
[INFO] [stdout] 
[INFO] [stdout] 
[INFO] [stdout] error[E0433]: cannot find module or crate `test_log` in this scope
[INFO] [stdout]     --> src/handler.rs:1970:7
[INFO] [stdout]      |
[INFO] [stdout] 1970 |     #[test_log::test]
[INFO] [stdout]      |       ^^^^^^^^ use of unresolved module or unlinked crate `test_log`
[INFO] [stdout] 
[INFO] [stdout] 
[INFO] [stdout] error[E0433]: cannot find module or crate `test_log` in this scope
[INFO] [stdout]     --> src/handler.rs:1991:7
[INFO] [stdout]      |
[INFO] [stdout] 1991 |     #[test_log::test]
[INFO] [stdout]      |       ^^^^^^^^ use of unresolved module or unlinked crate `test_log`
[INFO] [stdout] 
[INFO] [stdout] 
[INFO] [stdout] error[E0433]: cannot find module or crate `test_log` in this scope
[INFO] [stdout]     --> src/handler.rs:2024:7
[INFO] [stdout]      |
[INFO] [stdout] 2024 |     #[test_log::test]
[INFO] [stdout]      |       ^^^^^^^^ use of unresolved module or unlinked crate `test_log`
[INFO] [stdout] 
[INFO] [stdout] 
[INFO] [stdout] error[E0433]: cannot find module or crate `test_log` in this scope
[INFO] [stdout]     --> src/handler.rs:2067:7
[INFO] [stdout]      |
[INFO] [stdout] 2067 |     #[test_log::test]
[INFO] [stdout]      |       ^^^^^^^^ use of unresolved module or unlinked crate `test_log`
[INFO] [stdout] 
[INFO] [stdout] 
[INFO] [stdout] error[E0433]: cannot find module or crate `test_log` in this scope
[INFO] [stdout]     --> src/handler.rs:2108:7
[INFO] [stdout]      |
[INFO] [stdout] 2108 |     #[test_log::test]
[INFO] [stdout]      |       ^^^^^^^^ use of unresolved module or unlinked crate `test_log`
[INFO] [stdout] 
[INFO] [stdout] 
[INFO] [stdout] error[E0433]: cannot find module or crate `test_log` in this scope
[INFO] [stdout]     --> src/handler.rs:2147:7
[INFO] [stdout]      |
[INFO] [stdout] 2147 |     #[test_log::test]
[INFO] [stdout]      |       ^^^^^^^^ use of unresolved module or unlinked crate `test_log`
[INFO] [stdout] 
[INFO] [stdout] 
[INFO] [stdout] error[E0433]: cannot find module or crate `test_log` in this scope
[INFO] [stdout]     --> src/handler.rs:2158:7
[INFO] [stdout]      |
[INFO] [stdout] 2158 |     #[test_log::test]
[INFO] [stdout]      |       ^^^^^^^^ use of unresolved module or unlinked crate `test_log`
[INFO] [stdout] 
[INFO] [stdout] 
[INFO] [stdout] error[E0433]: cannot find module or crate `test_log` in this scope
[INFO] [stdout]     --> src/handler.rs:2169:7
[INFO] [stdout]      |
[INFO] [stdout] 2169 |     #[test_log::test]
[INFO] [stdout]      |       ^^^^^^^^ use of unresolved module or unlinked crate `test_log`
[INFO] [stdout] 
[INFO] [stdout] 
[INFO] [stdout] error[E0433]: cannot find module or crate `test_log` in this scope
[INFO] [stdout]     --> src/handler.rs:2180:7
[INFO] [stdout]      |
[INFO] [stdout] 2180 |     #[test_log::test]
[INFO] [stdout]      |       ^^^^^^^^ use of unresolved module or unlinked crate `test_log`
[INFO] [stdout] 
[INFO] [stdout] 
[INFO] [stdout] error[E0433]: cannot find module or crate `test_log` in this scope
[INFO] [stdout]     --> src/handler.rs:2194:7
[INFO] [stdout]      |
[INFO] [stdout] 2194 |     #[test_log::test]
[INFO] [stdout]      |       ^^^^^^^^ use of unresolved module or unlinked crate `test_log`
[INFO] [stdout] 
[INFO] [stdout] 
[INFO] [stdout] error[E0433]: cannot find module or crate `test_log` in this scope
[INFO] [stdout]     --> src/handler.rs:2208:7
[INFO] [stdout]      |
[INFO] [stdout] 2208 |     #[test_log::test]
[INFO] [stdout]      |       ^^^^^^^^ use of unresolved module or unlinked crate `test_log`
[INFO] [stdout] 
[INFO] [stdout] 
[INFO] [stdout] error[E0433]: cannot find module or crate `test_log` in this scope
[INFO] [stdout]     --> src/handler.rs:2222:7
[INFO] [stdout]      |
[INFO] [stdout] 2222 |     #[test_log::test]
[INFO] [stdout]      |       ^^^^^^^^ use of unresolved module or unlinked crate `test_log`
[INFO] [stdout] 
[INFO] [stdout] 
[INFO] [stdout] error[E0433]: cannot find module or crate `test_log` in this scope
[INFO] [stdout]     --> src/handler.rs:2236:7
[INFO] [stdout]      |
[INFO] [stdout] 2236 |     #[test_log::test]
[INFO] [stdout]      |       ^^^^^^^^ use of unresolved module or unlinked crate `test_log`
[INFO] [stdout] 
[INFO] [stdout] 
[INFO] [stdout] error[E0433]: cannot find module or crate `test_log` in this scope
[INFO] [stdout]     --> src/handler.rs:2250:7
[INFO] [stdout]      |
[INFO] [stdout] 2250 |     #[test_log::test]
[INFO] [stdout]      |       ^^^^^^^^ use of unresolved module or unlinked crate `test_log`
[INFO] [stdout] 
[INFO] [stdout] 
[INFO] [stdout] error[E0433]: cannot find module or crate `test_log` in this scope
[INFO] [stdout]     --> src/handler.rs:2265:7
[INFO] [stdout]      |
[INFO] [stdout] 2265 |     #[test_log::test]
[INFO] [stdout]      |       ^^^^^^^^ use of unresolved module or unlinked crate `test_log`
[INFO] [stdout] 
[INFO] [stdout] 
[INFO] [stdout] error[E0433]: cannot find module or crate `test_log` in this scope
[INFO] [stdout]     --> src/handler.rs:2276:7
[INFO] [stdout]      |
[INFO] [stdout] 2276 |     #[test_log::test]
[INFO] [stdout]      |       ^^^^^^^^ use of unresolved module or unlinked crate `test_log`
[INFO] [stdout] 
[INFO] [stdout] 
[INFO] [stdout] error[E0433]: cannot find module or crate `test_log` in this scope
[INFO] [stdout]     --> src/handler.rs:2287:7
[INFO] [stdout]      |
[INFO] [stdout] 2287 |     #[test_log::test]
[INFO] [stdout]      |       ^^^^^^^^ use of unresolved module or unlinked crate `test_log`
[INFO] [stdout] 
[INFO] [stdout] 
[INFO] [stdout] error[E0433]: cannot find module or crate `test_log` in this scope
[INFO] [stdout]     --> src/handler.rs:2300:7
[INFO] [stdout]      |
[INFO] [stdout] 2300 |     #[test_log::test]
[INFO] [stdout]      |       ^^^^^^^^ use of unresolved module or unlinked crate `test_log`
[INFO] [stdout] 
[INFO] [stdout] 
[INFO] [stdout] error[E0433]: cannot find module or crate `test_log` in this scope
[INFO] [stdout]     --> src/handler.rs:2314:7
[INFO] [stdout]      |
[INFO] [stdout] 2314 |     #[test_log::test]
[INFO] [stdout]      |       ^^^^^^^^ use of unresolved module or unlinked crate `test_log`
[INFO] [stdout] 
[INFO] [stdout] 
[INFO] [stdout] error[E0433]: cannot find module or crate `test_log` in this scope
[INFO] [stdout]     --> src/handler.rs:2328:7
[INFO] [stdout]      |
[INFO] [stdout] 2328 |     #[test_log::test]
[INFO] [stdout]      |       ^^^^^^^^ use of unresolved module or unlinked crate `test_log`
[INFO] [stdout] 
[INFO] [stdout] 
[INFO] [stdout] error[E0433]: cannot find module or crate `test_log` in this scope
[INFO] [stdout]     --> src/handler.rs:2345:7
[INFO] [stdout]      |
[INFO] [stdout] 2345 |     #[test_log::test]
[INFO] [stdout]      |       ^^^^^^^^ use of unresolved module or unlinked crate `test_log`
[INFO] [stdout] 
[INFO] [stdout] 
[INFO] [stdout] error[E0433]: cannot find module or crate `test_log` in this scope
[INFO] [stdout]     --> src/handler.rs:2362:7
[INFO] [stdout]      |
[INFO] [stdout] 2362 |     #[test_log::test]
[INFO] [stdout]      |       ^^^^^^^^ use of unresolved module or unlinked crate `test_log`
[INFO] [stdout] 
[INFO] [stdout] 
[INFO] [stdout] error[E0433]: cannot find module or crate `test_log` in this scope
[INFO] [stdout]     --> src/handler.rs:2375:7
[INFO] [stdout]      |
[INFO] [stdout] 2375 |     #[test_log::test]
[INFO] [stdout]      |       ^^^^^^^^ use of unresolved module or unlinked crate `test_log`
[INFO] [stdout] 
[INFO] [stdout] 
[INFO] [stdout] error[E0433]: cannot find module or crate `test_log` in this scope
[INFO] [stdout]     --> src/handler.rs:2423:7
[INFO] [stdout]      |
[INFO] [stdout] 2423 |     #[test_log::test]
[INFO] [stdout]      |       ^^^^^^^^ use of unresolved module or unlinked crate `test_log`
[INFO] [stdout] 
[INFO] [stdout] 
[INFO] [stdout] error[E0433]: cannot find module or crate `test_log` in this scope
[INFO] [stdout]     --> src/handler.rs:2468:7
[INFO] [stdout]      |
[INFO] [stdout] 2468 |     #[test_log::test]
[INFO] [stdout]      |       ^^^^^^^^ use of unresolved module or unlinked crate `test_log`
[INFO] [stdout] 
[INFO] [stdout] 
[INFO] [stdout] error[E0433]: cannot find module or crate `test_log` in this scope
[INFO] [stdout]     --> src/handler.rs:2506:7
[INFO] [stdout]      |
[INFO] [stdout] 2506 |     #[test_log::test]
[INFO] [stdout]      |       ^^^^^^^^ use of unresolved module or unlinked crate `test_log`
[INFO] [stdout] 
[INFO] [stdout] 
[INFO] [stdout] error[E0433]: cannot find module or crate `test_log` in this scope
[INFO] [stdout]     --> src/handler.rs:2532:7
[INFO] [stdout]      |
[INFO] [stdout] 2532 |     #[test_log::test]
[INFO] [stdout]      |       ^^^^^^^^ use of unresolved module or unlinked crate `test_log`
[INFO] [stdout] 
[INFO] [stdout] 
[INFO] [stdout] error[E0433]: cannot find module or crate `test_log` in this scope
[INFO] [stdout]    --> src/dsl.rs:683:7
[INFO] [stdout]     |
[INFO] [stdout] 683 |     #[test_log::test]
[INFO] [stdout]     |       ^^^^^^^^ use of unresolved module or unlinked crate `test_log`
[INFO] [stdout] 
[INFO] [stdout] 
[INFO] [stdout] error[E0433]: cannot find module or crate `test_log` in this scope
[INFO] [stdout]    --> src/dsl.rs:694:7
[INFO] [stdout]     |
[INFO] [stdout] 694 |     #[test_log::test]
[INFO] [stdout]     |       ^^^^^^^^ use of unresolved module or unlinked crate `test_log`
[INFO] [stdout] 
[INFO] [stdout] 
[INFO] [stdout] error[E0433]: cannot find module or crate `test_log` in this scope
[INFO] [stdout]    --> src/dsl.rs:705:7
[INFO] [stdout]     |
[INFO] [stdout] 705 |     #[test_log::test]
[INFO] [stdout]     |       ^^^^^^^^ use of unresolved module or unlinked crate `test_log`
[INFO] [stdout] 
[INFO] [stdout] 
[INFO] [stdout] error[E0433]: cannot find module or crate `test_log` in this scope
[INFO] [stdout]    --> src/dsl.rs:717:7
[INFO] [stdout]     |
[INFO] [stdout] 717 |     #[test_log::test]
[INFO] [stdout]     |       ^^^^^^^^ use of unresolved module or unlinked crate `test_log`
[INFO] [stdout] 
[INFO] [stdout] 
[INFO] [stdout] error[E0433]: cannot find module or crate `test_log` in this scope
[INFO] [stdout]    --> src/dsl.rs:728:7
[INFO] [stdout]     |
[INFO] [stdout] 728 |     #[test_log::test]
[INFO] [stdout]     |       ^^^^^^^^ use of unresolved module or unlinked crate `test_log`
[INFO] [stdout] 
[INFO] [stdout] 
[INFO] [stdout] error[E0433]: cannot find module or crate `test_log` in this scope
[INFO] [stdout]    --> src/dsl.rs:740:7
[INFO] [stdout]     |
[INFO] [stdout] 740 |     #[test_log::test]
[INFO] [stdout]     |       ^^^^^^^^ use of unresolved module or unlinked crate `test_log`
[INFO] [stdout] 
[INFO] [stdout] 
[INFO] [stdout] error[E0433]: cannot find module or crate `test_log` in this scope
[INFO] [stdout]    --> src/dsl.rs:752:7
[INFO] [stdout]     |
[INFO] [stdout] 752 |     #[test_log::test]
[INFO] [stdout]     |       ^^^^^^^^ use of unresolved module or unlinked crate `test_log`
[INFO] [stdout] 
[INFO] [stdout] 
[INFO] [stdout] error[E0433]: cannot find module or crate `test_log` in this scope
[INFO] [stdout]    --> src/dsl.rs:770:7
[INFO] [stdout]     |
[INFO] [stdout] 770 |     #[test_log::test]
[INFO] [stdout]     |       ^^^^^^^^ use of unresolved module or unlinked crate `test_log`
[INFO] [stdout] 
[INFO] [stdout] 
[INFO] [stdout] error[E0433]: cannot find module or crate `test_log` in this scope
[INFO] [stdout]    --> src/dsl.rs:788:7
[INFO] [stdout]     |
[INFO] [stdout] 788 |     #[test_log::test]
[INFO] [stdout]     |       ^^^^^^^^ use of unresolved module or unlinked crate `test_log`
[INFO] [stdout] 
[INFO] [stdout] 
[INFO] [stdout] error[E0433]: cannot find module or crate `test_log` in this scope
[INFO] [stdout]    --> src/dsl.rs:808:7
[INFO] [stdout]     |
[INFO] [stdout] 808 |     #[test_log::test]
[INFO] [stdout]     |       ^^^^^^^^ use of unresolved module or unlinked crate `test_log`
[INFO] [stdout] 
[INFO] [stdout] 
[INFO] [stdout] error[E0433]: cannot find module or crate `test_log` in this scope
[INFO] [stdout]    --> src/dsl.rs:825:7
[INFO] [stdout]     |
[INFO] [stdout] 825 |     #[test_log::test]
[INFO] [stdout]     |       ^^^^^^^^ use of unresolved module or unlinked crate `test_log`
[INFO] [stdout] 
[INFO] [stdout] 
[INFO] [stdout] error[E0433]: cannot find module or crate `test_log` in this scope
[INFO] [stdout]    --> src/dsl.rs:867:7
[INFO] [stdout]     |
[INFO] [stdout] 867 |     #[test_log::test]
[INFO] [stdout]     |       ^^^^^^^^ use of unresolved module or unlinked crate `test_log`
[INFO] [stdout] 
[INFO] [stdout] 
[INFO] [stdout] error[E0433]: cannot find module or crate `test_log` in this scope
[INFO] [stdout]    --> src/dsl.rs:894:7
[INFO] [stdout]     |
[INFO] [stdout] 894 |     #[test_log::test]
[INFO] [stdout]     |       ^^^^^^^^ use of unresolved module or unlinked crate `test_log`
[INFO] [stdout] 
[INFO] [stdout] 
[INFO] [stdout] error[E0433]: cannot find module or crate `test_log` in this scope
[INFO] [stdout]    --> src/dsl.rs:918:7
[INFO] [stdout]     |
[INFO] [stdout] 918 |     #[test_log::test]
[INFO] [stdout]     |       ^^^^^^^^ use of unresolved module or unlinked crate `test_log`
[INFO] [stdout] 
[INFO] [stdout] 
[INFO] [stdout] error[E0433]: cannot find module or crate `test_log` in this scope
[INFO] [stdout]    --> src/dsl.rs:960:7
[INFO] [stdout]     |
[INFO] [stdout] 960 |     #[test_log::test]
[INFO] [stdout]     |       ^^^^^^^^ use of unresolved module or unlinked crate `test_log`
[INFO] [stdout] 
[INFO] [stdout] 
[INFO] [stdout] error[E0433]: cannot find module or crate `test_log` in this scope
[INFO] [stdout]    --> src/dsl.rs:990:7
[INFO] [stdout]     |
[INFO] [stdout] 990 |     #[test_log::test]
[INFO] [stdout]     |       ^^^^^^^^ use of unresolved module or unlinked crate `test_log`
[INFO] [stdout] 
[INFO] [stdout] 
[INFO] [stdout] error[E0433]: cannot find module or crate `test_log` in this scope
[INFO] [stdout]     --> src/dsl.rs:1000:7
[INFO] [stdout]      |
[INFO] [stdout] 1000 |     #[test_log::test]
[INFO] [stdout]      |       ^^^^^^^^ use of unresolved module or unlinked crate `test_log`
[INFO] [stdout] 
[INFO] [stdout] 
[INFO] [stdout] error[E0433]: cannot find module or crate `test_log` in this scope
[INFO] [stdout]     --> src/dsl.rs:1010:7
[INFO] [stdout]      |
[INFO] [stdout] 1010 |     #[test_log::test]
[INFO] [stdout]      |       ^^^^^^^^ use of unresolved module or unlinked crate `test_log`
[INFO] [stdout] 
[INFO] [stdout] 
[INFO] [stdout] error[E0433]: cannot find module or crate `test_log` in this scope
[INFO] [stdout]     --> src/dsl.rs:1020:7
[INFO] [stdout]      |
[INFO] [stdout] 1020 |     #[test_log::test]
[INFO] [stdout]      |       ^^^^^^^^ use of unresolved module or unlinked crate `test_log`
[INFO] [stdout] 
[INFO] [stdout] 
[INFO] [stdout] error[E0433]: cannot find module or crate `test_log` in this scope
[INFO] [stdout]     --> src/dsl.rs:1029:7
[INFO] [stdout]      |
[INFO] [stdout] 1029 |     #[test_log::test]
[INFO] [stdout]      |       ^^^^^^^^ use of unresolved module or unlinked crate `test_log`
[INFO] [stdout] 
[INFO] [stdout] 
[INFO] [stdout] error[E0433]: cannot find module or crate `test_log` in this scope
[INFO] [stdout]     --> src/dsl.rs:1042:7
[INFO] [stdout]      |
[INFO] [stdout] 1042 |     #[test_log::test]
[INFO] [stdout]      |       ^^^^^^^^ use of unresolved module or unlinked crate `test_log`
[INFO] [stdout] 
[INFO] [stdout] 
[INFO] [stdout] error[E0433]: cannot find module or crate `test_log` in this scope
[INFO] [stdout]     --> src/dsl.rs:1050:7
[INFO] [stdout]      |
[INFO] [stdout] 1050 |     #[test_log::test]
[INFO] [stdout]      |       ^^^^^^^^ use of unresolved module or unlinked crate `test_log`
[INFO] [stdout] 
[INFO] [stdout] 
[INFO] [stdout] error[E0433]: cannot find module or crate `test_log` in this scope
[INFO] [stdout]     --> src/dsl.rs:1058:7
[INFO] [stdout]      |
[INFO] [stdout] 1058 |     #[test_log::test]
[INFO] [stdout]      |       ^^^^^^^^ use of unresolved module or unlinked crate `test_log`
[INFO] [stdout] 
[INFO] [stdout] 
[INFO] [stdout] error[E0433]: cannot find module or crate `test_log` in this scope
[INFO] [stdout]     --> src/dsl.rs:1066:7
[INFO] [stdout]      |
[INFO] [stdout] 1066 |     #[test_log::test]
[INFO] [stdout]      |       ^^^^^^^^ use of unresolved module or unlinked crate `test_log`
[INFO] [stdout] 
[INFO] [stdout] 
[INFO] [stdout] error[E0433]: cannot find module or crate `test_log` in this scope
[INFO] [stdout]     --> src/dsl.rs:1074:7
[INFO] [stdout]      |
[INFO] [stdout] 1074 |     #[test_log::test]
[INFO] [stdout]      |       ^^^^^^^^ use of unresolved module or unlinked crate `test_log`
[INFO] [stdout] 
[INFO] [stdout] 
[INFO] [stdout] error[E0433]: cannot find module or crate `test_log` in this scope
[INFO] [stdout]     --> src/dsl.rs:1086:7
[INFO] [stdout]      |
[INFO] [stdout] 1086 |     #[test_log::test]
[INFO] [stdout]      |       ^^^^^^^^ use of unresolved module or unlinked crate `test_log`
[INFO] [stdout] 
[INFO] [stdout] 
[INFO] [stdout] error[E0433]: cannot find module or crate `test_log` in this scope
[INFO] [stdout]     --> src/dsl.rs:1092:7
[INFO] [stdout]      |
[INFO] [stdout] 1092 |     #[test_log::test]
[INFO] [stdout]      |       ^^^^^^^^ use of unresolved module or unlinked crate `test_log`
[INFO] [stdout] 
[INFO] [stdout] 
[INFO] [stdout] error[E0433]: cannot find module or crate `test_log` in this scope
[INFO] [stdout]     --> src/dsl.rs:1098:7
[INFO] [stdout]      |
[INFO] [stdout] 1098 |     #[test_log::test]
[INFO] [stdout]      |       ^^^^^^^^ use of unresolved module or unlinked crate `test_log`
[INFO] [stdout] 
[INFO] [stdout] 
[INFO] [stdout] error[E0433]: cannot find module or crate `test_log` in this scope
[INFO] [stdout]     --> src/dsl.rs:1104:7
[INFO] [stdout]      |
[INFO] [stdout] 1104 |     #[test_log::test]
[INFO] [stdout]      |       ^^^^^^^^ use of unresolved module or unlinked crate `test_log`
[INFO] [stdout] 
[INFO] [stdout] 
[INFO] [stdout] error[E0433]: cannot find module or crate `test_log` in this scope
[INFO] [stdout]     --> src/dsl.rs:1113:7
[INFO] [stdout]      |
[INFO] [stdout] 1113 |     #[test_log::test]
[INFO] [stdout]      |       ^^^^^^^^ use of unresolved module or unlinked crate `test_log`
[INFO] [stdout] 
[INFO] [stdout] 
[INFO] [stdout] error[E0433]: cannot find module or crate `test_log` in this scope
[INFO] [stdout]     --> src/dsl.rs:1123:7
[INFO] [stdout]      |
[INFO] [stdout] 1123 |     #[test_log::test]
[INFO] [stdout]      |       ^^^^^^^^ use of unresolved module or unlinked crate `test_log`
[INFO] [stdout] 
[INFO] [stdout] 
[INFO] [stdout] error[E0433]: cannot find module or crate `test_log` in this scope
[INFO] [stdout]     --> src/dsl.rs:1151:7
[INFO] [stdout]      |
[INFO] [stdout] 1151 |     #[test_log::test]
[INFO] [stdout]      |       ^^^^^^^^ use of unresolved module or unlinked crate `test_log`
[INFO] [stdout] 
[INFO] [stdout] 
[INFO] [stdout] error[E0433]: cannot find module or crate `test_log` in this scope
[INFO] [stdout]     --> src/dsl.rs:1186:7
[INFO] [stdout]      |
[INFO] [stdout] 1186 |     #[test_log::test]
[INFO] [stdout]      |       ^^^^^^^^ use of unresolved module or unlinked crate `test_log`
[INFO] [stdout] 
[INFO] [stdout] 
[INFO] [stdout] error[E0433]: cannot find module or crate `test_log` in this scope
[INFO] [stdout]     --> src/dsl.rs:1209:7
[INFO] [stdout]      |
[INFO] [stdout] 1209 |     #[test_log::test]
[INFO] [stdout]      |       ^^^^^^^^ use of unresolved module or unlinked crate `test_log`
[INFO] [stdout] 
[INFO] [stdout] 
[INFO] [stdout] error[E0433]: cannot find module or crate `test_log` in this scope
[INFO] [stdout]     --> src/dsl.rs:1241:7
[INFO] [stdout]      |
[INFO] [stdout] 1241 |     #[test_log::test]
[INFO] [stdout]      |       ^^^^^^^^ use of unresolved module or unlinked crate `test_log`
[INFO] [stdout] 
[INFO] [stdout] 
[INFO] [stdout] error[E0433]: cannot find module or crate `test_log` in this scope
[INFO] [stdout]     --> src/dsl.rs:1264:7
[INFO] [stdout]      |
[INFO] [stdout] 1264 |     #[test_log::test]
[INFO] [stdout]      |       ^^^^^^^^ use of unresolved module or unlinked crate `test_log`
[INFO] [stdout] 
[INFO] [stdout] 
[INFO] [stdout] error[E0433]: cannot find module or crate `test_log` in this scope
[INFO] [stdout]     --> src/dsl.rs:1287:7
[INFO] [stdout]      |
[INFO] [stdout] 1287 |     #[test_log::test]
[INFO] [stdout]      |       ^^^^^^^^ use of unresolved module or unlinked crate `test_log`
[INFO] [stdout] 
[INFO] [stdout] 
[INFO] [stdout] error[E0433]: cannot find module or crate `test_log` in this scope
[INFO] [stdout]     --> src/dsl.rs:1310:7
[INFO] [stdout]      |
[INFO] [stdout] 1310 |     #[test_log::test]
[INFO] [stdout]      |       ^^^^^^^^ use of unresolved module or unlinked crate `test_log`
[INFO] [stdout] 
[INFO] [stdout] 
[INFO] [stdout] error[E0433]: cannot find module or crate `test_log` in this scope
[INFO] [stdout]     --> src/dsl.rs:1333:7
[INFO] [stdout]      |
[INFO] [stdout] 1333 |     #[test_log::test]
[INFO] [stdout]      |       ^^^^^^^^ use of unresolved module or unlinked crate `test_log`
[INFO] [stdout] 
[INFO] [stdout] 
[INFO] [stdout] error[E0433]: cannot find module or crate `test_log` in this scope
[INFO] [stdout]     --> src/lib.rs:1409:7
[INFO] [stdout]      |
[INFO] [stdout] 1409 |     #[test_log::test]
[INFO] [stdout]      |       ^^^^^^^^ use of unresolved module or unlinked crate `test_log`
[INFO] [stdout] 
[INFO] [stdout] 
[INFO] [stdout] error[E0433]: cannot find module or crate `test_log` in this scope
[INFO] [stdout]     --> src/lib.rs:1419:7
[INFO] [stdout]      |
[INFO] [stdout] 1419 |     #[test_log::test]
[INFO] [stdout]      |       ^^^^^^^^ use of unresolved module or unlinked crate `test_log`
[INFO] [stdout] 
[INFO] [stdout] 
[INFO] [stdout] error[E0433]: cannot find module or crate `test_log` in this scope
[INFO] [stdout]     --> src/lib.rs:1429:7
[INFO] [stdout]      |
[INFO] [stdout] 1429 |     #[test_log::test]
[INFO] [stdout]      |       ^^^^^^^^ use of unresolved module or unlinked crate `test_log`
[INFO] [stdout] 
[INFO] [stdout] 
[INFO] [stdout] error[E0433]: cannot find module or crate `test_log` in this scope
[INFO] [stdout]     --> src/lib.rs:1439:7
[INFO] [stdout]      |
[INFO] [stdout] 1439 |     #[test_log::test]
[INFO] [stdout]      |       ^^^^^^^^ use of unresolved module or unlinked crate `test_log`
[INFO] [stdout] 
[INFO] [stdout] 
[INFO] [stdout] error[E0433]: cannot find module or crate `test_log` in this scope
[INFO] [stdout]     --> src/lib.rs:1451:7
[INFO] [stdout]      |
[INFO] [stdout] 1451 |     #[test_log::test]
[INFO] [stdout]      |       ^^^^^^^^ use of unresolved module or unlinked crate `test_log`
[INFO] [stdout] 
[INFO] [stdout] 
[INFO] [stdout] error[E0433]: cannot find module or crate `test_log` in this scope
[INFO] [stdout]     --> src/lib.rs:1464:7
[INFO] [stdout]      |
[INFO] [stdout] 1464 |     #[test_log::test]
[INFO] [stdout]      |       ^^^^^^^^ use of unresolved module or unlinked crate `test_log`
[INFO] [stdout] 
[INFO] [stdout] 
[INFO] [stdout] error[E0433]: cannot find module or crate `test_log` in this scope
[INFO] [stdout]     --> src/lib.rs:1477:7
[INFO] [stdout]      |
[INFO] [stdout] 1477 |     #[test_log::test]
[INFO] [stdout]      |       ^^^^^^^^ use of unresolved module or unlinked crate `test_log`
[INFO] [stdout] 
[INFO] [stdout] 
[INFO] [stdout] error[E0433]: cannot find module or crate `test_log` in this scope
[INFO] [stdout]     --> src/lib.rs:1490:7
[INFO] [stdout]      |
[INFO] [stdout] 1490 |     #[test_log::test]
[INFO] [stdout]      |       ^^^^^^^^ use of unresolved module or unlinked crate `test_log`
[INFO] [stdout] 
[INFO] [stdout] 
[INFO] [stdout] error[E0433]: cannot find module or crate `test_log` in this scope
[INFO] [stdout]     --> src/lib.rs:1503:7
[INFO] [stdout]      |
[INFO] [stdout] 1503 |     #[test_log::test]
[INFO] [stdout]      |       ^^^^^^^^ use of unresolved module or unlinked crate `test_log`
[INFO] [stdout] 
[INFO] [stdout] 
[INFO] [stdout] error[E0433]: cannot find module or crate `test_log` in this scope
[INFO] [stdout]     --> src/lib.rs:1516:7
[INFO] [stdout]      |
[INFO] [stdout] 1516 |     #[test_log::test]
[INFO] [stdout]      |       ^^^^^^^^ use of unresolved module or unlinked crate `test_log`
[INFO] [stdout] 
[INFO] [stdout] 
[INFO] [stdout] error[E0433]: cannot find module or crate `test_log` in this scope
[INFO] [stdout]     --> src/lib.rs:1529:7
[INFO] [stdout]      |
[INFO] [stdout] 1529 |     #[test_log::test]
[INFO] [stdout]      |       ^^^^^^^^ use of unresolved module or unlinked crate `test_log`
[INFO] [stdout] 
[INFO] [stdout] 
[INFO] [stdout] error[E0433]: cannot find module or crate `test_log` in this scope
[INFO] [stdout]     --> src/lib.rs:1542:7
[INFO] [stdout]      |
[INFO] [stdout] 1542 |     #[test_log::test]
[INFO] [stdout]      |       ^^^^^^^^ use of unresolved module or unlinked crate `test_log`
[INFO] [stdout] 
[INFO] [stdout] 
[INFO] [stdout] error[E0433]: cannot find module or crate `test_log` in this scope
[INFO] [stdout]     --> src/lib.rs:1555:7
[INFO] [stdout]      |
[INFO] [stdout] 1555 |     #[test_log::test]
[INFO] [stdout]      |       ^^^^^^^^ use of unresolved module or unlinked crate `test_log`
[INFO] [stdout] 
[INFO] [stdout] 
[INFO] [stdout] error[E0433]: cannot find module or crate `test_log` in this scope
[INFO] [stdout]     --> src/lib.rs:1568:7
[INFO] [stdout]      |
[INFO] [stdout] 1568 |     #[test_log::test]
[INFO] [stdout]      |       ^^^^^^^^ use of unresolved module or unlinked crate `test_log`
[INFO] [stdout] 
[INFO] [stdout] 
[INFO] [stdout] error[E0433]: cannot find module or crate `test_log` in this scope
[INFO] [stdout]     --> src/lib.rs:1581:7
[INFO] [stdout]      |
[INFO] [stdout] 1581 |     #[test_log::test]
[INFO] [stdout]      |       ^^^^^^^^ use of unresolved module or unlinked crate `test_log`
[INFO] [stdout] 
[INFO] [stdout] 
[INFO] [stdout] error[E0433]: cannot find module or crate `test_log` in this scope
[INFO] [stdout]     --> src/lib.rs:1594:7
[INFO] [stdout]      |
[INFO] [stdout] 1594 |     #[test_log::test]
[INFO] [stdout]      |       ^^^^^^^^ use of unresolved module or unlinked crate `test_log`
[INFO] [stdout] 
[INFO] [stdout] 
[INFO] [stdout] error[E0433]: cannot find module or crate `test_log` in this scope
[INFO] [stdout]     --> src/lib.rs:1607:7
[INFO] [stdout]      |
[INFO] [stdout] 1607 |     #[test_log::test]
[INFO] [stdout]      |       ^^^^^^^^ use of unresolved module or unlinked crate `test_log`
[INFO] [stdout] 
[INFO] [stdout] 
[INFO] [stdout] error[E0433]: cannot find module or crate `test_log` in this scope
[INFO] [stdout]     --> src/lib.rs:1621:7
[INFO] [stdout]      |
[INFO] [stdout] 1621 |     #[test_log::test]
[INFO] [stdout]      |       ^^^^^^^^ use of unresolved module or unlinked crate `test_log`
[INFO] [stdout] 
[INFO] [stdout] 
[INFO] [stdout] error[E0433]: cannot find module or crate `test_log` in this scope
[INFO] [stdout]     --> src/lib.rs:1637:7
[INFO] [stdout]      |
[INFO] [stdout] 1637 |     #[test_log::test]
[INFO] [stdout]      |       ^^^^^^^^ use of unresolved module or unlinked crate `test_log`
[INFO] [stdout] 
[INFO] [stdout] 
[INFO] [stdout] error[E0433]: cannot find module or crate `test_log` in this scope
[INFO] [stdout]     --> src/lib.rs:1652:7
[INFO] [stdout]      |
[INFO] [stdout] 1652 |     #[test_log::test]
[INFO] [stdout]      |       ^^^^^^^^ use of unresolved module or unlinked crate `test_log`
[INFO] [stdout] 
[INFO] [stdout] 
[INFO] [stdout] error[E0433]: cannot find module or crate `test_log` in this scope
[INFO] [stdout]     --> src/lib.rs:1669:7
[INFO] [stdout]      |
[INFO] [stdout] 1669 |     #[test_log::test]
[INFO] [stdout]      |       ^^^^^^^^ use of unresolved module or unlinked crate `test_log`
[INFO] [stdout] 
[INFO] [stdout] 
[INFO] [stdout] error[E0433]: cannot find module or crate `test_log` in this scope
[INFO] [stdout]     --> src/lib.rs:1686:7
[INFO] [stdout]      |
[INFO] [stdout] 1686 |     #[test_log::test]
[INFO] [stdout]      |       ^^^^^^^^ use of unresolved module or unlinked crate `test_log`
[INFO] [stdout] 
[INFO] [stdout] 
[INFO] [stdout] error[E0433]: cannot find module or crate `test_log` in this scope
[INFO] [stdout]     --> src/lib.rs:1698:7
[INFO] [stdout]      |
[INFO] [stdout] 1698 |     #[test_log::test]
[INFO] [stdout]      |       ^^^^^^^^ use of unresolved module or unlinked crate `test_log`
[INFO] [stdout] 
[INFO] [stdout] 
[INFO] [stdout] error[E0433]: cannot find module or crate `test_log` in this scope
[INFO] [stdout]     --> src/lib.rs:1714:7
[INFO] [stdout]      |
[INFO] [stdout] 1714 |     #[test_log::test]
[INFO] [stdout]      |       ^^^^^^^^ use of unresolved module or unlinked crate `test_log`
[INFO] [stdout] 
[INFO] [stdout] 
[INFO] [stdout] error[E0433]: cannot find module or crate `test_log` in this scope
[INFO] [stdout]     --> src/lib.rs:1742:7
[INFO] [stdout]      |
[INFO] [stdout] 1742 |     #[test_log::test]
[INFO] [stdout]      |       ^^^^^^^^ use of unresolved module or unlinked crate `test_log`
[INFO] [stdout] 
[INFO] [stdout] 
[INFO] [stdout] error[E0433]: cannot find module or crate `test_log` in this scope
[INFO] [stdout]     --> src/lib.rs:1751:7
[INFO] [stdout]      |
[INFO] [stdout] 1751 |     #[test_log::test]
[INFO] [stdout]      |       ^^^^^^^^ use of unresolved module or unlinked crate `test_log`
[INFO] [stdout] 
[INFO] [stdout] 
[INFO] [stdout] error[E0433]: cannot find module or crate `test_log` in this scope
[INFO] [stdout]     --> src/lib.rs:1769:7
[INFO] [stdout]      |
[INFO] [stdout] 1769 |     #[test_log::test]
[INFO] [stdout]      |       ^^^^^^^^ use of unresolved module or unlinked crate `test_log`
[INFO] [stdout] 
[INFO] [stdout] 
[INFO] [stdout] error[E0433]: cannot find module or crate `test_log` in this scope
[INFO] [stdout]     --> src/lib.rs:1784:7
[INFO] [stdout]      |
[INFO] [stdout] 1784 |     #[test_log::test]
[INFO] [stdout]      |       ^^^^^^^^ use of unresolved module or unlinked crate `test_log`
[INFO] [stdout] 
[INFO] [stdout] 
[INFO] [stdout] error[E0433]: cannot find module or crate `test_log` in this scope
[INFO] [stdout]     --> src/lib.rs:1797:7
[INFO] [stdout]      |
[INFO] [stdout] 1797 |     #[test_log::test]
[INFO] [stdout]      |       ^^^^^^^^ use of unresolved module or unlinked crate `test_log`
[INFO] [stdout] 
[INFO] [stdout] 
[INFO] [stdout] error[E0433]: cannot find module or crate `test_log` in this scope
[INFO] [stdout]     --> src/lib.rs:1810:7
[INFO] [stdout]      |
[INFO] [stdout] 1810 |     #[test_log::test]
[INFO] [stdout]      |       ^^^^^^^^ use of unresolved module or unlinked crate `test_log`
[INFO] [stdout] 
[INFO] [stdout] 
[INFO] [stdout] error[E0433]: cannot find module or crate `test_log` in this scope
[INFO] [stdout]     --> src/lib.rs:1823:7
[INFO] [stdout]      |
[INFO] [stdout] 1823 |     #[test_log::test]
[INFO] [stdout]      |       ^^^^^^^^ use of unresolved module or unlinked crate `test_log`
[INFO] [stdout] 
[INFO] [stdout] 
[INFO] [stdout] Some errors have detailed explanations: E0432, E0433.
[INFO] [stdout] 
[INFO] [stdout] For more information about an error, try `rustc --explain E0432`.
[INFO] [stdout] 
[INFO] [stderr] error: could not compile `hyperchad_actions` (lib test) due to 232 previous errors
[INFO] running `Command { std: "docker" "inspect" "4e8543b2b7ed37c2065d8c1f3c1b3f3bc65a0d88dd63665e828aaaf8a970988b", kill_on_drop: false }`
[INFO] running `Command { std: "docker" "rm" "-f" "4e8543b2b7ed37c2065d8c1f3c1b3f3bc65a0d88dd63665e828aaaf8a970988b", kill_on_drop: false }`
[INFO] [stdout] 4e8543b2b7ed37c2065d8c1f3c1b3f3bc65a0d88dd63665e828aaaf8a970988b
