[INFO] fetching crate hyper-util 0.1.21...
[INFO] testing hyper-util-0.1.21 against 1.99.0-beta.8+cargoflags=--release for beta-release-1.100-2
[INFO] extracting crate hyper-util 0.1.21 into /workspace/builds/worker-4-tc1/source
[INFO] started tweaking crates.io crate hyper-util 0.1.21
[INFO] removed 0 missing examples
[INFO] removed 0 missing tests
[INFO] finished tweaking crates.io crate hyper-util 0.1.21
[INFO] tweaked toml for crates.io crate hyper-util 0.1.21 written to /workspace/builds/worker-4-tc1/source/Cargo.toml
[INFO] validating manifest of crates.io crate hyper-util 0.1.21 on toolchain 1.99.0-beta.8
[INFO] running `Command { std: CARGO_HOME="/workspace/cargo-home" RUSTUP_HOME="/workspace/rustup-home" "/workspace/cargo-home/bin/cargo" "+1.99.0-beta.8" "metadata" "--manifest-path" "Cargo.toml" "--no-deps", kill_on_drop: false }`
[INFO] crate crates.io crate hyper-util 0.1.21 already has a lockfile, it will not be regenerated
[INFO] running `Command { std: CARGO_HOME="/workspace/cargo-home" RUSTUP_HOME="/workspace/rustup-home" "/workspace/cargo-home/bin/cargo" "+1.99.0-beta.8" "fetch" "--manifest-path" "Cargo.toml", kill_on_drop: false }`
[INFO] [stderr]     Updating crates.io index
[INFO] [stderr]  Downloading crates ...
[INFO] [stderr]   Downloaded tower-test v0.4.0
[INFO] [stderr]   Downloaded ipnetwork v0.20.0
[INFO] [stderr]   Downloaded pnet_sys v0.35.0
[INFO] [stderr]   Downloaded pnet_base v0.35.0
[INFO] [stderr]   Downloaded pnet_datalink v0.35.0
[INFO] running `Command { std: "docker" "create" "-v" "/var/lib/crater-agent-workspace/builds/worker-4-tc1/source:/opt/rustwide/workdir:ro,Z" "-v" "/var/lib/crater-agent-workspace/builds/worker-4-tc1/target:/opt/rustwide/target:rw,Z" "-v" "/var/lib/crater-agent-workspace/cargo-home:/opt/rustwide/cargo-home:ro,Z" "-v" "/var/lib/crater-agent-workspace/rustup-home:/opt/rustwide/rustup-home:ro,Z" "-m" "1610612736" "--network" "none" "ghcr.io/rust-lang/crates-build-env/linux@sha256:77db811e55d90add9212f6832c23229e3de5f1c1f9905e8cb07319ea15df73ac" "sleep" "infinity", kill_on_drop: false }`
[INFO] [stdout] c5aed7c79b62d7fa401c1f949dcec24dc2d199820f8084abfa84cdbccf013d93
[INFO] running `Command { std: "docker" "start" "c5aed7c79b62d7fa401c1f949dcec24dc2d199820f8084abfa84cdbccf013d93", kill_on_drop: false }`
[INFO] running `Command { std: "docker" "inspect" "c5aed7c79b62d7fa401c1f949dcec24dc2d199820f8084abfa84cdbccf013d93", kill_on_drop: false }`
[INFO] running `Command { std: "docker" "exec" "-e" "SOURCE_DIR=/opt/rustwide/workdir" "-e" "CARGO_HOME=/opt/rustwide/cargo-home" "-e" "RUSTUP_HOME=/opt/rustwide/rustup-home" "-e" "CARGO_TARGET_DIR=/opt/rustwide/target" "-w" "/opt/rustwide/workdir" "--user" "0:0" "c5aed7c79b62d7fa401c1f949dcec24dc2d199820f8084abfa84cdbccf013d93" "/opt/rustwide/cargo-home/bin/cargo" "+1.99.0-beta.8" "metadata" "--no-deps" "--format-version=1", kill_on_drop: false }`
[INFO] running `Command { std: "docker" "inspect" "c5aed7c79b62d7fa401c1f949dcec24dc2d199820f8084abfa84cdbccf013d93", kill_on_drop: false }`
[INFO] running `Command { std: "docker" "exec" "-e" "SOURCE_DIR=/opt/rustwide/workdir" "-e" "CARGO_HOME=/opt/rustwide/cargo-home" "-e" "RUSTUP_HOME=/opt/rustwide/rustup-home" "-e" "CARGO_TARGET_DIR=/opt/rustwide/target" "-e" "CARGO_INCREMENTAL=0" "-e" "RUST_BACKTRACE=full" "-e" "RUSTFLAGS=--cap-lints=warn" "-e" "RUSTDOCFLAGS=--cap-lints=warn" "-w" "/opt/rustwide/workdir" "--user" "0:0" "c5aed7c79b62d7fa401c1f949dcec24dc2d199820f8084abfa84cdbccf013d93" "/opt/rustwide/cargo-home/bin/cargo" "+1.99.0-beta.8" "build" "--frozen" "--message-format=json" "--release", kill_on_drop: false }`
[INFO] [stderr]    Compiling http v1.4.0
[INFO] [stderr]    Compiling tokio v1.52.2
[INFO] [stderr]    Compiling http-body v1.0.1
[INFO] [stderr]    Compiling hyper v1.9.0
[INFO] [stderr]    Compiling hyper-util v0.1.21 (/opt/rustwide/workdir)
[INFO] [stderr]     Finished `release` profile [optimized] target(s) in 2.78s
[INFO] running `Command { std: "docker" "inspect" "c5aed7c79b62d7fa401c1f949dcec24dc2d199820f8084abfa84cdbccf013d93", kill_on_drop: false }`
[INFO] running `Command { std: "docker" "exec" "-e" "SOURCE_DIR=/opt/rustwide/workdir" "-e" "CARGO_HOME=/opt/rustwide/cargo-home" "-e" "RUSTUP_HOME=/opt/rustwide/rustup-home" "-e" "CARGO_TARGET_DIR=/opt/rustwide/target" "-e" "CARGO_INCREMENTAL=0" "-e" "RUST_BACKTRACE=full" "-e" "RUSTFLAGS=--cap-lints=warn" "-e" "RUSTDOCFLAGS=--cap-lints=warn" "-w" "/opt/rustwide/workdir" "--user" "0:0" "c5aed7c79b62d7fa401c1f949dcec24dc2d199820f8084abfa84cdbccf013d93" "/opt/rustwide/cargo-home/bin/cargo" "+1.99.0-beta.8" "test" "--frozen" "--no-run" "--message-format=json" "--release", kill_on_drop: false }`
[INFO] [stderr]    Compiling tokio v1.52.2
[INFO] [stderr]    Compiling regex-syntax v0.8.10
[INFO] [stderr]    Compiling tracing v0.1.44
[INFO] [stderr]    Compiling serde v1.0.228
[INFO] [stderr]    Compiling pin-project-internal v1.1.11
[INFO] [stderr]    Compiling is-terminal v0.4.17
[INFO] [stderr]    Compiling futures-task v0.3.32
[INFO] [stderr]    Compiling termcolor v1.4.1
[INFO] [stderr]    Compiling no-std-net v0.6.0
[INFO] [stderr]    Compiling humantime v2.3.0
[INFO] [stderr]    Compiling pnet_sys v0.35.0
[INFO] [stderr]    Compiling http-body-util v0.1.3
[INFO] [stderr]    Compiling tracing-subscriber v0.3.23
[INFO] [stderr]    Compiling pnet_base v0.35.0
[INFO] [stderr]    Compiling futures-util v0.3.32
[INFO] [stderr]    Compiling pin-project v1.1.11
[INFO] [stderr]    Compiling ipnetwork v0.20.0
[INFO] [stderr]    Compiling pnet_datalink v0.35.0
[INFO] [stderr]    Compiling regex-automata v0.4.14
[INFO] [stderr]    Compiling regex v1.12.3
[INFO] [stderr]    Compiling env_logger v0.10.2
[INFO] [stderr]    Compiling tokio-util v0.7.18
[INFO] [stderr]    Compiling tokio-stream v0.1.18
[INFO] [stderr]    Compiling pretty_env_logger v0.5.0
[INFO] [stderr]    Compiling tokio-test v0.4.5
[INFO] [stderr]    Compiling tower-test v0.4.0
[INFO] [stderr]    Compiling h2 v0.4.13
[INFO] [stderr]    Compiling hyper v1.9.0
[INFO] [stderr]    Compiling hyper-util v0.1.21 (/opt/rustwide/workdir)
[INFO] [stdout] error[E0433]: cannot find `client` in `hyper_util`
[INFO] [stdout]   --> examples/client_tracing.rs:5:17
[INFO] [stdout]    |
[INFO] [stdout]  5 | use hyper_util::client::legacy::{Client, connect::HttpConnector};
[INFO] [stdout]    |                 ^^^^^^ could not find `client` in `hyper_util`
[INFO] [stdout]    |
[INFO] [stdout] note: found an item that was configured out
[INFO] [stdout]   --> src/lib.rs:62:9
[INFO] [stdout]    |
[INFO] [stdout] 61 | #[cfg(feature = "client")]
[INFO] [stdout]    |       ------------------ the item is gated behind the `client` feature
[INFO] [stdout] 62 | pub mod client;
[INFO] [stdout]    |         ^^^^^^
[INFO] [stdout] 
[INFO] [stdout] 
[INFO] [stdout] error[E0432]: unresolved import `tracing`
[INFO] [stdout]  --> examples/client_tracing.rs:6:5
[INFO] [stdout]   |
[INFO] [stdout] 6 | use tracing::Instrument;
[INFO] [stdout]   |     ^^^^^^^ use of unresolved module or unlinked crate `tracing`
[INFO] [stdout]   |
[INFO] [stdout]   = help: if you wanted to use a crate named `tracing`, use `cargo add tracing` to add it to your `Cargo.toml`
[INFO] [stdout] 
[INFO] [stdout] 
[INFO] [stdout] error[E0432]: unresolved imports `hyper_util::rt::CurrentSpanExecutor`, `hyper_util::rt::TokioExecutor`
[INFO] [stdout]   --> examples/client_tracing.rs:36:30
[INFO] [stdout]    |
[INFO] [stdout] 36 |         use hyper_util::rt::{CurrentSpanExecutor, TokioExecutor};
[INFO] [stdout]    |                              ^^^^^^^^^^^^^^^^^^^  ^^^^^^^^^^^^^ no `TokioExecutor` in `rt`
[INFO] [stdout]    |                              |
[INFO] [stdout]    |                              no `CurrentSpanExecutor` in `rt`
[INFO] [stdout]    |
[INFO] [stdout] note: found an item that was configured out
[INFO] [stdout]   --> src/rt/mod.rs:6:25
[INFO] [stdout]    |
[INFO] [stdout]  5 | #[cfg(feature = "tracing")]
[INFO] [stdout]    |       ------------------- the item is gated behind the `tracing` feature
[INFO] [stdout]  6 | pub use self::tracing::{CurrentSpanExecutor, MkSpanExecutor, WithSpanExecutor};
[INFO] [stdout]    |                         ^^^^^^^^^^^^^^^^^^^
[INFO] [stdout] note: found an item that was configured out
[INFO] [stdout]   --> src/rt/mod.rs:17:23
[INFO] [stdout]    |
[INFO] [stdout] 16 | #[cfg(feature = "tokio")]
[INFO] [stdout]    |       ----------------- the item is gated behind the `tokio` feature
[INFO] [stdout] 17 | pub use self::tokio::{TokioExecutor, TokioIo, TokioTimer};
[INFO] [stdout]    |                       ^^^^^^^^^^^^^
[INFO] [stdout] 
[INFO] [stdout] 
[INFO] [stdout] error[E0433]: cannot find module or crate `tracing` in this scope
[INFO] [stdout]   --> examples/client_tracing.rs:13:5
[INFO] [stdout]    |
[INFO] [stdout] 13 |     tracing::info!("tracing subscriber initialized");
[INFO] [stdout]    |     ^^^^^^^ use of unresolved module or unlinked crate `tracing`
[INFO] [stdout] 
[INFO] [stdout] 
[INFO] [stdout] error[E0433]: cannot find module or crate `tracing` in this scope
[INFO] [stdout]   --> examples/client_tracing.rs:18:13
[INFO] [stdout]    |
[INFO] [stdout] 18 |             tracing::error!("Usage: client <url>");
[INFO] [stdout]    |             ^^^^^^^ use of unresolved module or unlinked crate `tracing`
[INFO] [stdout] 
[INFO] [stdout] 
[INFO] [stdout] error[E0433]: cannot find module or crate `tracing` in this scope
[INFO] [stdout]   --> examples/client_tracing.rs:27:28
[INFO] [stdout]    |
[INFO] [stdout] 27 |         .inspect_err(|err| tracing::error!(%err, "failed to parse url"))?;
[INFO] [stdout]    |                            ^^^^^^^ use of unresolved module or unlinked crate `tracing`
[INFO] [stdout] 
[INFO] [stdout] 
[INFO] [stdout] error[E0433]: cannot find module or crate `tracing` in this scope
[INFO] [stdout]   --> examples/client_tracing.rs:29:9
[INFO] [stdout]    |
[INFO] [stdout] 29 |         tracing::error!("This example only works with 'http' URLs.");
[INFO] [stdout]    |         ^^^^^^^ use of unresolved module or unlinked crate `tracing`
[INFO] [stdout] 
[INFO] [stdout] 
[INFO] [stdout] error[E0433]: cannot find module or crate `tracing` in this scope
[INFO] [stdout]   --> examples/client_tracing.rs:32:5
[INFO] [stdout]    |
[INFO] [stdout] 32 |     tracing::info!(%url, "parsed URL");
[INFO] [stdout]    |     ^^^^^^^ use of unresolved module or unlinked crate `tracing`
[INFO] [stdout] 
[INFO] [stdout] 
[INFO] [stdout] error[E0433]: cannot find module or crate `tracing` in this scope
[INFO] [stdout]   --> examples/client_tracing.rs:47:16
[INFO] [stdout]    |
[INFO] [stdout] 47 |     let span = tracing::info_span!("sending request", %url);
[INFO] [stdout]    |                ^^^^^^^ use of unresolved module or unlinked crate `tracing`
[INFO] [stdout] 
[INFO] [stdout] 
[INFO] [stdout] error[E0433]: cannot find module or crate `tracing` in this scope
[INFO] [stdout]   --> examples/client_tracing.rs:54:5
[INFO] [stdout]    |
[INFO] [stdout] 54 |     tracing::info!(
[INFO] [stdout]    |     ^^^^^^^ use of unresolved module or unlinked crate `tracing`
[INFO] [stdout] 
[INFO] [stdout] 
[INFO] [stdout] error[E0433]: cannot find module or crate `tracing` in this scope
[INFO] [stdout]   --> examples/client_tracing.rs:11:25
[INFO] [stdout]    |
[INFO] [stdout] 11 |         .with_max_level(tracing::Level::TRACE)
[INFO] [stdout]    |                         ^^^^^^^ use of unresolved module or unlinked crate `tracing`
[INFO] [stdout]    |
[INFO] [stdout]    = help: if you wanted to use a crate named `tracing`, use `cargo add tracing` to add it to your `Cargo.toml`
[INFO] [stdout] 
[INFO] [stdout] 
[INFO] [stdout] warning: method call on a diverging inference variable
[INFO] [stdout]   --> examples/client_tracing.rs:50:29
[INFO] [stdout]    |
[INFO] [stdout] 50 |     let (resp, body) = resp.into_parts();
[INFO] [stdout]    |                             ^^^^^^^^^^
[INFO] [stdout]    |
[INFO] [stdout]    = help: consider providing a type annotation
[INFO] [stdout]    = warning: this was previously accepted by the compiler but is being phased out; it will become a hard error in a future release!
[INFO] [stdout]    = note: for more information, see issue #156047 <https://github.com/rust-lang/rust/issues/156047>
[INFO] [stdout]    = note: `#[warn(method_call_on_diverging_infer_var)]` (part of `#[warn(future_incompatible)]`) on by default
[INFO] [stdout] 
[INFO] [stdout] 
[INFO] [stdout] error[E0599]: no method named `into_parts` found for type `!` in the current scope
[INFO] [stdout]   --> examples/client_tracing.rs:50:29
[INFO] [stdout]    |
[INFO] [stdout] 50 |     let (resp, body) = resp.into_parts();
[INFO] [stdout]    |                             ^^^^^^^^^^ method not found in `!`
[INFO] [stdout] 
[INFO] [stdout] 
[INFO] [stdout] Some errors have detailed explanations: E0432, E0433, E0599.
[INFO] [stdout] 
[INFO] [stdout] For more information about an error, try `rustc --explain E0432`.
[INFO] [stdout] 
[INFO] [stderr] error: could not compile `hyper-util` (example "client_tracing") due to 12 previous errors; 2 warnings emitted
[INFO] running `Command { std: "docker" "inspect" "c5aed7c79b62d7fa401c1f949dcec24dc2d199820f8084abfa84cdbccf013d93", kill_on_drop: false }`
[INFO] running `Command { std: "docker" "rm" "-f" "c5aed7c79b62d7fa401c1f949dcec24dc2d199820f8084abfa84cdbccf013d93", kill_on_drop: false }`
[INFO] [stdout] c5aed7c79b62d7fa401c1f949dcec24dc2d199820f8084abfa84cdbccf013d93
