[INFO] fetching crate hyper-throttle 0.1.1...
[INFO] testing hyper-throttle-0.1.1 against 1.99.0-beta.8+cargoflags=--release for beta-release-1.100-2
[INFO] extracting crate hyper-throttle 0.1.1 into /workspace/builds/worker-4-tc1/source
[INFO] started tweaking crates.io crate hyper-throttle 0.1.1
[INFO] finished tweaking crates.io crate hyper-throttle 0.1.1
[INFO] tweaked toml for crates.io crate hyper-throttle 0.1.1 written to /workspace/builds/worker-4-tc1/source/Cargo.toml
[INFO] validating manifest of crates.io crate hyper-throttle 0.1.1 on toolchain 1.99.0-beta.8
[INFO] running `Command { std: CARGO_HOME="/workspace/cargo-home" RUSTUP_HOME="/workspace/rustup-home" "/workspace/cargo-home/bin/cargo" "+1.99.0-beta.8" "metadata" "--manifest-path" "Cargo.toml" "--no-deps", kill_on_drop: false }`
[INFO] running `Command { std: CARGO_HOME="/workspace/cargo-home" RUSTUP_HOME="/workspace/rustup-home" "/workspace/cargo-home/bin/cargo" "+1.99.0-beta.8" "generate-lockfile" "--manifest-path" "Cargo.toml", kill_on_drop: false }`
[INFO] [stderr]     Updating crates.io index
[INFO] [stderr]      Locking 78 packages to highest compatible versions
[INFO] [stderr]       Adding hyper-rustls v0.26.0 (available: v0.27.10)
[INFO] running `Command { std: CARGO_HOME="/workspace/cargo-home" RUSTUP_HOME="/workspace/rustup-home" "/workspace/cargo-home/bin/cargo" "+1.99.0-beta.8" "fetch" "--manifest-path" "Cargo.toml", kill_on_drop: false }`
[INFO] [stderr]  Downloading crates ...
[INFO] [stderr]   Downloaded tokio-rustls v0.25.0
[INFO] [stderr]   Downloaded hyper-rustls v0.26.0
[INFO] [stderr]   Downloaded rustls v0.22.4
[INFO] running `Command { std: "docker" "create" "-v" "/var/lib/crater-agent-workspace/builds/worker-4-tc1/source:/opt/rustwide/workdir:ro,Z" "-v" "/var/lib/crater-agent-workspace/builds/worker-4-tc1/target:/opt/rustwide/target:rw,Z" "-v" "/var/lib/crater-agent-workspace/cargo-home:/opt/rustwide/cargo-home:ro,Z" "-v" "/var/lib/crater-agent-workspace/rustup-home:/opt/rustwide/rustup-home:ro,Z" "-m" "1610612736" "--network" "none" "ghcr.io/rust-lang/crates-build-env/linux@sha256:77db811e55d90add9212f6832c23229e3de5f1c1f9905e8cb07319ea15df73ac" "sleep" "infinity", kill_on_drop: false }`
[INFO] [stdout] 360c577fc302061009316b3c1dd576ec6adc1908a7213787e8415bf95ff56364
[INFO] running `Command { std: "docker" "start" "360c577fc302061009316b3c1dd576ec6adc1908a7213787e8415bf95ff56364", kill_on_drop: false }`
[INFO] running `Command { std: "docker" "inspect" "360c577fc302061009316b3c1dd576ec6adc1908a7213787e8415bf95ff56364", kill_on_drop: false }`
[INFO] running `Command { std: "docker" "exec" "-e" "SOURCE_DIR=/opt/rustwide/workdir" "-e" "CARGO_HOME=/opt/rustwide/cargo-home" "-e" "RUSTUP_HOME=/opt/rustwide/rustup-home" "-e" "CARGO_TARGET_DIR=/opt/rustwide/target" "-w" "/opt/rustwide/workdir" "--user" "0:0" "360c577fc302061009316b3c1dd576ec6adc1908a7213787e8415bf95ff56364" "/opt/rustwide/cargo-home/bin/cargo" "+1.99.0-beta.8" "metadata" "--no-deps" "--format-version=1", kill_on_drop: false }`
[INFO] running `Command { std: "docker" "inspect" "360c577fc302061009316b3c1dd576ec6adc1908a7213787e8415bf95ff56364", kill_on_drop: false }`
[INFO] running `Command { std: "docker" "exec" "-e" "SOURCE_DIR=/opt/rustwide/workdir" "-e" "CARGO_HOME=/opt/rustwide/cargo-home" "-e" "RUSTUP_HOME=/opt/rustwide/rustup-home" "-e" "CARGO_TARGET_DIR=/opt/rustwide/target" "-e" "CARGO_INCREMENTAL=0" "-e" "RUST_BACKTRACE=full" "-e" "RUSTFLAGS=--cap-lints=warn" "-e" "RUSTDOCFLAGS=--cap-lints=warn" "-w" "/opt/rustwide/workdir" "--user" "0:0" "360c577fc302061009316b3c1dd576ec6adc1908a7213787e8415bf95ff56364" "/opt/rustwide/cargo-home/bin/cargo" "+1.99.0-beta.8" "build" "--frozen" "--message-format=json" "--release", kill_on_drop: false }`
[INFO] [stderr]    Compiling syn v2.0.119
[INFO] [stderr]    Compiling tokio v1.53.3
[INFO] [stderr]    Compiling hyper v1.12.0
[INFO] [stderr]    Compiling pin-project-internal v1.1.13
[INFO] [stderr]    Compiling pin-project v1.1.13
[INFO] [stderr]    Compiling hyper-throttle v0.1.1 (/opt/rustwide/workdir)
[INFO] [stderr]     Finished `release` profile [optimized] target(s) in 7.34s
[INFO] running `Command { std: "docker" "inspect" "360c577fc302061009316b3c1dd576ec6adc1908a7213787e8415bf95ff56364", kill_on_drop: false }`
[INFO] running `Command { std: "docker" "exec" "-e" "SOURCE_DIR=/opt/rustwide/workdir" "-e" "CARGO_HOME=/opt/rustwide/cargo-home" "-e" "RUSTUP_HOME=/opt/rustwide/rustup-home" "-e" "CARGO_TARGET_DIR=/opt/rustwide/target" "-e" "CARGO_INCREMENTAL=0" "-e" "RUST_BACKTRACE=full" "-e" "RUSTFLAGS=--cap-lints=warn" "-e" "RUSTDOCFLAGS=--cap-lints=warn" "-w" "/opt/rustwide/workdir" "--user" "0:0" "360c577fc302061009316b3c1dd576ec6adc1908a7213787e8415bf95ff56364" "/opt/rustwide/cargo-home/bin/cargo" "+1.99.0-beta.8" "test" "--frozen" "--no-run" "--message-format=json" "--release", kill_on_drop: false }`
[INFO] [stderr]    Compiling cc v1.8.0
[INFO] [stderr]    Compiling tokio v1.53.3
[INFO] [stderr]    Compiling rustls-pki-types v1.15.1
[INFO] [stderr]    Compiling getrandom v0.2.17
[INFO] [stderr]    Compiling futures-channel v0.3.34
[INFO] [stderr]    Compiling smallvec v1.16.3
[INFO] [stderr]    Compiling rustls v0.22.4
[INFO] [stderr]    Compiling futures-util v0.3.34
[INFO] [stderr]    Compiling http-body-util v0.1.5
[INFO] [stderr]    Compiling rustls-pemfile v2.2.0
[INFO] [stderr]    Compiling rustls-native-certs v0.7.3
[INFO] [stderr]    Compiling ring v0.17.14
[INFO] [stderr]    Compiling tokio-util v0.7.20
[INFO] [stderr]    Compiling h2 v0.4.20
[INFO] [stderr]    Compiling hyper v1.12.0
[INFO] [stderr]    Compiling hyper-util v0.1.21
[INFO] [stderr]    Compiling hyper-throttle v0.1.1 (/opt/rustwide/workdir)
[INFO] [stderr]    Compiling rustls-webpki v0.102.8
[INFO] [stderr]    Compiling tokio-rustls v0.25.0
[INFO] [stderr]    Compiling hyper-rustls v0.26.0
[INFO] [stdout] error[E0277]: the trait bound `Stream<TokioIo<tokio::net::TcpStream>>: hyper_util::client::legacy::connect::Connection` is not satisfied
[INFO] [stdout]     --> src/lib.rs:270:53
[INFO] [stdout]      |
[INFO] [stdout]  270 |         Client::builder(TokioExecutor::new()).build(connector)
[INFO] [stdout]      |                                               ----- ^^^^^^^^^ unsatisfied trait bound
[INFO] [stdout]      |                                               |
[INFO] [stdout]      |                                               required by a bound introduced by this call
[INFO] [stdout]      |
[INFO] [stdout] help: the trait `hyper_util::client::legacy::connect::Connection` is not implemented for `Stream<TokioIo<tokio::net::TcpStream>>`
[INFO] [stdout]     --> src/lib.rs:106:1
[INFO] [stdout]      |
[INFO] [stdout]  106 | pub struct Stream<S> {
[INFO] [stdout]      | ^^^^^^^^^^^^^^^^^^^^
[INFO] [stdout] help: the following other types implement trait `hyper_util::client::legacy::connect::Connection`
[INFO] [stdout]     --> /opt/rustwide/cargo-home/registry/src/index.crates.io-1949cf8c6b5b557f/hyper-util-0.1.21/src/client/legacy/connect/http.rs:587:1
[INFO] [stdout]      |
[INFO] [stdout]  587 |   impl Connection for TcpStream {
[INFO] [stdout]      |   ^^^^^^^^^^^^^^^^^^^^^^^^^^^^^ `tokio::net::TcpStream`
[INFO] [stdout] ...
[INFO] [stdout]  602 |   impl Connection for tokio::net::UnixStream {
[INFO] [stdout]      |   ^^^^^^^^^^^^^^^^^^^^^^^^^^^^^^^^^^^^^^^^^^ `tokio::net::UnixStream`
[INFO] [stdout] ...
[INFO] [stdout]  617 | / impl<T> Connection for TokioIo<T>
[INFO] [stdout]  618 | | where
[INFO] [stdout]  619 | |     T: Connection,
[INFO] [stdout]      | |__________________^ `TokioIo<T>`
[INFO] [stdout]      |
[INFO] [stdout]     ::: /opt/rustwide/cargo-home/registry/src/index.crates.io-1949cf8c6b5b557f/hyper-rustls-0.26.0/src/stream.rs:22:1
[INFO] [stdout]      |
[INFO] [stdout]   22 |   impl<T: rt::Read + rt::Write + Connection + Unpin> Connection for MaybeHttpsStream<T> {
[INFO] [stdout]      |   ^^^^^^^^^^^^^^^^^^^^^^^^^^^^^^^^^^^^^^^^^^^^^^^^^^^^^^^^^^^^^^^^^^^^^^^^^^^^^^^^^^^^^ `MaybeHttpsStream<T>`
[INFO] [stdout]      = note: required for `HttpsConnector<Connector<HttpConnector>>` to implement `tower_service::Service<Uri>`
[INFO] [stdout]      = note: required for `HttpsConnector<Connector<HttpConnector>>` to implement `Connect`
[INFO] [stdout] note: required by a bound in `hyper_util::client::legacy::Builder::build`
[INFO] [stdout]     --> /opt/rustwide/cargo-home/registry/src/index.crates.io-1949cf8c6b5b557f/hyper-util-0.1.21/src/client/legacy/client.rs:1629:12
[INFO] [stdout]      |
[INFO] [stdout] 1627 |     pub fn build<C, B>(&self, connector: C) -> Client<C, B>
[INFO] [stdout]      |            ----- required by a bound in this associated function
[INFO] [stdout] 1628 |     where
[INFO] [stdout] 1629 |         C: Connect + Clone,
[INFO] [stdout]      |            ^^^^^^^ required by this bound in `Builder::build`
[INFO] [stdout] 
[INFO] [stdout] 
[INFO] [stdout] error[E0599]: the method `get` exists for struct `Client<HttpsConnector<Connector<HttpConnector>>, http_body_util::Empty<bytes::Bytes>>`, but its trait bounds were not satisfied
[INFO] [stdout]    --> src/lib.rs:278:14
[INFO] [stdout]     |
[INFO] [stdout] 106 |   pub struct Stream<S> {
[INFO] [stdout]     |   -------------------- doesn't satisfy `_: Connection`
[INFO] [stdout] ...
[INFO] [stdout] 277 |           let response = client
[INFO] [stdout]     |  ________________________-
[INFO] [stdout] 278 | |             .get("https://www.rust-lang.org".parse().unwrap())
[INFO] [stdout]     | |             -^^^ method cannot be called due to unsatisfied trait bounds
[INFO] [stdout]     | |_____________|
[INFO] [stdout]     |
[INFO] [stdout]     |
[INFO] [stdout]    ::: /opt/rustwide/cargo-home/registry/src/index.crates.io-1949cf8c6b5b557f/hyper-rustls-0.26.0/src/connector.rs:23:1
[INFO] [stdout]     |
[INFO] [stdout]  23 |   pub struct HttpsConnector<T> {
[INFO] [stdout]     |   ---------------------------- doesn't satisfy `HttpsConnector<Connector<HttpConnector>>: Connect`
[INFO] [stdout]     |
[INFO] [stdout]     = note: the following trait bounds were not satisfied:
[INFO] [stdout]             `Stream<TokioIo<tokio::net::TcpStream>>: hyper_util::client::legacy::connect::Connection`
[INFO] [stdout]             which is required by `HttpsConnector<Connector<HttpConnector>>: Connect`
[INFO] [stdout] note: the trait `hyper_util::client::legacy::connect::Connection` must be implemented
[INFO] [stdout]    --> /opt/rustwide/cargo-home/registry/src/index.crates.io-1949cf8c6b5b557f/hyper-util-0.1.21/src/client/legacy/connect/mod.rs:91:1
[INFO] [stdout]     |
[INFO] [stdout]  91 | pub trait Connection {
[INFO] [stdout]     | ^^^^^^^^^^^^^^^^^^^^
[INFO] [stdout] 
[INFO] [stdout] 
[INFO] [stdout] error[E0599]: the method `get` exists for struct `Client<HttpsConnector<Connector<HttpConnector>>, http_body_util::Empty<bytes::Bytes>>`, but its trait bounds were not satisfied
[INFO] [stdout]    --> src/lib.rs:291:14
[INFO] [stdout]     |
[INFO] [stdout] 106 |   pub struct Stream<S> {
[INFO] [stdout]     |   -------------------- doesn't satisfy `_: Connection`
[INFO] [stdout] ...
[INFO] [stdout] 290 |           let response = client
[INFO] [stdout]     |  ________________________-
[INFO] [stdout] 291 | |             .get("https://www.rust-lang.org".parse().unwrap())
[INFO] [stdout]     | |             -^^^ method cannot be called due to unsatisfied trait bounds
[INFO] [stdout]     | |_____________|
[INFO] [stdout]     |
[INFO] [stdout]     |
[INFO] [stdout]    ::: /opt/rustwide/cargo-home/registry/src/index.crates.io-1949cf8c6b5b557f/hyper-rustls-0.26.0/src/connector.rs:23:1
[INFO] [stdout]     |
[INFO] [stdout]  23 |   pub struct HttpsConnector<T> {
[INFO] [stdout]     |   ---------------------------- doesn't satisfy `HttpsConnector<Connector<HttpConnector>>: Connect`
[INFO] [stdout]     |
[INFO] [stdout]     = note: the following trait bounds were not satisfied:
[INFO] [stdout]             `Stream<TokioIo<tokio::net::TcpStream>>: hyper_util::client::legacy::connect::Connection`
[INFO] [stdout]             which is required by `HttpsConnector<Connector<HttpConnector>>: Connect`
[INFO] [stdout] note: the trait `hyper_util::client::legacy::connect::Connection` must be implemented
[INFO] [stdout]    --> /opt/rustwide/cargo-home/registry/src/index.crates.io-1949cf8c6b5b557f/hyper-util-0.1.21/src/client/legacy/connect/mod.rs:91:1
[INFO] [stdout]     |
[INFO] [stdout]  91 | pub trait Connection {
[INFO] [stdout]     | ^^^^^^^^^^^^^^^^^^^^
[INFO] [stdout] 
[INFO] [stdout] 
[INFO] [stdout] Some errors have detailed explanations: E0277, E0599.
[INFO] [stdout] 
[INFO] [stdout] For more information about an error, try `rustc --explain E0277`.
[INFO] [stdout] 
[INFO] [stderr] error: could not compile `hyper-throttle` (lib test) due to 3 previous errors
[INFO] running `Command { std: "docker" "inspect" "360c577fc302061009316b3c1dd576ec6adc1908a7213787e8415bf95ff56364", kill_on_drop: false }`
[INFO] running `Command { std: "docker" "rm" "-f" "360c577fc302061009316b3c1dd576ec6adc1908a7213787e8415bf95ff56364", kill_on_drop: false }`
[INFO] [stdout] 360c577fc302061009316b3c1dd576ec6adc1908a7213787e8415bf95ff56364
