[INFO] fetching crate hyle-source-qmap 0.1.9...
[INFO] testing hyle-source-qmap-0.1.9 against 1.99.0-beta.8+cargoflags=--release for beta-release-1.100-2
[INFO] extracting crate hyle-source-qmap 0.1.9 into /workspace/builds/worker-6-tc1/source
[INFO] started tweaking crates.io crate hyle-source-qmap 0.1.9
[INFO] finished tweaking crates.io crate hyle-source-qmap 0.1.9
[INFO] tweaked toml for crates.io crate hyle-source-qmap 0.1.9 written to /workspace/builds/worker-6-tc1/source/Cargo.toml
[INFO] validating manifest of crates.io crate hyle-source-qmap 0.1.9 on toolchain 1.99.0-beta.8
[INFO] running `Command { std: CARGO_HOME="/workspace/cargo-home" RUSTUP_HOME="/workspace/rustup-home" "/workspace/cargo-home/bin/cargo" "+1.99.0-beta.8" "metadata" "--manifest-path" "Cargo.toml" "--no-deps", kill_on_drop: false }`
[INFO] crate crates.io crate hyle-source-qmap 0.1.9 already has a lockfile, it will not be regenerated
[INFO] running `Command { std: CARGO_HOME="/workspace/cargo-home" RUSTUP_HOME="/workspace/rustup-home" "/workspace/cargo-home/bin/cargo" "+1.99.0-beta.8" "fetch" "--manifest-path" "Cargo.toml", kill_on_drop: false }`
[INFO] [stderr]     Updating crates.io index
[INFO] [stderr]  Downloading crates ...
[INFO] [stderr]   Downloaded qmap-rs v0.1.0
[INFO] [stderr]   Downloaded manganis-macro v0.7.9
[INFO] [stderr]   Downloaded manganis v0.7.7
[INFO] [stderr]   Downloaded hyle v0.1.9
[INFO] [stderr]   Downloaded manganis-core v0.7.9
[INFO] [stderr]   Downloaded const-serialize-macro v0.7.2
[INFO] [stderr]   Downloaded const-serialize-macro v0.8.0-alpha.0
[INFO] [stderr]   Downloaded macro-string v0.1.4
[INFO] [stderr]   Downloaded const-serialize v0.7.2
[INFO] [stderr]   Downloaded const-serialize v0.8.0-alpha.0
[INFO] [stderr]   Downloaded garde_derive v0.22.1
[INFO] [stderr]   Downloaded garde v0.22.1
[INFO] running `Command { std: "docker" "create" "-v" "/var/lib/crater-agent-workspace/builds/worker-6-tc1/source:/opt/rustwide/workdir:ro,Z" "-v" "/var/lib/crater-agent-workspace/builds/worker-6-tc1/target:/opt/rustwide/target:rw,Z" "-v" "/var/lib/crater-agent-workspace/cargo-home:/opt/rustwide/cargo-home:ro,Z" "-v" "/var/lib/crater-agent-workspace/rustup-home:/opt/rustwide/rustup-home:ro,Z" "-m" "1610612736" "--network" "none" "ghcr.io/rust-lang/crates-build-env/linux@sha256:77db811e55d90add9212f6832c23229e3de5f1c1f9905e8cb07319ea15df73ac" "sleep" "infinity", kill_on_drop: false }`
[INFO] [stdout] 31613e146bd8deabb0abed84057a32058f1fa287252e6736912b2826a808a5c8
[INFO] running `Command { std: "docker" "start" "31613e146bd8deabb0abed84057a32058f1fa287252e6736912b2826a808a5c8", kill_on_drop: false }`
[INFO] running `Command { std: "docker" "inspect" "31613e146bd8deabb0abed84057a32058f1fa287252e6736912b2826a808a5c8", kill_on_drop: false }`
[INFO] running `Command { std: "docker" "exec" "-e" "SOURCE_DIR=/opt/rustwide/workdir" "-e" "CARGO_HOME=/opt/rustwide/cargo-home" "-e" "RUSTUP_HOME=/opt/rustwide/rustup-home" "-e" "CARGO_TARGET_DIR=/opt/rustwide/target" "-w" "/opt/rustwide/workdir" "--user" "0:0" "31613e146bd8deabb0abed84057a32058f1fa287252e6736912b2826a808a5c8" "/opt/rustwide/cargo-home/bin/cargo" "+1.99.0-beta.8" "metadata" "--no-deps" "--format-version=1", kill_on_drop: false }`
[INFO] running `Command { std: "docker" "inspect" "31613e146bd8deabb0abed84057a32058f1fa287252e6736912b2826a808a5c8", kill_on_drop: false }`
[INFO] running `Command { std: "docker" "exec" "-e" "SOURCE_DIR=/opt/rustwide/workdir" "-e" "CARGO_HOME=/opt/rustwide/cargo-home" "-e" "RUSTUP_HOME=/opt/rustwide/rustup-home" "-e" "CARGO_TARGET_DIR=/opt/rustwide/target" "-e" "CARGO_INCREMENTAL=0" "-e" "RUST_BACKTRACE=full" "-e" "RUSTFLAGS=--cap-lints=warn" "-e" "RUSTDOCFLAGS=--cap-lints=warn" "-w" "/opt/rustwide/workdir" "--user" "0:0" "31613e146bd8deabb0abed84057a32058f1fa287252e6736912b2826a808a5c8" "/opt/rustwide/cargo-home/bin/cargo" "+1.99.0-beta.8" "build" "--frozen" "--message-format=json" "--release", kill_on_drop: false }`
[INFO] [stderr]    Compiling syn v2.0.117
[INFO] [stderr]    Compiling serde_core v1.0.228
[INFO] [stderr]    Compiling serde v1.0.228
[INFO] [stderr]    Compiling aho-corasick v1.1.4
[INFO] [stderr]    Compiling qmap-rs v0.1.0
[INFO] [stderr]    Compiling indexmap v2.14.0
[INFO] [stderr]    Compiling castaway v0.2.4
[INFO] [stderr]    Compiling compact_str v0.8.1
[INFO] [stderr]    Compiling regex-automata v0.4.14
[INFO] [stderr]    Compiling macro-string v0.1.4
[INFO] [stderr]    Compiling serde_derive v1.0.228
[INFO] [stderr]    Compiling const-serialize-macro v0.7.2
[INFO] [stderr]    Compiling const-serialize-macro v0.8.0-alpha.0
[INFO] [stderr]    Compiling thiserror-impl v2.0.18
[INFO] [stderr]    Compiling const-serialize v0.7.2
[INFO] [stderr]    Compiling thiserror v2.0.18
[INFO] [stderr]    Compiling regex v1.12.3
[INFO] [stderr]    Compiling garde v0.22.1
[INFO] [stderr]    Compiling const-serialize v0.8.0-alpha.0
[INFO] [stderr]    Compiling manganis-core v0.7.9
[INFO] [stderr]    Compiling manganis-macro v0.7.9
[INFO] [stderr]    Compiling manganis v0.7.7
[INFO] [stderr]    Compiling hyle v0.1.9
[INFO] [stderr]    Compiling hyle-source-qmap v0.1.9 (/opt/rustwide/workdir)
[INFO] [stderr]     Finished `release` profile [optimized] target(s) in 32.29s
[INFO] running `Command { std: "docker" "inspect" "31613e146bd8deabb0abed84057a32058f1fa287252e6736912b2826a808a5c8", kill_on_drop: false }`
[INFO] running `Command { std: "docker" "exec" "-e" "SOURCE_DIR=/opt/rustwide/workdir" "-e" "CARGO_HOME=/opt/rustwide/cargo-home" "-e" "RUSTUP_HOME=/opt/rustwide/rustup-home" "-e" "CARGO_TARGET_DIR=/opt/rustwide/target" "-e" "CARGO_INCREMENTAL=0" "-e" "RUST_BACKTRACE=full" "-e" "RUSTFLAGS=--cap-lints=warn" "-e" "RUSTDOCFLAGS=--cap-lints=warn" "-w" "/opt/rustwide/workdir" "--user" "0:0" "31613e146bd8deabb0abed84057a32058f1fa287252e6736912b2826a808a5c8" "/opt/rustwide/cargo-home/bin/cargo" "+1.99.0-beta.8" "test" "--frozen" "--no-run" "--message-format=json" "--release", kill_on_drop: false }`
[INFO] [stderr]    Compiling hyle-source-qmap v0.1.9 (/opt/rustwide/workdir)
[INFO] [stdout] error: linking with `cc` failed: exit status: 1
[INFO] [stdout]   |
[INFO] [stdout]   = note:  "cc" "-m64" "/opt/rustwide/target/release/deps/rustcNXTAPA/symbols.o" "<11 object files omitted>" "-Wl,--as-needed" "-Wl,-Bstatic" "<sysroot>/lib/rustlib/x86_64-unknown-linux-gnu/lib/{libtest-*,libgetopts-*,librustc_std_workspace_std-*}.rlib" "/opt/rustwide/target/release/deps/{libqmap_rs-5e78ff61674374b2,liblibc-9127009e093ab63a,libhyle-d485454e00a3b83a,libmanganis-33f1305c34753847,libmanganis_core-212640314bc1dbf2,libwinnow-e67d173b82f15f1d,libconst_serialize-6ac5a34243ee5ade,libconst_serialize-5508f869d977fc61,libgarde-7d33559bb124cc20,libonce_cell-a92ce0590bdd2571,libregex-b04a71bfecb649dc,libregex_automata-6de1fc69e0de1561,libaho_corasick-aebaa5ccb17bdab0,libregex_syntax-e74e29b98e81dab5,libsmallvec-841086f162eea166,libcompact_str-f40b8c13ce4d4fda,libryu-cc0a3553ff73174e,libcfg_if-6d8dca19095bb388,libstatic_assertions-306fc8cfb43dc741,libcastaway-f1f496317d37cfae,libserde_json-f9d778e2ba9fb8d8,libmemchr-178a35e34abea88f,libitoa-1e9e3b22820c4a15,libzmij-3fd0fbc0da54c581,libthiserror-49926b751753c065,libserde-2f9ccf2c3b29a4ca,libindexmap-791addd4743076db,libequivalent-26a0d6a3c1145f1b,libserde_core-fc2e9ba380840c21,libhashbrown-e584a62dc81c493d}.rlib" "<sysroot>/lib/rustlib/x86_64-unknown-linux-gnu/lib/{libstd-*,libpanic_unwind-*,libobject-*,libmemchr-*,libaddr2line-*,libgimli-*,libcfg_if-*,librustc_demangle-*,libstd_detect-*,libhashbrown-*,librustc_std_workspace_alloc-*,libminiz_oxide-*,libadler2-*,libunwind-*,liblibc-*,librustc_std_workspace_core-*,liballoc-*,libcore-*,libcompiler_builtins-*}.rlib" "-Wl,-Bdynamic" "-lgcc_s" "-lutil" "-lrt" "-lpthread" "-lm" "-ldl" "-lc" "-L" "/opt/rustwide/target/release/deps/rustcNXTAPA/raw-dylibs" "-B<sysroot>/lib/rustlib/x86_64-unknown-linux-gnu/bin/gcc-ld" "-fuse-ld=lld" "-Wl,--eh-frame-hdr" "-Wl,-z,noexecstack" "-L" "<sysroot>/lib/rustlib/x86_64-unknown-linux-gnu/lib" "-o" "/opt/rustwide/target/release/deps/hyle_source_qmap-0b81fe1c427988a1" "-Wl,--gc-sections" "-pie" "-Wl,-z,relro,-z,now" "-Wl,-O1" "-Wl,--strip-debug" "-nodefaultlibs"
[INFO] [stdout]   = note: some arguments are omitted. use `--verbose` to show all linker arguments
[INFO] [stdout]   = note: rust-lld: error: undefined symbol: qmap_iter
[INFO] [stdout]           >>> referenced by qmap_rs.e83f8054e4c24d4b-cgu.0
[INFO] [stdout]           >>>               qmap_rs-5e78ff61674374b2.qmap_rs.e83f8054e4c24d4b-cgu.0.rcgu.o:(<qmap_rs::Qmap>::iter) in archive /opt/rustwide/target/release/deps/libqmap_rs-5e78ff61674374b2.rlib
[INFO] [stdout]           
[INFO] [stdout]           rust-lld: error: undefined symbol: qmap_open
[INFO] [stdout]           >>> referenced by qmap_rs.e83f8054e4c24d4b-cgu.0
[INFO] [stdout]           >>>               qmap_rs-5e78ff61674374b2.qmap_rs.e83f8054e4c24d4b-cgu.0.rcgu.o:(<qmap_rs::Qmap>::open) in archive /opt/rustwide/target/release/deps/libqmap_rs-5e78ff61674374b2.rlib
[INFO] [stdout]           >>> referenced by qmap_rs.e83f8054e4c24d4b-cgu.0
[INFO] [stdout]           >>>               qmap_rs-5e78ff61674374b2.qmap_rs.e83f8054e4c24d4b-cgu.0.rcgu.o:(<qmap_rs::Qmap>::open) in archive /opt/rustwide/target/release/deps/libqmap_rs-5e78ff61674374b2.rlib
[INFO] [stdout]           >>> referenced by qmap_rs.e83f8054e4c24d4b-cgu.0
[INFO] [stdout]           >>>               qmap_rs-5e78ff61674374b2.qmap_rs.e83f8054e4c24d4b-cgu.0.rcgu.o:(<qmap_rs::Qmap>::open) in archive /opt/rustwide/target/release/deps/libqmap_rs-5e78ff61674374b2.rlib
[INFO] [stdout]           
[INFO] [stdout]           rust-lld: error: undefined symbol: qmap_put
[INFO] [stdout]           >>> referenced by qmap_rs.e83f8054e4c24d4b-cgu.0
[INFO] [stdout]           >>>               qmap_rs-5e78ff61674374b2.qmap_rs.e83f8054e4c24d4b-cgu.0.rcgu.o:(<qmap_rs::Qmap>::put_str) in archive /opt/rustwide/target/release/deps/libqmap_rs-5e78ff61674374b2.rlib
[INFO] [stdout]           
[INFO] [stdout]           rust-lld: error: undefined symbol: qmap_next
[INFO] [stdout]           >>> referenced by qmap_rs.e83f8054e4c24d4b-cgu.0
[INFO] [stdout]           >>>               qmap_rs-5e78ff61674374b2.qmap_rs.e83f8054e4c24d4b-cgu.0.rcgu.o:(<qmap_rs::Cursor>::next) in archive /opt/rustwide/target/release/deps/libqmap_rs-5e78ff61674374b2.rlib
[INFO] [stdout]           
[INFO] [stdout]           rust-lld: error: undefined symbol: qmap_fin
[INFO] [stdout]           >>> referenced by qmap_rs.e83f8054e4c24d4b-cgu.0
[INFO] [stdout]           >>>               qmap_rs-5e78ff61674374b2.qmap_rs.e83f8054e4c24d4b-cgu.0.rcgu.o:(<qmap_rs::Cursor as core::ops::drop::Drop>::drop) in archive /opt/rustwide/target/release/deps/libqmap_rs-5e78ff61674374b2.rlib
[INFO] [stdout]           
[INFO] [stdout]           rust-lld: error: undefined symbol: qmap_close
[INFO] [stdout]           >>> referenced by qmap_rs.e83f8054e4c24d4b-cgu.0
[INFO] [stdout]           >>>               qmap_rs-5e78ff61674374b2.qmap_rs.e83f8054e4c24d4b-cgu.0.rcgu.o:(<qmap_rs::Qmap as core::ops::drop::Drop>::drop) in archive /opt/rustwide/target/release/deps/libqmap_rs-5e78ff61674374b2.rlib
[INFO] [stdout]           collect2: error: ld returned 1 exit status
[INFO] [stdout]           
[INFO] [stdout] 
[INFO] [stdout] 
[INFO] [stderr] error: could not compile `hyle-source-qmap` (lib test) due to 1 previous error
[INFO] running `Command { std: "docker" "inspect" "31613e146bd8deabb0abed84057a32058f1fa287252e6736912b2826a808a5c8", kill_on_drop: false }`
[INFO] running `Command { std: "docker" "rm" "-f" "31613e146bd8deabb0abed84057a32058f1fa287252e6736912b2826a808a5c8", kill_on_drop: false }`
[INFO] [stdout] 31613e146bd8deabb0abed84057a32058f1fa287252e6736912b2826a808a5c8
