[INFO] fetching crate hydracache-cluster-raft 0.73.0...
[INFO] testing hydracache-cluster-raft-0.73.0 against 1.99.0-beta.8+cargoflags=--release for beta-release-1.100-2
[INFO] extracting crate hydracache-cluster-raft 0.73.0 into /workspace/builds/worker-2-tc1/source
[INFO] started tweaking crates.io crate hydracache-cluster-raft 0.73.0
[INFO] removed 0 missing tests
[INFO] finished tweaking crates.io crate hydracache-cluster-raft 0.73.0
[INFO] tweaked toml for crates.io crate hydracache-cluster-raft 0.73.0 written to /workspace/builds/worker-2-tc1/source/Cargo.toml
[INFO] validating manifest of crates.io crate hydracache-cluster-raft 0.73.0 on toolchain 1.99.0-beta.8
[INFO] running `Command { std: CARGO_HOME="/workspace/cargo-home" RUSTUP_HOME="/workspace/rustup-home" "/workspace/cargo-home/bin/cargo" "+1.99.0-beta.8" "metadata" "--manifest-path" "Cargo.toml" "--no-deps", kill_on_drop: false }`
[INFO] crate crates.io crate hydracache-cluster-raft 0.73.0 already has a lockfile, it will not be regenerated
[INFO] running `Command { std: CARGO_HOME="/workspace/cargo-home" RUSTUP_HOME="/workspace/rustup-home" "/workspace/cargo-home/bin/cargo" "+1.99.0-beta.8" "fetch" "--manifest-path" "Cargo.toml", kill_on_drop: false }`
[INFO] [stderr]     Updating crates.io index
[INFO] [stderr]  Downloading crates ...
[INFO] [stderr]   Downloaded ascii v1.1.0
[INFO] [stderr]   Downloaded chunked_transfer v1.5.0
[INFO] [stderr]   Downloaded tiny_http v0.12.0
[INFO] [stderr]   Downloaded fxhash v0.2.1
[INFO] [stderr]   Downloaded getset v0.1.7
[INFO] [stderr]   Downloaded id-set v0.2.2
[INFO] [stderr]   Downloaded choice v0.0.2
[INFO] [stderr]   Downloaded bytes v1.12.0
[INFO] [stderr]   Downloaded raft-proto v0.7.0
[INFO] [stderr]   Downloaded rand_pcg v0.10.2
[INFO] [stderr]   Downloaded wasm-bindgen-futures v0.4.76
[INFO] [stderr]   Downloaded dashmap v6.2.1
[INFO] [stderr]   Downloaded fs2 v0.4.3
[INFO] [stderr]   Downloaded thread_local v1.1.9
[INFO] [stderr]   Downloaded generator v0.8.9
[INFO] [stderr]   Downloaded quinn-udp v0.5.15
[INFO] [stderr]   Downloaded hydracache-core v0.73.0
[INFO] [stderr]   Downloaded erased-serde v0.3.31
[INFO] [stderr]   Downloaded protobuf-codegen v2.28.0
[INFO] [stderr]   Downloaded rand_core v0.10.1
[INFO] [stderr]   Downloaded rustls-native-certs v0.8.4
[INFO] [stderr]   Downloaded chacha20 v0.10.2
[INFO] [stderr]   Downloaded tagptr v0.2.0
[INFO] [stderr]   Downloaded rustls-pki-types v1.15.0
[INFO] [stderr]   Downloaded hydracache-macros v0.73.0
[INFO] [stderr]   Downloaded crossbeam-queue v0.3.12
[INFO] [stderr]   Downloaded hydracache-cluster-transport-axum v0.73.0
[INFO] [stderr]   Downloaded rustls-platform-verifier v0.7.0
[INFO] [stderr]   Downloaded hydracache-cluster-chitchat v0.73.0
[INFO] [stderr]   Downloaded lru v0.17.0
[INFO] [stderr]   Downloaded fail v0.5.1
[INFO] [stderr]   Downloaded slog v2.8.2
[INFO] [stderr]   Downloaded event-listener v5.4.1
[INFO] [stderr]   Downloaded zerocopy-derive v0.8.52
[INFO] [stderr]   Downloaded http v1.4.2
[INFO] [stderr]   Downloaded quinn v0.11.11
[INFO] [stderr]   Downloaded toml_edit v0.25.12+spec-1.1.0
[INFO] [stderr]   Downloaded uuid v1.23.4
[INFO] [stderr]   Downloaded chitchat v0.11.1
[INFO] [stderr]   Downloaded tokio-stream v0.1.18
[INFO] [stderr]   Downloaded rand v0.10.2
[INFO] [stderr]   Downloaded crossbeam-channel v0.5.15
[INFO] [stderr]   Downloaded reqwest v0.13.4
[INFO] [stderr]   Downloaded webpki-root-certs v1.0.8
[INFO] [stderr]   Downloaded raft v0.7.0
[INFO] [stderr]   Downloaded regex v1.12.4
[INFO] [stderr]   Downloaded protobuf v2.28.0
[INFO] [stderr]   Downloaded winnow v1.0.3
[INFO] [stderr]   Downloaded quinn-proto v0.11.16
[INFO] [stderr]   Downloaded aws-lc-rs v1.18.1
[INFO] [stderr]   Downloaded stateright v0.31.0
[INFO] [stderr]   Downloaded zerocopy v0.8.52
[INFO] [stderr]   Downloaded hydra-moka v0.12.15-hydra.1
[INFO] [stderr]   Downloaded simd_cesu8 v1.1.1
[INFO] [stderr]   Downloaded hydracache v0.73.0
[INFO] [stderr]   Downloaded sled v0.34.7
[INFO] [stderr]   Downloaded web-sys v0.3.103
[INFO] [stderr]   Downloaded aws-lc-sys v0.45.0
[INFO] [stderr]   Downloaded protobuf-build v0.14.1
[INFO] running `Command { std: "docker" "create" "-v" "/var/lib/crater-agent-workspace/builds/worker-2-tc1/source:/opt/rustwide/workdir:ro,Z" "-v" "/var/lib/crater-agent-workspace/builds/worker-2-tc1/target:/opt/rustwide/target:rw,Z" "-v" "/var/lib/crater-agent-workspace/cargo-home:/opt/rustwide/cargo-home:ro,Z" "-v" "/var/lib/crater-agent-workspace/rustup-home:/opt/rustwide/rustup-home:ro,Z" "-m" "1610612736" "--network" "none" "ghcr.io/rust-lang/crates-build-env/linux@sha256:77db811e55d90add9212f6832c23229e3de5f1c1f9905e8cb07319ea15df73ac" "sleep" "infinity", kill_on_drop: false }`
[INFO] [stdout] bacfeb69ced97dea8840766ccd3f6547f7367abbd9e96330b094f1779ebd56c9
[INFO] running `Command { std: "docker" "start" "bacfeb69ced97dea8840766ccd3f6547f7367abbd9e96330b094f1779ebd56c9", kill_on_drop: false }`
[INFO] running `Command { std: "docker" "inspect" "bacfeb69ced97dea8840766ccd3f6547f7367abbd9e96330b094f1779ebd56c9", kill_on_drop: false }`
[INFO] running `Command { std: "docker" "exec" "-e" "SOURCE_DIR=/opt/rustwide/workdir" "-e" "CARGO_HOME=/opt/rustwide/cargo-home" "-e" "RUSTUP_HOME=/opt/rustwide/rustup-home" "-e" "CARGO_TARGET_DIR=/opt/rustwide/target" "-w" "/opt/rustwide/workdir" "--user" "0:0" "bacfeb69ced97dea8840766ccd3f6547f7367abbd9e96330b094f1779ebd56c9" "/opt/rustwide/cargo-home/bin/cargo" "+1.99.0-beta.8" "metadata" "--no-deps" "--format-version=1", kill_on_drop: false }`
[INFO] running `Command { std: "docker" "inspect" "bacfeb69ced97dea8840766ccd3f6547f7367abbd9e96330b094f1779ebd56c9", kill_on_drop: false }`
[INFO] running `Command { std: "docker" "exec" "-e" "SOURCE_DIR=/opt/rustwide/workdir" "-e" "CARGO_HOME=/opt/rustwide/cargo-home" "-e" "RUSTUP_HOME=/opt/rustwide/rustup-home" "-e" "CARGO_TARGET_DIR=/opt/rustwide/target" "-e" "CARGO_INCREMENTAL=0" "-e" "RUST_BACKTRACE=full" "-e" "RUSTFLAGS=--cap-lints=warn" "-e" "RUSTDOCFLAGS=--cap-lints=warn" "-w" "/opt/rustwide/workdir" "--user" "0:0" "bacfeb69ced97dea8840766ccd3f6547f7367abbd9e96330b094f1779ebd56c9" "/opt/rustwide/cargo-home/bin/cargo" "+1.99.0-beta.8" "build" "--frozen" "--message-format=json" "--release", kill_on_drop: false }`
[INFO] [stderr]    Compiling quote v1.0.46
[INFO] [stderr]    Compiling libc v0.2.186
[INFO] [stderr]    Compiling crossbeam-utils v0.8.21
[INFO] [stderr]    Compiling memchr v2.8.2
[INFO] [stderr]    Compiling protobuf v2.28.0
[INFO] [stderr]    Compiling bytes v1.12.0
[INFO] [stderr]    Compiling byteorder v1.5.0
[INFO] [stderr]    Compiling rustversion v1.0.22
[INFO] [stderr]    Compiling zerocopy v0.8.52
[INFO] [stderr]    Compiling heapless v0.7.17
[INFO] [stderr]    Compiling equivalent v1.0.2
[INFO] [stderr]    Compiling bitflags v1.3.2
[INFO] [stderr]    Compiling parking_lot_core v0.9.12
[INFO] [stderr]    Compiling parking v2.2.1
[INFO] [stderr]    Compiling winnow v1.0.3
[INFO] [stderr]    Compiling getrandom v0.4.3
[INFO] [stderr]    Compiling indexmap v2.14.0
[INFO] [stderr]    Compiling toml_datetime v1.1.1+spec-1.1.0
[INFO] [stderr]    Compiling smallvec v1.15.2
[INFO] [stderr]    Compiling crossbeam-epoch v0.9.20
[INFO] [stderr]    Compiling portable-atomic v1.13.1
[INFO] [stderr]    Compiling aho-corasick v1.1.4
[INFO] [stderr]    Compiling hash32 v0.2.1
[INFO] [stderr]    Compiling futures-core v0.3.32
[INFO] [stderr]    Compiling futures-task v0.3.32
[INFO] [stderr]    Compiling thiserror v1.0.69
[INFO] [stderr]    Compiling zmij v1.0.21
[INFO] [stderr]    Compiling syn v2.0.118
[INFO] [stderr]    Compiling serde_json v1.0.150
[INFO] [stderr]    Compiling slog v2.8.2
[INFO] [stderr]    Compiling tagptr v0.2.0
[INFO] [stderr]    Compiling fxhash v0.2.1
[INFO] [stderr]    Compiling concurrent-queue v2.5.0
[INFO] [stderr]    Compiling crossbeam-channel v0.5.15
[INFO] [stderr]    Compiling crossbeam-queue v0.3.12
[INFO] [stderr]    Compiling toml_parser v1.1.2+spec-1.1.0
[INFO] [stderr]    Compiling event-listener v5.4.1
[INFO] [stderr]    Compiling getrandom v0.2.17
[INFO] [stderr]    Compiling mio v1.2.1
[INFO] [stderr]    Compiling rand_core v0.6.4
[INFO] [stderr]    Compiling event-listener-strategy v0.5.4
[INFO] [stderr]    Compiling toml_edit v0.25.12+spec-1.1.0
[INFO] [stderr]    Compiling parking_lot v0.12.5
[INFO] [stderr]    Compiling async-lock v3.4.2
[INFO] [stderr]    Compiling uuid v1.23.4
[INFO] [stderr]    Compiling socket2 v0.6.4
[INFO] [stderr]    Compiling regex-automata v0.4.14
[INFO] [stderr]    Compiling proc-macro-crate v3.5.0
[INFO] [stderr]    Compiling ppv-lite86 v0.2.21
[INFO] [stderr]    Compiling regex v1.12.4
[INFO] [stderr]    Compiling rand_chacha v0.3.1
[INFO] [stderr]    Compiling serde_derive v1.0.228
[INFO] [stderr]    Compiling thiserror-impl v2.0.18
[INFO] [stderr]    Compiling futures-macro v0.3.32
[INFO] [stderr]    Compiling thiserror-impl v1.0.69
[INFO] [stderr]    Compiling async-trait v0.1.89
[INFO] [stderr]    Compiling tokio-macros v2.7.0
[INFO] [stderr]    Compiling hydracache-macros v0.73.0
[INFO] [stderr]    Compiling getset v0.1.7
[INFO] [stderr]    Compiling rand v0.8.6
[INFO] [stderr]    Compiling tokio v1.52.3
[INFO] [stderr]    Compiling protobuf-codegen v2.28.0
[INFO] [stderr]    Compiling futures-util v0.3.32
[INFO] [stderr]    Compiling thiserror v2.0.18
[INFO] [stderr]    Compiling cobs v0.3.0
[INFO] [stderr]    Compiling protobuf-build v0.14.1
[INFO] [stderr]    Compiling raft-proto v0.7.0
[INFO] [stderr]    Compiling hydra-moka v0.12.15-hydra.1
[INFO] [stderr]    Compiling serde v1.0.228
[INFO] [stderr]    Compiling erased-serde v0.3.31
[INFO] [stderr]    Compiling postcard v1.1.3
[INFO] [stderr]    Compiling raft v0.7.0
[INFO] [stderr]    Compiling hydracache-core v0.73.0
[INFO] [stderr]    Compiling hydracache v0.73.0
[INFO] [stderr]    Compiling hydracache-cluster-raft v0.73.0 (/opt/rustwide/workdir)
[INFO] [stderr]     Finished `release` profile [optimized] target(s) in 1m 23s
[INFO] running `Command { std: "docker" "inspect" "bacfeb69ced97dea8840766ccd3f6547f7367abbd9e96330b094f1779ebd56c9", kill_on_drop: false }`
[INFO] running `Command { std: "docker" "exec" "-e" "SOURCE_DIR=/opt/rustwide/workdir" "-e" "CARGO_HOME=/opt/rustwide/cargo-home" "-e" "RUSTUP_HOME=/opt/rustwide/rustup-home" "-e" "CARGO_TARGET_DIR=/opt/rustwide/target" "-e" "CARGO_INCREMENTAL=0" "-e" "RUST_BACKTRACE=full" "-e" "RUSTFLAGS=--cap-lints=warn" "-e" "RUSTDOCFLAGS=--cap-lints=warn" "-w" "/opt/rustwide/workdir" "--user" "0:0" "bacfeb69ced97dea8840766ccd3f6547f7367abbd9e96330b094f1779ebd56c9" "/opt/rustwide/cargo-home/bin/cargo" "+1.99.0-beta.8" "test" "--frozen" "--no-run" "--message-format=json" "--release", kill_on_drop: false }`
[INFO] [stderr]    Compiling libc v0.2.186
[INFO] [stderr]    Compiling pkg-config v0.3.33
[INFO] [stderr]    Compiling serde_core v1.0.228
[INFO] [stderr]    Compiling futures-core v0.3.32
[INFO] [stderr]    Compiling smallvec v1.15.2
[INFO] [stderr]    Compiling serde v1.0.228
[INFO] [stderr]    Compiling log v0.4.33
[INFO] [stderr]    Compiling getrandom v0.4.3
[INFO] [stderr]    Compiling dunce v1.0.5
[INFO] [stderr]    Compiling rand_core v0.10.1
[INFO] [stderr]    Compiling fs_extra v1.3.0
[INFO] [stderr]    Compiling syn v2.0.118
[INFO] [stderr]    Compiling http v1.4.2
[INFO] [stderr]    Compiling litemap v0.8.2
[INFO] [stderr]    Compiling zeroize v1.9.0
[INFO] [stderr]    Compiling writeable v0.6.3
[INFO] [stderr]    Compiling aws-lc-rs v1.18.1
[INFO] [stderr]    Compiling icu_normalizer_data v2.2.0
[INFO] [stderr]    Compiling icu_properties_data v2.2.0
[INFO] [stderr]    Compiling utf8_iter v1.0.4
[INFO] [stderr]    Compiling getrandom v0.3.4
[INFO] [stderr]    Compiling rustls-pki-types v1.15.0
[INFO] [stderr]    Compiling serde_json v1.0.150
[INFO] [stderr]    Compiling parking_lot_core v0.9.12
[INFO] [stderr]    Compiling untrusted v0.9.0
[INFO] [stderr]    Compiling rustls v0.23.45
[INFO] [stderr]    Compiling try-lock v0.2.5
[INFO] [stderr]    Compiling bitflags v2.13.0
[INFO] [stderr]    Compiling futures-channel v0.3.32
[INFO] [stderr]    Compiling want v0.3.1
[INFO] [stderr]    Compiling sync_wrapper v1.0.2
[INFO] [stderr]    Compiling futures-sink v0.3.32
[INFO] [stderr]    Compiling memchr v2.8.2
[INFO] [stderr]    Compiling uuid v1.23.4
[INFO] [stderr]    Compiling rustix v1.1.4
[INFO] [stderr]    Compiling ipnet v2.12.0
[INFO] [stderr]    Compiling base64 v0.22.1
[INFO] [stderr]    Compiling zstd-safe v7.2.4
[INFO] [stderr]    Compiling parking_lot v0.12.5
[INFO] [stderr]    Compiling rand_core v0.9.5
[INFO] [stderr]    Compiling openssl-probe v0.2.1
[INFO] [stderr]    Compiling foldhash v0.2.0
[INFO] [stderr]    Compiling linux-raw-sys v0.12.1
[INFO] [stderr]    Compiling cpufeatures v0.3.0
[INFO] [stderr]    Compiling anyhow v1.0.103
[INFO] [stderr]    Compiling allocator-api2 v0.2.21
[INFO] [stderr]    Compiling num-traits v0.2.19
[INFO] [stderr]    Compiling rand_chacha v0.9.0
[INFO] [stderr]    Compiling chacha20 v0.10.2
[INFO] [stderr]    Compiling rustls-native-certs v0.8.4
[INFO] [stderr]    Compiling ahash v0.8.12
[INFO] [stderr]    Compiling either v1.16.0
[INFO] [stderr]    Compiling fastrand v2.4.1
[INFO] [stderr]    Compiling rand v0.10.2
[INFO] [stderr]    Compiling rand v0.9.4
[INFO] [stderr]    Compiling http-body v1.0.1
[INFO] [stderr]    Compiling http-body-util v0.1.3
[INFO] [stderr]    Compiling itertools v0.14.0
[INFO] [stderr]    Compiling wait-timeout v0.2.1
[INFO] [stderr]    Compiling hashbrown v0.17.1
[INFO] [stderr]    Compiling ascii v1.1.0
[INFO] [stderr]    Compiling fnv v1.0.7
[INFO] [stderr]    Compiling chunked_transfer v1.5.0
[INFO] [stderr]    Compiling jobserver v0.1.34
[INFO] [stderr]    Compiling hashbrown v0.14.5
[INFO] [stderr]    Compiling cc v1.2.65
[INFO] [stderr]    Compiling bit-vec v0.8.0
[INFO] [stderr]    Compiling quick-error v1.2.3
[INFO] [stderr]    Compiling tiny_http v0.12.0
[INFO] [stderr]    Compiling rand_xorshift v0.4.0
[INFO] [stderr]    Compiling nohash-hasher v0.2.0
[INFO] [stderr]    Compiling bit-set v0.8.0
[INFO] [stderr]    Compiling choice v0.0.2
[INFO] [stderr]    Compiling unarray v0.1.4
[INFO] [stderr]    Compiling regex-syntax v0.8.11
[INFO] [stderr]    Compiling id-set v0.2.2
[INFO] [stderr]    Compiling cmake v0.1.58
[INFO] [stderr]    Compiling zstd-sys v2.0.16+zstd.1.5.7
[INFO] [stderr]    Compiling aws-lc-sys v0.45.0
[INFO] [stderr]    Compiling lru v0.17.0
[INFO] [stderr]    Compiling dashmap v6.2.1
[INFO] [stderr]    Compiling serde_path_to_error v0.1.20
[INFO] [stderr]    Compiling tempfile v3.27.0
[INFO] [stderr]    Compiling rusty-fork v0.3.1
[INFO] [stderr]    Compiling proptest v1.11.0
[INFO] [stderr]    Compiling synstructure v0.13.2
[INFO] [stderr]    Compiling zerofrom-derive v0.1.7
[INFO] [stderr]    Compiling tokio-macros v2.7.0
[INFO] [stderr]    Compiling yoke-derive v0.8.2
[INFO] [stderr]    Compiling serde_derive v1.0.228
[INFO] [stderr]    Compiling zerovec-derive v0.11.3
[INFO] [stderr]    Compiling displaydoc v0.2.6
[INFO] [stderr]    Compiling futures-macro v0.3.32
[INFO] [stderr]    Compiling tokio v1.52.3
[INFO] [stderr]    Compiling zerofrom v0.1.8
[INFO] [stderr]    Compiling tracing-attributes v0.1.31
[INFO] [stderr]    Compiling thiserror-impl v2.0.18
[INFO] [stderr]    Compiling yoke v0.8.3
[INFO] [stderr]    Compiling zerotrie v0.2.4
[INFO] [stderr]    Compiling futures-util v0.3.32
[INFO] [stderr]    Compiling zerovec v0.11.6
[INFO] [stderr]    Compiling async-trait v0.1.89
[INFO] [stderr]    Compiling tracing v0.1.44
[INFO] [stderr]    Compiling hydracache-macros v0.73.0
[INFO] [stderr]    Compiling tinystr v0.8.3
[INFO] [stderr]    Compiling icu_locale_core v2.2.0
[INFO] [stderr]    Compiling potential_utf v0.1.5
[INFO] [stderr]    Compiling icu_collections v2.2.0
[INFO] [stderr]    Compiling thiserror v2.0.18
[INFO] [stderr]    Compiling cobs v0.3.0
[INFO] [stderr]    Compiling thiserror-impl v1.0.69
[INFO] [stderr]    Compiling axum-core v0.5.6
[INFO] [stderr]    Compiling getset v0.1.7
[INFO] [stderr]    Compiling icu_provider v2.2.0
[INFO] [stderr]    Compiling hydra-moka v0.12.15-hydra.1
[INFO] [stderr]    Compiling thiserror v1.0.69
[INFO] [stderr]    Compiling icu_normalizer v2.2.0
[INFO] [stderr]    Compiling icu_properties v2.2.0
[INFO] [stderr]    Compiling heapless v0.7.17
[INFO] [stderr]    Compiling erased-serde v0.3.31
[INFO] [stderr]    Compiling serde_urlencoded v0.7.1
[INFO] [stderr]    Compiling stateright v0.31.0
[INFO] [stderr]    Compiling postcard v1.1.3
[INFO] [stderr]    Compiling slog v2.8.2
[INFO] [stderr]    Compiling raft v0.7.0
[INFO] [stderr]    Compiling idna_adapter v1.2.2
[INFO] [stderr]    Compiling idna v1.1.0
[INFO] [stderr]    Compiling tokio-util v0.7.18
[INFO] [stderr]    Compiling hyper v1.10.1
[INFO] [stderr]    Compiling tower v0.5.3
[INFO] [stderr]    Compiling hydracache-core v0.73.0
[INFO] [stderr]    Compiling hydracache v0.73.0
[INFO] [stderr]    Compiling url v2.5.8
[INFO] [stderr]    Compiling tokio-stream v0.1.18
[INFO] [stderr]    Compiling tower-http v0.6.11
[INFO] [stderr]    Compiling hyper-util v0.1.20
[INFO] [stderr]    Compiling axum v0.8.9
[INFO] [stderr]    Compiling zstd v0.13.3
[INFO] [stderr]    Compiling chitchat v0.11.1
[INFO] [stderr]    Compiling hydracache-cluster-chitchat v0.73.0
[INFO] [stderr]    Compiling hydracache-cluster-raft v0.73.0 (/opt/rustwide/workdir)
[INFO] [stderr]    Compiling rustls-webpki v0.103.15
[INFO] [stderr]    Compiling tokio-rustls v0.26.4
[INFO] [stderr]    Compiling rustls-platform-verifier v0.7.0
[INFO] [stderr]    Compiling hyper-rustls v0.27.9
[INFO] [stderr]    Compiling reqwest v0.13.4
[INFO] [stderr]    Compiling hydracache-cluster-transport-axum v0.73.0
[INFO] [stdout] error[E0433]: cannot find module or crate `hydracache_cluster_testkit` in this scope
[INFO] [stdout]  --> tests/nemesis_membership.rs:5:5
[INFO] [stdout]   |
[INFO] [stdout] 5 | use hydracache_cluster_testkit::{
[INFO] [stdout]   |     ^^^^^^^^^^^^^^^^^^^^^^^^^^ use of unresolved module or unlinked crate `hydracache_cluster_testkit`
[INFO] [stdout]   |
[INFO] [stdout] help: there is a crate or module with a similar name
[INFO] [stdout]   |
[INFO] [stdout] 5 - use hydracache_cluster_testkit::{
[INFO] [stdout] 5 + use hydracache_cluster_raft::{
[INFO] [stdout]   |
[INFO] [stdout] 
[INFO] [stdout] 
[INFO] [stdout] warning: unused imports: `ClusterNodeId` and `RaftMetadataCommand`
[INFO] [stdout]  --> tests/persistent_log.rs:2:63
[INFO] [stdout]   |
[INFO] [stdout] 2 |     ClusterCandidate, ClusterControlPlane, ClusterGeneration, ClusterNodeId, RaftMetadataCommand,
[INFO] [stdout]   |                                                               ^^^^^^^^^^^^^  ^^^^^^^^^^^^^^^^^^^
[INFO] [stdout]   |
[INFO] [stdout]   = note: `#[warn(unused_imports)]` (part of `#[warn(unused)]`) on by default
[INFO] [stdout] 
[INFO] [stdout] 
[INFO] [stdout] warning: unused import: `HardState`
[INFO] [stdout]  --> tests/persistent_log.rs:9:39
[INFO] [stdout]   |
[INFO] [stdout] 9 | use raft::eraftpb::{ConfState, Entry, HardState, Snapshot};
[INFO] [stdout]   |                                       ^^^^^^^^^
[INFO] [stdout] 
[INFO] [stdout] 
[INFO] [stdout] error[E0432]: unresolved import `hydracache_cluster_testkit`
[INFO] [stdout]  --> tests/proposal_idempotency.rs:5:5
[INFO] [stdout]   |
[INFO] [stdout] 5 | use hydracache_cluster_testkit::{RaftFilterAction, RaftPacketFilter, RuntimeRaftCluster};
[INFO] [stdout]   |     ^^^^^^^^^^^^^^^^^^^^^^^^^^ use of unresolved module or unlinked crate `hydracache_cluster_testkit`
[INFO] [stdout]   |
[INFO] [stdout] help: there is a crate or module with a similar name
[INFO] [stdout]   |
[INFO] [stdout] 5 - use hydracache_cluster_testkit::{RaftFilterAction, RaftPacketFilter, RuntimeRaftCluster};
[INFO] [stdout] 5 + use hydracache_cluster_raft::{RaftFilterAction, RaftPacketFilter, RuntimeRaftCluster};
[INFO] [stdout]   |
[INFO] [stdout] 
[INFO] [stdout] 
[INFO] [stdout] error[E0432]: unresolved import `hydracache_cluster_testkit`
[INFO] [stdout]  --> tests/scheduler_tick.rs:4:5
[INFO] [stdout]   |
[INFO] [stdout] 4 | use hydracache_cluster_testkit::RuntimeRaftCluster;
[INFO] [stdout]   |     ^^^^^^^^^^^^^^^^^^^^^^^^^^ use of unresolved module or unlinked crate `hydracache_cluster_testkit`
[INFO] [stdout]   |
[INFO] [stdout] help: there is a crate or module with a similar name
[INFO] [stdout]   |
[INFO] [stdout] 4 - use hydracache_cluster_testkit::RuntimeRaftCluster;
[INFO] [stdout] 4 + use hydracache_cluster_raft::RuntimeRaftCluster;
[INFO] [stdout]   |
[INFO] [stdout] 
[INFO] [stdout] 
[INFO] [stdout] error[E0432]: unresolved import `hydracache_cluster_testkit`
[INFO] [stdout]  --> tests/nemesis_membership.rs:5:5
[INFO] [stdout]   |
[INFO] [stdout] 5 | use hydracache_cluster_testkit::{
[INFO] [stdout]   |     ^^^^^^^^^^^^^^^^^^^^^^^^^^ use of unresolved module or unlinked crate `hydracache_cluster_testkit`
[INFO] [stdout]   |
[INFO] [stdout] help: there is a crate or module with a similar name
[INFO] [stdout]   |
[INFO] [stdout] 5 - use hydracache_cluster_testkit::{
[INFO] [stdout] 5 + use hydracache_cluster_raft::{
[INFO] [stdout]   |
[INFO] [stdout] 
[INFO] [stdout] 
[INFO] [stdout] error[E0432]: unresolved import `hydracache_cluster_testkit`
[INFO] [stdout]  --> tests/raft_message_filter.rs:5:5
[INFO] [stdout]   |
[INFO] [stdout] 5 | use hydracache_cluster_testkit::{RaftFilterAction, RaftPacketFilter, RuntimeRaftCluster};
[INFO] [stdout]   |     ^^^^^^^^^^^^^^^^^^^^^^^^^^ use of unresolved module or unlinked crate `hydracache_cluster_testkit`
[INFO] [stdout]   |
[INFO] [stdout] help: there is a crate or module with a similar name
[INFO] [stdout]   |
[INFO] [stdout] 5 - use hydracache_cluster_testkit::{RaftFilterAction, RaftPacketFilter, RuntimeRaftCluster};
[INFO] [stdout] 5 + use hydracache_cluster_raft::{RaftFilterAction, RaftPacketFilter, RuntimeRaftCluster};
[INFO] [stdout]   |
[INFO] [stdout] 
[INFO] [stdout] 
[INFO] [stdout] error[E0433]: cannot find module or crate `hydracache_cluster_testkit` in this scope
[INFO] [stdout]  --> tests/differential_model.rs:7:5
[INFO] [stdout]   |
[INFO] [stdout] 7 | use hydracache_cluster_testkit::{
[INFO] [stdout]   |     ^^^^^^^^^^^^^^^^^^^^^^^^^^ use of unresolved module or unlinked crate `hydracache_cluster_testkit`
[INFO] [stdout]   |
[INFO] [stdout] help: there is a crate or module with a similar name
[INFO] [stdout]   |
[INFO] [stdout] 7 - use hydracache_cluster_testkit::{
[INFO] [stdout] 7 + use hydracache_cluster_raft::{
[INFO] [stdout]   |
[INFO] [stdout] 
[INFO] [stdout] 
[INFO] [stdout] error[E0432]: unresolved import `hydracache_cluster_testkit`
[INFO] [stdout]  --> tests/differential_model.rs:7:5
[INFO] [stdout]   |
[INFO] [stdout] 7 | use hydracache_cluster_testkit::{
[INFO] [stdout]   |     ^^^^^^^^^^^^^^^^^^^^^^^^^^ use of unresolved module or unlinked crate `hydracache_cluster_testkit`
[INFO] [stdout]   |
[INFO] [stdout] help: there is a crate or module with a similar name
[INFO] [stdout]   |
[INFO] [stdout] 7 - use hydracache_cluster_testkit::{
[INFO] [stdout] 7 + use hydracache_cluster_raft::{
[INFO] [stdout]   |
[INFO] [stdout] 
[INFO] [stdout] 
[INFO] [stdout] For more information about this error, try `rustc --explain E0432`.
[INFO] [stdout] 
[INFO] [stderr] error: could not compile `hydracache-cluster-raft` (test "scheduler_tick") due to 1 previous error
[INFO] [stderr] warning: build failed, waiting for other jobs to finish...
[INFO] [stdout] For more information about this error, try `rustc --explain E0432`.
[INFO] [stdout] 
[INFO] [stderr] error: could not compile `hydracache-cluster-raft` (test "proposal_idempotency") due to 1 previous error
[INFO] [stdout] error[E0432]: unresolved import `hydracache_cluster_testkit`
[INFO] [stdout]   --> tests/gossip_fault_harness.rs:13:5
[INFO] [stdout]    |
[INFO] [stdout] 13 | use hydracache_cluster_testkit::{
[INFO] [stdout]    |     ^^^^^^^^^^^^^^^^^^^^^^^^^^ use of unresolved module or unlinked crate `hydracache_cluster_testkit`
[INFO] [stdout]    |
[INFO] [stdout] help: there is a crate or module with a similar name
[INFO] [stdout]    |
[INFO] [stdout] 13 - use hydracache_cluster_testkit::{
[INFO] [stdout] 13 + use hydracache_cluster_chitchat::{
[INFO] [stdout]    |
[INFO] [stdout] 
[INFO] [stdout] 
[INFO] [stdout] Some errors have detailed explanations: E0432, E0433.
[INFO] [stdout] 
[INFO] [stdout] For more information about an error, try `rustc --explain E0432`.
[INFO] [stdout] 
[INFO] [stdout] error[E0433]: cannot find module or crate `hydracache_cluster_testkit` in this scope
[INFO] [stdout]    --> tests/raft_message_filter.rs:218:21
[INFO] [stdout]     |
[INFO] [stdout] 218 |     fn run() -> Vec<hydracache_cluster_testkit::RaftMessageTraceEvent> {
[INFO] [stdout]     |                     ^^^^^^^^^^^^^^^^^^^^^^^^^^ use of unresolved module or unlinked crate `hydracache_cluster_testkit`
[INFO] [stdout]     |
[INFO] [stdout] help: there is a crate or module with a similar name
[INFO] [stdout]     |
[INFO] [stdout] 218 -     fn run() -> Vec<hydracache_cluster_testkit::RaftMessageTraceEvent> {
[INFO] [stdout] 218 +     fn run() -> Vec<hydracache_cluster_raft::RaftMessageTraceEvent> {
[INFO] [stdout]     |
[INFO] [stdout] 
[INFO] [stdout] 
[INFO] [stdout] Some errors have detailed explanations: E0432, E0433.
[INFO] [stdout] 
[INFO] [stdout] For more information about an error, try `rustc --explain E0432`.
[INFO] [stdout] 
[INFO] [stderr] error: could not compile `hydracache-cluster-raft` (test "raft_message_filter") due to 2 previous errors
[INFO] [stderr] error: could not compile `hydracache-cluster-raft` (test "differential_model") due to 2 previous errors
[INFO] [stdout] For more information about this error, try `rustc --explain E0432`.
[INFO] [stdout] 
[INFO] [stderr] error: could not compile `hydracache-cluster-raft` (test "gossip_fault_harness") due to 1 previous error
[INFO] [stdout] Some errors have detailed explanations: E0432, E0433.
[INFO] [stdout] 
[INFO] [stdout] For more information about an error, try `rustc --explain E0432`.
[INFO] [stdout] 
[INFO] [stderr] error: could not compile `hydracache-cluster-raft` (test "nemesis_membership") due to 2 previous errors
[INFO] running `Command { std: "docker" "inspect" "bacfeb69ced97dea8840766ccd3f6547f7367abbd9e96330b094f1779ebd56c9", kill_on_drop: false }`
[INFO] running `Command { std: "docker" "rm" "-f" "bacfeb69ced97dea8840766ccd3f6547f7367abbd9e96330b094f1779ebd56c9", kill_on_drop: false }`
[INFO] [stdout] bacfeb69ced97dea8840766ccd3f6547f7367abbd9e96330b094f1779ebd56c9
