[INFO] fetching crate hybrid-cli 0.1.3...
[INFO] testing hybrid-cli-0.1.3 against 1.100.0-beta.1+cargoflags=--release for beta-release-1.100-2
[INFO] extracting crate hybrid-cli 0.1.3 into /workspace/builds/worker-6-tc2/source
[INFO] removed /workspace/builds/worker-6-tc2/source/rust-toolchain.toml
[INFO] started tweaking crates.io crate hybrid-cli 0.1.3
[INFO] finished tweaking crates.io crate hybrid-cli 0.1.3
[INFO] tweaked toml for crates.io crate hybrid-cli 0.1.3 written to /workspace/builds/worker-6-tc2/source/Cargo.toml
[INFO] validating manifest of crates.io crate hybrid-cli 0.1.3 on toolchain 1.100.0-beta.1
[INFO] running `Command { std: CARGO_HOME="/workspace/cargo-home" RUSTUP_HOME="/workspace/rustup-home" "/workspace/cargo-home/bin/cargo" "+1.100.0-beta.1" "metadata" "--manifest-path" "Cargo.toml" "--no-deps", kill_on_drop: false }`
[INFO] crate crates.io crate hybrid-cli 0.1.3 already has a lockfile, it will not be regenerated
[INFO] running `Command { std: CARGO_HOME="/workspace/cargo-home" RUSTUP_HOME="/workspace/rustup-home" "/workspace/cargo-home/bin/cargo" "+1.100.0-beta.1" "fetch" "--manifest-path" "Cargo.toml", kill_on_drop: false }`
[INFO] running `Command { std: "docker" "create" "-v" "/var/lib/crater-agent-workspace/builds/worker-6-tc2/source:/opt/rustwide/workdir:ro,Z" "-v" "/var/lib/crater-agent-workspace/builds/worker-6-tc2/target:/opt/rustwide/target:rw,Z" "-v" "/var/lib/crater-agent-workspace/cargo-home:/opt/rustwide/cargo-home:ro,Z" "-v" "/var/lib/crater-agent-workspace/rustup-home:/opt/rustwide/rustup-home:ro,Z" "-m" "1610612736" "--network" "none" "ghcr.io/rust-lang/crates-build-env/linux@sha256:77db811e55d90add9212f6832c23229e3de5f1c1f9905e8cb07319ea15df73ac" "sleep" "infinity", kill_on_drop: false }`
[INFO] [stdout] b7959732ea3db8ac47f7fea64317f1f3895a346f52cfe4f4d6493646a2dd716c
[INFO] running `Command { std: "docker" "start" "b7959732ea3db8ac47f7fea64317f1f3895a346f52cfe4f4d6493646a2dd716c", kill_on_drop: false }`
[INFO] running `Command { std: "docker" "inspect" "b7959732ea3db8ac47f7fea64317f1f3895a346f52cfe4f4d6493646a2dd716c", kill_on_drop: false }`
[INFO] running `Command { std: "docker" "exec" "-e" "SOURCE_DIR=/opt/rustwide/workdir" "-e" "CARGO_HOME=/opt/rustwide/cargo-home" "-e" "RUSTUP_HOME=/opt/rustwide/rustup-home" "-e" "CARGO_TARGET_DIR=/opt/rustwide/target" "-w" "/opt/rustwide/workdir" "--user" "0:0" "b7959732ea3db8ac47f7fea64317f1f3895a346f52cfe4f4d6493646a2dd716c" "/opt/rustwide/cargo-home/bin/cargo" "+1.100.0-beta.1" "metadata" "--no-deps" "--format-version=1", kill_on_drop: false }`
[INFO] running `Command { std: "docker" "inspect" "b7959732ea3db8ac47f7fea64317f1f3895a346f52cfe4f4d6493646a2dd716c", kill_on_drop: false }`
[INFO] running `Command { std: "docker" "exec" "-e" "SOURCE_DIR=/opt/rustwide/workdir" "-e" "CARGO_HOME=/opt/rustwide/cargo-home" "-e" "RUSTUP_HOME=/opt/rustwide/rustup-home" "-e" "CARGO_TARGET_DIR=/opt/rustwide/target" "-e" "CARGO_INCREMENTAL=0" "-e" "RUST_BACKTRACE=full" "-e" "RUSTFLAGS=--cap-lints=warn" "-e" "RUSTDOCFLAGS=--cap-lints=warn" "-w" "/opt/rustwide/workdir" "--user" "0:0" "b7959732ea3db8ac47f7fea64317f1f3895a346f52cfe4f4d6493646a2dd716c" "/opt/rustwide/cargo-home/bin/cargo" "+1.100.0-beta.1" "build" "--frozen" "--message-format=json" "--release", kill_on_drop: false }`
[INFO] [stderr]    Compiling proc-macro2 v1.0.78
[INFO] [stderr]    Compiling unicode-ident v1.0.12
[INFO] [stderr]    Compiling libc v0.2.153
[INFO] [stderr]    Compiling hashbrown v0.14.3
[INFO] [stderr]    Compiling equivalent v1.0.1
[INFO] [stderr]    Compiling syn v1.0.109
[INFO] [stderr]    Compiling once_cell v1.19.0
[INFO] [stderr]    Compiling cc v1.0.89
[INFO] [stderr]    Compiling toml_datetime v0.6.3
[INFO] [stderr]    Compiling winnow v0.5.40
[INFO] [stderr]    Compiling slab v0.4.9
[INFO] [stderr]    Compiling pin-project-lite v0.2.13
[INFO] [stderr]    Compiling serde v1.0.197
[INFO] [stderr]    Compiling generic-array v0.14.7
[INFO] [stderr]    Compiling thiserror v1.0.57
[INFO] [stderr]    Compiling typenum v1.17.0
[INFO] [stderr]    Compiling smallvec v1.13.1
[INFO] [stderr]    Compiling quote v1.0.35
[INFO] [stderr]    Compiling indexmap v2.2.5
[INFO] [stderr]    Compiling getrandom v0.2.12
[INFO] [stderr]    Compiling httparse v1.8.0
[INFO] [stderr]    Compiling syn v2.0.52
[INFO] [stderr]    Compiling log v0.4.21
[INFO] [stderr]    Compiling ring v0.17.8
[INFO] [stderr]    Compiling bytes v1.5.0
[INFO] [stderr]    Compiling futures-core v0.3.30
[INFO] [stderr]    Compiling arrayvec v0.7.4
[INFO] [stderr]    Compiling anyhow v1.0.80
[INFO] [stderr]    Compiling futures-sink v0.3.30
[INFO] [stderr]    Compiling subtle v2.5.0
[INFO] [stderr]    Compiling serde_json v1.0.114
[INFO] [stderr]    Compiling mio v0.8.11
[INFO] [stderr]    Compiling num_cpus v1.16.0
[INFO] [stderr]    Compiling socket2 v0.5.6
[INFO] [stderr]    Compiling lock_api v0.4.11
[INFO] [stderr]    Compiling spin v0.9.8
[INFO] [stderr]    Compiling futures-io v0.3.30
[INFO] [stderr]    Compiling untrusted v0.9.0
[INFO] [stderr]    Compiling toml_edit v0.20.2
[INFO] [stderr]    Compiling toml_edit v0.19.15
[INFO] [stderr]    Compiling futures-channel v0.3.30
[INFO] [stderr]    Compiling itoa v1.0.10
[INFO] [stderr]    Compiling futures-task v0.3.30
[INFO] [stderr]    Compiling pin-utils v0.1.0
[INFO] [stderr]    Compiling memchr v2.7.1
[INFO] [stderr]    Compiling rand_core v0.6.4
[INFO] [stderr]    Compiling tracing-core v0.1.32
[INFO] [stderr]    Compiling futures-util v0.3.30
[INFO] [stderr]    Compiling rustls v0.22.2
[INFO] [stderr]    Compiling ppv-lite86 v0.2.17
[INFO] [stderr]    Compiling parking_lot_core v0.9.9
[INFO] [stderr]    Compiling crossbeam-utils v0.8.19
[INFO] [stderr]    Compiling strsim v0.10.0
[INFO] [stderr]    Compiling rand_chacha v0.3.1
[INFO] [stderr]    Compiling crypto-common v0.1.6
[INFO] [stderr]    Compiling block-buffer v0.10.4
[INFO] [stderr]    Compiling byte-slice-cast v1.2.2
[INFO] [stderr]    Compiling proc-macro-crate v1.3.1
[INFO] [stderr]    Compiling proc-macro-crate v2.0.2
[INFO] [stderr]    Compiling async-trait v0.1.77
[INFO] [stderr]    Compiling rand v0.8.5
[INFO] [stderr]    Compiling digest v0.10.7
[INFO] [stderr]    Compiling http v0.2.12
[INFO] [stderr]    Compiling signal-hook-registry v1.4.1
[INFO] [stderr]    Compiling base64 v0.21.7
[INFO] [stderr]    Compiling cpufeatures v0.2.12
[INFO] [stderr]    Compiling bitvec v1.0.1
[INFO] [stderr]    Compiling concurrent-queue v2.4.0
[INFO] [stderr]    Compiling parking_lot v0.12.1
[INFO] [stderr]    Compiling serde_derive v1.0.197
[INFO] [stderr]    Compiling tokio-macros v2.2.0
[INFO] [stderr]    Compiling thiserror-impl v1.0.57
[INFO] [stderr]    Compiling tracing-attributes v0.1.27
[INFO] [stderr]    Compiling tokio v1.36.0
[INFO] [stderr]    Compiling pin-project-internal v1.1.4
[INFO] [stderr]    Compiling tracing v0.1.40
[INFO] [stderr]    Compiling try-lock v0.2.5
[INFO] [stderr]    Compiling impl-trait-for-tuples v0.2.2
[INFO] [stderr]    Compiling parity-scale-codec-derive v3.6.9
[INFO] [stderr]    Compiling derive_more v0.99.17
[INFO] [stderr]    Compiling scale-info-derive v2.10.0
[INFO] [stderr]    Compiling tinyvec_macros v0.1.1
[INFO] [stderr]    Compiling tower-service v0.3.2
[INFO] [stderr]    Compiling rustls-pki-types v1.3.1
[INFO] [stderr]    Compiling parking v2.2.0
[INFO] [stderr]    Compiling tinyvec v1.6.0
[INFO] [stderr]    Compiling event-listener v4.0.3
[INFO] [stderr]    Compiling want v0.3.1
[INFO] [stderr]    Compiling http-body v0.4.6
[INFO] [stderr]    Compiling futures-macro v0.3.30
[INFO] [stderr]    Compiling radium v0.7.0
[INFO] [stderr]    Compiling openssl-probe v0.1.5
[INFO] [stderr]    Compiling httpdate v1.0.3
[INFO] [stderr]    Compiling rustls v0.21.10
[INFO] [stderr]    Compiling ryu v1.0.17
[INFO] [stderr]    Compiling tap v1.0.1
[INFO] [stderr]    Compiling wyz v0.5.1
[INFO] [stderr]    Compiling tokio-util v0.7.10
[INFO] [stderr]    Compiling h2 v0.3.24
[INFO] [stderr]    Compiling unicode-normalization v0.1.23
[INFO] [stderr]    Compiling event-listener-strategy v0.4.0
[INFO] [stderr]    Compiling pin-project v1.1.4
[INFO] [stderr]    Compiling darling_core v0.14.4
[INFO] [stderr]    Compiling rustls-webpki v0.101.7
[INFO] [stderr]    Compiling sct v0.7.1
[INFO] [stderr]    Compiling beef v0.5.2
[INFO] [stderr]    Compiling percent-encoding v2.3.1
[INFO] [stderr]    Compiling crunchy v0.2.2
[INFO] [stderr]    Compiling parity-scale-codec v3.6.9
[INFO] [stderr]    Compiling funty v2.0.0
[INFO] [stderr]    Compiling unicode-bidi v0.3.15
[INFO] [stderr]    Compiling scale-info v2.10.0
[INFO] [stderr]    Compiling idna v0.5.0
[INFO] [stderr]    Compiling jsonrpsee-types v0.21.0
[INFO] [stderr]    Compiling darling_macro v0.14.4
[INFO] [stderr]    Compiling form_urlencoded v1.2.1
[INFO] [stderr]    Compiling async-lock v3.3.0
[INFO] [stderr]    Compiling tokio-stream v0.1.14
[INFO] [stderr]    Compiling rustls-webpki v0.102.2
[INFO] [stderr]    Compiling hyper v0.14.28
[INFO] [stderr]    Compiling rustls-pemfile v1.0.4
[INFO] [stderr]    Compiling block-buffer v0.9.0
[INFO] [stderr]    Compiling digest v0.9.0
[INFO] [stderr]    Compiling futures-timer v3.0.3
[INFO] [stderr]    Compiling zeroize v1.7.0
[INFO] [stderr]    Compiling rustc-hash v1.1.0
[INFO] [stderr]    Compiling opaque-debug v0.3.1
[INFO] [stderr]    Compiling sha-1 v0.9.8
[INFO] [stderr]    Compiling tokio-rustls v0.24.1
[INFO] [stderr]    Compiling rustls-native-certs v0.6.3
[INFO] [stderr]    Compiling url v2.5.0
[INFO] [stderr]    Compiling darling v0.14.4
[INFO] [stderr]    Compiling rustls-pemfile v2.1.1
[INFO] [stderr]    Compiling futures v0.3.30
[INFO] [stderr]    Compiling base64 v0.13.1
[INFO] [stderr]    Compiling static_assertions v1.1.0
[INFO] [stderr]    Compiling rustc-hex v2.1.0
[INFO] [stderr]    Compiling keccak v0.1.5
[INFO] [stderr]    Compiling tower-layer v0.3.2
[INFO] [stderr]    Compiling arrayref v0.3.7
[INFO] [stderr]    Compiling constant_time_eq v0.3.0
[INFO] [stderr]    Compiling blake2b_simd v1.0.2
[INFO] [stderr]    Compiling tokio-rustls v0.25.0
[INFO] [stderr]    Compiling tower v0.4.13
[INFO] [stderr]    Compiling sha3 v0.10.8
[INFO] [stderr]    Compiling jsonrpsee-core v0.21.0
[INFO] [stderr]    Compiling hyper-rustls v0.24.2
[INFO] [stderr]    Compiling uint v0.9.5
[INFO] [stderr]    Compiling soketto v0.7.1
[INFO] [stderr]    Compiling fixed-hash v0.8.0
[INFO] [stderr]    Compiling twox-hash v1.6.3
[INFO] [stderr]    Compiling rustls-native-certs v0.7.0
[INFO] [stderr]    Compiling futures-executor v0.3.30
[INFO] [stderr]    Compiling impl-codec v0.6.0
[INFO] [stderr]    Compiling impl-serde v0.4.0
[INFO] [stderr]    Compiling sha2 v0.10.8
[INFO] [stderr]    Compiling proc-macro-error-attr v1.0.4
[INFO] [stderr]    Compiling byteorder v1.5.0
[INFO] [stderr]    Compiling sp-core-hashing v15.0.0
[INFO] [stderr]    Compiling jsonrpsee-client-transport v0.21.0
[INFO] [stderr]    Compiling jsonrpsee-http-client v0.21.0
[INFO] [stderr]    Compiling primitive-types v0.12.2
[INFO] [stderr]    Compiling frame-metadata v16.0.0
[INFO] [stderr]    Compiling scale-bits v0.4.0
[INFO] [stderr]    Compiling darling_core v0.20.8
[INFO] [stderr]    Compiling instant v0.1.12
[INFO] [stderr]    Compiling proc-macro-error v1.0.4
[INFO] [stderr]    Compiling subxt-metadata v0.34.0
[INFO] [stderr]    Compiling jsonrpsee v0.21.0
[INFO] [stderr]    Compiling scale-decode-derive v0.10.0
[INFO] [stderr]    Compiling scale-encode-derive v0.5.0
[INFO] [stderr]    Compiling scale-typegen v0.1.1
[INFO] [stderr]    Compiling darling_macro v0.20.8
[INFO] [stderr]    Compiling crc32fast v1.4.0
[INFO] [stderr]    Compiling hex v0.4.3
[INFO] [stderr]    Compiling signal-hook v0.3.17
[INFO] [stderr]    Compiling subxt-codegen v0.34.0
[INFO] [stderr]    Compiling darling v0.20.8
[INFO] [stderr]    Compiling scale-decode v0.10.0
[INFO] [stderr]    Compiling scale-encode v0.5.0
[INFO] [stderr]    Compiling parking_lot_core v0.8.6
[INFO] [stderr]    Compiling http v1.1.0
[INFO] [stderr]    Compiling frame-metadata v15.1.0
[INFO] [stderr]    Compiling sha1 v0.10.6
[INFO] [stderr]    Compiling blake2 v0.10.6
[INFO] [stderr]    Compiling ahash v0.8.11
[INFO] [stderr]    Compiling num-traits v0.2.18
[INFO] [stderr]    Compiling overload v0.1.1
[INFO] [stderr]    Compiling base58 v0.2.0
[INFO] [stderr]    Compiling data-encoding v2.5.0
[INFO] [stderr]    Compiling utf-8 v0.7.6
[INFO] [stderr]    Compiling either v1.10.0
[INFO] [stderr]    Compiling yap v0.11.0
[INFO] [stderr]    Compiling utf8-width v0.1.7
[INFO] [stderr]    Compiling utf8parse v0.2.1
[INFO] [stderr]    Compiling scale-value v0.13.0
[INFO] [stderr]    Compiling anstyle-parse v0.2.3
[INFO] [stderr]    Compiling tungstenite v0.21.0
[INFO] [stderr]    Compiling sharded-slab v0.1.7
[INFO] [stderr]    Compiling nu-ansi-term v0.46.0
[INFO] [stderr]    Compiling parking_lot v0.11.2
[INFO] [stderr]    Compiling subxt-macro v0.34.0
[INFO] [stderr]    Compiling tracing-log v0.2.0
[INFO] [stderr]    Compiling derivative v2.2.0
[INFO] [stderr]    Compiling thread_local v1.1.8
[INFO] [stderr]    Compiling crossbeam-epoch v0.9.18
[INFO] [stderr]    Compiling fxhash v0.2.1
[INFO] [stderr]    Compiling zerocopy v0.7.32
[INFO] [stderr]    Compiling fs2 v0.4.3
[INFO] [stderr]    Compiling anstyle-query v1.0.2
[INFO] [stderr]    Compiling colorchoice v1.0.0
[INFO] [stderr]    Compiling rust_decimal v1.34.3
[INFO] [stderr]    Compiling anstyle v1.0.6
[INFO] [stderr]    Compiling sled v0.34.7
[INFO] [stderr]    Compiling anstream v0.6.13
[INFO] [stderr]    Compiling tracing-subscriber v0.3.18
[INFO] [stderr]    Compiling signal-hook-tokio v0.3.1
[INFO] [stderr]    Compiling tokio-tungstenite v0.21.0
[INFO] [stderr]    Compiling byte-unit v4.0.19
[INFO] [stderr]    Compiling subxt v0.34.0
[INFO] [stderr]    Compiling zerocopy-derive v0.7.32
[INFO] [stderr]    Compiling num-format v0.4.4
[INFO] [stderr]    Compiling hex-literal v0.4.1
[INFO] [stderr]    Compiling home v0.5.9
[INFO] [stderr]    Compiling clap_lex v0.7.0
[INFO] [stdout] error[E0277]: the trait bound `!: DeserializeOwned` is not satisfied
[INFO] [stdout]    --> /opt/rustwide/cargo-home/registry/src/index.crates.io-1949cf8c6b5b557f/subxt-0.34.0/src/backend/legacy/rpc_methods.rs:336:21
[INFO] [stdout]     |
[INFO] [stdout] 336 |         self.client.request("author_insertKey", params).await?;
[INFO] [stdout]     |                     ^^^^^^^ the trait `for<'de> Deserialize<'de>` is not implemented for `!`
[INFO] [stdout]     |
[INFO] [stdout]     = help: the following other types implement trait `Deserialize<'de>`:
[INFO] [stdout]               `&'a [u8]` implements `Deserialize<'de>`
[INFO] [stdout]               `&'a std::path::Path` implements `Deserialize<'de>`
[INFO] [stdout]               `&'a str` implements `Deserialize<'de>`
[INFO] [stdout]               `()` implements `Deserialize<'de>`
[INFO] [stdout]               `(T0, T1)` implements `Deserialize<'de>`
[INFO] [stdout]               `(T0, T1, T2)` implements `Deserialize<'de>`
[INFO] [stdout]               `(T0, T1, T2, T3)` implements `Deserialize<'de>`
[INFO] [stdout]               `(T0, T1, T2, T3, T4)` implements `Deserialize<'de>`
[INFO] [stdout]             and 222 others
[INFO] [stdout]     = note: this error might have been caused by changes to Rust's type-inference algorithm (see issue #148922 <https://github.com/rust-lang/rust/issues/148922> for more information)
[INFO] [stdout]     = help: you might have intended to use the type `()` here instead
[INFO] [stdout]     = note: required for `!` to implement `DeserializeOwned`
[INFO] [stdout] note: required by a bound in `RpcClient::request`
[INFO] [stdout]    --> /opt/rustwide/cargo-home/registry/src/index.crates.io-1949cf8c6b5b557f/subxt-0.34.0/src/backend/rpc/rpc_client.rs:53:31
[INFO] [stdout]     |
[INFO] [stdout]  20 | impl RpcClient {
[INFO] [stdout] ...
[INFO] [stdout]  53 |     pub async fn request<Res: DeserializeOwned>(
[INFO] [stdout]     |                               ^^^^^^^^^^^^^^^^ required by this bound in `RpcClient::request`
[INFO] [stdout]     = note: the full name for the type has been written to '/opt/rustwide/target/release/build/subxt/953b4c886edaa9fd/out/subxt-953b4c886edaa9fd.long-type-1128181914419651382.txt'
[INFO] [stdout]     = note: consider using `--verbose` to print the full type name to the console
[INFO] [stdout] 
[INFO] [stdout] 
[INFO] [stderr]    Compiling strsim v0.11.0
[INFO] [stdout] error[E0277]: the trait bound `!: DeserializeOwned` is not satisfied
[INFO] [stdout]   --> /opt/rustwide/cargo-home/registry/src/index.crates.io-1949cf8c6b5b557f/subxt-0.34.0/src/backend/unstable/rpc_methods.rs:77:14
[INFO] [stdout]    |
[INFO] [stdout] 77 |             .request(
[INFO] [stdout]    |              ^^^^^^^ the trait `for<'de> Deserialize<'de>` is not implemented for `!`
[INFO] [stdout]    |
[INFO] [stdout]    = help: the following other types implement trait `Deserialize<'de>`:
[INFO] [stdout]              `&'a [u8]` implements `Deserialize<'de>`
[INFO] [stdout]              `&'a std::path::Path` implements `Deserialize<'de>`
[INFO] [stdout]              `&'a str` implements `Deserialize<'de>`
[INFO] [stdout]              `()` implements `Deserialize<'de>`
[INFO] [stdout]              `(T0, T1)` implements `Deserialize<'de>`
[INFO] [stdout]              `(T0, T1, T2)` implements `Deserialize<'de>`
[INFO] [stdout]              `(T0, T1, T2, T3)` implements `Deserialize<'de>`
[INFO] [stdout]              `(T0, T1, T2, T3, T4)` implements `Deserialize<'de>`
[INFO] [stdout]            and 246 others
[INFO] [stdout]    = note: this error might have been caused by changes to Rust's type-inference algorithm (see issue #148922 <https://github.com/rust-lang/rust/issues/148922> for more information)
[INFO] [stdout]    = help: you might have intended to use the type `()` here instead
[INFO] [stdout]    = note: required for `!` to implement `DeserializeOwned`
[INFO] [stdout] note: required by a bound in `RpcClient::request`
[INFO] [stdout]   --> /opt/rustwide/cargo-home/registry/src/index.crates.io-1949cf8c6b5b557f/subxt-0.34.0/src/backend/rpc/rpc_client.rs:53:31
[INFO] [stdout]    |
[INFO] [stdout] 20 | impl RpcClient {
[INFO] [stdout] ...
[INFO] [stdout] 53 |     pub async fn request<Res: DeserializeOwned>(
[INFO] [stdout]    |                               ^^^^^^^^^^^^^^^^ required by this bound in `RpcClient::request`
[INFO] [stdout]    = note: the full name for the type has been written to '/opt/rustwide/target/release/build/subxt/953b4c886edaa9fd/out/subxt-953b4c886edaa9fd.long-type-10048168102535041115.txt'
[INFO] [stdout]    = note: consider using `--verbose` to print the full type name to the console
[INFO] [stdout] 
[INFO] [stdout] 
[INFO] [stdout] error[E0277]: the trait bound `!: DeserializeOwned` is not satisfied
[INFO] [stdout]   --> /opt/rustwide/cargo-home/registry/src/index.crates.io-1949cf8c6b5b557f/subxt-0.34.0/src/backend/unstable/rpc_methods.rs:97:14
[INFO] [stdout]    |
[INFO] [stdout] 97 |             .request(
[INFO] [stdout]    |              ^^^^^^^ the trait `for<'de> Deserialize<'de>` is not implemented for `!`
[INFO] [stdout]    |
[INFO] [stdout]    = help: the following other types implement trait `Deserialize<'de>`:
[INFO] [stdout]              `&'a [u8]` implements `Deserialize<'de>`
[INFO] [stdout]              `&'a std::path::Path` implements `Deserialize<'de>`
[INFO] [stdout]              `&'a str` implements `Deserialize<'de>`
[INFO] [stdout]              `()` implements `Deserialize<'de>`
[INFO] [stdout]              `(T0, T1)` implements `Deserialize<'de>`
[INFO] [stdout]              `(T0, T1, T2)` implements `Deserialize<'de>`
[INFO] [stdout]              `(T0, T1, T2, T3)` implements `Deserialize<'de>`
[INFO] [stdout]              `(T0, T1, T2, T3, T4)` implements `Deserialize<'de>`
[INFO] [stdout]            and 246 others
[INFO] [stdout]    = note: this error might have been caused by changes to Rust's type-inference algorithm (see issue #148922 <https://github.com/rust-lang/rust/issues/148922> for more information)
[INFO] [stdout]    = help: you might have intended to use the type `()` here instead
[INFO] [stdout]    = note: required for `!` to implement `DeserializeOwned`
[INFO] [stdout] note: required by a bound in `RpcClient::request`
[INFO] [stdout]   --> /opt/rustwide/cargo-home/registry/src/index.crates.io-1949cf8c6b5b557f/subxt-0.34.0/src/backend/rpc/rpc_client.rs:53:31
[INFO] [stdout]    |
[INFO] [stdout] 20 | impl RpcClient {
[INFO] [stdout] ...
[INFO] [stdout] 53 |     pub async fn request<Res: DeserializeOwned>(
[INFO] [stdout]    |                               ^^^^^^^^^^^^^^^^ required by this bound in `RpcClient::request`
[INFO] [stdout]    = note: the full name for the type has been written to '/opt/rustwide/target/release/build/subxt/953b4c886edaa9fd/out/subxt-953b4c886edaa9fd.long-type-10048168102535041115.txt'
[INFO] [stdout]    = note: consider using `--verbose` to print the full type name to the console
[INFO] [stdout] 
[INFO] [stdout] 
[INFO] [stdout] error[E0277]: the trait bound `!: DeserializeOwned` is not satisfied
[INFO] [stdout]    --> /opt/rustwide/cargo-home/registry/src/index.crates.io-1949cf8c6b5b557f/subxt-0.34.0/src/backend/unstable/rpc_methods.rs:231:14
[INFO] [stdout]     |
[INFO] [stdout] 231 |             .request(
[INFO] [stdout]     |              ^^^^^^^ the trait `for<'de> Deserialize<'de>` is not implemented for `!`
[INFO] [stdout]     |
[INFO] [stdout]     = help: the following other types implement trait `Deserialize<'de>`:
[INFO] [stdout]               `&'a [u8]` implements `Deserialize<'de>`
[INFO] [stdout]               `&'a std::path::Path` implements `Deserialize<'de>`
[INFO] [stdout]               `&'a str` implements `Deserialize<'de>`
[INFO] [stdout]               `()` implements `Deserialize<'de>`
[INFO] [stdout]               `(T0, T1)` implements `Deserialize<'de>`
[INFO] [stdout]               `(T0, T1, T2)` implements `Deserialize<'de>`
[INFO] [stdout]               `(T0, T1, T2, T3)` implements `Deserialize<'de>`
[INFO] [stdout]               `(T0, T1, T2, T3, T4)` implements `Deserialize<'de>`
[INFO] [stdout]             and 246 others
[INFO] [stdout]     = note: this error might have been caused by changes to Rust's type-inference algorithm (see issue #148922 <https://github.com/rust-lang/rust/issues/148922> for more information)
[INFO] [stdout]     = help: you might have intended to use the type `()` here instead
[INFO] [stdout]     = note: required for `!` to implement `DeserializeOwned`
[INFO] [stdout] note: required by a bound in `RpcClient::request`
[INFO] [stdout]    --> /opt/rustwide/cargo-home/registry/src/index.crates.io-1949cf8c6b5b557f/subxt-0.34.0/src/backend/rpc/rpc_client.rs:53:31
[INFO] [stdout]     |
[INFO] [stdout]  20 | impl RpcClient {
[INFO] [stdout] ...
[INFO] [stdout]  53 |     pub async fn request<Res: DeserializeOwned>(
[INFO] [stdout]     |                               ^^^^^^^^^^^^^^^^ required by this bound in `RpcClient::request`
[INFO] [stdout]     = note: the full name for the type has been written to '/opt/rustwide/target/release/build/subxt/953b4c886edaa9fd/out/subxt-953b4c886edaa9fd.long-type-10048168102535041115.txt'
[INFO] [stdout]     = note: consider using `--verbose` to print the full type name to the console
[INFO] [stdout] 
[INFO] [stdout] 
[INFO] [stderr]    Compiling clap_builder v4.5.1
[INFO] [stderr]    Compiling clap_derive v4.5.0
[INFO] [stderr]    Compiling byte-unit v5.1.4
[INFO] [stderr]    Compiling clap v4.5.1
[INFO] [stdout] For more information about this error, try `rustc --explain E0277`.
[INFO] [stdout] 
[INFO] [stderr] error: could not compile `subxt` (lib) due to 4 previous errors
[INFO] [stderr] warning: build failed, waiting for other jobs to finish...
[INFO] running `Command { std: "docker" "inspect" "b7959732ea3db8ac47f7fea64317f1f3895a346f52cfe4f4d6493646a2dd716c", kill_on_drop: false }`
[INFO] running `Command { std: "docker" "rm" "-f" "b7959732ea3db8ac47f7fea64317f1f3895a346f52cfe4f4d6493646a2dd716c", kill_on_drop: false }`
[INFO] [stdout] b7959732ea3db8ac47f7fea64317f1f3895a346f52cfe4f4d6493646a2dd716c
