[INFO] fetching crate hwinfo-rs 0.1.0...
[INFO] testing hwinfo-rs-0.1.0 against 1.99.0-beta.8+cargoflags=--release for beta-release-1.100-2
[INFO] extracting crate hwinfo-rs 0.1.0 into /workspace/builds/worker-5-tc1/source
[INFO] started tweaking crates.io crate hwinfo-rs 0.1.0
[INFO] removed 0 missing examples
[INFO] finished tweaking crates.io crate hwinfo-rs 0.1.0
[INFO] tweaked toml for crates.io crate hwinfo-rs 0.1.0 written to /workspace/builds/worker-5-tc1/source/Cargo.toml
[INFO] validating manifest of crates.io crate hwinfo-rs 0.1.0 on toolchain 1.99.0-beta.8
[INFO] running `Command { std: CARGO_HOME="/workspace/cargo-home" RUSTUP_HOME="/workspace/rustup-home" "/workspace/cargo-home/bin/cargo" "+1.99.0-beta.8" "metadata" "--manifest-path" "Cargo.toml" "--no-deps", kill_on_drop: false }`
[INFO] crate crates.io crate hwinfo-rs 0.1.0 already has a lockfile, it will not be regenerated
[INFO] running `Command { std: CARGO_HOME="/workspace/cargo-home" RUSTUP_HOME="/workspace/rustup-home" "/workspace/cargo-home/bin/cargo" "+1.99.0-beta.8" "fetch" "--manifest-path" "Cargo.toml", kill_on_drop: false }`
[INFO] [stderr]  Downloading crates ...
[INFO] [stderr]   Downloaded cc v1.2.41
[INFO] [stderr]   Downloaded syn v2.0.107
[INFO] running `Command { std: "docker" "create" "-v" "/var/lib/crater-agent-workspace/builds/worker-5-tc1/source:/opt/rustwide/workdir:ro,Z" "-v" "/var/lib/crater-agent-workspace/builds/worker-5-tc1/target:/opt/rustwide/target:rw,Z" "-v" "/var/lib/crater-agent-workspace/cargo-home:/opt/rustwide/cargo-home:ro,Z" "-v" "/var/lib/crater-agent-workspace/rustup-home:/opt/rustwide/rustup-home:ro,Z" "-m" "1610612736" "--network" "none" "ghcr.io/rust-lang/crates-build-env/linux@sha256:77db811e55d90add9212f6832c23229e3de5f1c1f9905e8cb07319ea15df73ac" "sleep" "infinity", kill_on_drop: false }`
[INFO] [stdout] d83d723710f91006673e55c0fc528b0990cfb535b24005f6d1c7878eb5b6ba20
[INFO] running `Command { std: "docker" "start" "d83d723710f91006673e55c0fc528b0990cfb535b24005f6d1c7878eb5b6ba20", kill_on_drop: false }`
[INFO] running `Command { std: "docker" "inspect" "d83d723710f91006673e55c0fc528b0990cfb535b24005f6d1c7878eb5b6ba20", kill_on_drop: false }`
[INFO] running `Command { std: "docker" "exec" "-e" "SOURCE_DIR=/opt/rustwide/workdir" "-e" "CARGO_HOME=/opt/rustwide/cargo-home" "-e" "RUSTUP_HOME=/opt/rustwide/rustup-home" "-e" "CARGO_TARGET_DIR=/opt/rustwide/target" "-w" "/opt/rustwide/workdir" "--user" "0:0" "d83d723710f91006673e55c0fc528b0990cfb535b24005f6d1c7878eb5b6ba20" "/opt/rustwide/cargo-home/bin/cargo" "+1.99.0-beta.8" "metadata" "--no-deps" "--format-version=1", kill_on_drop: false }`
[INFO] running `Command { std: "docker" "inspect" "d83d723710f91006673e55c0fc528b0990cfb535b24005f6d1c7878eb5b6ba20", kill_on_drop: false }`
[INFO] running `Command { std: "docker" "exec" "-e" "SOURCE_DIR=/opt/rustwide/workdir" "-e" "CARGO_HOME=/opt/rustwide/cargo-home" "-e" "RUSTUP_HOME=/opt/rustwide/rustup-home" "-e" "CARGO_TARGET_DIR=/opt/rustwide/target" "-e" "CARGO_INCREMENTAL=0" "-e" "RUST_BACKTRACE=full" "-e" "RUSTFLAGS=--cap-lints=warn" "-e" "RUSTDOCFLAGS=--cap-lints=warn" "-w" "/opt/rustwide/workdir" "--user" "0:0" "d83d723710f91006673e55c0fc528b0990cfb535b24005f6d1c7878eb5b6ba20" "/opt/rustwide/cargo-home/bin/cargo" "+1.99.0-beta.8" "build" "--frozen" "--message-format=json" "--release", kill_on_drop: false }`
[INFO] [stderr]    Compiling libc v0.2.177
[INFO] [stderr]    Compiling regex-syntax v0.8.8
[INFO] [stderr]    Compiling memchr v2.7.6
[INFO] [stderr]    Compiling find-msvc-tools v0.1.4
[INFO] [stderr]    Compiling rustc-hash v2.1.1
[INFO] [stderr]    Compiling log v0.4.28
[INFO] [stderr]    Compiling proc-macro2 v1.0.101
[INFO] [stderr]    Compiling bitflags v2.9.4
[INFO] [stderr]    Compiling cc v1.2.41
[INFO] [stderr]    Compiling nom v7.1.3
[INFO] [stderr]    Compiling quote v1.0.41
[INFO] [stderr]    Compiling syn v2.0.107
[INFO] [stderr]    Compiling cmake v0.1.54
[INFO] [stderr]    Compiling clang-sys v1.8.1
[INFO] [stderr]    Compiling regex-automata v0.4.13
[INFO] [stderr]    Compiling cexpr v0.6.0
[INFO] [stderr]    Compiling regex v1.12.2
[INFO] [stderr]    Compiling prettyplease v0.2.37
[INFO] [stderr]    Compiling bindgen v0.71.1
[INFO] [stderr]    Compiling hwinfo-rs v0.1.0 (/opt/rustwide/workdir)
[INFO] [stderr] error: failed to run custom build command for `hwinfo-rs v0.1.0 (/opt/rustwide/workdir)`
[INFO] [stderr] note: To improve backtraces for build dependencies, set the CARGO_PROFILE_RELEASE_BUILD_OVERRIDE_DEBUG=true environment variable to enable debug information generation.
[INFO] [stderr] 
[INFO] [stderr] Caused by:
[INFO] [stderr]   process didn't exit successfully: `/opt/rustwide/target/release/build/hwinfo-rs-66f6705c4af609e7/build-script-build` (exit status: 101)
[INFO] [stderr]   --- stdout
[INFO] [stderr]   CMAKE_TOOLCHAIN_FILE_x86_64-unknown-linux-gnu = None
[INFO] [stderr]   CMAKE_TOOLCHAIN_FILE_x86_64_unknown_linux_gnu = None
[INFO] [stderr]   HOST_CMAKE_TOOLCHAIN_FILE = None
[INFO] [stderr]   CMAKE_TOOLCHAIN_FILE = None
[INFO] [stderr]   CMAKE_GENERATOR_x86_64-unknown-linux-gnu = None
[INFO] [stderr]   CMAKE_GENERATOR_x86_64_unknown_linux_gnu = None
[INFO] [stderr]   HOST_CMAKE_GENERATOR = None
[INFO] [stderr]   CMAKE_GENERATOR = None
[INFO] [stderr]   CMAKE_PREFIX_PATH_x86_64-unknown-linux-gnu = None
[INFO] [stderr]   CMAKE_PREFIX_PATH_x86_64_unknown_linux_gnu = None
[INFO] [stderr]   HOST_CMAKE_PREFIX_PATH = None
[INFO] [stderr]   CMAKE_PREFIX_PATH = None
[INFO] [stderr]   CMAKE_x86_64-unknown-linux-gnu = None
[INFO] [stderr]   CMAKE_x86_64_unknown_linux_gnu = None
[INFO] [stderr]   HOST_CMAKE = None
[INFO] [stderr]   CMAKE = None
[INFO] [stderr]   running: cd "/opt/rustwide/target/release/build/hwinfo-rs-dd1fbafb901760cf/out/build" && CMAKE_PREFIX_PATH="" LC_ALL="C" "cmake" "/opt/rustwide/workdir/hwinfo" "-DCMAKE_MSVC_RUNTIME_LIBRARY=MultiThreadedDLL" "-DCMAKE_INSTALL_PREFIX=/opt/rustwide/target/release/build/hwinfo-rs-dd1fbafb901760cf/out" "-DCMAKE_C_FLAGS= -ffunction-sections -fdata-sections -fPIC -m64" "-DCMAKE_C_COMPILER=/usr/bin/cc" "-DCMAKE_CXX_FLAGS= -ffunction-sections -fdata-sections -fPIC -m64" "-DCMAKE_CXX_COMPILER=/usr/bin/c++" "-DCMAKE_ASM_FLAGS= -ffunction-sections -fdata-sections -fPIC -m64" "-DCMAKE_ASM_COMPILER=/usr/bin/cc" "-DCMAKE_BUILD_TYPE=Release"
[INFO] [stderr]   -- The CXX compiler identification is GNU 15.2.0
[INFO] [stderr]   -- The C compiler identification is GNU 15.2.0
[INFO] [stderr]   -- Detecting CXX compiler ABI info
[INFO] [stderr]   -- Detecting CXX compiler ABI info - done
[INFO] [stderr]   -- Check for working CXX compiler: /usr/bin/c++ - skipped
[INFO] [stderr]   -- Detecting CXX compile features
[INFO] [stderr]   -- Detecting CXX compile features - done
[INFO] [stderr]   -- Detecting C compiler ABI info
[INFO] [stderr]   -- Detecting C compiler ABI info - done
[INFO] [stderr]   -- Check for working C compiler: /usr/bin/cc - skipped
[INFO] [stderr]   -- Detecting C compile features
[INFO] [stderr]   -- Detecting C compile features - done
[INFO] [stderr]   -- Configuring for Linux
[INFO] [stderr]   -- Configuration complete. The static library 'hwinfo' will be built.
[INFO] [stderr]   -- Configuring done (1.0s)
[INFO] [stderr]   -- Generating done (0.0s)
[INFO] [stderr]   -- Build files have been written to: /opt/rustwide/target/release/build/hwinfo-rs-dd1fbafb901760cf/out/build
[INFO] [stderr]   running: cd "/opt/rustwide/target/release/build/hwinfo-rs-dd1fbafb901760cf/out/build" && LC_ALL="C" MAKEFLAGS="-j --jobserver-fds=4,5 --jobserver-auth=4,5" "cmake" "--build" "/opt/rustwide/target/release/build/hwinfo-rs-dd1fbafb901760cf/out/build" "--target" "install" "--config" "Release"
[INFO] [stderr]   [  4%] Building CXX object CMakeFiles/hwinfo_static.dir/src/hwinfo_c.cpp.o
[INFO] [stderr]   [  9%] Building CXX object CMakeFiles/hwinfo_static.dir/src/disk.cpp.o
[INFO] [stderr]   [ 14%] Building CXX object CMakeFiles/hwinfo_static.dir/src/os.cpp.o
[INFO] [stderr]   [ 19%] Building CXX object CMakeFiles/hwinfo_static.dir/src/cpu.cpp.o
[INFO] [stderr]   [ 23%] Building CXX object CMakeFiles/hwinfo_static.dir/src/mainboard.cpp.o
[INFO] [stderr]   [ 28%] Building CXX object CMakeFiles/hwinfo_static.dir/src/linux/disk.cpp.o
[INFO] [stderr]   [ 33%] Building CXX object CMakeFiles/hwinfo_static.dir/src/ram.cpp.o
[INFO] [stderr]   [ 42%] Building CXX object CMakeFiles/hwinfo_static.dir/src/linux/battery.cpp.o
[INFO] [stderr]   [ 42%] Building CXX object CMakeFiles/hwinfo_static.dir/src/battery.cpp.o
[INFO] [stderr]   [ 47%] Building CXX object CMakeFiles/hwinfo_static.dir/src/gpu.cpp.o
[INFO] [stderr]   [ 52%] Building CXX object CMakeFiles/hwinfo_static.dir/src/network.cpp.o
[INFO] [stderr]   [ 57%] Building CXX object CMakeFiles/hwinfo_static.dir/src/hwinfo.cpp.o
[INFO] [stderr]   [ 61%] Building CXX object CMakeFiles/hwinfo_static.dir/src/linux/gpu.cpp.o
[INFO] [stderr]   [ 66%] Building CXX object CMakeFiles/hwinfo_static.dir/src/linux/cpu.cpp.o
[INFO] [stderr]   [ 71%] Building CXX object CMakeFiles/hwinfo_static.dir/src/linux/network.cpp.o
[INFO] [stderr]   [ 76%] Building CXX object CMakeFiles/hwinfo_static.dir/src/linux/mainboard.cpp.o
[INFO] [stderr]   [ 80%] Building CXX object CMakeFiles/hwinfo_static.dir/src/linux/os.cpp.o
[INFO] [stderr]   [ 85%] Building CXX object CMakeFiles/hwinfo_static.dir/src/linux/ram.cpp.o
[INFO] [stderr]   [ 90%] Building CXX object CMakeFiles/hwinfo_static.dir/src/linux/utils/filesystem.cpp.o
[INFO] [stderr]   [ 95%] Building CXX object CMakeFiles/hwinfo_static.dir/src/PCIMapper.cpp.o
[INFO] [stderr] 
[INFO] [stderr]   --- stderr
[INFO] [stderr]   CMake Warning:
[INFO] [stderr]     Manually-specified variables were not used by the project:
[INFO] [stderr] 
[INFO] [stderr]       CMAKE_ASM_COMPILER
[INFO] [stderr]       CMAKE_ASM_FLAGS
[INFO] [stderr] 
[INFO] [stderr] 
[INFO] [stderr]   /opt/rustwide/workdir/hwinfo/src/linux/disk.cpp: In function 'std::string {anonymous}::getMountPoint(const std::string&)':
[INFO] [stderr]   /opt/rustwide/workdir/hwinfo/src/linux/disk.cpp:41:32: error: variable 'std::istringstream iss' has initializer but incomplete type
[INFO] [stderr]      41 |     std::istringstream iss(line);
[INFO] [stderr]         |                                ^
[INFO] [stderr]   gmake[2]: *** [CMakeFiles/hwinfo_static.dir/build.make:247: CMakeFiles/hwinfo_static.dir/src/linux/disk.cpp.o] Error 1
[INFO] [stderr]   gmake[2]: *** Waiting for unfinished jobs....
[INFO] [stderr]   gmake[1]: *** [CMakeFiles/Makefile2:87: CMakeFiles/hwinfo_static.dir/all] Error 2
[INFO] [stderr]   gmake: *** [Makefile:136: all] Error 2
[INFO] [stderr] 
[INFO] [stderr]   thread 'main' (351) panicked at /opt/rustwide/cargo-home/registry/src/index.crates.io-1949cf8c6b5b557f/cmake-0.1.54/src/lib.rs:1119:5:
[INFO] [stderr] 
[INFO] [stderr]   command did not execute successfully, got: exit status: 2
[INFO] [stderr] 
[INFO] [stderr]   build script failed, must exit now
[INFO] [stderr]   stack backtrace:
[INFO] [stderr]      0:     0x57cc627cd391 - <<std[70759c8f55707aa4]::sys::backtrace::BacktraceLock>::print::DisplayBacktrace as core[df12db4294e9bfd3]::fmt::Display>::fmt
[INFO] [stderr]      1:     0x57cc627e53ba - core[df12db4294e9bfd3]::fmt::write
[INFO] [stderr]      2:     0x57cc627d38fc - <std[70759c8f55707aa4]::sys::stdio::unix::Stderr as core[df12db4294e9bfd3]::io::write::Write>::write_fmt
[INFO] [stderr]      3:     0x57cc627aa706 - std[70759c8f55707aa4]::panicking::default_hook::{closure#0}
[INFO] [stderr]      4:     0x57cc627c7231 - std[70759c8f55707aa4]::panicking::default_hook
[INFO] [stderr]      5:     0x57cc627c755b - std[70759c8f55707aa4]::panicking::panic_with_hook
[INFO] [stderr]      6:     0x57cc627aa7b2 - std[70759c8f55707aa4]::panicking::panic_handler::{closure#0}
[INFO] [stderr]      7:     0x57cc627a3349 - std[70759c8f55707aa4]::sys::backtrace::__rust_end_short_backtrace::<std[70759c8f55707aa4]::panicking::panic_handler::{closure#0}, !>
[INFO] [stderr]      8:     0x57cc627aafcd - __rustc[8fa7c3cbc660c2b3]::rust_begin_unwind
[INFO] [stderr]      9:     0x57cc627e5bdc - core[df12db4294e9bfd3]::panicking::panic_fmt
[INFO] [stderr]     10:     0x57cc62737c47 - cmake[36aa575ab69aa7cb]::fail
[INFO] [stderr]     11:     0x57cc627378d3 - cmake[36aa575ab69aa7cb]::run
[INFO] [stderr]     12:     0x57cc6273d724 - <cmake[36aa575ab69aa7cb]::Config>::build
[INFO] [stderr]     13:     0x57cc6224b75f - build_script_build[3d83325c90a2394]::main
[INFO] [stderr]     14:     0x57cc6224d053 - <fn() as core[df12db4294e9bfd3]::ops::function::FnOnce<()>>::call_once
[INFO] [stderr]     15:     0x57cc6224b62e - std[70759c8f55707aa4]::sys::backtrace::__rust_begin_short_backtrace::<fn(), ()>
[INFO] [stderr]     16:     0x57cc6224b639 - std[70759c8f55707aa4]::rt::lang_start::<()>::{closure#0}
[INFO] [stderr]     17:     0x57cc627c64e9 - std[70759c8f55707aa4]::rt::lang_start_internal
[INFO] [stderr]     18:     0x57cc6224b031 - std[70759c8f55707aa4]::rt::lang_start::<()>
[INFO] [stderr]     19:     0x57cc6224d2b5 - main
[INFO] [stderr]     20:     0x779f31e1f601 - <unknown>
[INFO] [stderr]     21:     0x779f31e1f718 - __libc_start_main
[INFO] [stderr]     22:     0x57cc62249de5 - _start
[INFO] [stderr]     23:                0x0 - <unknown>
[INFO] running `Command { std: "docker" "inspect" "d83d723710f91006673e55c0fc528b0990cfb535b24005f6d1c7878eb5b6ba20", kill_on_drop: false }`
[INFO] running `Command { std: "docker" "rm" "-f" "d83d723710f91006673e55c0fc528b0990cfb535b24005f6d1c7878eb5b6ba20", kill_on_drop: false }`
[INFO] [stdout] d83d723710f91006673e55c0fc528b0990cfb535b24005f6d1c7878eb5b6ba20
