[INFO] fetching crate hwhkit 0.6.0-alpha.4...
[INFO] testing hwhkit-0.6.0-alpha.4 against 1.99.0-beta.8+cargoflags=--release for beta-release-1.100-2
[INFO] extracting crate hwhkit 0.6.0-alpha.4 into /workspace/builds/worker-3-tc1/source
[INFO] started tweaking crates.io crate hwhkit 0.6.0-alpha.4
[INFO] removed 0 missing examples
[INFO] removed 0 missing tests
[INFO] finished tweaking crates.io crate hwhkit 0.6.0-alpha.4
[INFO] tweaked toml for crates.io crate hwhkit 0.6.0-alpha.4 written to /workspace/builds/worker-3-tc1/source/Cargo.toml
[INFO] validating manifest of crates.io crate hwhkit 0.6.0-alpha.4 on toolchain 1.99.0-beta.8
[INFO] running `Command { std: CARGO_HOME="/workspace/cargo-home" RUSTUP_HOME="/workspace/rustup-home" "/workspace/cargo-home/bin/cargo" "+1.99.0-beta.8" "metadata" "--manifest-path" "Cargo.toml" "--no-deps", kill_on_drop: false }`
[INFO] crate crates.io crate hwhkit 0.6.0-alpha.4 already has a lockfile, it will not be regenerated
[INFO] running `Command { std: CARGO_HOME="/workspace/cargo-home" RUSTUP_HOME="/workspace/rustup-home" "/workspace/cargo-home/bin/cargo" "+1.99.0-beta.8" "fetch" "--manifest-path" "Cargo.toml", kill_on_drop: false }`
[INFO] [stderr]     Updating crates.io index
[INFO] [stderr]  Downloading crates ...
[INFO] [stderr]   Downloaded metrics-exporter-prometheus v0.15.3
[INFO] [stderr]   Downloaded serial_test v3.4.0
[INFO] [stderr]   Downloaded serial_test_derive v3.4.0
[INFO] [stderr]   Downloaded security-framework v3.6.0
[INFO] [stderr]   Downloaded hwhkit-scheduler v0.6.0-alpha.3
[INFO] [stderr]   Downloaded metrics-util v0.17.0
[INFO] [stderr]   Downloaded metrics v0.23.1
[INFO] [stderr]   Downloaded hwhkit-core v0.6.0-alpha.3
[INFO] [stderr]   Downloaded tracing-opentelemetry v0.25.0
[INFO] [stderr]   Downloaded opentelemetry-otlp v0.17.0
[INFO] [stderr]   Downloaded hwhkit-observability v0.6.0-alpha.3
[INFO] [stderr]   Downloaded opentelemetry_sdk v0.24.1
[INFO] [stderr]   Downloaded opentelemetry v0.24.0
[INFO] [stderr]   Downloaded hwhkit-integration-s3 v0.6.0-alpha.3
[INFO] [stderr]   Downloaded aws-types v1.3.12
[INFO] [stderr]   Downloaded aws-smithy-runtime-api v1.11.4
[INFO] [stderr]   Downloaded aws-smithy-observability v0.2.5
[INFO] [stderr]   Downloaded aws-smithy-http v0.63.4
[INFO] [stderr]   Downloaded aws-credential-types v1.2.12
[INFO] [stderr]   Downloaded aws-smithy-checksums v0.63.10
[INFO] [stderr]   Downloaded aws-smithy-types v1.4.4
[INFO] [stderr]   Downloaded aws-smithy-json v0.61.9
[INFO] [stderr]   Downloaded aws-smithy-http v0.62.6
[INFO] [stderr]   Downloaded aws-smithy-eventstream v0.60.19
[INFO] [stderr]   Downloaded p256 v0.11.1
[INFO] [stderr]   Downloaded opentelemetry-proto v0.7.0
[INFO] [stderr]   Downloaded aws-smithy-http-client v1.1.10
[INFO] [stderr]   Downloaded crc-fast v1.3.0
[INFO] [stderr]   Downloaded aws-sigv4 v1.4.0
[INFO] [stderr]   Downloaded aws-smithy-runtime v1.10.1
[INFO] [stderr]   Downloaded hwhkit-integration-redis v0.6.0-alpha.3
[INFO] [stderr]   Downloaded aws-runtime v1.7.0
[INFO] [stderr]   Downloaded aws-smithy-json v0.62.4
[INFO] [stderr]   Downloaded aws-smithy-query v0.60.14
[INFO] [stderr]   Downloaded aws-sdk-sso v1.94.0
[INFO] [stderr]   Downloaded hwhkit-integration-qdrant v0.6.0-alpha.3
[INFO] [stderr]   Downloaded aws-sdk-ssooidc v1.96.0
[INFO] [stderr]   Downloaded aws-config v1.8.14
[INFO] [stderr]   Downloaded aws-sdk-sts v1.98.0
[INFO] [stderr]   Downloaded qdrant-client v1.17.0
[INFO] [stderr]   Downloaded hwhkit-integration-postgres v0.6.0-alpha.3
[INFO] [stderr]   Downloaded hwhkit-integration-oss v0.6.0-alpha.3
[INFO] [stderr]   Downloaded aliyun-oss-client v0.13.1
[INFO] [stderr]   Downloaded hwhkit-integration-neo4j v0.6.0-alpha.3
[INFO] [stderr]   Downloaded neo4rs v0.8.0
[INFO] [stderr]   Downloaded aws-sdk-s3 v1.111.0
[INFO] [stderr]   Downloaded deadpool v0.9.5
[INFO] [stderr]   Downloaded retain_mut v0.1.9
[INFO] [stderr]   Downloaded chrono-tz-build v0.2.1
[INFO] [stderr]   Downloaded tryhard v0.5.2
[INFO] [stderr]   Downloaded serde_nanos v0.1.4
[INFO] [stderr]   Downloaded neo4rs-macros v0.3.0
[INFO] [stderr]   Downloaded delegate v0.10.0
[INFO] [stderr]   Downloaded nuid v0.5.0
[INFO] [stderr]   Downloaded hwhkit-integration-nats v0.6.0-alpha.3
[INFO] [stderr]   Downloaded async-nats v0.38.0
[INFO] [stderr]   Downloaded tokio-websockets v0.10.1
[INFO] [stderr]   Downloaded chrono-tz v0.8.6
[INFO] [stderr]   Downloaded nkeys v0.4.5
[INFO] [stderr]   Downloaded signatory v0.27.1
[INFO] [stderr]   Downloaded hwhkit-integration-mongodb v0.6.0-alpha.3
[INFO] [stderr]   Downloaded trust-dns-resolver v0.21.2
[INFO] [stderr]   Downloaded enum-as-inner v0.4.0
[INFO] [stderr]   Downloaded trust-dns-proto v0.21.2
[INFO] [stderr]   Downloaded mongodb v2.8.2
[INFO] [stderr]   Downloaded serde_with v1.14.0
[INFO] [stderr]   Downloaded serde_with_macros v1.5.2
[INFO] [stderr]   Downloaded rustc_version_runtime v0.2.1
[INFO] [stderr]   Downloaded hwhkit-buildinfo v0.6.0-alpha.3
[INFO] running `Command { std: "docker" "create" "-v" "/var/lib/crater-agent-workspace/builds/worker-3-tc1/source:/opt/rustwide/workdir:ro,Z" "-v" "/var/lib/crater-agent-workspace/builds/worker-3-tc1/target:/opt/rustwide/target:rw,Z" "-v" "/var/lib/crater-agent-workspace/cargo-home:/opt/rustwide/cargo-home:ro,Z" "-v" "/var/lib/crater-agent-workspace/rustup-home:/opt/rustwide/rustup-home:ro,Z" "-m" "1610612736" "--network" "none" "ghcr.io/rust-lang/crates-build-env/linux@sha256:77db811e55d90add9212f6832c23229e3de5f1c1f9905e8cb07319ea15df73ac" "sleep" "infinity", kill_on_drop: false }`
[INFO] [stdout] 2b600a867f9879dfe55e830392ba2a3582ba40cc227e3e3d6e1248249f60f2ad
[INFO] running `Command { std: "docker" "start" "2b600a867f9879dfe55e830392ba2a3582ba40cc227e3e3d6e1248249f60f2ad", kill_on_drop: false }`
[INFO] running `Command { std: "docker" "inspect" "2b600a867f9879dfe55e830392ba2a3582ba40cc227e3e3d6e1248249f60f2ad", kill_on_drop: false }`
[INFO] running `Command { std: "docker" "exec" "-e" "SOURCE_DIR=/opt/rustwide/workdir" "-e" "CARGO_HOME=/opt/rustwide/cargo-home" "-e" "RUSTUP_HOME=/opt/rustwide/rustup-home" "-e" "CARGO_TARGET_DIR=/opt/rustwide/target" "-w" "/opt/rustwide/workdir" "--user" "0:0" "2b600a867f9879dfe55e830392ba2a3582ba40cc227e3e3d6e1248249f60f2ad" "/opt/rustwide/cargo-home/bin/cargo" "+1.99.0-beta.8" "metadata" "--no-deps" "--format-version=1", kill_on_drop: false }`
[INFO] running `Command { std: "docker" "inspect" "2b600a867f9879dfe55e830392ba2a3582ba40cc227e3e3d6e1248249f60f2ad", kill_on_drop: false }`
[INFO] running `Command { std: "docker" "exec" "-e" "SOURCE_DIR=/opt/rustwide/workdir" "-e" "CARGO_HOME=/opt/rustwide/cargo-home" "-e" "RUSTUP_HOME=/opt/rustwide/rustup-home" "-e" "CARGO_TARGET_DIR=/opt/rustwide/target" "-e" "CARGO_INCREMENTAL=0" "-e" "RUST_BACKTRACE=full" "-e" "RUSTFLAGS=--cap-lints=warn" "-e" "RUSTDOCFLAGS=--cap-lints=warn" "-w" "/opt/rustwide/workdir" "--user" "0:0" "2b600a867f9879dfe55e830392ba2a3582ba40cc227e3e3d6e1248249f60f2ad" "/opt/rustwide/cargo-home/bin/cargo" "+1.99.0-beta.8" "build" "--frozen" "--message-format=json" "--release", kill_on_drop: false }`
[INFO] [stderr]    Compiling proc-macro2 v1.0.101
[INFO] [stderr]    Compiling cfg-if v1.0.3
[INFO] [stderr]    Compiling libc v0.2.175
[INFO] [stderr]    Compiling parking_lot_core v0.9.11
[INFO] [stderr]    Compiling lock_api v0.4.13
[INFO] [stderr]    Compiling futures-channel v0.3.31
[INFO] [stderr]    Compiling http v1.3.1
[INFO] [stderr]    Compiling serde_json v1.0.149
[INFO] [stderr]    Compiling zerocopy v0.8.26
[INFO] [stderr]    Compiling ahash v0.8.12
[INFO] [stderr]    Compiling hashbrown v0.15.5
[INFO] [stderr]    Compiling alloc-no-stdlib v2.0.4
[INFO] [stderr]    Compiling simd-adler32 v0.3.9
[INFO] [stderr]    Compiling unicase v2.8.1
[INFO] [stderr]    Compiling regex-syntax v0.6.29
[INFO] [stderr]    Compiling regex-syntax v0.8.5
[INFO] [stderr]    Compiling alloc-stdlib v0.2.2
[INFO] [stderr]    Compiling crc32fast v1.5.0
[INFO] [stderr]    Compiling winnow v0.7.13
[INFO] [stderr]    Compiling miniz_oxide v0.8.9
[INFO] [stderr]    Compiling mime_guess v2.0.5
[INFO] [stderr]    Compiling anyhow v1.0.99
[INFO] [stderr]    Compiling brotli-decompressor v5.0.0
[INFO] [stderr]    Compiling overload v0.1.1
[INFO] [stderr]    Compiling nu-ansi-term v0.46.0
[INFO] [stderr]    Compiling thread_local v1.1.9
[INFO] [stderr]    Compiling tracing-log v0.2.0
[INFO] [stderr]    Compiling matchit v0.8.4
[INFO] [stderr]    Compiling quote v1.0.40
[INFO] [stderr]    Compiling hwhkit-buildinfo v0.6.0-alpha.3
[INFO] [stderr]    Compiling sketches-ddsketch v0.2.2
[INFO] [stderr]    Compiling syn v2.0.106
[INFO] [stderr]    Compiling indexmap v2.11.0
[INFO] [stderr]    Compiling flate2 v1.1.9
[INFO] [stderr]    Compiling signal-hook-registry v1.4.6
[INFO] [stderr]    Compiling mio v1.0.4
[INFO] [stderr]    Compiling parking_lot v0.12.4
[INFO] [stderr]    Compiling socket2 v0.6.0
[INFO] [stderr]    Compiling brotli v8.0.2
[INFO] [stderr]    Compiling http-body v1.0.1
[INFO] [stderr]    Compiling num_cpus v1.17.0
[INFO] [stderr]    Compiling http-body-util v0.1.3
[INFO] [stderr]    Compiling quanta v0.12.6
[INFO] [stderr]    Compiling getrandom v0.4.2
[INFO] [stderr]    Compiling regex-automata v0.4.9
[INFO] [stderr]    Compiling http-range-header v0.4.2
[INFO] [stderr]    Compiling uuid v1.23.1
[INFO] [stderr]    Compiling sysinfo v0.32.1
[INFO] [stderr]    Compiling regex-automata v0.1.10
[INFO] [stderr]    Compiling hashbrown v0.14.5
[INFO] [stderr]    Compiling metrics v0.23.1
[INFO] [stderr]    Compiling matchers v0.1.0
[INFO] [stderr]    Compiling metrics-util v0.17.0
[INFO] [stderr]    Compiling regex v1.11.1
[INFO] [stderr]    Compiling serde_derive v1.0.228
[INFO] [stderr]    Compiling tracing-attributes v0.1.30
[INFO] [stderr]    Compiling futures-macro v0.3.31
[INFO] [stderr]    Compiling tokio-macros v2.6.1
[INFO] [stderr]    Compiling thiserror-impl v1.0.69
[INFO] [stderr]    Compiling async-trait v0.1.89
[INFO] [stderr]    Compiling pin-project-internal v1.1.10
[INFO] [stderr]    Compiling compression-codecs v0.4.38
[INFO] [stderr]    Compiling tokio v1.50.0
[INFO] [stderr]    Compiling futures-util v0.3.31
[INFO] [stderr]    Compiling pin-project v1.1.10
[INFO] [stderr]    Compiling thiserror v1.0.69
[INFO] [stderr]    Compiling metrics-exporter-prometheus v0.15.3
[INFO] [stderr]    Compiling tracing v0.1.41
[INFO] [stderr]    Compiling axum-core v0.5.6
[INFO] [stderr]    Compiling serde v1.0.228
[INFO] [stderr]    Compiling serde_spanned v0.6.9
[INFO] [stderr]    Compiling toml_datetime v0.6.11
[INFO] [stderr]    Compiling serde_urlencoded v0.7.1
[INFO] [stderr]    Compiling tracing-serde v0.2.0
[INFO] [stderr]    Compiling serde_path_to_error v0.1.17
[INFO] [stderr]    Compiling toml_edit v0.22.27
[INFO] [stderr]    Compiling tracing-subscriber v0.3.19
[INFO] [stderr]    Compiling futures-executor v0.3.31
[INFO] [stderr]    Compiling tower v0.4.13
[INFO] [stderr]    Compiling futures v0.3.31
[INFO] [stderr]    Compiling toml v0.8.23
[INFO] [stderr]    Compiling hwhkit-observability v0.6.0-alpha.3
[INFO] [stderr]    Compiling hwhkit-config v0.6.0-alpha.3
[INFO] [stderr]    Compiling hyper v1.7.0
[INFO] [stderr]    Compiling tokio-util v0.7.16
[INFO] [stderr]    Compiling tower v0.5.2
[INFO] [stderr]    Compiling async-compression v0.4.42
[INFO] [stderr]    Compiling tower-http v0.6.10
[INFO] [stderr]    Compiling hyper-util v0.1.16
[INFO] [stderr]    Compiling axum v0.8.9
[INFO] [stderr]    Compiling hwhkit-core v0.6.0-alpha.3
[INFO] [stderr]    Compiling hwhkit v0.6.0-alpha.4 (/opt/rustwide/workdir)
[INFO] [stderr]     Finished `release` profile [optimized] target(s) in 1m 28s
[INFO] running `Command { std: "docker" "inspect" "2b600a867f9879dfe55e830392ba2a3582ba40cc227e3e3d6e1248249f60f2ad", kill_on_drop: false }`
[INFO] running `Command { std: "docker" "exec" "-e" "SOURCE_DIR=/opt/rustwide/workdir" "-e" "CARGO_HOME=/opt/rustwide/cargo-home" "-e" "RUSTUP_HOME=/opt/rustwide/rustup-home" "-e" "CARGO_TARGET_DIR=/opt/rustwide/target" "-e" "CARGO_INCREMENTAL=0" "-e" "RUST_BACKTRACE=full" "-e" "RUSTFLAGS=--cap-lints=warn" "-e" "RUSTDOCFLAGS=--cap-lints=warn" "-w" "/opt/rustwide/workdir" "--user" "0:0" "2b600a867f9879dfe55e830392ba2a3582ba40cc227e3e3d6e1248249f60f2ad" "/opt/rustwide/cargo-home/bin/cargo" "+1.99.0-beta.8" "test" "--frozen" "--no-run" "--message-format=json" "--release", kill_on_drop: false }`
[INFO] [stderr]    Compiling syn v2.0.106
[INFO] [stderr]    Compiling zerocopy v0.8.26
[INFO] [stderr]    Compiling getrandom v0.3.3
[INFO] [stderr]    Compiling serde_json v1.0.149
[INFO] [stderr]    Compiling sync_wrapper v1.0.2
[INFO] [stderr]    Compiling getrandom v0.2.16
[INFO] [stderr]    Compiling regex-automata v0.4.9
[INFO] [stderr]    Compiling rustix v1.0.8
[INFO] [stderr]    Compiling raw-cpuid v11.6.0
[INFO] [stderr]    Compiling either v1.15.0
[INFO] [stderr]    Compiling ciborium-io v0.2.2
[INFO] [stderr]    Compiling clap_lex v0.7.7
[INFO] [stderr]    Compiling wait-timeout v0.2.1
[INFO] [stderr]    Compiling sdd v3.0.10
[INFO] [stderr]    Compiling quick-error v1.2.3
[INFO] [stderr]    Compiling bit-vec v0.8.0
[INFO] [stderr]    Compiling uuid v1.23.1
[INFO] [stderr]    Compiling is-terminal v0.4.17
[INFO] [stderr]    Compiling unarray v0.1.4
[INFO] [stderr]    Compiling ring v0.17.14
[INFO] [stderr]    Compiling bit-set v0.8.0
[INFO] [stderr]    Compiling oorandom v11.1.5
[INFO] [stderr]    Compiling anes v0.1.6
[INFO] [stderr]    Compiling sha2 v0.10.9
[INFO] [stderr]    Compiling itertools v0.10.5
[INFO] [stderr]    Compiling clap_builder v4.5.57
[INFO] [stderr]    Compiling rand_core v0.9.5
[INFO] [stderr]    Compiling scc v2.4.0
[INFO] [stderr]    Compiling rand v0.9.4
[INFO] [stderr]    Compiling rand_xorshift v0.4.0
[INFO] [stderr]    Compiling criterion-plot v0.5.0
[INFO] [stderr]    Compiling quanta v0.12.6
[INFO] [stderr]    Compiling tempfile v3.21.0
[INFO] [stderr]    Compiling rusty-fork v0.3.1
[INFO] [stderr]    Compiling clap v4.5.57
[INFO] [stderr]    Compiling rustls-webpki v0.103.13
[INFO] [stderr]    Compiling regex v1.11.1
[INFO] [stderr]    Compiling rustls v0.23.40
[INFO] [stderr]    Compiling synstructure v0.13.2
[INFO] [stderr]    Compiling serde_derive v1.0.228
[INFO] [stderr]    Compiling zerofrom-derive v0.1.6
[INFO] [stderr]    Compiling yoke-derive v0.8.1
[INFO] [stderr]    Compiling tokio-macros v2.6.1
[INFO] [stderr]    Compiling futures-macro v0.3.31
[INFO] [stderr]    Compiling tracing-attributes v0.1.30
[INFO] [stderr]    Compiling zerovec-derive v0.11.2
[INFO] [stderr]    Compiling zerocopy-derive v0.8.26
[INFO] [stderr]    Compiling displaydoc v0.2.5
[INFO] [stderr]    Compiling thiserror-impl v1.0.69
[INFO] [stderr]    Compiling async-trait v0.1.89
[INFO] [stderr]    Compiling pin-project-internal v1.1.10
[INFO] [stderr]    Compiling async-stream-impl v0.3.6
[INFO] [stderr]    Compiling serial_test_derive v3.4.0
[INFO] [stderr]    Compiling async-stream v0.3.6
[INFO] [stderr]    Compiling tokio v1.50.0
[INFO] [stderr]    Compiling futures-util v0.3.31
[INFO] [stderr]    Compiling zerofrom v0.1.7
[INFO] [stderr]    Compiling yoke v0.8.1
[INFO] [stderr]    Compiling pin-project v1.1.10
[INFO] [stderr]    Compiling thiserror v1.0.69
[INFO] [stderr]    Compiling tracing v0.1.41
[INFO] [stderr]    Compiling zerovec v0.11.5
[INFO] [stderr]    Compiling zerotrie v0.2.3
[INFO] [stderr]    Compiling axum-core v0.5.6
[INFO] [stderr]    Compiling tinystr v0.8.2
[INFO] [stderr]    Compiling potential_utf v0.1.4
[INFO] [stderr]    Compiling icu_collections v2.1.1
[INFO] [stderr]    Compiling icu_locale_core v2.1.1
[INFO] [stderr]    Compiling serde v1.0.228
[INFO] [stderr]    Compiling icu_provider v2.1.1
[INFO] [stderr]    Compiling icu_normalizer v2.1.1
[INFO] [stderr]    Compiling icu_properties v2.1.2
[INFO] [stderr]    Compiling ahash v0.8.12
[INFO] [stderr]    Compiling half v2.7.1
[INFO] [stderr]    Compiling ppv-lite86 v0.2.21
[INFO] [stderr]    Compiling metrics v0.23.1
[INFO] [stderr]    Compiling hashbrown v0.14.5
[INFO] [stderr]    Compiling rand_chacha v0.9.0
[INFO] [stderr]    Compiling toml_datetime v0.6.11
[INFO] [stderr]    Compiling serde_spanned v0.6.9
[INFO] [stderr]    Compiling serde_urlencoded v0.7.1
[INFO] [stderr]    Compiling toml_edit v0.22.27
[INFO] [stderr]    Compiling tracing-serde v0.2.0
[INFO] [stderr]    Compiling serde_path_to_error v0.1.17
[INFO] [stderr]    Compiling ciborium-ll v0.2.2
[INFO] [stderr]    Compiling tinytemplate v1.2.1
[INFO] [stderr]    Compiling hwhkit-buildinfo v0.6.0-alpha.3
[INFO] [stderr]    Compiling tracing-subscriber v0.3.19
[INFO] [stderr]    Compiling proptest v1.11.0
[INFO] [stderr]    Compiling chrono v0.4.41
[INFO] [stderr]    Compiling ciborium v0.2.2
[INFO] [stderr]    Compiling metrics-util v0.17.0
[INFO] [stderr]    Compiling idna_adapter v1.2.1
[INFO] [stderr]    Compiling idna v1.1.0
[INFO] [stderr]    Compiling futures-executor v0.3.31
[INFO] [stderr]    Compiling url v2.5.8
[INFO] [stderr]    Compiling futures v0.3.31
[INFO] [stderr]    Compiling metrics-exporter-prometheus v0.15.3
[INFO] [stderr]    Compiling tower v0.4.13
[INFO] [stderr]    Compiling hwhkit-observability v0.6.0-alpha.3
[INFO] [stderr]    Compiling serial_test v3.4.0
[INFO] [stderr]    Compiling criterion v0.5.1
[INFO] [stderr]    Compiling toml v0.8.23
[INFO] [stderr]    Compiling hyper v1.7.0
[INFO] [stderr]    Compiling tower v0.5.2
[INFO] [stderr]    Compiling tokio-util v0.7.16
[INFO] [stderr]    Compiling async-compression v0.4.42
[INFO] [stderr]    Compiling hyper-util v0.1.16
[INFO] [stderr]    Compiling hwhkit-config v0.6.0-alpha.3
[INFO] [stderr]    Compiling tokio-rustls v0.26.4
[INFO] [stderr]    Compiling tokio-stream v0.1.17
[INFO] [stderr]    Compiling tower-http v0.6.10
[INFO] [stderr]    Compiling tokio-test v0.4.4
[INFO] [stderr]    Compiling axum v0.8.9
[INFO] [stderr]    Compiling hyper-rustls v0.27.9
[INFO] [stderr]    Compiling reqwest v0.12.28
[INFO] [stderr]    Compiling hwhkit-core v0.6.0-alpha.3
[INFO] [stderr]    Compiling hwhkit v0.6.0-alpha.4 (/opt/rustwide/workdir)
[INFO] [stdout] error[E0432]: unresolved import `axum::extract::ws`
[INFO] [stdout]   --> examples/runtime-nats-websocket.rs:6:9
[INFO] [stdout]    |
[INFO] [stdout]  6 |         ws::{Message, WebSocket, WebSocketUpgrade},
[INFO] [stdout]    |         ^^ could not find `ws` in `extract`
[INFO] [stdout]    |
[INFO] [stdout] note: found an item that was configured out
[INFO] [stdout]   --> /opt/rustwide/cargo-home/registry/src/index.crates.io-1949cf8c6b5b557f/axum-0.8.9/src/extract/mod.rs:11:9
[INFO] [stdout]    |
[INFO] [stdout] 10 | #[cfg(feature = "ws")]
[INFO] [stdout]    |       -------------- the item is gated behind the `ws` feature
[INFO] [stdout] 11 | pub mod ws;
[INFO] [stdout]    |         ^^
[INFO] [stdout] 
[INFO] [stdout] 
[INFO] [stdout] error[E0432]: unresolved imports `hwhkit::config_v2`, `hwhkit::core_v2`, `hwhkit::RuntimeBuilder`
[INFO] [stdout]   --> examples/runtime-nats-websocket.rs:16:5
[INFO] [stdout]    |
[INFO] [stdout] 16 |     config_v2::{AppConfig, BootstrapConfig},
[INFO] [stdout]    |     ^^^^^^^^^ could not find `config_v2` in `hwhkit`
[INFO] [stdout] 17 |     core_v2::{AppContext, MessageBusResource, Module, ResourceKind, Result},
[INFO] [stdout]    |     ^^^^^^^ could not find `core_v2` in `hwhkit`
[INFO] [stdout] 18 |     RuntimeBuilder,
[INFO] [stdout]    |     ^^^^^^^^^^^^^^ no `RuntimeBuilder` in the root
[INFO] [stdout] 
[INFO] [stdout] 
[INFO] [stdout] error[E0432]: unresolved import `futures_util`
[INFO] [stdout]   --> examples/runtime-nats-websocket.rs:14:5
[INFO] [stdout]    |
[INFO] [stdout] 14 | use futures_util::StreamExt;
[INFO] [stdout]    |     ^^^^^^^^^^^^ use of unresolved module or unlinked crate `futures_util`
[INFO] [stdout]    |
[INFO] [stdout]    = help: if you wanted to use a crate named `futures_util`, use `cargo add futures_util` to add it to your `Cargo.toml`
[INFO] [stdout] 
[INFO] [stdout] 
[INFO] [stdout] error[E0432]: unresolved import `hwhkit_integration_nats`
[INFO] [stdout]   --> examples/runtime-nats-websocket.rs:20:5
[INFO] [stdout]    |
[INFO] [stdout] 20 | use hwhkit_integration_nats::NatsHandle;
[INFO] [stdout]    |     ^^^^^^^^^^^^^^^^^^^^^^^ use of unresolved module or unlinked crate `hwhkit_integration_nats`
[INFO] [stdout]    |
[INFO] [stdout]    = help: if you wanted to use a crate named `hwhkit_integration_nats`, use `cargo add hwhkit_integration_nats` to add it to your `Cargo.toml`
[INFO] [stdout] 
[INFO] [stdout] 
[INFO] [stdout] error[E0433]: cannot find `core_v2` in `hwhkit`
[INFO] [stdout]    --> examples/runtime-nats-websocket.rs:127:32
[INFO] [stdout]     |
[INFO] [stdout] 127 |         .map_err(|err| hwhkit::core_v2::Error::Bootstrap(err.to_string()))?;
[INFO] [stdout]     |                                ^^^^^^^ could not find `core_v2` in `hwhkit`
[INFO] [stdout]     |
[INFO] [stdout] help: consider importing one of these items
[INFO] [stdout]     |
[INFO] [stdout]   1 + use std::error::Error;
[INFO] [stdout]     |
[INFO] [stdout]   1 + use std::fmt::Error;
[INFO] [stdout]     |
[INFO] [stdout]   1 + use std::io::Error;
[INFO] [stdout]     |
[INFO] [stdout]   1 + use core::error::Error;
[INFO] [stdout]     |
[INFO] [stdout]     = and 1 other candidate
[INFO] [stdout] help: if you import `Error`, refer to it directly
[INFO] [stdout]     |
[INFO] [stdout] 127 -         .map_err(|err| hwhkit::core_v2::Error::Bootstrap(err.to_string()))?;
[INFO] [stdout] 127 +         .map_err(|err| Error::Bootstrap(err.to_string()))?;
[INFO] [stdout]     |
[INFO] [stdout] 
[INFO] [stdout] 
[INFO] [stdout] error[E0433]: cannot find `core_v2` in `hwhkit`
[INFO] [stdout]    --> examples/runtime-nats-websocket.rs:136:32
[INFO] [stdout]     |
[INFO] [stdout] 136 |         .map_err(|err| hwhkit::core_v2::Error::Bootstrap(err.to_string()))
[INFO] [stdout]     |                                ^^^^^^^ could not find `core_v2` in `hwhkit`
[INFO] [stdout]     |
[INFO] [stdout] help: consider importing one of these items
[INFO] [stdout]     |
[INFO] [stdout]   1 + use std::error::Error;
[INFO] [stdout]     |
[INFO] [stdout]   1 + use std::fmt::Error;
[INFO] [stdout]     |
[INFO] [stdout]   1 + use std::io::Error;
[INFO] [stdout]     |
[INFO] [stdout]   1 + use core::error::Error;
[INFO] [stdout]     |
[INFO] [stdout]     = and 1 other candidate
[INFO] [stdout] help: if you import `Error`, refer to it directly
[INFO] [stdout]     |
[INFO] [stdout] 136 -         .map_err(|err| hwhkit::core_v2::Error::Bootstrap(err.to_string()))
[INFO] [stdout] 136 +         .map_err(|err| Error::Bootstrap(err.to_string()))
[INFO] [stdout]     |
[INFO] [stdout] 
[INFO] [stdout] 
[INFO] [stdout] error[E0432]: unresolved imports `hwhkit::config_v2`, `hwhkit::core_v2`, `hwhkit::RuntimeBuilder`
[INFO] [stdout]   --> examples/runtime-module-mesh.rs:12:5
[INFO] [stdout]    |
[INFO] [stdout] 12 |     config_v2::{AppConfig, BootstrapConfig},
[INFO] [stdout]    |     ^^^^^^^^^ could not find `config_v2` in `hwhkit`
[INFO] [stdout] 13 |     core_v2::{AppContext, LocalService, Module, Result, ServiceRequest, ServiceResponse, ServiceTarget},
[INFO] [stdout]    |     ^^^^^^^ could not find `core_v2` in `hwhkit`
[INFO] [stdout] 14 |     RuntimeBuilder,
[INFO] [stdout]    |     ^^^^^^^^^^^^^^ no `RuntimeBuilder` in the root
[INFO] [stdout] 
[INFO] [stdout] 
[INFO] [stdout] error[E0432]: unresolved import `hwhkit_transport`
[INFO] [stdout]   --> examples/runtime-module-mesh.rs:16:5
[INFO] [stdout]    |
[INFO] [stdout] 16 | use hwhkit_transport::LoopbackAdapter;
[INFO] [stdout]    |     ^^^^^^^^^^^^^^^^ use of unresolved module or unlinked crate `hwhkit_transport`
[INFO] [stdout]    |
[INFO] [stdout]    = help: if you wanted to use a crate named `hwhkit_transport`, use `cargo add hwhkit_transport` to add it to your `Cargo.toml`
[INFO] [stdout] 
[INFO] [stdout] 
[INFO] [stdout] error[E0432]: unresolved imports `hwhkit::config_v2`, `hwhkit::core_v2`, `hwhkit::run_v2`, `hwhkit::RuntimeBuilder`, `hwhkit::WebServerBuilder`
[INFO] [stdout]  --> tests/facade_compat.rs:6:5
[INFO] [stdout]   |
[INFO] [stdout] 6 |     config_v2::{AppConfig, BootstrapConfig, Environment},
[INFO] [stdout]   |     ^^^^^^^^^ could not find `config_v2` in `hwhkit`
[INFO] [stdout] 7 |     core_v2::{AppContext, Application, Result},
[INFO] [stdout]   |     ^^^^^^^ could not find `core_v2` in `hwhkit`
[INFO] [stdout] 8 |     run_v2, RuntimeBuilder, WebServerBuilder,
[INFO] [stdout]   |     ^^^^^^  ^^^^^^^^^^^^^^  ^^^^^^^^^^^^^^^^ no `WebServerBuilder` in the root
[INFO] [stdout]   |     |       |
[INFO] [stdout]   |     |       no `RuntimeBuilder` in the root
[INFO] [stdout]   |     no `run_v2` in the root
[INFO] [stdout] 
[INFO] [stdout] 
[INFO] [stdout] Some errors have detailed explanations: E0432, E0433.
[INFO] [stdout] 
[INFO] [stdout] For more information about an error, try `rustc --explain E0432`.
[INFO] [stdout] 
[INFO] [stderr] error: could not compile `hwhkit` (example "runtime-nats-websocket") due to 6 previous errors
[INFO] [stderr] warning: build failed, waiting for other jobs to finish...
[INFO] [stdout] error[E0433]: cannot find `transport_v2` in `hwhkit`
[INFO] [stdout]   --> tests/facade_compat.rs:54:29
[INFO] [stdout]    |
[INFO] [stdout] 54 |     let _protocol = hwhkit::transport_v2::ProtocolKind::Rpc;
[INFO] [stdout]    |                             ^^^^^^^^^^^^ could not find `transport_v2` in `hwhkit`
[INFO] [stdout] 
[INFO] [stdout] 
[INFO] [stdout] Some errors have detailed explanations: E0432, E0433.
[INFO] [stdout] 
[INFO] [stdout] For more information about an error, try `rustc --explain E0432`.
[INFO] [stdout] 
[INFO] [stdout] error[E0433]: cannot find `core_v2` in `hwhkit`
[INFO] [stdout]   --> examples/runtime-module-mesh.rs:46:40
[INFO] [stdout]    |
[INFO] [stdout] 46 |                 .map_err(|err| hwhkit::core_v2::Error::Service(err.to_string()))?,
[INFO] [stdout]    |                                        ^^^^^^^ could not find `core_v2` in `hwhkit`
[INFO] [stdout]    |
[INFO] [stdout] help: consider importing one of these items
[INFO] [stdout]    |
[INFO] [stdout]  1 + use std::error::Error;
[INFO] [stdout]    |
[INFO] [stdout]  1 + use std::fmt::Error;
[INFO] [stdout]    |
[INFO] [stdout]  1 + use std::io::Error;
[INFO] [stdout]    |
[INFO] [stdout]  1 + use core::error::Error;
[INFO] [stdout]    |
[INFO] [stdout]    = and 1 other candidate
[INFO] [stdout] help: if you import `Error`, refer to it directly
[INFO] [stdout]    |
[INFO] [stdout] 46 -                 .map_err(|err| hwhkit::core_v2::Error::Service(err.to_string()))?,
[INFO] [stdout] 46 +                 .map_err(|err| Error::Service(err.to_string()))?,
[INFO] [stdout]    |
[INFO] [stdout] 
[INFO] [stdout] 
[INFO] [stdout] error[E0433]: cannot find `core_v2` in `hwhkit`
[INFO] [stdout]    --> examples/runtime-module-mesh.rs:116:32
[INFO] [stdout]     |
[INFO] [stdout] 116 |         .map_err(|err| hwhkit::core_v2::Error::Bootstrap(err.to_string()))?;
[INFO] [stdout]     |                                ^^^^^^^ could not find `core_v2` in `hwhkit`
[INFO] [stdout]     |
[INFO] [stdout] help: consider importing one of these items
[INFO] [stdout]     |
[INFO] [stdout]   1 + use std::error::Error;
[INFO] [stdout]     |
[INFO] [stdout]   1 + use std::fmt::Error;
[INFO] [stdout]     |
[INFO] [stdout]   1 + use std::io::Error;
[INFO] [stdout]     |
[INFO] [stdout]   1 + use core::error::Error;
[INFO] [stdout]     |
[INFO] [stdout]     = and 1 other candidate
[INFO] [stdout] help: if you import `Error`, refer to it directly
[INFO] [stdout]     |
[INFO] [stdout] 116 -         .map_err(|err| hwhkit::core_v2::Error::Bootstrap(err.to_string()))?;
[INFO] [stdout] 116 +         .map_err(|err| Error::Bootstrap(err.to_string()))?;
[INFO] [stdout]     |
[INFO] [stdout] 
[INFO] [stdout] 
[INFO] [stdout] error[E0433]: cannot find `core_v2` in `hwhkit`
[INFO] [stdout]    --> examples/runtime-module-mesh.rs:124:32
[INFO] [stdout]     |
[INFO] [stdout] 124 |         .map_err(|err| hwhkit::core_v2::Error::Bootstrap(err.to_string()))
[INFO] [stdout]     |                                ^^^^^^^ could not find `core_v2` in `hwhkit`
[INFO] [stdout]     |
[INFO] [stdout] help: consider importing one of these items
[INFO] [stdout]     |
[INFO] [stdout]   1 + use std::error::Error;
[INFO] [stdout]     |
[INFO] [stdout]   1 + use std::fmt::Error;
[INFO] [stdout]     |
[INFO] [stdout]   1 + use std::io::Error;
[INFO] [stdout]     |
[INFO] [stdout]   1 + use core::error::Error;
[INFO] [stdout]     |
[INFO] [stdout]     = and 1 other candidate
[INFO] [stdout] help: if you import `Error`, refer to it directly
[INFO] [stdout]     |
[INFO] [stdout] 124 -         .map_err(|err| hwhkit::core_v2::Error::Bootstrap(err.to_string()))
[INFO] [stdout] 124 +         .map_err(|err| Error::Bootstrap(err.to_string()))
[INFO] [stdout]     |
[INFO] [stdout] 
[INFO] [stdout] 
[INFO] [stdout] error[E0432]: unresolved imports `hwhkit::config_v2`, `hwhkit::core_v2`, `hwhkit::RuntimeBuilder`
[INFO] [stdout]   --> tests/runtime_examples.rs:16:5
[INFO] [stdout]    |
[INFO] [stdout] 16 |     config_v2::{AppConfig, BootstrapConfig, Environment},
[INFO] [stdout]    |     ^^^^^^^^^ could not find `config_v2` in `hwhkit`
[INFO] [stdout] 17 |     core_v2::{AppContext, LocalService, MessageBusResource, Module, ResourceKind, Result, ServiceRequest, ServiceResponse, ServiceTa...
[INFO] [stdout]    |     ^^^^^^^ could not find `core_v2` in `hwhkit`
[INFO] [stdout] 18 |     RuntimeBuilder,
[INFO] [stdout]    |     ^^^^^^^^^^^^^^ no `RuntimeBuilder` in the root
[INFO] [stdout] 
[INFO] [stdout] 
[INFO] [stdout] error[E0432]: unresolved import `hwhkit_integration_nats`
[INFO] [stdout]   --> tests/runtime_examples.rs:20:5
[INFO] [stdout]    |
[INFO] [stdout] 20 | use hwhkit_integration_nats::NatsHandle;
[INFO] [stdout]    |     ^^^^^^^^^^^^^^^^^^^^^^^ use of unresolved module or unlinked crate `hwhkit_integration_nats`
[INFO] [stdout]    |
[INFO] [stdout]    = help: if you wanted to use a crate named `hwhkit_integration_nats`, use `cargo add hwhkit_integration_nats` to add it to your `Cargo.toml`
[INFO] [stdout] 
[INFO] [stdout] 
[INFO] [stdout] error[E0432]: unresolved import `hwhkit_transport`
[INFO] [stdout]   --> tests/runtime_examples.rs:21:5
[INFO] [stdout]    |
[INFO] [stdout] 21 | use hwhkit_transport::{CommunicationPattern, LoopbackAdapter, ProtocolAdapter, ProtocolCall, ProtocolKind};
[INFO] [stdout]    |     ^^^^^^^^^^^^^^^^ use of unresolved module or unlinked crate `hwhkit_transport`
[INFO] [stdout]    |
[INFO] [stdout]    = help: if you wanted to use a crate named `hwhkit_transport`, use `cargo add hwhkit_transport` to add it to your `Cargo.toml`
[INFO] [stdout] 
[INFO] [stdout] 
[INFO] [stdout] error[E0432]: unresolved import `futures_util`
[INFO] [stdout]    --> tests/runtime_examples.rs:167:9
[INFO] [stdout]     |
[INFO] [stdout] 167 |     use futures_util::StreamExt;
[INFO] [stdout]     |         ^^^^^^^^^^^^ use of unresolved module or unlinked crate `futures_util`
[INFO] [stdout]     |
[INFO] [stdout]     = help: if you wanted to use a crate named `futures_util`, use `cargo add futures_util` to add it to your `Cargo.toml`
[INFO] [stdout] 
[INFO] [stdout] 
[INFO] [stdout] error[E0432]: unresolved import `futures_util`
[INFO] [stdout]    --> tests/runtime_examples.rs:397:13
[INFO] [stdout]     |
[INFO] [stdout] 397 |         use futures_util::StreamExt;
[INFO] [stdout]     |             ^^^^^^^^^^^^ use of unresolved module or unlinked crate `futures_util`
[INFO] [stdout]     |
[INFO] [stdout]     = help: if you wanted to use a crate named `futures_util`, use `cargo add futures_util` to add it to your `Cargo.toml`
[INFO] [stdout] 
[INFO] [stdout] 
[INFO] [stderr] error: could not compile `hwhkit` (test "facade_compat") due to 2 previous errors
[INFO] [stdout] Some errors have detailed explanations: E0432, E0433.
[INFO] [stdout] 
[INFO] [stdout] For more information about an error, try `rustc --explain E0432`.
[INFO] [stdout] 
[INFO] [stderr] error: could not compile `hwhkit` (example "runtime-module-mesh") due to 5 previous errors
[INFO] [stdout] error[E0433]: cannot find module or crate `tokio_tungstenite` in this scope
[INFO] [stdout]    --> tests/runtime_examples.rs:394:31
[INFO] [stdout]     |
[INFO] [stdout] 394 |         let (mut socket, _) = tokio_tungstenite::connect_async(stream_url)
[INFO] [stdout]     |                               ^^^^^^^^^^^^^^^^^ use of unresolved module or unlinked crate `tokio_tungstenite`
[INFO] [stdout]     |
[INFO] [stdout]     = help: if you wanted to use a crate named `tokio_tungstenite`, use `cargo add tokio_tungstenite` to add it to your `Cargo.toml`
[INFO] [stdout] 
[INFO] [stdout] 
[INFO] [stdout] Some errors have detailed explanations: E0432, E0433.
[INFO] [stdout] 
[INFO] [stdout] For more information about an error, try `rustc --explain E0432`.
[INFO] [stdout] 
[INFO] [stderr] error: could not compile `hwhkit` (test "runtime_examples") due to 6 previous errors
[INFO] running `Command { std: "docker" "inspect" "2b600a867f9879dfe55e830392ba2a3582ba40cc227e3e3d6e1248249f60f2ad", kill_on_drop: false }`
[INFO] running `Command { std: "docker" "rm" "-f" "2b600a867f9879dfe55e830392ba2a3582ba40cc227e3e3d6e1248249f60f2ad", kill_on_drop: false }`
[INFO] [stdout] 2b600a867f9879dfe55e830392ba2a3582ba40cc227e3e3d6e1248249f60f2ad
