[INFO] fetching crate huskarl 0.11.6...
[INFO] testing huskarl-0.11.6 against 1.99.0-beta.8+cargoflags=--release for beta-release-1.100-2
[INFO] extracting crate huskarl 0.11.6 into /workspace/builds/worker-6-tc1/source
[INFO] started tweaking crates.io crate huskarl 0.11.6
[INFO] removed 0 missing examples
[INFO] finished tweaking crates.io crate huskarl 0.11.6
[INFO] tweaked toml for crates.io crate huskarl 0.11.6 written to /workspace/builds/worker-6-tc1/source/Cargo.toml
[INFO] validating manifest of crates.io crate huskarl 0.11.6 on toolchain 1.99.0-beta.8
[INFO] running `Command { std: CARGO_HOME="/workspace/cargo-home" RUSTUP_HOME="/workspace/rustup-home" "/workspace/cargo-home/bin/cargo" "+1.99.0-beta.8" "metadata" "--manifest-path" "Cargo.toml" "--no-deps", kill_on_drop: false }`
[INFO] crate crates.io crate huskarl 0.11.6 already has a lockfile, it will not be regenerated
[INFO] running `Command { std: CARGO_HOME="/workspace/cargo-home" RUSTUP_HOME="/workspace/rustup-home" "/workspace/cargo-home/bin/cargo" "+1.99.0-beta.8" "fetch" "--manifest-path" "Cargo.toml", kill_on_drop: false }`
[INFO] [stderr]     Updating crates.io index
[INFO] [stderr]  Downloading crates ...
[INFO] [stderr]   Downloaded wasm-bindgen-test-shared v0.2.127
[INFO] [stderr]   Downloaded wasm-bindgen-test-macro v0.3.77
[INFO] [stderr]   Downloaded wasm-bindgen-test v0.3.77
[INFO] [stderr]   Downloaded minicov v0.3.9
[INFO] [stderr]   Downloaded snafu v0.9.2
[INFO] [stderr]   Downloaded snafu-derive v0.9.2
[INFO] [stderr]   Downloaded rstest v0.26.1
[INFO] [stderr]   Downloaded rstest_macros v0.26.1
[INFO] [stderr]   Downloaded h2 v0.4.18
[INFO] [stderr]   Downloaded huskarl-macros v0.4.1
[INFO] [stderr]   Downloaded huskarl-crypto-webcrypto v0.11.0
[INFO] [stderr]   Downloaded aws-lc-rs v1.18.0
[INFO] [stderr]   Downloaded huskarl-core v0.10.7
[INFO] [stderr]   Downloaded rfc6979 v0.6.0
[INFO] [stderr]   Downloaded base16ct v1.0.0
[INFO] [stderr]   Downloaded wnaf v0.14.1
[INFO] [stderr]   Downloaded spki v0.8.1
[INFO] [stderr]   Downloaded serdect v0.4.3
[INFO] [stderr]   Downloaded primefield v0.14.0
[INFO] [stderr]   Downloaded pkcs1 v0.8.0-rc.5
[INFO] [stderr]   Downloaded huskarl-crypto-native v0.11.2
[INFO] [stderr]   Downloaded pkcs8 v0.11.0
[INFO] [stderr]   Downloaded primeorder v0.14.0
[INFO] [stderr]   Downloaded ff v0.14.0
[INFO] [stderr]   Downloaded group v0.14.0
[INFO] [stderr]   Downloaded sec1 v0.8.1
[INFO] [stderr]   Downloaded ecdsa v0.17.0
[INFO] [stderr]   Downloaded p384 v0.14.0
[INFO] [stderr]   Downloaded elliptic-curve v0.14.1
[INFO] [stderr]   Downloaded rsa v0.10.0-rc.19
[INFO] [stderr]   Downloaded der v0.8.2
[INFO] [stderr]   Downloaded p256 v0.14.0
[INFO] [stderr]   Downloaded ed25519-dalek v3.0.0
[INFO] [stderr]   Downloaded crypto-primes v0.7.2
[INFO] [stderr]   Downloaded crypto-bigint v0.7.5
[INFO] [stderr]   Downloaded tabwriter v1.4.1
[INFO] [stderr]   Downloaded serde_regex v1.2.0
[INFO] [stderr]   Downloaded path-tree v0.8.3
[INFO] [stderr]   Downloaded async-object-pool v0.2.0
[INFO] [stderr]   Downloaded ed25519 v3.0.0
[INFO] [stderr]   Downloaded aes-gcm v0.11.1
[INFO] [stderr]   Downloaded stringmetrics v2.2.2
[INFO] [stderr]   Downloaded httpmock v0.8.3
[INFO] [stderr]   Downloaded aws-lc-sys v0.44.0
[INFO] running `Command { std: "docker" "create" "-v" "/var/lib/crater-agent-workspace/builds/worker-6-tc1/source:/opt/rustwide/workdir:ro,Z" "-v" "/var/lib/crater-agent-workspace/builds/worker-6-tc1/target:/opt/rustwide/target:rw,Z" "-v" "/var/lib/crater-agent-workspace/cargo-home:/opt/rustwide/cargo-home:ro,Z" "-v" "/var/lib/crater-agent-workspace/rustup-home:/opt/rustwide/rustup-home:ro,Z" "-m" "1610612736" "--network" "none" "ghcr.io/rust-lang/crates-build-env/linux@sha256:77db811e55d90add9212f6832c23229e3de5f1c1f9905e8cb07319ea15df73ac" "sleep" "infinity", kill_on_drop: false }`
[INFO] [stdout] 0d08fae6b3bc0492bd755b832937711f206241303e2da9283ac35491f3cc3aac
[INFO] running `Command { std: "docker" "start" "0d08fae6b3bc0492bd755b832937711f206241303e2da9283ac35491f3cc3aac", kill_on_drop: false }`
[INFO] running `Command { std: "docker" "inspect" "0d08fae6b3bc0492bd755b832937711f206241303e2da9283ac35491f3cc3aac", kill_on_drop: false }`
[INFO] running `Command { std: "docker" "exec" "-e" "SOURCE_DIR=/opt/rustwide/workdir" "-e" "CARGO_HOME=/opt/rustwide/cargo-home" "-e" "RUSTUP_HOME=/opt/rustwide/rustup-home" "-e" "CARGO_TARGET_DIR=/opt/rustwide/target" "-w" "/opt/rustwide/workdir" "--user" "0:0" "0d08fae6b3bc0492bd755b832937711f206241303e2da9283ac35491f3cc3aac" "/opt/rustwide/cargo-home/bin/cargo" "+1.99.0-beta.8" "metadata" "--no-deps" "--format-version=1", kill_on_drop: false }`
[INFO] running `Command { std: "docker" "inspect" "0d08fae6b3bc0492bd755b832937711f206241303e2da9283ac35491f3cc3aac", kill_on_drop: false }`
[INFO] running `Command { std: "docker" "exec" "-e" "SOURCE_DIR=/opt/rustwide/workdir" "-e" "CARGO_HOME=/opt/rustwide/cargo-home" "-e" "RUSTUP_HOME=/opt/rustwide/rustup-home" "-e" "CARGO_TARGET_DIR=/opt/rustwide/target" "-e" "CARGO_INCREMENTAL=0" "-e" "RUST_BACKTRACE=full" "-e" "RUSTFLAGS=--cap-lints=warn" "-e" "RUSTDOCFLAGS=--cap-lints=warn" "-w" "/opt/rustwide/workdir" "--user" "0:0" "0d08fae6b3bc0492bd755b832937711f206241303e2da9283ac35491f3cc3aac" "/opt/rustwide/cargo-home/bin/cargo" "+1.99.0-beta.8" "build" "--frozen" "--message-format=json" "--release", kill_on_drop: false }`
[INFO] [stderr]    Compiling subtle v2.6.1
[INFO] [stderr]    Compiling libc v0.2.189
[INFO] [stderr]    Compiling syn v3.0.4
[INFO] [stderr]    Compiling pem-rfc7468 v1.0.0
[INFO] [stderr]    Compiling num-traits v0.2.19
[INFO] [stderr]    Compiling base16ct v1.0.0
[INFO] [stderr]    Compiling darling_core v0.23.0
[INFO] [stderr]    Compiling serde_core v1.0.229
[INFO] [stderr]    Compiling hybrid-array v0.4.14
[INFO] [stderr]    Compiling ctutils v0.4.2
[INFO] [stderr]    Compiling ff v0.14.0
[INFO] [stderr]    Compiling der v0.8.2
[INFO] [stderr]    Compiling group v0.14.0
[INFO] [stderr]    Compiling smallvec v1.15.2
[INFO] [stderr]    Compiling block-buffer v0.12.1
[INFO] [stderr]    Compiling inout v0.2.2
[INFO] [stderr]    Compiling prettyplease v0.2.37
[INFO] [stderr]    Compiling curve25519-dalek v5.0.0
[INFO] [stderr]    Compiling serde v1.0.229
[INFO] [stderr]    Compiling serde_json v1.0.151
[INFO] [stderr]    Compiling snafu-derive v0.9.2
[INFO] [stderr]    Compiling strum_macros v0.27.2
[INFO] [stderr]    Compiling getrandom v0.4.3
[INFO] [stderr]    Compiling curve25519-dalek-derive v0.1.1
[INFO] [stderr]    Compiling crypto-common v0.2.2
[INFO] [stderr]    Compiling crypto-bigint v0.7.5
[INFO] [stderr]    Compiling digest v0.11.3
[INFO] [stderr]    Compiling spki v0.8.1
[INFO] [stderr]    Compiling pkcs8 v0.11.0
[INFO] [stderr]    Compiling cipher v0.5.2
[INFO] [stderr]    Compiling signature v3.0.0
[INFO] [stderr]    Compiling sha2 v0.11.0
[INFO] [stderr]    Compiling universal-hash v0.6.1
[INFO] [stderr]    Compiling sec1 v0.8.1
[INFO] [stderr]    Compiling hmac v0.13.0
[INFO] [stderr]    Compiling darling_macro v0.23.0
[INFO] [stderr]    Compiling chacha20 v0.10.2
[INFO] [stderr]    Compiling darling_core v0.24.1
[INFO] [stderr]    Compiling darling v0.23.0
[INFO] [stderr]    Compiling bon-macros v3.9.3
[INFO] [stderr]    Compiling polyval v0.7.3
[INFO] [stderr]    Compiling aead v0.6.1
[INFO] [stderr]    Compiling futures-util v0.3.34
[INFO] [stderr]    Compiling http v1.5.0
[INFO] [stderr]    Compiling zerovec-derive v0.11.6
[INFO] [stderr]    Compiling displaydoc v0.2.7
[INFO] [stderr]    Compiling zerotrie v0.2.5
[INFO] [stderr]    Compiling elliptic-curve v0.14.1
[INFO] [stderr]    Compiling zerovec v0.11.8
[INFO] [stderr]    Compiling primefield v0.14.0
[INFO] [stderr]    Compiling rfc6979 v0.6.0
[INFO] [stderr]    Compiling wnaf v0.14.1
[INFO] [stderr]    Compiling serde_derive v1.0.229
[INFO] [stderr]    Compiling primeorder v0.14.0
[INFO] [stderr]    Compiling ecdsa v0.17.0
[INFO] [stderr]    Compiling tinystr v0.8.4
[INFO] [stderr]    Compiling potential_utf v0.1.6
[INFO] [stderr]    Compiling icu_collections v2.3.0
[INFO] [stderr]    Compiling darling_macro v0.24.1
[INFO] [stderr]    Compiling icu_locale_core v2.3.0
[INFO] [stderr]    Compiling crypto-primes v0.7.2
[INFO] [stderr]    Compiling darling v0.24.1
[INFO] [stderr]    Compiling huskarl-macros v0.4.1
[INFO] [stderr]    Compiling ghash v0.6.0
[INFO] [stderr]    Compiling rand v0.10.2
[INFO] [stderr]    Compiling bon v3.9.3
[INFO] [stderr]    Compiling strum v0.27.2
[INFO] [stderr]    Compiling poly1305 v0.9.1
[INFO] [stderr]    Compiling aes v0.9.2
[INFO] [stderr]    Compiling ctr v0.10.1
[INFO] [stderr]    Compiling ed25519 v3.0.0
[INFO] [stderr]    Compiling icu_provider v2.3.1
[INFO] [stderr]    Compiling snafu v0.9.2
[INFO] [stderr]    Compiling pkcs1 v0.8.0-rc.5
[INFO] [stderr]    Compiling icu_normalizer v2.3.0
[INFO] [stderr]    Compiling icu_properties v2.3.0
[INFO] [stderr]    Compiling tokio v1.53.1
[INFO] [stderr]    Compiling arc-swap v1.9.2
[INFO] [stderr]    Compiling rsa v0.10.0-rc.19
[INFO] [stderr]    Compiling ed25519-dalek v3.0.0
[INFO] [stderr]    Compiling idna_adapter v1.2.2
[INFO] [stderr]    Compiling idna v1.1.0
[INFO] [stderr]    Compiling aes-gcm v0.11.1
[INFO] [stderr]    Compiling chacha20poly1305 v0.11.0
[INFO] [stderr]    Compiling p384 v0.14.0
[INFO] [stderr]    Compiling url v2.5.8
[INFO] [stderr]    Compiling p256 v0.14.0
[INFO] [stderr]    Compiling huskarl-core v0.10.7
[INFO] [stderr]    Compiling huskarl-crypto-native v0.11.2
[INFO] [stderr]    Compiling huskarl v0.11.6 (/opt/rustwide/workdir)
[INFO] [stderr]     Finished `release` profile [optimized] target(s) in 2m 02s
[INFO] running `Command { std: "docker" "inspect" "0d08fae6b3bc0492bd755b832937711f206241303e2da9283ac35491f3cc3aac", kill_on_drop: false }`
[INFO] running `Command { std: "docker" "exec" "-e" "SOURCE_DIR=/opt/rustwide/workdir" "-e" "CARGO_HOME=/opt/rustwide/cargo-home" "-e" "RUSTUP_HOME=/opt/rustwide/rustup-home" "-e" "CARGO_TARGET_DIR=/opt/rustwide/target" "-e" "CARGO_INCREMENTAL=0" "-e" "RUST_BACKTRACE=full" "-e" "RUSTFLAGS=--cap-lints=warn" "-e" "RUSTDOCFLAGS=--cap-lints=warn" "-w" "/opt/rustwide/workdir" "--user" "0:0" "0d08fae6b3bc0492bd755b832937711f206241303e2da9283ac35491f3cc3aac" "/opt/rustwide/cargo-home/bin/cargo" "+1.99.0-beta.8" "test" "--frozen" "--no-run" "--message-format=json" "--release", kill_on_drop: false }`
[INFO] [stderr]    Compiling syn v3.0.4
[INFO] [stderr]    Compiling crypto-common v0.2.2
[INFO] [stderr]    Compiling crypto-bigint v0.7.5
[INFO] [stderr]    Compiling aws-lc-sys v0.44.0
[INFO] [stderr]    Compiling aws-lc-rs v1.18.0
[INFO] [stderr]    Compiling serde_json v1.0.151
[INFO] [stderr]    Compiling generic-array v0.14.7
[INFO] [stderr]    Compiling rustls v0.23.45
[INFO] [stderr]    Compiling futures-channel v0.3.34
[INFO] [stderr]    Compiling memchr v2.8.3
[INFO] [stderr]    Compiling aho-corasick v1.1.5
[INFO] [stderr]    Compiling block-buffer v0.10.4
[INFO] [stderr]    Compiling crypto-common v0.1.7
[INFO] [stderr]    Compiling cookie v0.18.2
[INFO] [stderr]    Compiling digest v0.11.3
[INFO] [stderr]    Compiling cipher v0.5.2
[INFO] [stderr]    Compiling signature v3.0.0
[INFO] [stderr]    Compiling sha2 v0.11.0
[INFO] [stderr]    Compiling universal-hash v0.6.1
[INFO] [stderr]    Compiling hmac v0.13.0
[INFO] [stderr]    Compiling chacha20 v0.10.2
[INFO] [stderr]    Compiling polyval v0.7.3
[INFO] [stderr]    Compiling aead v0.6.1
[INFO] [stderr]    Compiling time v0.3.55
[INFO] [stderr]    Compiling regex-automata v0.4.18
[INFO] [stderr]    Compiling darling_core v0.24.1
[INFO] [stderr]    Compiling serde_derive v1.0.229
[INFO] [stderr]    Compiling zerovec-derive v0.11.6
[INFO] [stderr]    Compiling displaydoc v0.2.7
[INFO] [stderr]    Compiling tokio-macros v2.7.2
[INFO] [stderr]    Compiling zerotrie v0.2.5
[INFO] [stderr]    Compiling futures-macro v0.3.34
[INFO] [stderr]    Compiling zerovec v0.11.8
[INFO] [stderr]    Compiling elliptic-curve v0.14.1
[INFO] [stderr]    Compiling primefield v0.14.0
[INFO] [stderr]    Compiling wnaf v0.14.1
[INFO] [stderr]    Compiling darling_macro v0.24.1
[INFO] [stderr]    Compiling rfc6979 v0.6.0
[INFO] [stderr]    Compiling tinystr v0.8.4
[INFO] [stderr]    Compiling potential_utf v0.1.6
[INFO] [stderr]    Compiling ecdsa v0.17.0
[INFO] [stderr]    Compiling icu_collections v2.3.0
[INFO] [stderr]    Compiling icu_locale_core v2.3.0
[INFO] [stderr]    Compiling futures-util v0.3.34
[INFO] [stderr]    Compiling primeorder v0.14.0
[INFO] [stderr]    Compiling serde v1.0.229
[INFO] [stderr]    Compiling darling v0.24.1
[INFO] [stderr]    Compiling icu_provider v2.3.1
[INFO] [stderr]    Compiling icu_normalizer v2.3.0
[INFO] [stderr]    Compiling bytes v1.12.1
[INFO] [stderr]    Compiling icu_properties v2.3.0
[INFO] [stderr]    Compiling huskarl-macros v0.4.1
[INFO] [stderr]    Compiling http v1.5.0
[INFO] [stderr]    Compiling tokio v1.53.1
[INFO] [stderr]    Compiling crypto-primes v0.7.2
[INFO] [stderr]    Compiling curve25519-dalek v5.0.0
[INFO] [stderr]    Compiling ghash v0.6.0
[INFO] [stderr]    Compiling idna_adapter v1.2.2
[INFO] [stderr]    Compiling idna v1.1.0
[INFO] [stderr]    Compiling url v2.5.8
[INFO] [stderr]    Compiling http-body v1.1.0
[INFO] [stderr]    Compiling rand v0.10.2
[INFO] [stderr]    Compiling poly1305 v0.9.1
[INFO] [stderr]    Compiling ed25519 v3.0.0
[INFO] [stderr]    Compiling ctr v0.10.1
[INFO] [stderr]    Compiling aes v0.9.2
[INFO] [stderr]    Compiling digest v0.10.7
[INFO] [stderr]    Compiling event-listener-strategy v0.5.4
[INFO] [stderr]    Compiling rstest_macros v0.26.1
[INFO] [stderr]    Compiling crossbeam-utils v0.8.22
[INFO] [stderr]    Compiling psl-types v2.0.11
[INFO] [stderr]    Compiling litrs v1.0.0
[INFO] [stderr]    Compiling publicsuffix v2.3.0
[INFO] [stderr]    Compiling sha1 v0.10.7
[INFO] [stderr]    Compiling rsa v0.10.0-rc.19
[INFO] [stderr]    Compiling async-lock v3.4.2
[INFO] [stderr]    Compiling aes-gcm v0.11.1
[INFO] [stderr]    Compiling document-features v0.2.12
[INFO] [stderr]    Compiling ed25519-dalek v3.0.0
[INFO] [stderr]    Compiling chacha20poly1305 v0.11.0
[INFO] [stderr]    Compiling http-body-util v0.1.5
[INFO] [stderr]    Compiling headers-core v0.3.0
[INFO] [stderr]    Compiling p384 v0.14.0
[INFO] [stderr]    Compiling p256 v0.14.0
[INFO] [stderr]    Compiling regex v1.13.1
[INFO] [stderr]    Compiling tokio-util v0.7.19
[INFO] [stderr]    Compiling huskarl-core v0.10.7
[INFO] [stderr]    Compiling tower v0.5.3
[INFO] [stderr]    Compiling h2 v0.4.18
[INFO] [stderr]    Compiling thiserror-impl v2.0.20
[INFO] [stderr]    Compiling unicode-width v0.2.2
[INFO] [stderr]    Compiling glob v0.3.4
[INFO] [stderr]    Compiling relative-path v1.9.3
[INFO] [stderr]    Compiling serde_urlencoded v0.7.1
[INFO] [stderr]    Compiling thiserror v2.0.20
[INFO] [stderr]    Compiling tower-http v0.6.11
[INFO] [stderr]    Compiling tabwriter v1.4.1
[INFO] [stderr]    Compiling serde_regex v1.2.0
[INFO] [stderr]    Compiling cookie_store v0.22.1
[INFO] [stderr]    Compiling headers v0.4.1
[INFO] [stderr]    Compiling async-object-pool v0.2.0
[INFO] [stderr]    Compiling assert-json-diff v2.0.2
[INFO] [stderr]    Compiling async-trait v0.1.92
[INFO] [stderr]    Compiling path-tree v0.8.3
[INFO] [stderr]    Compiling stringmetrics v2.2.2
[INFO] [stderr]    Compiling huskarl-crypto-native v0.11.2
[INFO] [stderr]    Compiling rstest v0.26.1
[INFO] [stderr]    Compiling hyper v1.11.0
[INFO] [stderr]    Compiling huskarl v0.11.6 (/opt/rustwide/workdir)
[INFO] [stderr]    Compiling hyper-util v0.1.20
[INFO] [stderr]    Compiling httpmock v0.8.3
[INFO] [stderr]    Compiling rustls-webpki v0.103.15
[INFO] [stderr]    Compiling tokio-rustls v0.26.4
[INFO] [stderr]    Compiling rustls-platform-verifier v0.7.0
[INFO] [stderr]    Compiling hyper-rustls v0.27.9
[INFO] [stderr]    Compiling reqwest v0.13.4
[INFO] [stdout] error[E0432]: unresolved import `huskarl_reqwest`
[INFO] [stdout]   --> examples/client_credentials.rs:13:5
[INFO] [stdout]    |
[INFO] [stdout] 13 | use huskarl_reqwest::ReqwestClient;
[INFO] [stdout]    |     ^^^^^^^^^^^^^^^ use of unresolved module or unlinked crate `huskarl_reqwest`
[INFO] [stdout]    |
[INFO] [stdout]    = help: if you wanted to use a crate named `huskarl_reqwest`, use `cargo add huskarl_reqwest` to add it to your `Cargo.toml`
[INFO] [stdout] 
[INFO] [stdout] 
[INFO] [stdout] error[E0432]: unresolved import `huskarl_reqwest`
[INFO] [stdout]   --> examples/cached_client.rs:19:5
[INFO] [stdout]    |
[INFO] [stdout] 19 | use huskarl_reqwest::ReqwestClient;
[INFO] [stdout]    |     ^^^^^^^^^^^^^^^ use of unresolved module or unlinked crate `huskarl_reqwest`
[INFO] [stdout]    |
[INFO] [stdout]    = help: if you wanted to use a crate named `huskarl_reqwest`, use `cargo add huskarl_reqwest` to add it to your `Cargo.toml`
[INFO] [stdout] 
[INFO] [stdout] 
[INFO] [stdout] For more information about this error, try `rustc --explain E0432`.
[INFO] [stdout] 
[INFO] [stderr] error: could not compile `huskarl` (example "client_credentials") due to 1 previous error
[INFO] [stderr] warning: build failed, waiting for other jobs to finish...
[INFO] [stdout] For more information about this error, try `rustc --explain E0432`.
[INFO] [stdout] 
[INFO] [stderr] error: could not compile `huskarl` (example "cached_client") due to 1 previous error
[INFO] [stdout] error: couldn't read `src/../../huskarl-core/docs/explanation/error_handling.md`: No such file or directory (os error 2)
[INFO] [stdout]    --> src/lib.rs:164:30
[INFO] [stdout]     |
[INFO] [stdout] 164 |     const CORE_MODEL: &str = include_str!("../../huskarl-core/docs/explanation/error_handling.md");
[INFO] [stdout]     |                              ^^^^^^^^^^^^^^^^^^^^^^^^^^^^^^^^^^^^^^^^^^^^^^^^^^^^^^^^^^^^^^^^^^^^^
[INFO] [stdout]     |
[INFO] [stdout] help: there is a file with the same name in a different directory
[INFO] [stdout]     |
[INFO] [stdout] 164 -     const CORE_MODEL: &str = include_str!("../../huskarl-core/docs/explanation/error_handling.md");
[INFO] [stdout] 164 +     const CORE_MODEL: &str = include_str!("../docs/explanation/error_handling.md");
[INFO] [stdout]     |
[INFO] [stdout] 
[INFO] [stdout] 
[INFO] [stdout] error[E0432]: unresolved import `huskarl_reqwest`
[INFO] [stdout]    --> src/grant/client_credentials.rs:235:9
[INFO] [stdout]     |
[INFO] [stdout] 235 |     use huskarl_reqwest::ReqwestClient;
[INFO] [stdout]     |         ^^^^^^^^^^^^^^^ use of unresolved module or unlinked crate `huskarl_reqwest`
[INFO] [stdout]     |
[INFO] [stdout]     = help: if you wanted to use a crate named `huskarl_reqwest`, use `cargo add huskarl_reqwest` to add it to your `Cargo.toml`
[INFO] [stdout] 
[INFO] [stdout] 
[INFO] [stdout] error[E0432]: unresolved import `huskarl_reqwest`
[INFO] [stdout]    --> src/grant/jwt_bearer.rs:263:9
[INFO] [stdout]     |
[INFO] [stdout] 263 |     use huskarl_reqwest::ReqwestClient;
[INFO] [stdout]     |         ^^^^^^^^^^^^^^^ use of unresolved module or unlinked crate `huskarl_reqwest`
[INFO] [stdout]     |
[INFO] [stdout]     = help: if you wanted to use a crate named `huskarl_reqwest`, use `cargo add huskarl_reqwest` to add it to your `Cargo.toml`
[INFO] [stdout] 
[INFO] [stdout] 
[INFO] [stdout] error[E0433]: cannot find module or crate `huskarl_resource_server` in this scope
[INFO] [stdout]  --> src/grant/refresh/binding_tests.rs:9:5
[INFO] [stdout]   |
[INFO] [stdout] 9 | use huskarl_resource_server::validator::dpop_proof::DPoPProofValidator;
[INFO] [stdout]   |     ^^^^^^^^^^^^^^^^^^^^^^^ use of unresolved module or unlinked crate `huskarl_resource_server`
[INFO] [stdout]   |
[INFO] [stdout]   = help: if you wanted to use a crate named `huskarl_resource_server`, use `cargo add huskarl_resource_server` to add it to your `Cargo.toml`
[INFO] [stdout] 
[INFO] [stdout] 
[INFO] [stdout] error[E0432]: unresolved import `huskarl_reqwest`
[INFO] [stdout]    --> src/grant/refresh.rs:279:9
[INFO] [stdout]     |
[INFO] [stdout] 279 |     use huskarl_reqwest::ReqwestClient;
[INFO] [stdout]     |         ^^^^^^^^^^^^^^^ use of unresolved module or unlinked crate `huskarl_reqwest`
[INFO] [stdout]     |
[INFO] [stdout]     = help: if you wanted to use a crate named `huskarl_reqwest`, use `cargo add huskarl_reqwest` to add it to your `Cargo.toml`
[INFO] [stdout] 
[INFO] [stdout] 
[INFO] [stdout] error[E0432]: unresolved import `huskarl_reqwest`
[INFO] [stdout]    --> src/grant/token_exchange.rs:537:9
[INFO] [stdout]     |
[INFO] [stdout] 537 |     use huskarl_reqwest::ReqwestClient;
[INFO] [stdout]     |         ^^^^^^^^^^^^^^^ use of unresolved module or unlinked crate `huskarl_reqwest`
[INFO] [stdout]     |
[INFO] [stdout]     = help: if you wanted to use a crate named `huskarl_reqwest`, use `cargo add huskarl_reqwest` to add it to your `Cargo.toml`
[INFO] [stdout] 
[INFO] [stdout] 
[INFO] [stdout] error[E0432]: unresolved import `huskarl_reqwest`
[INFO] [stdout]    --> src/grant/authorization_code/flow/tests/mod.rs:342:9
[INFO] [stdout]     |
[INFO] [stdout] 342 |     use huskarl_reqwest::ReqwestClient;
[INFO] [stdout]     |         ^^^^^^^^^^^^^^^ use of unresolved module or unlinked crate `huskarl_reqwest`
[INFO] [stdout]     |
[INFO] [stdout]     = help: if you wanted to use a crate named `huskarl_reqwest`, use `cargo add huskarl_reqwest` to add it to your `Cargo.toml`
[INFO] [stdout] 
[INFO] [stdout] 
[INFO] [stdout] error[E0433]: cannot find module or crate `huskarl_resource_server` in this scope
[INFO] [stdout]    --> src/grant/authorization_code/flow/tests/complete.rs:190:9
[INFO] [stdout]     |
[INFO] [stdout] 190 |         huskarl_resource_server::validator::dpop_proof::DPoPProofValidator::builder()
[INFO] [stdout]     |         ^^^^^^^^^^^^^^^^^^^^^^^ use of unresolved module or unlinked crate `huskarl_resource_server`
[INFO] [stdout]     |
[INFO] [stdout]     = help: if you wanted to use a crate named `huskarl_resource_server`, use `cargo add huskarl_resource_server` to add it to your `Cargo.toml`
[INFO] [stdout] 
[INFO] [stdout] 
[INFO] [stdout] error[E0433]: cannot find module or crate `huskarl_resource_server` in this scope
[INFO] [stdout]    --> src/grant/authorization_code/flow/tests/complete.rs:787:9
[INFO] [stdout]     |
[INFO] [stdout] 787 |         huskarl_resource_server::validator::dpop_proof::DPoPProofValidator::builder()
[INFO] [stdout]     |         ^^^^^^^^^^^^^^^^^^^^^^^ use of unresolved module or unlinked crate `huskarl_resource_server`
[INFO] [stdout]     |
[INFO] [stdout]     = help: if you wanted to use a crate named `huskarl_resource_server`, use `cargo add huskarl_resource_server` to add it to your `Cargo.toml`
[INFO] [stdout] 
[INFO] [stdout] 
[INFO] [stdout] Some errors have detailed explanations: E0432, E0433.
[INFO] [stdout] 
[INFO] [stdout] For more information about an error, try `rustc --explain E0432`.
[INFO] [stdout] 
[INFO] [stderr] error: could not compile `huskarl` (lib test) due to 9 previous errors
[INFO] running `Command { std: "docker" "inspect" "0d08fae6b3bc0492bd755b832937711f206241303e2da9283ac35491f3cc3aac", kill_on_drop: false }`
[INFO] running `Command { std: "docker" "rm" "-f" "0d08fae6b3bc0492bd755b832937711f206241303e2da9283ac35491f3cc3aac", kill_on_drop: false }`
[INFO] [stdout] 0d08fae6b3bc0492bd755b832937711f206241303e2da9283ac35491f3cc3aac
