[INFO] fetching crate huskarl-resource-server 0.11.9...
[INFO] testing huskarl-resource-server-0.11.9 against 1.100.0-beta.1+cargoflags=--release for beta-release-1.100-2
[INFO] extracting crate huskarl-resource-server 0.11.9 into /workspace/builds/worker-1-tc2/source
[INFO] started tweaking crates.io crate huskarl-resource-server 0.11.9
[INFO] removed 0 missing examples
[INFO] removed 0 missing tests
[INFO] finished tweaking crates.io crate huskarl-resource-server 0.11.9
[INFO] tweaked toml for crates.io crate huskarl-resource-server 0.11.9 written to /workspace/builds/worker-1-tc2/source/Cargo.toml
[INFO] validating manifest of crates.io crate huskarl-resource-server 0.11.9 on toolchain 1.100.0-beta.1
[INFO] running `Command { std: CARGO_HOME="/workspace/cargo-home" RUSTUP_HOME="/workspace/rustup-home" "/workspace/cargo-home/bin/cargo" "+1.100.0-beta.1" "metadata" "--manifest-path" "Cargo.toml" "--no-deps", kill_on_drop: false }`
[INFO] crate crates.io crate huskarl-resource-server 0.11.9 already has a lockfile, it will not be regenerated
[INFO] running `Command { std: CARGO_HOME="/workspace/cargo-home" RUSTUP_HOME="/workspace/rustup-home" "/workspace/cargo-home/bin/cargo" "+1.100.0-beta.1" "fetch" "--manifest-path" "Cargo.toml", kill_on_drop: false }`
[INFO] running `Command { std: "docker" "create" "-v" "/var/lib/crater-agent-workspace/builds/worker-1-tc2/source:/opt/rustwide/workdir:ro,Z" "-v" "/var/lib/crater-agent-workspace/builds/worker-1-tc2/target:/opt/rustwide/target:rw,Z" "-v" "/var/lib/crater-agent-workspace/cargo-home:/opt/rustwide/cargo-home:ro,Z" "-v" "/var/lib/crater-agent-workspace/rustup-home:/opt/rustwide/rustup-home:ro,Z" "-m" "1610612736" "--network" "none" "ghcr.io/rust-lang/crates-build-env/linux@sha256:77db811e55d90add9212f6832c23229e3de5f1c1f9905e8cb07319ea15df73ac" "sleep" "infinity", kill_on_drop: false }`
[INFO] [stdout] f9f5f189f9c3f61cec7f4678bb99d0c6805adcb67d959c87ea70c24f2d16e574
[INFO] running `Command { std: "docker" "start" "f9f5f189f9c3f61cec7f4678bb99d0c6805adcb67d959c87ea70c24f2d16e574", kill_on_drop: false }`
[INFO] running `Command { std: "docker" "inspect" "f9f5f189f9c3f61cec7f4678bb99d0c6805adcb67d959c87ea70c24f2d16e574", kill_on_drop: false }`
[INFO] running `Command { std: "docker" "exec" "-e" "SOURCE_DIR=/opt/rustwide/workdir" "-e" "CARGO_HOME=/opt/rustwide/cargo-home" "-e" "RUSTUP_HOME=/opt/rustwide/rustup-home" "-e" "CARGO_TARGET_DIR=/opt/rustwide/target" "-w" "/opt/rustwide/workdir" "--user" "0:0" "f9f5f189f9c3f61cec7f4678bb99d0c6805adcb67d959c87ea70c24f2d16e574" "/opt/rustwide/cargo-home/bin/cargo" "+1.100.0-beta.1" "metadata" "--no-deps" "--format-version=1", kill_on_drop: false }`
[INFO] running `Command { std: "docker" "inspect" "f9f5f189f9c3f61cec7f4678bb99d0c6805adcb67d959c87ea70c24f2d16e574", kill_on_drop: false }`
[INFO] running `Command { std: "docker" "exec" "-e" "SOURCE_DIR=/opt/rustwide/workdir" "-e" "CARGO_HOME=/opt/rustwide/cargo-home" "-e" "RUSTUP_HOME=/opt/rustwide/rustup-home" "-e" "CARGO_TARGET_DIR=/opt/rustwide/target" "-e" "CARGO_INCREMENTAL=0" "-e" "RUST_BACKTRACE=full" "-e" "RUSTFLAGS=--cap-lints=warn" "-e" "RUSTDOCFLAGS=--cap-lints=warn" "-w" "/opt/rustwide/workdir" "--user" "0:0" "f9f5f189f9c3f61cec7f4678bb99d0c6805adcb67d959c87ea70c24f2d16e574" "/opt/rustwide/cargo-home/bin/cargo" "+1.100.0-beta.1" "build" "--frozen" "--message-format=json" "--release", kill_on_drop: false }`
[INFO] [stderr]    Compiling hybrid-array v0.4.14
[INFO] [stderr]    Compiling pem-rfc7468 v1.0.0
[INFO] [stderr]    Compiling ff v0.14.0
[INFO] [stderr]    Compiling base16ct v1.0.0
[INFO] [stderr]    Compiling serde_core v1.0.229
[INFO] [stderr]    Compiling darling_core v0.23.0
[INFO] [stderr]    Compiling indexmap v2.14.0
[INFO] [stderr]    Compiling curve25519-dalek v5.0.0
[INFO] [stderr]    Compiling prettyplease v0.2.37
[INFO] [stderr]    Compiling serde v1.0.229
[INFO] [stderr]    Compiling serde_json v1.0.151
[INFO] [stderr]    Compiling strum_macros v0.27.2
[INFO] [stderr]    Compiling snafu-derive v0.9.2
[INFO] [stderr]    Compiling futures-util v0.3.34
[INFO] [stderr]    Compiling idna v1.1.0
[INFO] [stderr]    Compiling tokio v1.53.1
[INFO] [stderr]    Compiling der v0.8.2
[INFO] [stderr]    Compiling group v0.14.0
[INFO] [stderr]    Compiling hex v0.4.3
[INFO] [stderr]    Compiling fluent-uri v0.4.1
[INFO] [stderr]    Compiling url v2.5.8
[INFO] [stderr]    Compiling crypto-common v0.2.2
[INFO] [stderr]    Compiling block-buffer v0.12.1
[INFO] [stderr]    Compiling crypto-bigint v0.7.5
[INFO] [stderr]    Compiling inout v0.2.2
[INFO] [stderr]    Compiling toml_edit v0.25.13+spec-1.1.0
[INFO] [stderr]    Compiling proc-macro-crate v3.5.0
[INFO] [stderr]    Compiling strum v0.27.2
[INFO] [stderr]    Compiling spki v0.8.1
[INFO] [stderr]    Compiling sec1 v0.8.1
[INFO] [stderr]    Compiling digest v0.11.3
[INFO] [stderr]    Compiling pkcs8 v0.11.0
[INFO] [stderr]    Compiling cipher v0.5.2
[INFO] [stderr]    Compiling universal-hash v0.6.1
[INFO] [stderr]    Compiling aead v0.6.1
[INFO] [stderr]    Compiling huskarl-macros v0.4.1
[INFO] [stderr]    Compiling polyval v0.7.3
[INFO] [stderr]    Compiling signature v3.0.0
[INFO] [stderr]    Compiling sha2 v0.11.0
[INFO] [stderr]    Compiling hmac v0.13.0
[INFO] [stderr]    Compiling ed25519 v3.0.0
[INFO] [stderr]    Compiling poly1305 v0.9.1
[INFO] [stderr]    Compiling ghash v0.6.0
[INFO] [stderr]    Compiling chacha20 v0.10.2
[INFO] [stderr]    Compiling ctr v0.10.1
[INFO] [stderr]    Compiling aes v0.9.2
[INFO] [stderr]    Compiling rand v0.10.2
[INFO] [stderr]    Compiling darling_macro v0.23.0
[INFO] [stderr]    Compiling snafu v0.9.2
[INFO] [stderr]    Compiling pkcs1 v0.8.0-rc.5
[INFO] [stderr]    Compiling darling v0.23.0
[INFO] [stderr]    Compiling bon-macros v3.9.3
[INFO] [stderr]    Compiling chacha20poly1305 v0.11.0
[INFO] [stderr]    Compiling aes-gcm v0.11.1
[INFO] [stderr]    Compiling ed25519-dalek v3.0.0
[INFO] [stderr]    Compiling elliptic-curve v0.14.1
[INFO] [stderr]    Compiling primefield v0.14.0
[INFO] [stderr]    Compiling rfc6979 v0.6.0
[INFO] [stderr]    Compiling crypto-primes v0.7.2
[INFO] [stderr]    Compiling wnaf v0.14.1
[INFO] [stderr]    Compiling primeorder v0.14.0
[INFO] [stderr]    Compiling ecdsa v0.17.0
[INFO] [stderr]    Compiling bon v3.9.3
[INFO] [stderr]    Compiling huskarl-core v0.10.7
[INFO] [stderr]    Compiling p384 v0.14.0
[INFO] [stderr]    Compiling p256 v0.14.0
[INFO] [stderr]    Compiling rsa v0.10.0-rc.19
[INFO] [stderr]    Compiling huskarl-crypto-native v0.11.2
[INFO] [stderr]    Compiling huskarl-resource-server v0.11.9 (/opt/rustwide/workdir)
[INFO] [stderr]     Finished `release` profile [optimized] target(s) in 1m 24s
[INFO] running `Command { std: "docker" "inspect" "f9f5f189f9c3f61cec7f4678bb99d0c6805adcb67d959c87ea70c24f2d16e574", kill_on_drop: false }`
[INFO] running `Command { std: "docker" "exec" "-e" "SOURCE_DIR=/opt/rustwide/workdir" "-e" "CARGO_HOME=/opt/rustwide/cargo-home" "-e" "RUSTUP_HOME=/opt/rustwide/rustup-home" "-e" "CARGO_TARGET_DIR=/opt/rustwide/target" "-e" "CARGO_INCREMENTAL=0" "-e" "RUST_BACKTRACE=full" "-e" "RUSTFLAGS=--cap-lints=warn" "-e" "RUSTDOCFLAGS=--cap-lints=warn" "-w" "/opt/rustwide/workdir" "--user" "0:0" "f9f5f189f9c3f61cec7f4678bb99d0c6805adcb67d959c87ea70c24f2d16e574" "/opt/rustwide/cargo-home/bin/cargo" "+1.100.0-beta.1" "test" "--frozen" "--no-run" "--message-format=json" "--release", kill_on_drop: false }`
[INFO] [stderr]    Compiling syn v3.0.4
[INFO] [stderr]    Compiling mio v1.2.2
[INFO] [stderr]    Compiling crypto-common v0.2.2
[INFO] [stderr]    Compiling crypto-bigint v0.7.5
[INFO] [stderr]    Compiling form_urlencoded v1.2.2
[INFO] [stderr]    Compiling serde_json v1.0.151
[INFO] [stderr]    Compiling tracing v0.1.44
[INFO] [stderr]    Compiling rstest_macros v0.26.1
[INFO] [stderr]    Compiling crossbeam-utils v0.8.22
[INFO] [stderr]    Compiling sha1 v0.10.7
[INFO] [stderr]    Compiling tabwriter v1.4.1
[INFO] [stderr]    Compiling async-object-pool v0.2.0
[INFO] [stderr]    Compiling rapidhash v4.5.1
[INFO] [stderr]    Compiling path-tree v0.8.3
[INFO] [stderr]    Compiling stringmetrics v2.2.2
[INFO] [stderr]    Compiling futures-timer v3.0.4
[INFO] [stderr]    Compiling similar v2.7.0
[INFO] [stderr]    Compiling metrics v0.24.6
[INFO] [stderr]    Compiling digest v0.11.3
[INFO] [stderr]    Compiling cipher v0.5.2
[INFO] [stderr]    Compiling universal-hash v0.6.1
[INFO] [stderr]    Compiling aead v0.6.1
[INFO] [stderr]    Compiling polyval v0.7.3
[INFO] [stderr]    Compiling poly1305 v0.9.1
[INFO] [stderr]    Compiling signature v3.0.0
[INFO] [stderr]    Compiling sha2 v0.11.0
[INFO] [stderr]    Compiling hmac v0.13.0
[INFO] [stderr]    Compiling curve25519-dalek v5.0.0
[INFO] [stderr]    Compiling ed25519 v3.0.0
[INFO] [stderr]    Compiling ghash v0.6.0
[INFO] [stderr]    Compiling chacha20 v0.10.2
[INFO] [stderr]    Compiling ctr v0.10.1
[INFO] [stderr]    Compiling aes v0.9.2
[INFO] [stderr]    Compiling rand v0.10.2
[INFO] [stderr]    Compiling chacha20poly1305 v0.11.0
[INFO] [stderr]    Compiling aes-gcm v0.11.1
[INFO] [stderr]    Compiling ed25519-dalek v3.0.0
[INFO] [stderr]    Compiling rstest v0.26.1
[INFO] [stderr]    Compiling darling_core v0.24.1
[INFO] [stderr]    Compiling elliptic-curve v0.14.1
[INFO] [stderr]    Compiling primefield v0.14.0
[INFO] [stderr]    Compiling rfc6979 v0.6.0
[INFO] [stderr]    Compiling crypto-primes v0.7.2
[INFO] [stderr]    Compiling serde_derive v1.0.229
[INFO] [stderr]    Compiling zerovec-derive v0.11.6
[INFO] [stderr]    Compiling displaydoc v0.2.7
[INFO] [stderr]    Compiling tokio-macros v2.7.2
[INFO] [stderr]    Compiling futures-macro v0.3.34
[INFO] [stderr]    Compiling ref-cast-impl v1.0.27
[INFO] [stderr]    Compiling thiserror-impl v2.0.20
[INFO] [stderr]    Compiling async-trait v0.1.92
[INFO] [stderr]    Compiling wnaf v0.14.1
[INFO] [stderr]    Compiling ref-cast v1.0.27
[INFO] [stderr]    Compiling ecdsa v0.17.0
[INFO] [stderr]    Compiling primeorder v0.14.0
[INFO] [stderr]    Compiling fluent-uri v0.4.1
[INFO] [stderr]    Compiling zerotrie v0.2.5
[INFO] [stderr]    Compiling futures-util v0.3.34
[INFO] [stderr]    Compiling zerovec v0.11.8
[INFO] [stderr]    Compiling p256 v0.14.0
[INFO] [stderr]    Compiling p384 v0.14.0
[INFO] [stderr]    Compiling thiserror v2.0.20
[INFO] [stderr]    Compiling rsa v0.10.0-rc.19
[INFO] [stderr]    Compiling tinystr v0.8.4
[INFO] [stderr]    Compiling potential_utf v0.1.6
[INFO] [stderr]    Compiling icu_collections v2.3.0
[INFO] [stderr]    Compiling icu_locale_core v2.3.0
[INFO] [stderr]    Compiling darling_macro v0.24.1
[INFO] [stderr]    Compiling darling v0.24.1
[INFO] [stderr]    Compiling huskarl-macros v0.4.1
[INFO] [stderr]    Compiling icu_provider v2.3.1
[INFO] [stderr]    Compiling serde v1.0.229
[INFO] [stderr]    Compiling icu_normalizer v2.3.0
[INFO] [stderr]    Compiling icu_properties v2.3.0
[INFO] [stderr]    Compiling bytes v1.12.1
[INFO] [stderr]    Compiling serde_regex v1.2.0
[INFO] [stderr]    Compiling assert-json-diff v2.0.2
[INFO] [stderr]    Compiling http v1.5.0
[INFO] [stderr]    Compiling tokio v1.53.1
[INFO] [stderr]    Compiling idna_adapter v1.2.2
[INFO] [stderr]    Compiling idna v1.1.0
[INFO] [stderr]    Compiling url v2.5.8
[INFO] [stderr]    Compiling http-body v1.1.0
[INFO] [stderr]    Compiling headers-core v0.3.0
[INFO] [stderr]    Compiling headers v0.4.1
[INFO] [stderr]    Compiling http-body-util v0.1.5
[INFO] [stderr]    Compiling tokio-util v0.7.19
[INFO] [stderr]    Compiling huskarl-core v0.10.7
[INFO] [stderr]    Compiling h2 v0.4.18
[INFO] [stderr]    Compiling huskarl-crypto-native v0.11.2
[INFO] [stderr]    Compiling hyper v1.11.0
[INFO] [stderr]    Compiling huskarl-resource-server v0.11.9 (/opt/rustwide/workdir)
[INFO] [stderr]    Compiling hyper-util v0.1.20
[INFO] [stderr]    Compiling httpmock v0.8.3
[INFO] [stdout] error[E0432]: unresolved import `huskarl_reqwest`
[INFO] [stdout]   --> examples/basic.rs:12:9
[INFO] [stdout]    |
[INFO] [stdout] 12 |     use huskarl_reqwest::ReqwestClient;
[INFO] [stdout]    |         ^^^^^^^^^^^^^^^ use of unresolved module or unlinked crate `huskarl_reqwest`
[INFO] [stdout]    |
[INFO] [stdout]    = help: if you wanted to use a crate named `huskarl_reqwest`, use `cargo add huskarl_reqwest` to add it to your `Cargo.toml`
[INFO] [stdout] 
[INFO] [stdout] 
[INFO] [stdout] error[E0432]: unresolved import `huskarl_reqwest`
[INFO] [stdout]   --> tests/multi_issuer.rs:11:5
[INFO] [stdout]    |
[INFO] [stdout] 11 | use huskarl_reqwest::ReqwestClient;
[INFO] [stdout]    |     ^^^^^^^^^^^^^^^ use of unresolved module or unlinked crate `huskarl_reqwest`
[INFO] [stdout]    |
[INFO] [stdout]    = help: if you wanted to use a crate named `huskarl_reqwest`, use `cargo add huskarl_reqwest` to add it to your `Cargo.toml`
[INFO] [stdout] 
[INFO] [stdout] 
[INFO] [stdout] error[E0432]: unresolved import `huskarl_reqwest`
[INFO] [stdout]  --> tests/rfc9068.rs:5:5
[INFO] [stdout]   |
[INFO] [stdout] 5 | use huskarl_reqwest::ReqwestClient;
[INFO] [stdout]   |     ^^^^^^^^^^^^^^^ use of unresolved module or unlinked crate `huskarl_reqwest`
[INFO] [stdout]   |
[INFO] [stdout]   = help: if you wanted to use a crate named `huskarl_reqwest`, use `cargo add huskarl_reqwest` to add it to your `Cargo.toml`
[INFO] [stdout] 
[INFO] [stdout] 
[INFO] [stdout] error[E0432]: unresolved import `huskarl_reqwest`
[INFO] [stdout]  --> tests/introspection.rs:4:5
[INFO] [stdout]   |
[INFO] [stdout] 4 | use huskarl_reqwest::ReqwestClient;
[INFO] [stdout]   |     ^^^^^^^^^^^^^^^ use of unresolved module or unlinked crate `huskarl_reqwest`
[INFO] [stdout]   |
[INFO] [stdout]   = help: if you wanted to use a crate named `huskarl_reqwest`, use `cargo add huskarl_reqwest` to add it to your `Cargo.toml`
[INFO] [stdout] 
[INFO] [stdout] 
[INFO] [stdout] For more information about this error, try `rustc --explain E0432`.
[INFO] [stdout] 
[INFO] [stdout] For more information about this error, try `rustc --explain E0432`.
[INFO] [stdout] 
[INFO] [stderr] error: could not compile `huskarl-resource-server` (example "basic") due to 1 previous error
[INFO] [stderr] warning: build failed, waiting for other jobs to finish...
[INFO] [stderr] error: could not compile `huskarl-resource-server` (test "rfc9068") due to 1 previous error
[INFO] [stdout] For more information about this error, try `rustc --explain E0432`.
[INFO] [stdout] 
[INFO] [stderr] error: could not compile `huskarl-resource-server` (test "introspection") due to 1 previous error
[INFO] [stdout] For more information about this error, try `rustc --explain E0432`.
[INFO] [stdout] 
[INFO] [stderr] error: could not compile `huskarl-resource-server` (test "multi_issuer") due to 1 previous error
[INFO] [stdout] error[E0433]: cannot find module or crate `huskarl_reqwest` in this scope
[INFO] [stdout]    --> src/introspection.rs:941:20
[INFO] [stdout]     |
[INFO] [stdout] 941 |         let http = huskarl_reqwest::ReqwestClient::builder()
[INFO] [stdout]     |                    ^^^^^^^^^^^^^^^ use of unresolved module or unlinked crate `huskarl_reqwest`
[INFO] [stdout]     |
[INFO] [stdout]     = help: if you wanted to use a crate named `huskarl_reqwest`, use `cargo add huskarl_reqwest` to add it to your `Cargo.toml`
[INFO] [stdout] 
[INFO] [stdout] 
[INFO] [stdout] For more information about this error, try `rustc --explain E0433`.
[INFO] [stdout] 
[INFO] [stderr] error: could not compile `huskarl-resource-server` (lib test) due to 1 previous error
[INFO] running `Command { std: "docker" "inspect" "f9f5f189f9c3f61cec7f4678bb99d0c6805adcb67d959c87ea70c24f2d16e574", kill_on_drop: false }`
[INFO] running `Command { std: "docker" "rm" "-f" "f9f5f189f9c3f61cec7f4678bb99d0c6805adcb67d959c87ea70c24f2d16e574", kill_on_drop: false }`
[INFO] [stdout] f9f5f189f9c3f61cec7f4678bb99d0c6805adcb67d959c87ea70c24f2d16e574
