[INFO] fetching crate huskarl-crypto-macos 0.1.0...
[INFO] testing huskarl-crypto-macos-0.1.0 against 1.100.0-beta.1+cargoflags=--release for beta-release-1.100-2
[INFO] extracting crate huskarl-crypto-macos 0.1.0 into /workspace/builds/worker-0-tc2/source
[INFO] started tweaking crates.io crate huskarl-crypto-macos 0.1.0
[INFO] removed 0 missing examples
[INFO] finished tweaking crates.io crate huskarl-crypto-macos 0.1.0
[INFO] tweaked toml for crates.io crate huskarl-crypto-macos 0.1.0 written to /workspace/builds/worker-0-tc2/source/Cargo.toml
[INFO] validating manifest of crates.io crate huskarl-crypto-macos 0.1.0 on toolchain 1.100.0-beta.1
[INFO] running `Command { std: CARGO_HOME="/workspace/cargo-home" RUSTUP_HOME="/workspace/rustup-home" "/workspace/cargo-home/bin/cargo" "+1.100.0-beta.1" "metadata" "--manifest-path" "Cargo.toml" "--no-deps", kill_on_drop: false }`
[INFO] crate crates.io crate huskarl-crypto-macos 0.1.0 already has a lockfile, it will not be regenerated
[INFO] running `Command { std: CARGO_HOME="/workspace/cargo-home" RUSTUP_HOME="/workspace/rustup-home" "/workspace/cargo-home/bin/cargo" "+1.100.0-beta.1" "fetch" "--manifest-path" "Cargo.toml", kill_on_drop: false }`
[INFO] running `Command { std: "docker" "create" "-v" "/var/lib/crater-agent-workspace/builds/worker-0-tc2/source:/opt/rustwide/workdir:ro,Z" "-v" "/var/lib/crater-agent-workspace/builds/worker-0-tc2/target:/opt/rustwide/target:rw,Z" "-v" "/var/lib/crater-agent-workspace/cargo-home:/opt/rustwide/cargo-home:ro,Z" "-v" "/var/lib/crater-agent-workspace/rustup-home:/opt/rustwide/rustup-home:ro,Z" "-m" "1610612736" "--network" "none" "ghcr.io/rust-lang/crates-build-env/linux@sha256:77db811e55d90add9212f6832c23229e3de5f1c1f9905e8cb07319ea15df73ac" "sleep" "infinity", kill_on_drop: false }`
[INFO] [stdout] 9e56ed90c7406ef303cd2a7da9dad4f57db7c54cb89ef5e39acf6af2e5f8a3e3
[INFO] running `Command { std: "docker" "start" "9e56ed90c7406ef303cd2a7da9dad4f57db7c54cb89ef5e39acf6af2e5f8a3e3", kill_on_drop: false }`
[INFO] running `Command { std: "docker" "inspect" "9e56ed90c7406ef303cd2a7da9dad4f57db7c54cb89ef5e39acf6af2e5f8a3e3", kill_on_drop: false }`
[INFO] running `Command { std: "docker" "exec" "-e" "SOURCE_DIR=/opt/rustwide/workdir" "-e" "CARGO_HOME=/opt/rustwide/cargo-home" "-e" "RUSTUP_HOME=/opt/rustwide/rustup-home" "-e" "CARGO_TARGET_DIR=/opt/rustwide/target" "-w" "/opt/rustwide/workdir" "--user" "0:0" "9e56ed90c7406ef303cd2a7da9dad4f57db7c54cb89ef5e39acf6af2e5f8a3e3" "/opt/rustwide/cargo-home/bin/cargo" "+1.100.0-beta.1" "metadata" "--no-deps" "--format-version=1", kill_on_drop: false }`
[INFO] running `Command { std: "docker" "inspect" "9e56ed90c7406ef303cd2a7da9dad4f57db7c54cb89ef5e39acf6af2e5f8a3e3", kill_on_drop: false }`
[INFO] running `Command { std: "docker" "exec" "-e" "SOURCE_DIR=/opt/rustwide/workdir" "-e" "CARGO_HOME=/opt/rustwide/cargo-home" "-e" "RUSTUP_HOME=/opt/rustwide/rustup-home" "-e" "CARGO_TARGET_DIR=/opt/rustwide/target" "-e" "CARGO_INCREMENTAL=0" "-e" "RUST_BACKTRACE=full" "-e" "RUSTFLAGS=--cap-lints=warn" "-e" "RUSTDOCFLAGS=--cap-lints=warn" "-w" "/opt/rustwide/workdir" "--user" "0:0" "9e56ed90c7406ef303cd2a7da9dad4f57db7c54cb89ef5e39acf6af2e5f8a3e3" "/opt/rustwide/cargo-home/bin/cargo" "+1.100.0-beta.1" "build" "--frozen" "--message-format=json" "--release", kill_on_drop: false }`
[INFO] [stderr]    Compiling subtle v2.6.1
[INFO] [stderr]    Compiling typenum v1.19.0
[INFO] [stderr]    Compiling zeroize v1.8.2
[INFO] [stderr]    Compiling rand_core v0.10.0
[INFO] [stderr]    Compiling cmov v0.5.3
[INFO] [stderr]    Compiling cpubits v0.1.1
[INFO] [stderr]    Compiling serde_core v1.0.228
[INFO] [stderr]    Compiling base16ct v1.0.0
[INFO] [stderr]    Compiling prettyplease v0.2.37
[INFO] [stderr]    Compiling serde v1.0.228
[INFO] [stderr]    Compiling serde_json v1.0.149
[INFO] [stderr]    Compiling syn v2.0.117
[INFO] [stderr]    Compiling memchr v2.8.0
[INFO] [stderr]    Compiling futures-core v0.3.32
[INFO] [stderr]    Compiling http v1.4.0
[INFO] [stderr]    Compiling tokio v1.50.0
[INFO] [stderr]    Compiling core-foundation v0.10.1
[INFO] [stderr]    Compiling chacha20 v0.10.0
[INFO] [stderr]    Compiling der v0.8.0
[INFO] [stderr]    Compiling getrandom v0.4.2
[INFO] [stderr]    Compiling secrecy v0.10.3
[INFO] [stderr]    Compiling futures-util v0.3.32
[INFO] [stderr]    Compiling rustcrypto-ff v0.14.0-rc.1
[INFO] [stderr]    Compiling arc-swap v1.9.0
[INFO] [stderr]    Compiling security-framework-sys v2.17.0
[INFO] [stderr]    Compiling rustcrypto-group v0.14.0-rc.1
[INFO] [stderr]    Compiling ctutils v0.4.2
[INFO] [stderr]    Compiling security-framework v3.7.0
[INFO] [stderr]    Compiling rand v0.10.0
[INFO] [stderr]    Compiling hybrid-array v0.4.8
[INFO] [stderr]    Compiling crypto-common v0.2.1
[INFO] [stderr]    Compiling block-buffer v0.12.0
[INFO] [stderr]    Compiling crypto-bigint v0.7.3
[INFO] [stderr]    Compiling sec1 v0.8.1
[INFO] [stderr]    Compiling digest v0.11.2
[INFO] [stderr]    Compiling hmac v0.13.0
[INFO] [stderr]    Compiling signature v3.0.0-rc.10
[INFO] [stderr]    Compiling sha2 v0.11.0
[INFO] [stderr]    Compiling rfc6979 v0.5.0-rc.5
[INFO] [stderr]    Compiling darling_core v0.23.0
[INFO] [stderr]    Compiling serde_derive v1.0.228
[INFO] [stderr]    Compiling snafu-derive v0.9.0
[INFO] [stderr]    Compiling elliptic-curve v0.14.0-rc.32
[INFO] [stderr]    Compiling primefield v0.14.0-rc.9
[INFO] [stderr]    Compiling darling_macro v0.23.0
[INFO] [stderr]    Compiling snafu v0.9.0
[INFO] [stderr]    Compiling ecdsa v0.17.0-rc.18
[INFO] [stderr]    Compiling primeorder v0.14.0-rc.9
[INFO] [stderr]    Compiling darling v0.23.0
[INFO] [stderr]    Compiling bon-macros v3.9.1
[INFO] [stderr]    Compiling p256 v0.14.0-rc.9
[INFO] [stderr]    Compiling bon v3.9.1
[INFO] [stderr]    Compiling huskarl-core v0.4.1
[INFO] [stderr]    Compiling huskarl-crypto-macos v0.1.0 (/opt/rustwide/workdir)
[INFO] [stdout] error[E0432]: unresolved import `security_framework::access_control`
[INFO] [stdout]   --> src/lib.rs:16:25
[INFO] [stdout]    |
[INFO] [stdout] 16 | use security_framework::access_control::{ProtectionMode, SecAccessControl};
[INFO] [stdout]    |                         ^^^^^^^^^^^^^^ could not find `access_control` in `security_framework`
[INFO] [stdout] 
[INFO] [stdout] 
[INFO] [stdout] error[E0432]: unresolved import `security_framework::item`
[INFO] [stdout]   --> src/lib.rs:17:25
[INFO] [stdout]    |
[INFO] [stdout] 17 | use security_framework::item::{ItemSearchOptions, KeyClass, Reference, SearchResult};
[INFO] [stdout]    |                         ^^^^ could not find `item` in `security_framework`
[INFO] [stdout] 
[INFO] [stdout] 
[INFO] [stdout] error[E0432]: unresolved imports `security_framework::item`, `security_framework::key`
[INFO] [stdout]   --> src/lib.rs:19:5
[INFO] [stdout]    |
[INFO] [stdout] 19 |     item::Location,
[INFO] [stdout]    |     ^^^^ could not find `item` in `security_framework`
[INFO] [stdout] 20 |     key::{GenerateKeyOptions, KeyType, SecKey, Token},
[INFO] [stdout]    |     ^^^ could not find `key` in `security_framework`
[INFO] [stdout] 
[INFO] [stdout] 
[INFO] [stdout] error[E0433]: cannot find `base` in `security_framework`
[INFO] [stdout]   --> src/lib.rs:46:37
[INFO] [stdout]    |
[INFO] [stdout] 46 |         source: security_framework::base::Error,
[INFO] [stdout]    |                                     ^^^^ could not find `base` in `security_framework`
[INFO] [stdout] 
[INFO] [stdout] 
[INFO] [stdout] error[E0433]: cannot find `key` in `security_framework`
[INFO] [stdout]    --> src/lib.rs:241:37
[INFO] [stdout]     |
[INFO] [stdout] 241 |                 security_framework::key::Algorithm::ECDSASignatureMessageX962SHA256,
[INFO] [stdout]     |                                     ^^^ could not find `key` in `security_framework`
[INFO] [stdout] 
[INFO] [stdout] 
[INFO] [stderr] error: could not compile `huskarl-crypto-macos` (lib) due to 5 previous errors
[INFO] [stdout] Some errors have detailed explanations: E0432, E0433.
[INFO] [stdout] 
[INFO] [stderr] warning: build failed, waiting for other jobs to finish...
[INFO] [stdout] For more information about an error, try `rustc --explain E0432`.
[INFO] [stdout] 
[INFO] running `Command { std: "docker" "inspect" "9e56ed90c7406ef303cd2a7da9dad4f57db7c54cb89ef5e39acf6af2e5f8a3e3", kill_on_drop: false }`
[INFO] running `Command { std: "docker" "rm" "-f" "9e56ed90c7406ef303cd2a7da9dad4f57db7c54cb89ef5e39acf6af2e5f8a3e3", kill_on_drop: false }`
[INFO] [stdout] 9e56ed90c7406ef303cd2a7da9dad4f57db7c54cb89ef5e39acf6af2e5f8a3e3
