[INFO] fetching crate huskarl-apple 0.1.0...
[INFO] testing huskarl-apple-0.1.0 against 1.99.0-beta.8+cargoflags=--release for beta-release-1.100-2
[INFO] extracting crate huskarl-apple 0.1.0 into /workspace/builds/worker-2-tc1/source
[INFO] started tweaking crates.io crate huskarl-apple 0.1.0
[INFO] removed 0 missing examples
[INFO] removed 0 missing tests
[INFO] finished tweaking crates.io crate huskarl-apple 0.1.0
[INFO] tweaked toml for crates.io crate huskarl-apple 0.1.0 written to /workspace/builds/worker-2-tc1/source/Cargo.toml
[INFO] validating manifest of crates.io crate huskarl-apple 0.1.0 on toolchain 1.99.0-beta.8
[INFO] running `Command { std: CARGO_HOME="/workspace/cargo-home" RUSTUP_HOME="/workspace/rustup-home" "/workspace/cargo-home/bin/cargo" "+1.99.0-beta.8" "metadata" "--manifest-path" "Cargo.toml" "--no-deps", kill_on_drop: false }`
[INFO] crate crates.io crate huskarl-apple 0.1.0 already has a lockfile, it will not be regenerated
[INFO] running `Command { std: CARGO_HOME="/workspace/cargo-home" RUSTUP_HOME="/workspace/rustup-home" "/workspace/cargo-home/bin/cargo" "+1.99.0-beta.8" "fetch" "--manifest-path" "Cargo.toml", kill_on_drop: false }`
[INFO] [stderr]     Updating crates.io index
[INFO] [stderr]  Downloading crates ...
[INFO] [stderr]   Downloaded huskarl-reqwest v0.9.1
[INFO] [stderr]   Downloaded huskarl-macros v0.4.0
[INFO] [stderr]   Downloaded huskarl-crypto-native v0.11.1
[INFO] [stderr]   Downloaded rsa v0.10.0-rc.18
[INFO] [stderr]   Downloaded pkcs1 v0.8.0-rc.4
[INFO] [stderr]   Downloaded poly1305 v0.9.1
[INFO] [stderr]   Downloaded p384 v0.14.0
[INFO] [stderr]   Downloaded chacha20poly1305 v0.11.0
[INFO] [stderr]   Downloaded crypto-primes v0.7.2
[INFO] [stderr]   Downloaded huskarl v0.11.3
[INFO] [stderr]   Downloaded huskarl-core v0.10.4
[INFO] running `Command { std: "docker" "create" "-v" "/var/lib/crater-agent-workspace/builds/worker-2-tc1/source:/opt/rustwide/workdir:ro,Z" "-v" "/var/lib/crater-agent-workspace/builds/worker-2-tc1/target:/opt/rustwide/target:rw,Z" "-v" "/var/lib/crater-agent-workspace/cargo-home:/opt/rustwide/cargo-home:ro,Z" "-v" "/var/lib/crater-agent-workspace/rustup-home:/opt/rustwide/rustup-home:ro,Z" "-m" "1610612736" "--network" "none" "ghcr.io/rust-lang/crates-build-env/linux@sha256:77db811e55d90add9212f6832c23229e3de5f1c1f9905e8cb07319ea15df73ac" "sleep" "infinity", kill_on_drop: false }`
[INFO] [stdout] d9466d522c6ee41b283ad51076db25654168b25956a730082a3ab6b83c391854
[INFO] running `Command { std: "docker" "start" "d9466d522c6ee41b283ad51076db25654168b25956a730082a3ab6b83c391854", kill_on_drop: false }`
[INFO] running `Command { std: "docker" "inspect" "d9466d522c6ee41b283ad51076db25654168b25956a730082a3ab6b83c391854", kill_on_drop: false }`
[INFO] running `Command { std: "docker" "exec" "-e" "SOURCE_DIR=/opt/rustwide/workdir" "-e" "CARGO_HOME=/opt/rustwide/cargo-home" "-e" "RUSTUP_HOME=/opt/rustwide/rustup-home" "-e" "CARGO_TARGET_DIR=/opt/rustwide/target" "-w" "/opt/rustwide/workdir" "--user" "0:0" "d9466d522c6ee41b283ad51076db25654168b25956a730082a3ab6b83c391854" "/opt/rustwide/cargo-home/bin/cargo" "+1.99.0-beta.8" "metadata" "--no-deps" "--format-version=1", kill_on_drop: false }`
[INFO] running `Command { std: "docker" "inspect" "d9466d522c6ee41b283ad51076db25654168b25956a730082a3ab6b83c391854", kill_on_drop: false }`
[INFO] running `Command { std: "docker" "exec" "-e" "SOURCE_DIR=/opt/rustwide/workdir" "-e" "CARGO_HOME=/opt/rustwide/cargo-home" "-e" "RUSTUP_HOME=/opt/rustwide/rustup-home" "-e" "CARGO_TARGET_DIR=/opt/rustwide/target" "-e" "CARGO_INCREMENTAL=0" "-e" "RUST_BACKTRACE=full" "-e" "RUSTFLAGS=--cap-lints=warn" "-e" "RUSTDOCFLAGS=--cap-lints=warn" "-w" "/opt/rustwide/workdir" "--user" "0:0" "d9466d522c6ee41b283ad51076db25654168b25956a730082a3ab6b83c391854" "/opt/rustwide/cargo-home/bin/cargo" "+1.99.0-beta.8" "build" "--frozen" "--message-format=json" "--release", kill_on_drop: false }`
[INFO] [stderr]    Compiling proc-macro2 v1.0.107
[INFO] [stderr]    Compiling subtle v2.6.1
[INFO] [stderr]    Compiling typenum v1.20.1
[INFO] [stderr]    Compiling cmov v0.5.4
[INFO] [stderr]    Compiling const-oid v0.10.2
[INFO] [stderr]    Compiling cpubits v0.1.1
[INFO] [stderr]    Compiling winnow v1.0.4
[INFO] [stderr]    Compiling serde_core v1.0.229
[INFO] [stderr]    Compiling futures-core v0.3.34
[INFO] [stderr]    Compiling smallvec v1.16.2
[INFO] [stderr]    Compiling cpufeatures v0.3.1
[INFO] [stderr]    Compiling prettyplease v0.3.0
[INFO] [stderr]    Compiling crossbeam-utils v0.8.23
[INFO] [stderr]    Compiling toml_datetime v1.1.1+spec-1.1.0
[INFO] [stderr]    Compiling getrandom v0.4.3
[INFO] [stderr]    Compiling base16ct v1.0.0
[INFO] [stderr]    Compiling serde v1.0.229
[INFO] [stderr]    Compiling percent-encoding v2.3.2
[INFO] [stderr]    Compiling chacha20 v0.10.2
[INFO] [stderr]    Compiling event-listener v5.4.2
[INFO] [stderr]    Compiling ff v0.14.0
[INFO] [stderr]    Compiling group v0.14.0
[INFO] [stderr]    Compiling der v0.8.2
[INFO] [stderr]    Compiling form_urlencoded v1.2.2
[INFO] [stderr]    Compiling core-foundation-sys v0.8.7
[INFO] [stderr]    Compiling http v1.5.0
[INFO] [stderr]    Compiling futures-util v0.3.34
[INFO] [stderr]    Compiling arc-swap v1.9.2
[INFO] [stderr]    Compiling event-listener-strategy v0.5.4
[INFO] [stderr]    Compiling tokio v1.53.1
[INFO] [stderr]    Compiling base64 v0.23.1
[INFO] [stderr]    Compiling fastrand v2.5.0
[INFO] [stderr]    Compiling rand v0.10.3
[INFO] [stderr]    Compiling concurrent-queue v2.5.0
[INFO] [stderr]    Compiling futures-io v0.3.34
[INFO] [stderr]    Compiling ctutils v0.4.2
[INFO] [stderr]    Compiling core-foundation v0.10.1
[INFO] [stderr]    Compiling security-framework-sys v2.17.0
[INFO] [stderr]    Compiling futures-lite v2.6.1
[INFO] [stderr]    Compiling quote v1.0.47
[INFO] [stderr]    Compiling piper v0.2.5
[INFO] [stderr]    Compiling async-channel v2.5.0
[INFO] [stderr]    Compiling security-framework v3.7.0
[INFO] [stderr]    Compiling syn v3.0.6
[INFO] [stderr]    Compiling syn v2.0.119
[INFO] [stderr]    Compiling hybrid-array v0.4.15
[INFO] [stderr]    Compiling blocking v1.7.0
[INFO] [stderr]    Compiling toml_parser v1.1.3+spec-1.1.0
[INFO] [stderr]    Compiling crypto-common v0.2.2
[INFO] [stderr]    Compiling block-buffer v0.12.1
[INFO] [stderr]    Compiling crypto-bigint v0.7.5
[INFO] [stderr]    Compiling sec1 v0.8.1
[INFO] [stderr]    Compiling toml_edit v0.25.15+spec-1.1.0
[INFO] [stderr]    Compiling digest v0.11.3
[INFO] [stderr]    Compiling hmac v0.13.0
[INFO] [stderr]    Compiling sha2 v0.11.0
[INFO] [stderr]    Compiling signature v3.0.0
[INFO] [stderr]    Compiling proc-macro-crate v3.5.0
[INFO] [stderr]    Compiling serde_json v1.0.151
[INFO] [stderr]    Compiling strum_macros v0.27.2
[INFO] [stderr]    Compiling snafu-derive v0.9.2
[INFO] [stderr]    Compiling elliptic-curve v0.14.1
[INFO] [stderr]    Compiling primefield v0.14.0
[INFO] [stderr]    Compiling rfc6979 v0.6.0
[INFO] [stderr]    Compiling wnaf v0.14.1
[INFO] [stderr]    Compiling synstructure v0.14.0
[INFO] [stderr]    Compiling darling_core v0.24.1
[INFO] [stderr]    Compiling ecdsa v0.17.0
[INFO] [stderr]    Compiling primeorder v0.14.0
[INFO] [stderr]    Compiling zerofrom-derive v0.1.8
[INFO] [stderr]    Compiling yoke-derive v0.8.3
[INFO] [stderr]    Compiling zerovec-derive v0.11.6
[INFO] [stderr]    Compiling displaydoc v0.2.7
[INFO] [stderr]    Compiling serde_derive v1.0.229
[INFO] [stderr]    Compiling p256 v0.14.0
[INFO] [stderr]    Compiling snafu v0.9.2
[INFO] [stderr]    Compiling zerofrom v0.1.8
[INFO] [stderr]    Compiling strum v0.27.2
[INFO] [stderr]    Compiling yoke v0.8.3
[INFO] [stderr]    Compiling zerotrie v0.2.5
[INFO] [stderr]    Compiling zerovec v0.11.8
[INFO] [stderr]    Compiling tinystr v0.8.4
[INFO] [stderr]    Compiling potential_utf v0.1.6
[INFO] [stderr]    Compiling icu_collections v2.3.0
[INFO] [stderr]    Compiling icu_locale_core v2.3.0
[INFO] [stderr]    Compiling darling_macro v0.24.1
[INFO] [stderr]    Compiling darling v0.24.1
[INFO] [stderr]    Compiling bon-macros v3.10.1
[INFO] [stderr]    Compiling huskarl-macros v0.4.0
[INFO] [stderr]    Compiling icu_provider v2.3.1
[INFO] [stderr]    Compiling icu_normalizer v2.3.0
[INFO] [stderr]    Compiling icu_properties v2.3.0
[INFO] [stderr]    Compiling idna_adapter v1.2.2
[INFO] [stderr]    Compiling idna v1.1.0
[INFO] [stderr]    Compiling url v2.5.8
[INFO] [stderr]    Compiling bon v3.10.1
[INFO] [stderr]    Compiling huskarl-core v0.10.4
[INFO] [stderr]    Compiling huskarl v0.11.3
[INFO] [stderr]    Compiling huskarl-apple v0.1.0 (/opt/rustwide/workdir)
[INFO] [stdout] error[E0432]: unresolved import `security_framework::item`
[INFO] [stdout]  --> src/keychain/backend.rs:7:25
[INFO] [stdout]   |
[INFO] [stdout] 7 | use security_framework::item::{ItemSearchOptions, Location};
[INFO] [stdout]   |                         ^^^^ could not find `item` in `security_framework`
[INFO] [stdout] 
[INFO] [stdout] 
[INFO] [stdout] error[E0432]: unresolved imports `security_framework::access_control`, `security_framework::item`
[INFO] [stdout]   --> src/keychain/storage.rs:12:5
[INFO] [stdout]    |
[INFO] [stdout] 12 |     access_control::SecAccessControl,
[INFO] [stdout]    |     ^^^^^^^^^^^^^^ could not find `access_control` in `security_framework`
[INFO] [stdout] 13 |     item::{
[INFO] [stdout]    |     ^^^^ could not find `item` in `security_framework`
[INFO] [stdout] 
[INFO] [stdout] 
[INFO] [stdout] error[E0432]: unresolved import `security_framework::item`
[INFO] [stdout]   --> src/keychain.rs:14:25
[INFO] [stdout]    |
[INFO] [stdout] 14 | use security_framework::item::{ItemClass, SearchResult};
[INFO] [stdout]    |                         ^^^^ could not find `item` in `security_framework`
[INFO] [stdout] 
[INFO] [stdout] 
[INFO] [stdout] error[E0432]: unresolved import `security_framework::access_control`
[INFO] [stdout]  --> src/policy.rs:3:25
[INFO] [stdout]   |
[INFO] [stdout] 3 | use security_framework::access_control::ProtectionMode;
[INFO] [stdout]   |                         ^^^^^^^^^^^^^^ could not find `access_control` in `security_framework`
[INFO] [stdout] 
[INFO] [stdout] 
[INFO] [stdout] error[E0432]: unresolved import `security_framework::access_control`
[INFO] [stdout]  --> src/secure_enclave/policy.rs:2:25
[INFO] [stdout]   |
[INFO] [stdout] 2 | use security_framework::access_control::SecAccessControl;
[INFO] [stdout]   |                         ^^^^^^^^^^^^^^ could not find `access_control` in `security_framework`
[INFO] [stdout] 
[INFO] [stdout] 
[INFO] [stdout] error[E0432]: unresolved import `security_framework::key`
[INFO] [stdout]  --> src/secure_enclave/provision.rs:3:25
[INFO] [stdout]   |
[INFO] [stdout] 3 | use security_framework::key::SecKey;
[INFO] [stdout]   |                         ^^^ could not find `key` in `security_framework`
[INFO] [stdout] 
[INFO] [stdout] 
[INFO] [stdout] error[E0432]: unresolved import `security_framework::key`
[INFO] [stdout]  --> src/secure_enclave/public_key.rs:3:25
[INFO] [stdout]   |
[INFO] [stdout] 3 | use security_framework::key::SecKey;
[INFO] [stdout]   |                         ^^^ could not find `key` in `security_framework`
[INFO] [stdout] 
[INFO] [stdout] 
[INFO] [stdout] error[E0432]: unresolved import `security_framework::key`
[INFO] [stdout]   --> src/secure_enclave/seal.rs:11:25
[INFO] [stdout]    |
[INFO] [stdout] 11 | use security_framework::key::{Algorithm, SecKey};
[INFO] [stdout]    |                         ^^^ could not find `key` in `security_framework`
[INFO] [stdout] 
[INFO] [stdout] 
[INFO] [stdout] error[E0432]: unresolved import `security_framework::key`
[INFO] [stdout]   --> src/secure_enclave/signer.rs:12:25
[INFO] [stdout]    |
[INFO] [stdout] 12 | use security_framework::key::SecKey;
[INFO] [stdout]    |                         ^^^ could not find `key` in `security_framework`
[INFO] [stdout] 
[INFO] [stdout] 
[INFO] [stdout] error[E0432]: unresolved import `security_framework::key`
[INFO] [stdout]   --> src/secure_enclave/verifier.rs:10:25
[INFO] [stdout]    |
[INFO] [stdout] 10 | use security_framework::key::SecKey;
[INFO] [stdout]    |                         ^^^ could not find `key` in `security_framework`
[INFO] [stdout] 
[INFO] [stdout] 
[INFO] [stdout] error[E0432]: unresolved imports `security_framework::item`, `security_framework::key`
[INFO] [stdout]   --> src/secure_enclave/mod.rs:20:5
[INFO] [stdout]    |
[INFO] [stdout] 20 |     item::{ItemSearchOptions, KeyClass, Location, Reference, SearchResult},
[INFO] [stdout]    |     ^^^^ could not find `item` in `security_framework`
[INFO] [stdout] 21 |     key::{GenerateKeyOptions, KeyType, SecKey, Token},
[INFO] [stdout]    |     ^^^ could not find `key` in `security_framework`
[INFO] [stdout] 
[INFO] [stdout] 
[INFO] [stdout] error[E0433]: cannot find `item` in `security_framework`
[INFO] [stdout]    --> src/keychain/storage.rs:253:29
[INFO] [stdout]     |
[INFO] [stdout] 253 |         security_framework::item::add_item(attributes.to_immutable()).context(WriteSnafu)
[INFO] [stdout]     |                             ^^^^ could not find `item` in `security_framework`
[INFO] [stdout] 
[INFO] [stdout] 
[INFO] [stdout] error[E0433]: cannot find `base` in `security_framework`
[INFO] [stdout]   --> src/keychain.rs:52:37
[INFO] [stdout]    |
[INFO] [stdout] 52 |         source: security_framework::base::Error,
[INFO] [stdout]    |                                     ^^^^ could not find `base` in `security_framework`
[INFO] [stdout] 
[INFO] [stdout] 
[INFO] [stdout] error[E0433]: cannot find `base` in `security_framework`
[INFO] [stdout]   --> src/keychain.rs:70:37
[INFO] [stdout]    |
[INFO] [stdout] 70 |         source: security_framework::base::Error,
[INFO] [stdout]    |                                     ^^^^ could not find `base` in `security_framework`
[INFO] [stdout] 
[INFO] [stdout] 
[INFO] [stdout] error[E0433]: cannot find `base` in `security_framework`
[INFO] [stdout]   --> src/keychain.rs:80:37
[INFO] [stdout]    |
[INFO] [stdout] 80 |         source: security_framework::base::Error,
[INFO] [stdout]    |                                     ^^^^ could not find `base` in `security_framework`
[INFO] [stdout] 
[INFO] [stdout] 
[INFO] [stdout] error[E0433]: cannot find `base` in `security_framework`
[INFO] [stdout]   --> src/keychain.rs:85:37
[INFO] [stdout]    |
[INFO] [stdout] 85 |         source: security_framework::base::Error,
[INFO] [stdout]    |                                     ^^^^ could not find `base` in `security_framework`
[INFO] [stdout] 
[INFO] [stdout] 
[INFO] [stdout] error[E0433]: cannot find `base` in `security_framework`
[INFO] [stdout]   --> src/keychain.rs:90:37
[INFO] [stdout]    |
[INFO] [stdout] 90 |         source: security_framework::base::Error,
[INFO] [stdout]    |                                     ^^^^ could not find `base` in `security_framework`
[INFO] [stdout] 
[INFO] [stdout] 
[INFO] [stdout] error[E0433]: cannot find `base` in `security_framework`
[INFO] [stdout]    --> src/keychain.rs:200:59
[INFO] [stdout]     |
[INFO] [stdout] 200 |     result: Result<Vec<SearchResult>, security_framework::base::Error>,
[INFO] [stdout]     |                                                           ^^^^ could not find `base` in `security_framework`
[INFO] [stdout] 
[INFO] [stdout] 
[INFO] [stdout] error[E0433]: cannot find `key` in `security_framework`
[INFO] [stdout]    --> src/secure_enclave/signer.rs:238:45
[INFO] [stdout]     |
[INFO] [stdout] 238 |                         security_framework::key::Algorithm::ECDSASignatureMessageX962SHA256,
[INFO] [stdout]     |                                             ^^^ could not find `key` in `security_framework`
[INFO] [stdout] 
[INFO] [stdout] 
[INFO] [stdout] error[E0433]: cannot find `base` in `security_framework`
[INFO] [stdout]   --> src/secure_enclave/mod.rs:40:37
[INFO] [stdout]    |
[INFO] [stdout] 40 |         source: security_framework::base::Error,
[INFO] [stdout]    |                                     ^^^^ could not find `base` in `security_framework`
[INFO] [stdout] 
[INFO] [stdout] 
[INFO] [stdout] error[E0433]: cannot find `base` in `security_framework`
[INFO] [stdout]   --> src/secure_enclave/mod.rs:60:37
[INFO] [stdout]    |
[INFO] [stdout] 60 |         source: security_framework::base::Error,
[INFO] [stdout]    |                                     ^^^^ could not find `base` in `security_framework`
[INFO] [stdout] 
[INFO] [stdout] 
[INFO] [stdout] error[E0433]: cannot find `base` in `security_framework`
[INFO] [stdout]   --> src/secure_enclave/mod.rs:83:37
[INFO] [stdout]    |
[INFO] [stdout] 83 |         source: security_framework::base::Error,
[INFO] [stdout]    |                                     ^^^^ could not find `base` in `security_framework`
[INFO] [stdout] 
[INFO] [stdout] 
[INFO] [stdout] error[E0433]: cannot find `base` in `security_framework`
[INFO] [stdout]    --> src/secure_enclave/mod.rs:214:59
[INFO] [stdout]     |
[INFO] [stdout] 214 |     result: Result<Vec<SearchResult>, security_framework::base::Error>,
[INFO] [stdout]     |                                                           ^^^^ could not find `base` in `security_framework`
[INFO] [stdout] 
[INFO] [stdout] 
[INFO] [stdout] Some errors have detailed explanations: E0432, E0433.
[INFO] [stdout] 
[INFO] [stdout] For more information about an error, try `rustc --explain E0432`.
[INFO] [stdout] 
[INFO] [stderr] error: could not compile `huskarl-apple` (lib) due to 23 previous errors
[INFO] running `Command { std: "docker" "inspect" "d9466d522c6ee41b283ad51076db25654168b25956a730082a3ab6b83c391854", kill_on_drop: false }`
[INFO] running `Command { std: "docker" "rm" "-f" "d9466d522c6ee41b283ad51076db25654168b25956a730082a3ab6b83c391854", kill_on_drop: false }`
[INFO] [stdout] d9466d522c6ee41b283ad51076db25654168b25956a730082a3ab6b83c391854
