[INFO] fetching crate hulk 0.1.9...
[INFO] testing hulk-0.1.9 against 1.99.0-beta.8+cargoflags=--release for beta-release-1.100-2
[INFO] extracting crate hulk 0.1.9 into /workspace/builds/worker-4-tc1/source
[INFO] started tweaking crates.io crate hulk 0.1.9
[INFO] finished tweaking crates.io crate hulk 0.1.9
[INFO] tweaked toml for crates.io crate hulk 0.1.9 written to /workspace/builds/worker-4-tc1/source/Cargo.toml
[INFO] validating manifest of crates.io crate hulk 0.1.9 on toolchain 1.99.0-beta.8
[INFO] running `Command { std: CARGO_HOME="/workspace/cargo-home" RUSTUP_HOME="/workspace/rustup-home" "/workspace/cargo-home/bin/cargo" "+1.99.0-beta.8" "metadata" "--manifest-path" "Cargo.toml" "--no-deps", kill_on_drop: false }`
[INFO] crate crates.io crate hulk 0.1.9 already has a lockfile, it will not be regenerated
[INFO] running `Command { std: CARGO_HOME="/workspace/cargo-home" RUSTUP_HOME="/workspace/rustup-home" "/workspace/cargo-home/bin/cargo" "+1.99.0-beta.8" "fetch" "--manifest-path" "Cargo.toml", kill_on_drop: false }`
[INFO] [stderr]     Updating crates.io index
[INFO] [stderr]  Downloading crates ...
[INFO] [stderr]   Downloaded qndr v0.1.7
[INFO] [stderr]   Downloaded cmake v0.1.46
[INFO] [stderr]   Downloaded yansi v0.5.0
[INFO] [stderr]   Downloaded fltk-flow v0.1.2
[INFO] [stderr]   Downloaded fltk-build v0.1.1
[INFO] [stderr]   Downloaded sha-1 v0.8.2
[INFO] [stderr]   Downloaded xdg v2.4.0
[INFO] [stderr]   Downloaded shell-words v1.0.0
[INFO] [stderr]   Downloaded pest_derive v2.1.0
[INFO] [stderr]   Downloaded pest_generator v2.1.3
[INFO] [stderr]   Downloaded pkg-config v0.3.22
[INFO] [stderr]   Downloaded line-wrap v0.1.1
[INFO] [stderr]   Downloaded dirs-sys v0.3.6
[INFO] [stderr]   Downloaded typed-arena v1.7.0
[INFO] [stderr]   Downloaded safemem v0.3.3
[INFO] [stderr]   Downloaded dirs v3.0.2
[INFO] [stderr]   Downloaded onig v6.3.1
[INFO] [stderr]   Downloaded brown v0.2.0
[INFO] [stderr]   Downloaded crc32fast v1.2.1
[INFO] [stderr]   Downloaded proc-macro2 v1.0.32
[INFO] [stderr]   Downloaded plist v1.2.1
[INFO] [stderr]   Downloaded pest_meta v2.1.3
[INFO] [stderr]   Downloaded serde_derive v1.0.130
[INFO] [stderr]   Downloaded cc v1.0.71
[INFO] [stderr]   Downloaded serde v1.0.130
[INFO] [stderr]   Downloaded comrak v0.12.1
[INFO] [stderr]   Downloaded serde_json v1.0.68
[INFO] [stderr]   Downloaded fltk v1.2.20
[INFO] [stderr]   Downloaded syn v1.0.81
[INFO] [stderr]   Downloaded libc v0.2.106
[INFO] [stderr]   Downloaded onig_sys v69.7.1
[INFO] [stderr]   Downloaded syntect v4.6.0
[INFO] [stderr]   Downloaded fltk-sys v1.2.20
[INFO] running `Command { std: "docker" "create" "-v" "/var/lib/crater-agent-workspace/builds/worker-4-tc1/source:/opt/rustwide/workdir:ro,Z" "-v" "/var/lib/crater-agent-workspace/builds/worker-4-tc1/target:/opt/rustwide/target:rw,Z" "-v" "/var/lib/crater-agent-workspace/cargo-home:/opt/rustwide/cargo-home:ro,Z" "-v" "/var/lib/crater-agent-workspace/rustup-home:/opt/rustwide/rustup-home:ro,Z" "-m" "1610612736" "--network" "none" "ghcr.io/rust-lang/crates-build-env/linux@sha256:77db811e55d90add9212f6832c23229e3de5f1c1f9905e8cb07319ea15df73ac" "sleep" "infinity", kill_on_drop: false }`
[INFO] [stdout] 91a319d5d28d057ef679bf4a24738ed35808590a477abec3bdf0f3c1e36fc02e
[INFO] running `Command { std: "docker" "start" "91a319d5d28d057ef679bf4a24738ed35808590a477abec3bdf0f3c1e36fc02e", kill_on_drop: false }`
[INFO] running `Command { std: "docker" "inspect" "91a319d5d28d057ef679bf4a24738ed35808590a477abec3bdf0f3c1e36fc02e", kill_on_drop: false }`
[INFO] running `Command { std: "docker" "exec" "-e" "SOURCE_DIR=/opt/rustwide/workdir" "-e" "CARGO_HOME=/opt/rustwide/cargo-home" "-e" "RUSTUP_HOME=/opt/rustwide/rustup-home" "-e" "CARGO_TARGET_DIR=/opt/rustwide/target" "-w" "/opt/rustwide/workdir" "--user" "0:0" "91a319d5d28d057ef679bf4a24738ed35808590a477abec3bdf0f3c1e36fc02e" "/opt/rustwide/cargo-home/bin/cargo" "+1.99.0-beta.8" "metadata" "--no-deps" "--format-version=1", kill_on_drop: false }`
[INFO] running `Command { std: "docker" "inspect" "91a319d5d28d057ef679bf4a24738ed35808590a477abec3bdf0f3c1e36fc02e", kill_on_drop: false }`
[INFO] running `Command { std: "docker" "exec" "-e" "SOURCE_DIR=/opt/rustwide/workdir" "-e" "CARGO_HOME=/opt/rustwide/cargo-home" "-e" "RUSTUP_HOME=/opt/rustwide/rustup-home" "-e" "CARGO_TARGET_DIR=/opt/rustwide/target" "-e" "CARGO_INCREMENTAL=0" "-e" "RUST_BACKTRACE=full" "-e" "RUSTFLAGS=--cap-lints=warn" "-e" "RUSTDOCFLAGS=--cap-lints=warn" "-w" "/opt/rustwide/workdir" "--user" "0:0" "91a319d5d28d057ef679bf4a24738ed35808590a477abec3bdf0f3c1e36fc02e" "/opt/rustwide/cargo-home/bin/cargo" "+1.99.0-beta.8" "build" "--frozen" "--message-format=json" "--release", kill_on_drop: false }`
[INFO] [stderr]    Compiling autocfg v1.0.1
[INFO] [stderr]    Compiling cc v1.0.71
[INFO] [stderr]    Compiling proc-macro2 v1.0.32
[INFO] [stderr]    Compiling unicode-xid v0.2.2
[INFO] [stderr]    Compiling libc v0.2.106
[INFO] [stderr]    Compiling syn v1.0.81
[INFO] [stderr]    Compiling serde v1.0.130
[INFO] [stderr]    Compiling pkg-config v0.3.22
[INFO] [stderr]    Compiling memchr v2.4.1
[INFO] [stderr]    Compiling ryu v1.0.5
[INFO] [stderr]    Compiling ucd-trie v0.1.3
[INFO] [stderr]    Compiling crc32fast v1.2.1
[INFO] [stderr]    Compiling maplit v1.0.2
[INFO] [stderr]    Compiling safemem v0.3.3
[INFO] [stderr]    Compiling serde_derive v1.0.130
[INFO] [stderr]    Compiling hashbrown v0.11.2
[INFO] [stderr]    Compiling serde_json v1.0.68
[INFO] [stderr]    Compiling line-wrap v0.1.1
[INFO] [stderr]    Compiling linked-hash-map v0.5.4
[INFO] [stderr]    Compiling fltk-build v0.1.1
[INFO] [stderr]    Compiling xml-rs v0.8.4
[INFO] [stderr]    Compiling pest v2.1.3
[INFO] [stderr]    Compiling itoa v0.4.8
[INFO] [stderr]    Compiling regex-syntax v0.6.25
[INFO] [stderr]    Compiling num-traits v0.2.14
[INFO] [stderr]    Compiling num-integer v0.1.44
[INFO] [stderr]    Compiling indexmap v1.7.0
[INFO] [stderr]    Compiling miniz_oxide v0.4.4
[INFO] [stderr]    Compiling unicode-width v0.1.9
[INFO] [stderr]    Compiling cmake v0.1.46
[INFO] [stderr]    Compiling base64 v0.13.0
[INFO] [stderr]    Compiling textwrap v0.11.0
[INFO] [stderr]    Compiling yaml-rust v0.4.5
[INFO] [stderr]    Compiling walkdir v2.3.2
[INFO] [stderr]    Compiling quote v1.0.10
[INFO] [stderr]    Compiling dirs-sys v0.3.6
[INFO] [stderr]    Compiling atty v0.2.14
[INFO] [stderr]    Compiling fltk-sys v1.2.20
[INFO] [stderr]    Compiling onig_sys v69.7.1
[INFO] [stderr]    Compiling aho-corasick v0.7.18
[INFO] [stderr]    Compiling pest_meta v2.1.3
[INFO] [stderr]    Compiling dirs v3.0.2
[INFO] [stderr] error: failed to run custom build command for `fltk-sys v1.2.20`
[INFO] [stderr] note: To improve backtraces for build dependencies, set the CARGO_PROFILE_RELEASE_BUILD_OVERRIDE_DEBUG=true environment variable to enable debug information generation.
[INFO] [stderr] 
[INFO] [stderr] Caused by:
[INFO] [stderr]   process didn't exit successfully: `/opt/rustwide/target/release/build/fltk-sys-b4cf78590057b2cf/build-script-main` (exit status: 101)
[INFO] [stderr]   --- stdout
[INFO] [stderr]   cargo:rerun-if-changed=build/android.rs
[INFO] [stderr]   cargo:rerun-if-changed=build/bundled.rs
[INFO] [stderr]   cargo:rerun-if-changed=build/link.rs
[INFO] [stderr]   cargo:rerun-if-changed=build/main.rs
[INFO] [stderr]   cargo:rerun-if-changed=build/source.rs
[INFO] [stderr]   cargo:rerun-if-changed=build/utils.rs
[INFO] [stderr]   cargo:rerun-if-env-changed=CC
[INFO] [stderr]   cargo:rerun-if-env-changed=CXX
[INFO] [stderr]   cargo:rerun-if-changed=cfltk/CMakeLists.txt
[INFO] [stderr]   cargo:rerun-if-changed=cfltk/include/cfl.h
[INFO] [stderr]   cargo:rerun-if-changed=cfltk/include/cfl_widget.h
[INFO] [stderr]   cargo:rerun-if-changed=cfltk/include/cfl_group.h
[INFO] [stderr]   cargo:rerun-if-changed=cfltk/include/cfl_input.h
[INFO] [stderr]   cargo:rerun-if-changed=cfltk/include/cfl_window.h
[INFO] [stderr]   cargo:rerun-if-changed=cfltk/include/cfl_button.h
[INFO] [stderr]   cargo:rerun-if-changed=cfltk/include/cfl_box.h
[INFO] [stderr]   cargo:rerun-if-changed=cfltk/include/cfl_menu.h
[INFO] [stderr]   cargo:rerun-if-changed=cfltk/include/cfl_dialog.h
[INFO] [stderr]   cargo:rerun-if-changed=cfltk/include/cfl_valuator.h
[INFO] [stderr]   cargo:rerun-if-changed=cfltk/include/cfl_browser.h
[INFO] [stderr]   cargo:rerun-if-changed=cfltk/include/cfl_misc.h
[INFO] [stderr]   cargo:rerun-if-changed=cfltk/include/cfl_text.h
[INFO] [stderr]   cargo:rerun-if-changed=cfltk/include/cfl_image.h
[INFO] [stderr]   cargo:rerun-if-changed=cfltk/include/cfl_draw.h
[INFO] [stderr]   cargo:rerun-if-changed=cfltk/include/cfl_table.h
[INFO] [stderr]   cargo:rerun-if-changed=cfltk/include/cfl_surface.h
[INFO] [stderr]   cargo:rerun-if-changed=cfltk/include/cfl_printer.h
[INFO] [stderr]   cargo:rerun-if-changed=cfltk/include/cfl_utils.h
[INFO] [stderr]   cargo:rerun-if-changed=cfltk/include/cfl_macros.h
[INFO] [stderr]   cargo:rerun-if-changed=cfltk/include/cfl_lock.h
[INFO] [stderr]   cargo:rerun-if-changed=cfltk/src/cfl_lock.cpp
[INFO] [stderr]   cargo:rerun-if-changed=cfltk/src/cfl_new.cpp
[INFO] [stderr]   cargo:rerun-if-changed=cfltk/src/cfl.cpp
[INFO] [stderr]   cargo:rerun-if-changed=cfltk/src/cfl_widget.cpp
[INFO] [stderr]   cargo:rerun-if-changed=cfltk/src/cfl_group.cpp
[INFO] [stderr]   cargo:rerun-if-changed=cfltk/src/cfl_window.cpp
[INFO] [stderr]   cargo:rerun-if-changed=cfltk/src/cfl_button.cpp
[INFO] [stderr]   cargo:rerun-if-changed=cfltk/src/cfl_box.cpp
[INFO] [stderr]   cargo:rerun-if-changed=cfltk/src/cfl_menu.cpp
[INFO] [stderr]   cargo:rerun-if-changed=cfltk/src/cfl_dialog.cpp
[INFO] [stderr]   cargo:rerun-if-changed=cfltk/src/cfl_valuator.cpp
[INFO] [stderr]   cargo:rerun-if-changed=cfltk/src/cfl_browser.cpp
[INFO] [stderr]   cargo:rerun-if-changed=cfltk/src/cfl_misc.cpp
[INFO] [stderr]   cargo:rerun-if-changed=cfltk/src/cfl_text.cpp
[INFO] [stderr]   cargo:rerun-if-changed=cfltk/src/cfl_image.cpp
[INFO] [stderr]   cargo:rerun-if-changed=cfltk/src/cfl_input.cpp
[INFO] [stderr]   cargo:rerun-if-changed=cfltk/src/cfl_draw.cpp
[INFO] [stderr]   cargo:rerun-if-changed=cfltk/src/cfl_table.cpp
[INFO] [stderr]   cargo:rerun-if-changed=cfltk/src/cfl_tree.cpp
[INFO] [stderr]   cargo:rerun-if-changed=cfltk/src/cfl_surface.cpp
[INFO] [stderr]   cargo:rerun-if-changed=cfltk/src/cfl_printer.cpp
[INFO] [stderr]   cargo:rerun-if-changed=cfltk/src/cfl_font.cpp
[INFO] [stderr]   cargo:rerun-if-changed=cfltk/src/cfl_utils.cpp
[INFO] [stderr]   cargo:rerun-if-changed=cfltk/src/cfl_nswindow.m
[INFO] [stderr]   cargo:rerun-if-changed=cfltk/FL_FLex/FL_Flex.H
[INFO] [stderr]   cargo:rerun-if-changed=cfltk/FL_FLex/FL_Flex.cpp
[INFO] [stderr]   cargo:rerun-if-changed=cfltk/src/cfl_vec.hpp
[INFO] [stderr]   CMAKE_TOOLCHAIN_FILE_x86_64-unknown-linux-gnu = None
[INFO] [stderr]   CMAKE_TOOLCHAIN_FILE_x86_64_unknown_linux_gnu = None
[INFO] [stderr]   HOST_CMAKE_TOOLCHAIN_FILE = None
[INFO] [stderr]   CMAKE_TOOLCHAIN_FILE = None
[INFO] [stderr]   CMAKE_PREFIX_PATH_x86_64-unknown-linux-gnu = None
[INFO] [stderr]   CMAKE_PREFIX_PATH_x86_64_unknown_linux_gnu = None
[INFO] [stderr]   HOST_CMAKE_PREFIX_PATH = None
[INFO] [stderr]   CMAKE_PREFIX_PATH = None
[INFO] [stderr]   CMAKE_x86_64-unknown-linux-gnu = None
[INFO] [stderr]   CMAKE_x86_64_unknown_linux_gnu = None
[INFO] [stderr]   HOST_CMAKE = None
[INFO] [stderr]   CMAKE = None
[INFO] [stderr]   running: cd "/opt/rustwide/target/release/build/fltk-sys-4a0ccf50d2d7fd7f/out/build" && CMAKE_PREFIX_PATH="" "cmake" "/opt/rustwide/cargo-home/registry/src/index.crates.io-1949cf8c6b5b557f/fltk-sys-1.2.20/cfltk" "-G" "Ninja" "-DOPTION_USE_SYSTEM_LIBPNG=OFF" "-DOPTION_USE_SYSTEM_LIBJPEG=OFF" "-DOPTION_USE_SYSTEM_ZLIB=OFF" "-DCFLTK_LINK_IMAGES=ON" "-DOpenGL_GL_PREFERENCE=GLVND" "-DOPTION_USE_GL=OFF" "-DCFLTK_USE_OPENGL=OFF" "-DOPTION_USE_PANGO=ON" "-DCFLTK_SINGLE_THREADED=OFF" "-DCMAKE_EXPORT_COMPILE_COMMANDS=ON" "-DCFLTK_CARGO_BUILD=ON" "-DFLTK_BUILD_EXAMPLES=OFF" "-DFLTK_BUILD_TEST=OFF" "-DOPTION_LARGE_FILE=ON" "-DOPTION_USE_THREADS=ON" "-DOPTION_BUILD_HTML_DOCUMENTATION=OFF" "-DOPTION_BUILD_PDF_DOCUMENTATION=OFF" "-DCMAKE_INSTALL_PREFIX=/opt/rustwide/target/release/build/fltk-sys-4a0ccf50d2d7fd7f/out" "-DCMAKE_C_FLAGS= -ffunction-sections -fdata-sections -fPIC -m64" "-DCMAKE_C_COMPILER=/usr/bin/cc" "-DCMAKE_CXX_FLAGS= -ffunction-sections -fdata-sections -fPIC -m64" "-DCMAKE_CXX_COMPILER=/usr/bin/c++" "-DCMAKE_ASM_FLAGS= -ffunction-sections -fdata-sections -fPIC -m64" "-DCMAKE_ASM_COMPILER=/usr/bin/cc" "-DCMAKE_BUILD_TYPE=Release"
[INFO] [stderr]   -- Configuring incomplete, errors occurred!
[INFO] [stderr] 
[INFO] [stderr]   --- stderr
[INFO] [stderr]   fatal: not a git repository (or any parent up to mount point /opt/rustwide)
[INFO] [stderr]   Stopping at filesystem boundary (GIT_DISCOVERY_ACROSS_FILESYSTEM not set).
[INFO] [stderr]   CMake Error at CMakeLists.txt:1 (cmake_minimum_required):
[INFO] [stderr]     Compatibility with CMake < 3.5 has been removed from CMake.
[INFO] [stderr] 
[INFO] [stderr]     Update the VERSION argument <min> value.  Or, use the <min>...<max> syntax
[INFO] [stderr]     to tell CMake that the project requires at least <min> but has been updated
[INFO] [stderr]     to work with policies introduced by <max> or earlier.
[INFO] [stderr] 
[INFO] [stderr]     Or, add -DCMAKE_POLICY_VERSION_MINIMUM=3.5 to try configuring anyway.
[INFO] [stderr] 
[INFO] [stderr] 
[INFO] [stderr] 
[INFO] [stderr]   thread 'main' (831) panicked at /opt/rustwide/cargo-home/registry/src/index.crates.io-1949cf8c6b5b557f/cmake-0.1.46/src/lib.rs:974:5:
[INFO] [stderr] 
[INFO] [stderr]   command did not execute successfully, got: exit status: 1
[INFO] [stderr] 
[INFO] [stderr]   build script failed, must exit now
[INFO] [stderr]   stack backtrace:
[INFO] [stderr]      0:     0x5b09c99cc001 - <<std[70759c8f55707aa4]::sys::backtrace::BacktraceLock>::print::DisplayBacktrace as core[df12db4294e9bfd3]::fmt::Display>::fmt
[INFO] [stderr]      1:     0x5b09c99e0aba - core[df12db4294e9bfd3]::fmt::write
[INFO] [stderr]      2:     0x5b09c99d237c - <std[70759c8f55707aa4]::sys::stdio::unix::Stderr as core[df12db4294e9bfd3]::io::write::Write>::write_fmt
[INFO] [stderr]      3:     0x5b09c99aa656 - std[70759c8f55707aa4]::panicking::default_hook::{closure#0}
[INFO] [stderr]      4:     0x5b09c99c65f1 - std[70759c8f55707aa4]::panicking::default_hook
[INFO] [stderr]      5:     0x5b09c99c67ab - std[70759c8f55707aa4]::panicking::panic_with_hook
[INFO] [stderr]      6:     0x5b09c99aa702 - std[70759c8f55707aa4]::panicking::panic_handler::{closure#0}
[INFO] [stderr]      7:     0x5b09c99a3299 - std[70759c8f55707aa4]::sys::backtrace::__rust_end_short_backtrace::<std[70759c8f55707aa4]::panicking::panic_handler::{closure#0}, !>
[INFO] [stderr]      8:     0x5b09c99aaf1d - __rustc[8fa7c3cbc660c2b3]::rust_begin_unwind
[INFO] [stderr]      9:     0x5b09c99e122c - core[df12db4294e9bfd3]::panicking::panic_fmt
[INFO] [stderr]     10:     0x5b09c995d4f7 - cmake[9fa825966c3f0a7d]::fail
[INFO] [stderr]     11:     0x5b09c995d1b1 - cmake[9fa825966c3f0a7d]::run
[INFO] [stderr]     12:     0x5b09c99619b3 - <cmake[9fa825966c3f0a7d]::Config>::build
[INFO] [stderr]     13:     0x5b09c994d4a5 - build_script_main[44af854677feaa9a]::source::build
[INFO] [stderr]     14:     0x5b09c994a97a - build_script_main[44af854677feaa9a]::main
[INFO] [stderr]     15:     0x5b09c9950703 - <fn() as core[df12db4294e9bfd3]::ops::function::FnOnce<()>>::call_once
[INFO] [stderr]     16:     0x5b09c994a0ae - std[70759c8f55707aa4]::sys::backtrace::__rust_begin_short_backtrace::<fn(), ()>
[INFO] [stderr]     17:     0x5b09c994a0b9 - std[70759c8f55707aa4]::rt::lang_start::<()>::{closure#0}
[INFO] [stderr]     18:     0x5b09c99c59b9 - std[70759c8f55707aa4]::rt::lang_start_internal
[INFO] [stderr]     19:     0x5b09c9949bd1 - std[70759c8f55707aa4]::rt::lang_start::<()>
[INFO] [stderr]     20:     0x5b09c9950775 - main
[INFO] [stderr]     21:     0x7874e2a8a601 - <unknown>
[INFO] [stderr]     22:     0x7874e2a8a718 - __libc_start_main
[INFO] [stderr]     23:     0x5b09c9948885 - _start
[INFO] [stderr]     24:                0x0 - <unknown>
[INFO] [stderr] warning: build failed, waiting for other jobs to finish...
[INFO] [stderr] error: failed to run custom build command for `fltk-sys v1.2.20`
[INFO] [stderr] note: To improve backtraces for build dependencies, set the CARGO_PROFILE_RELEASE_BUILD_OVERRIDE_DEBUG=true environment variable to enable debug information generation.
[INFO] [stderr] 
[INFO] [stderr] Caused by:
[INFO] [stderr]   process didn't exit successfully: `/opt/rustwide/target/release/build/fltk-sys-b4cf78590057b2cf/build-script-main` (exit status: 101)
[INFO] [stderr]   --- stdout
[INFO] [stderr]   cargo:rerun-if-changed=build/android.rs
[INFO] [stderr]   cargo:rerun-if-changed=build/bundled.rs
[INFO] [stderr]   cargo:rerun-if-changed=build/link.rs
[INFO] [stderr]   cargo:rerun-if-changed=build/main.rs
[INFO] [stderr]   cargo:rerun-if-changed=build/source.rs
[INFO] [stderr]   cargo:rerun-if-changed=build/utils.rs
[INFO] [stderr]   cargo:rerun-if-env-changed=CC
[INFO] [stderr]   cargo:rerun-if-env-changed=CXX
[INFO] [stderr]   cargo:rerun-if-changed=cfltk/CMakeLists.txt
[INFO] [stderr]   cargo:rerun-if-changed=cfltk/include/cfl.h
[INFO] [stderr]   cargo:rerun-if-changed=cfltk/include/cfl_widget.h
[INFO] [stderr]   cargo:rerun-if-changed=cfltk/include/cfl_group.h
[INFO] [stderr]   cargo:rerun-if-changed=cfltk/include/cfl_input.h
[INFO] [stderr]   cargo:rerun-if-changed=cfltk/include/cfl_window.h
[INFO] [stderr]   cargo:rerun-if-changed=cfltk/include/cfl_button.h
[INFO] [stderr]   cargo:rerun-if-changed=cfltk/include/cfl_box.h
[INFO] [stderr]   cargo:rerun-if-changed=cfltk/include/cfl_menu.h
[INFO] [stderr]   cargo:rerun-if-changed=cfltk/include/cfl_dialog.h
[INFO] [stderr]   cargo:rerun-if-changed=cfltk/include/cfl_valuator.h
[INFO] [stderr]   cargo:rerun-if-changed=cfltk/include/cfl_browser.h
[INFO] [stderr]   cargo:rerun-if-changed=cfltk/include/cfl_misc.h
[INFO] [stderr]   cargo:rerun-if-changed=cfltk/include/cfl_text.h
[INFO] [stderr]   cargo:rerun-if-changed=cfltk/include/cfl_image.h
[INFO] [stderr]   cargo:rerun-if-changed=cfltk/include/cfl_draw.h
[INFO] [stderr]   cargo:rerun-if-changed=cfltk/include/cfl_table.h
[INFO] [stderr]   cargo:rerun-if-changed=cfltk/include/cfl_surface.h
[INFO] [stderr]   cargo:rerun-if-changed=cfltk/include/cfl_printer.h
[INFO] [stderr]   cargo:rerun-if-changed=cfltk/include/cfl_utils.h
[INFO] [stderr]   cargo:rerun-if-changed=cfltk/include/cfl_macros.h
[INFO] [stderr]   cargo:rerun-if-changed=cfltk/include/cfl_lock.h
[INFO] [stderr]   cargo:rerun-if-changed=cfltk/src/cfl_lock.cpp
[INFO] [stderr]   cargo:rerun-if-changed=cfltk/src/cfl_new.cpp
[INFO] [stderr]   cargo:rerun-if-changed=cfltk/src/cfl.cpp
[INFO] [stderr]   cargo:rerun-if-changed=cfltk/src/cfl_widget.cpp
[INFO] [stderr]   cargo:rerun-if-changed=cfltk/src/cfl_group.cpp
[INFO] [stderr]   cargo:rerun-if-changed=cfltk/src/cfl_window.cpp
[INFO] [stderr]   cargo:rerun-if-changed=cfltk/src/cfl_button.cpp
[INFO] [stderr]   cargo:rerun-if-changed=cfltk/src/cfl_box.cpp
[INFO] [stderr]   cargo:rerun-if-changed=cfltk/src/cfl_menu.cpp
[INFO] [stderr]   cargo:rerun-if-changed=cfltk/src/cfl_dialog.cpp
[INFO] [stderr]   cargo:rerun-if-changed=cfltk/src/cfl_valuator.cpp
[INFO] [stderr]   cargo:rerun-if-changed=cfltk/src/cfl_browser.cpp
[INFO] [stderr]   cargo:rerun-if-changed=cfltk/src/cfl_misc.cpp
[INFO] [stderr]   cargo:rerun-if-changed=cfltk/src/cfl_text.cpp
[INFO] [stderr]   cargo:rerun-if-changed=cfltk/src/cfl_image.cpp
[INFO] [stderr]   cargo:rerun-if-changed=cfltk/src/cfl_input.cpp
[INFO] [stderr]   cargo:rerun-if-changed=cfltk/src/cfl_draw.cpp
[INFO] [stderr]   cargo:rerun-if-changed=cfltk/src/cfl_table.cpp
[INFO] [stderr]   cargo:rerun-if-changed=cfltk/src/cfl_tree.cpp
[INFO] [stderr]   cargo:rerun-if-changed=cfltk/src/cfl_surface.cpp
[INFO] [stderr]   cargo:rerun-if-changed=cfltk/src/cfl_printer.cpp
[INFO] [stderr]   cargo:rerun-if-changed=cfltk/src/cfl_font.cpp
[INFO] [stderr]   cargo:rerun-if-changed=cfltk/src/cfl_utils.cpp
[INFO] [stderr]   cargo:rerun-if-changed=cfltk/src/cfl_nswindow.m
[INFO] [stderr]   cargo:rerun-if-changed=cfltk/FL_FLex/FL_Flex.H
[INFO] [stderr]   cargo:rerun-if-changed=cfltk/FL_FLex/FL_Flex.cpp
[INFO] [stderr]   cargo:rerun-if-changed=cfltk/src/cfl_vec.hpp
[INFO] [stderr]   CMAKE_TOOLCHAIN_FILE_x86_64-unknown-linux-gnu = None
[INFO] [stderr]   CMAKE_TOOLCHAIN_FILE_x86_64_unknown_linux_gnu = None
[INFO] [stderr]   HOST_CMAKE_TOOLCHAIN_FILE = None
[INFO] [stderr]   CMAKE_TOOLCHAIN_FILE = None
[INFO] [stderr]   CMAKE_PREFIX_PATH_x86_64-unknown-linux-gnu = None
[INFO] [stderr]   CMAKE_PREFIX_PATH_x86_64_unknown_linux_gnu = None
[INFO] [stderr]   HOST_CMAKE_PREFIX_PATH = None
[INFO] [stderr]   CMAKE_PREFIX_PATH = None
[INFO] [stderr]   CMAKE_x86_64-unknown-linux-gnu = None
[INFO] [stderr]   CMAKE_x86_64_unknown_linux_gnu = None
[INFO] [stderr]   HOST_CMAKE = None
[INFO] [stderr]   CMAKE = None
[INFO] [stderr]   running: cd "/opt/rustwide/target/release/build/fltk-sys-1bab877f5ce30d46/out/build" && CMAKE_PREFIX_PATH="" "cmake" "/opt/rustwide/cargo-home/registry/src/index.crates.io-1949cf8c6b5b557f/fltk-sys-1.2.20/cfltk" "-G" "Ninja" "-DOPTION_USE_SYSTEM_LIBPNG=OFF" "-DOPTION_USE_SYSTEM_LIBJPEG=OFF" "-DOPTION_USE_SYSTEM_ZLIB=OFF" "-DCFLTK_LINK_IMAGES=ON" "-DOpenGL_GL_PREFERENCE=GLVND" "-DOPTION_USE_GL=OFF" "-DCFLTK_USE_OPENGL=OFF" "-DOPTION_USE_PANGO=ON" "-DCFLTK_SINGLE_THREADED=OFF" "-DCMAKE_EXPORT_COMPILE_COMMANDS=ON" "-DCFLTK_CARGO_BUILD=ON" "-DFLTK_BUILD_EXAMPLES=OFF" "-DFLTK_BUILD_TEST=OFF" "-DOPTION_LARGE_FILE=ON" "-DOPTION_USE_THREADS=ON" "-DOPTION_BUILD_HTML_DOCUMENTATION=OFF" "-DOPTION_BUILD_PDF_DOCUMENTATION=OFF" "-DCMAKE_INSTALL_PREFIX=/opt/rustwide/target/release/build/fltk-sys-1bab877f5ce30d46/out" "-DCMAKE_C_FLAGS= -ffunction-sections -fdata-sections -fPIC -m64" "-DCMAKE_C_COMPILER=/usr/bin/cc" "-DCMAKE_CXX_FLAGS= -ffunction-sections -fdata-sections -fPIC -m64" "-DCMAKE_CXX_COMPILER=/usr/bin/c++" "-DCMAKE_ASM_FLAGS= -ffunction-sections -fdata-sections -fPIC -m64" "-DCMAKE_ASM_COMPILER=/usr/bin/cc" "-DCMAKE_BUILD_TYPE=Release"
[INFO] [stderr]   -- Configuring incomplete, errors occurred!
[INFO] [stderr] 
[INFO] [stderr]   --- stderr
[INFO] [stderr]   fatal: not a git repository (or any parent up to mount point /opt/rustwide)
[INFO] [stderr]   Stopping at filesystem boundary (GIT_DISCOVERY_ACROSS_FILESYSTEM not set).
[INFO] [stderr]   CMake Error at CMakeLists.txt:1 (cmake_minimum_required):
[INFO] [stderr]     Compatibility with CMake < 3.5 has been removed from CMake.
[INFO] [stderr] 
[INFO] [stderr]     Update the VERSION argument <min> value.  Or, use the <min>...<max> syntax
[INFO] [stderr]     to tell CMake that the project requires at least <min> but has been updated
[INFO] [stderr]     to work with policies introduced by <max> or earlier.
[INFO] [stderr] 
[INFO] [stderr]     Or, add -DCMAKE_POLICY_VERSION_MINIMUM=3.5 to try configuring anyway.
[INFO] [stderr] 
[INFO] [stderr] 
[INFO] [stderr] 
[INFO] [stderr]   thread 'main' (863) panicked at /opt/rustwide/cargo-home/registry/src/index.crates.io-1949cf8c6b5b557f/cmake-0.1.46/src/lib.rs:974:5:
[INFO] [stderr] 
[INFO] [stderr]   command did not execute successfully, got: exit status: 1
[INFO] [stderr] 
[INFO] [stderr]   build script failed, must exit now
[INFO] [stderr]   stack backtrace:
[INFO] [stderr]      0:     0x57f2ef9d0001 - <<std[70759c8f55707aa4]::sys::backtrace::BacktraceLock>::print::DisplayBacktrace as core[df12db4294e9bfd3]::fmt::Display>::fmt
[INFO] [stderr]      1:     0x57f2ef9e4aba - core[df12db4294e9bfd3]::fmt::write
[INFO] [stderr]      2:     0x57f2ef9d637c - <std[70759c8f55707aa4]::sys::stdio::unix::Stderr as core[df12db4294e9bfd3]::io::write::Write>::write_fmt
[INFO] [stderr]      3:     0x57f2ef9ae656 - std[70759c8f55707aa4]::panicking::default_hook::{closure#0}
[INFO] [stderr]      4:     0x57f2ef9ca5f1 - std[70759c8f55707aa4]::panicking::default_hook
[INFO] [stderr]      5:     0x57f2ef9ca7ab - std[70759c8f55707aa4]::panicking::panic_with_hook
[INFO] [stderr]      6:     0x57f2ef9ae702 - std[70759c8f55707aa4]::panicking::panic_handler::{closure#0}
[INFO] [stderr]      7:     0x57f2ef9a7299 - std[70759c8f55707aa4]::sys::backtrace::__rust_end_short_backtrace::<std[70759c8f55707aa4]::panicking::panic_handler::{closure#0}, !>
[INFO] [stderr]      8:     0x57f2ef9aef1d - __rustc[8fa7c3cbc660c2b3]::rust_begin_unwind
[INFO] [stderr]      9:     0x57f2ef9e522c - core[df12db4294e9bfd3]::panicking::panic_fmt
[INFO] [stderr]     10:     0x57f2ef9614f7 - cmake[9fa825966c3f0a7d]::fail
[INFO] [stderr]     11:     0x57f2ef9611b1 - cmake[9fa825966c3f0a7d]::run
[INFO] [stderr]     12:     0x57f2ef9659b3 - <cmake[9fa825966c3f0a7d]::Config>::build
[INFO] [stderr]     13:     0x57f2ef9514a5 - build_script_main[44af854677feaa9a]::source::build
[INFO] [stderr]     14:     0x57f2ef94e97a - build_script_main[44af854677feaa9a]::main
[INFO] [stderr]     15:     0x57f2ef954703 - <fn() as core[df12db4294e9bfd3]::ops::function::FnOnce<()>>::call_once
[INFO] [stderr]     16:     0x57f2ef94e0ae - std[70759c8f55707aa4]::sys::backtrace::__rust_begin_short_backtrace::<fn(), ()>
[INFO] [stderr]     17:     0x57f2ef94e0b9 - std[70759c8f55707aa4]::rt::lang_start::<()>::{closure#0}
[INFO] [stderr]     18:     0x57f2ef9c99b9 - std[70759c8f55707aa4]::rt::lang_start_internal
[INFO] [stderr]     19:     0x57f2ef94dbd1 - std[70759c8f55707aa4]::rt::lang_start::<()>
[INFO] [stderr]     20:     0x57f2ef954775 - main
[INFO] [stderr]     21:     0x78955707a601 - <unknown>
[INFO] [stderr]     22:     0x78955707a718 - __libc_start_main
[INFO] [stderr]     23:     0x57f2ef94c885 - _start
[INFO] [stderr]     24:                0x0 - <unknown>
[INFO] [stderr] warning: onig_sys@69.7.1: oniguruma/src/regparse.c: In function 'onig_st_init_strend_table_with_size':
[INFO] [stderr] warning: onig_sys@69.7.1: oniguruma/src/regparse.c:584:5: error: initialization of 'int (*)(void)' from incompatible pointer type 'int (*)(st_str_end_key *, st_str_end_key *)' [-Wincompatible-pointer-types]
[INFO] [stderr] warning: onig_sys@69.7.1:   584 |     str_end_cmp,
[INFO] [stderr] warning: onig_sys@69.7.1:       |     ^~~~~~~~~~~
[INFO] [stderr] warning: onig_sys@69.7.1: oniguruma/src/regparse.c:584:5: note: (near initialization for 'hashType.compare')
[INFO] [stderr] warning: onig_sys@69.7.1: oniguruma/src/regparse.c:546:1: note: 'str_end_cmp' declared here
[INFO] [stderr] warning: onig_sys@69.7.1:   546 | str_end_cmp(st_str_end_key* x, st_str_end_key* y)
[INFO] [stderr] warning: onig_sys@69.7.1:       | ^~~~~~~~~~~
[INFO] [stderr] warning: onig_sys@69.7.1: oniguruma/src/regparse.c:585:5: error: initialization of 'int (*)(void)' from incompatible pointer type 'int (*)(st_str_end_key *)' [-Wincompatible-pointer-types]
[INFO] [stderr] warning: onig_sys@69.7.1:   585 |     str_end_hash,
[INFO] [stderr] warning: onig_sys@69.7.1:       |     ^~~~~~~~~~~~
[INFO] [stderr] warning: onig_sys@69.7.1: oniguruma/src/regparse.c:585:5: note: (near initialization for 'hashType.hash')
[INFO] [stderr] warning: onig_sys@69.7.1: oniguruma/src/regparse.c:567:1: note: 'str_end_hash' declared here
[INFO] [stderr] warning: onig_sys@69.7.1:   567 | str_end_hash(st_str_end_key* x)
[INFO] [stderr] warning: onig_sys@69.7.1:       | ^~~~~~~~~~~~
[INFO] [stderr] warning: onig_sys@69.7.1: oniguruma/src/regparse.c: In function 'onig_st_init_callout_name_table_with_size':
[INFO] [stderr] warning: onig_sys@69.7.1: oniguruma/src/regparse.c:674:5: error: initialization of 'int (*)(void)' from incompatible pointer type 'int (*)(st_callout_name_key *, st_callout_name_key *)' [-Wincompatible-pointer-types]
[INFO] [stderr] warning: onig_sys@69.7.1:   674 |     callout_name_table_cmp,
[INFO] [stderr] warning: onig_sys@69.7.1:       |     ^~~~~~~~~~~~~~~~~~~~~~
[INFO] [stderr] warning: onig_sys@69.7.1: oniguruma/src/regparse.c:674:5: note: (near initialization for 'hashType.compare')
[INFO] [stderr] warning: onig_sys@69.7.1: oniguruma/src/regparse.c:633:1: note: 'callout_name_table_cmp' declared here
[INFO] [stderr] warning: onig_sys@69.7.1:   633 | callout_name_table_cmp(st_callout_name_key* x, st_callout_name_key* y)
[INFO] [stderr] warning: onig_sys@69.7.1:       | ^~~~~~~~~~~~~~~~~~~~~~
[INFO] [stderr] warning: onig_sys@69.7.1: oniguruma/src/regparse.c:675:5: error: initialization of 'int (*)(void)' from incompatible pointer type 'int (*)(st_callout_name_key *)' [-Wincompatible-pointer-types]
[INFO] [stderr] warning: onig_sys@69.7.1:   675 |     callout_name_table_hash,
[INFO] [stderr] warning: onig_sys@69.7.1:       |     ^~~~~~~~~~~~~~~~~~~~~~~
[INFO] [stderr] warning: onig_sys@69.7.1: oniguruma/src/regparse.c:675:5: note: (near initialization for 'hashType.hash')
[INFO] [stderr] warning: onig_sys@69.7.1: oniguruma/src/regparse.c:656:1: note: 'callout_name_table_hash' declared here
[INFO] [stderr] warning: onig_sys@69.7.1:   656 | callout_name_table_hash(st_callout_name_key* x)
[INFO] [stderr] warning: onig_sys@69.7.1:       | ^~~~~~~~~~~~~~~~~~~~~~~
[INFO] [stderr] warning: onig_sys@69.7.1: oniguruma/src/regparse.c: In function 'names_clear':
[INFO] [stderr] warning: onig_sys@69.7.1: oniguruma/src/regparse.c:800:24: error: passing argument 2 of 'onig_st_foreach' from incompatible pointer type [-Wincompatible-pointer-types]
[INFO] [stderr] warning: onig_sys@69.7.1:   800 |     onig_st_foreach(t, i_free_name_entry, 0);
[INFO] [stderr] warning: onig_sys@69.7.1:       |                        ^~~~~~~~~~~~~~~~~
[INFO] [stderr] warning: onig_sys@69.7.1:       |                        |
[INFO] [stderr] warning: onig_sys@69.7.1:       |                        int (*)(OnigUChar *, NameEntry *, void *) {aka int (*)(unsigned char *, NameEntry *, void *)}
[INFO] [stderr] warning: onig_sys@69.7.1: In file included from oniguruma/src/regparse.c:37:
[INFO] [stderr] warning: onig_sys@69.7.1: oniguruma/src/st.h:55:31: note: expected 'int (*)(void)' but argument is of type 'int (*)(OnigUChar *, NameEntry *, void *)' {aka 'int (*)(unsigned char *, NameEntry *, void *)'}
[INFO] [stderr] warning: onig_sys@69.7.1:    55 | int st_foreach _((st_table *, int (*)(ANYARGS), st_data_t));
[INFO] [stderr] warning: onig_sys@69.7.1:       |                               ^~~~~~~~~~~~~~~~
[INFO] [stderr] warning: onig_sys@69.7.1: oniguruma/src/st.h:35:18: note: in definition of macro '_'
[INFO] [stderr] warning: onig_sys@69.7.1:    35 | # define _(args) args
[INFO] [stderr] warning: onig_sys@69.7.1:       |                  ^~~~
[INFO] [stderr] warning: onig_sys@69.7.1: oniguruma/src/regparse.c:785:1: note: 'i_free_name_entry' declared here
[INFO] [stderr] warning: onig_sys@69.7.1:   785 | i_free_name_entry(UChar* key, NameEntry* e, void* arg ARG_UNUSED)
[INFO] [stderr] warning: onig_sys@69.7.1:       | ^~~~~~~~~~~~~~~~~
[INFO] [stderr] warning: onig_sys@69.7.1: oniguruma/src/regparse.c: In function 'onig_foreach_name':
[INFO] [stderr] warning: onig_sys@69.7.1: oniguruma/src/regparse.c:869:24: error: passing argument 2 of 'onig_st_foreach' from incompatible pointer type [-Wincompatible-pointer-types]
[INFO] [stderr] warning: onig_sys@69.7.1:   869 |     onig_st_foreach(t, i_names, (HashDataType )&narg);
[INFO] [stderr] warning: onig_sys@69.7.1:       |                        ^~~~~~~
[INFO] [stderr] warning: onig_sys@69.7.1:       |                        |
[INFO] [stderr] warning: onig_sys@69.7.1:       |                        int (*)(OnigUChar *, NameEntry *, INamesArg *) {aka int (*)(unsigned char *, NameEntry *, INamesArg *)}
[INFO] [stderr] warning: onig_sys@69.7.1: oniguruma/src/st.h:55:31: note: expected 'int (*)(void)' but argument is of type 'int (*)(OnigUChar *, NameEntry *, INamesArg *)' {aka 'int (*)(unsigned char *, NameEntry *, INamesArg *)'}
[INFO] [stderr] warning: onig_sys@69.7.1:    55 | int st_foreach _((st_table *, int (*)(ANYARGS), st_data_t));
[INFO] [stderr] warning: onig_sys@69.7.1:       |                               ^~~~~~~~~~~~~~~~
[INFO] [stderr] warning: onig_sys@69.7.1: oniguruma/src/st.h:35:18: note: in definition of macro '_'
[INFO] [stderr] warning: onig_sys@69.7.1:    35 | # define _(args) args
[INFO] [stderr] warning: onig_sys@69.7.1:       |                  ^~~~
[INFO] [stderr] warning: onig_sys@69.7.1: oniguruma/src/regparse.c:842:1: note: 'i_names' declared here
[INFO] [stderr] warning: onig_sys@69.7.1:   842 | i_names(UChar* key ARG_UNUSED, NameEntry* e, INamesArg* arg)
[INFO] [stderr] warning: onig_sys@69.7.1:       | ^~~~~~~
[INFO] [stderr] warning: onig_sys@69.7.1: oniguruma/src/regparse.c: In function 'onig_renumber_name_table':
[INFO] [stderr] warning: onig_sys@69.7.1: oniguruma/src/regparse.c:897:24: error: passing argument 2 of 'onig_st_foreach' from incompatible pointer type [-Wincompatible-pointer-types]
[INFO] [stderr] warning: onig_sys@69.7.1:   897 |     onig_st_foreach(t, i_renumber_name, (HashDataType )map);
[INFO] [stderr] warning: onig_sys@69.7.1:       |                        ^~~~~~~~~~~~~~~
[INFO] [stderr] warning: onig_sys@69.7.1:       |                        |
[INFO] [stderr] warning: onig_sys@69.7.1:       |                        int (*)(OnigUChar *, NameEntry *, GroupNumMap *) {aka int (*)(unsigned char *, NameEntry *, GroupNumMap *)}
[INFO] [stderr] warning: onig_sys@69.7.1: oniguruma/src/st.h:55:31: note: expected 'int (*)(void)' but argument is of type 'int (*)(OnigUChar *, NameEntry *, GroupNumMap *)' {aka 'int (*)(unsigned char *, NameEntry *, GroupNumMap *)'}
[INFO] [stderr] warning: onig_sys@69.7.1:    55 | int st_foreach _((st_table *, int (*)(ANYARGS), st_data_t));
[INFO] [stderr] warning: onig_sys@69.7.1:       |                               ^~~~~~~~~~~~~~~~
[INFO] [stderr] warning: onig_sys@69.7.1: oniguruma/src/st.h:35:18: note: in definition of macro '_'
[INFO] [stderr] warning: onig_sys@69.7.1:    35 | # define _(args) args
[INFO] [stderr] warning: onig_sys@69.7.1:       |                  ^~~~
[INFO] [stderr] warning: onig_sys@69.7.1: oniguruma/src/regparse.c:875:1: note: 'i_renumber_name' declared here
[INFO] [stderr] warning: onig_sys@69.7.1:   875 | i_renumber_name(UChar* key ARG_UNUSED, NameEntry* e, GroupNumMap* map)
[INFO] [stderr] warning: onig_sys@69.7.1:       | ^~~~~~~~~~~~~~~
[INFO] [stderr] warning: onig_sys@69.7.1: oniguruma/src/regparse.c: In function 'callout_name_table_clear':
[INFO] [stderr] warning: onig_sys@69.7.1: oniguruma/src/regparse.c:1382:24: error: passing argument 2 of 'onig_st_foreach' from incompatible pointer type [-Wincompatible-pointer-types]
[INFO] [stderr] warning: onig_sys@69.7.1:  1382 |     onig_st_foreach(t, i_free_callout_name_entry, 0);
[INFO] [stderr] warning: onig_sys@69.7.1:       |                        ^~~~~~~~~~~~~~~~~~~~~~~~~
[INFO] [stderr] warning: onig_sys@69.7.1:       |                        |
[INFO] [stderr] warning: onig_sys@69.7.1:       |                        int (*)(st_callout_name_key *, CalloutNameEntry *, void *)
[INFO] [stderr] warning: onig_sys@69.7.1: oniguruma/src/st.h:55:31: note: expected 'int (*)(void)' but argument is of type 'int (*)(st_callout_name_key *, CalloutNameEntry *, void *)'
[INFO] [stderr] warning: onig_sys@69.7.1:    55 | int st_foreach _((st_table *, int (*)(ANYARGS), st_data_t));
[INFO] [stderr] warning: onig_sys@69.7.1:       |                               ^~~~~~~~~~~~~~~~
[INFO] [stderr] warning: onig_sys@69.7.1: oniguruma/src/st.h:35:18: note: in definition of macro '_'
[INFO] [stderr] warning: onig_sys@69.7.1:    35 | # define _(args) args
[INFO] [stderr] warning: onig_sys@69.7.1:       |                  ^~~~
[INFO] [stderr] warning: onig_sys@69.7.1: oniguruma/src/regparse.c:1366:1: note: 'i_free_callout_name_entry' declared here
[INFO] [stderr] warning: onig_sys@69.7.1:  1366 | i_free_callout_name_entry(st_callout_name_key* key, CalloutNameEntry* e,
[INFO] [stderr] warning: onig_sys@69.7.1:       | ^~~~~~~~~~~~~~~~~~~~~~~~~
[INFO] [stderr] warning: onig_sys@69.7.1: oniguruma/src/regparse.c: In function 'setup_ext_callout_list_values':
[INFO] [stderr] warning: onig_sys@69.7.1: oniguruma/src/regparse.c:1880:56: error: passing argument 2 of 'onig_st_foreach' from incompatible pointer type [-Wincompatible-pointer-types]
[INFO] [stderr] warning: onig_sys@69.7.1:  1880 |     onig_st_foreach((CalloutTagTable *)ext->tag_table, i_callout_callout_list_set,
[INFO] [stderr] warning: onig_sys@69.7.1:       |                                                        ^~~~~~~~~~~~~~~~~~~~~~~~~~
[INFO] [stderr] warning: onig_sys@69.7.1:       |                                                        |
[INFO] [stderr] warning: onig_sys@69.7.1:       |                                                        int (*)(OnigUChar *, CalloutTagVal,  void *) {aka int (*)(unsigned char *, long int,  void *)}
[INFO] [stderr] warning: onig_sys@69.7.1: oniguruma/src/st.h:55:31: note: expected 'int (*)(void)' but argument is of type 'int (*)(OnigUChar *, CalloutTagVal,  void *)' {aka 'int (*)(unsigned char *, long int,  void *)'}
[INFO] [stderr] warning: onig_sys@69.7.1:    55 | int st_foreach _((st_table *, int (*)(ANYARGS), st_data_t));
[INFO] [stderr] warning: onig_sys@69.7.1:       |                               ^~~~~~~~~~~~~~~~
[INFO] [stderr] warning: onig_sys@69.7.1: oniguruma/src/st.h:35:18: note: in definition of macro '_'
[INFO] [stderr] warning: onig_sys@69.7.1:    35 | # define _(args) args
[INFO] [stderr] warning: onig_sys@69.7.1:       |                  ^~~~
[INFO] [stderr] warning: onig_sys@69.7.1: oniguruma/src/regparse.c:1862:1: note: 'i_callout_callout_list_set' declared here
[INFO] [stderr] warning: onig_sys@69.7.1:  1862 | i_callout_callout_list_set(UChar* key, CalloutTagVal e, void* arg)
[INFO] [stderr] warning: onig_sys@69.7.1:       | ^~~~~~~~~~~~~~~~~~~~~~~~~~
[INFO] [stderr] warning: onig_sys@69.7.1: oniguruma/src/regparse.c: In function 'callout_tag_table_clear':
[INFO] [stderr] warning: onig_sys@69.7.1: oniguruma/src/regparse.c:1928:24: error: passing argument 2 of 'onig_st_foreach' from incompatible pointer type [-Wincompatible-pointer-types]
[INFO] [stderr] warning: onig_sys@69.7.1:  1928 |     onig_st_foreach(t, i_free_callout_tag_entry, 0);
[INFO] [stderr] warning: onig_sys@69.7.1:       |                        ^~~~~~~~~~~~~~~~~~~~~~~~
[INFO] [stderr] warning: onig_sys@69.7.1:       |                        |
[INFO] [stderr] warning: onig_sys@69.7.1:       |                        int (*)(OnigUChar *, CalloutTagVal,  void *) {aka int (*)(unsigned char *, long int,  void *)}
[INFO] [stderr] warning: onig_sys@69.7.1: oniguruma/src/st.h:55:31: note: expected 'int (*)(void)' but argument is of type 'int (*)(OnigUChar *, CalloutTagVal,  void *)' {aka 'int (*)(unsigned char *, long int,  void *)'}
[INFO] [stderr] warning: onig_sys@69.7.1:    55 | int st_foreach _((st_table *, int (*)(ANYARGS), st_data_t));
[INFO] [stderr] warning: onig_sys@69.7.1:       |                               ^~~~~~~~~~~~~~~~
[INFO] [stderr] warning: onig_sys@69.7.1: oniguruma/src/st.h:35:18: note: in definition of macro '_'
[INFO] [stderr] warning: onig_sys@69.7.1:    35 | # define _(args) args
[INFO] [stderr] warning: onig_sys@69.7.1:       |                  ^~~~
[INFO] [stderr] warning: onig_sys@69.7.1: oniguruma/src/regparse.c:1918:1: note: 'i_free_callout_tag_entry' declared here
[INFO] [stderr] warning: onig_sys@69.7.1:  1918 | i_free_callout_tag_entry(UChar* key, CalloutTagVal e, void* arg ARG_UNUSED)
[INFO] [stderr] warning: onig_sys@69.7.1:       | ^~~~~~~~~~~~~~~~~~~~~~~~
[INFO] [stderr] error: failed to run custom build command for `onig_sys v69.7.1`
[INFO] [stderr] note: To improve backtraces for build dependencies, set the CARGO_PROFILE_RELEASE_BUILD_OVERRIDE_DEBUG=true environment variable to enable debug information generation.
[INFO] [stderr] 
[INFO] [stderr] Caused by:
[INFO] [stderr]   process didn't exit successfully: `/opt/rustwide/target/release/build/onig_sys-9257d54782288169/build-script-build` (exit status: 1)
[INFO] [stderr]   --- stdout
[INFO] [stderr]   TARGET = Some("x86_64-unknown-linux-gnu")
[INFO] [stderr]   OPT_LEVEL = Some("3")
[INFO] [stderr]   HOST = Some("x86_64-unknown-linux-gnu")
[INFO] [stderr]   CC_x86_64-unknown-linux-gnu = None
[INFO] [stderr]   CC_x86_64_unknown_linux_gnu = None
[INFO] [stderr]   HOST_CC = None
[INFO] [stderr]   CC = None
[INFO] [stderr]   CFLAGS_x86_64-unknown-linux-gnu = None
[INFO] [stderr]   CFLAGS_x86_64_unknown_linux_gnu = None
[INFO] [stderr]   HOST_CFLAGS = None
[INFO] [stderr]   CFLAGS = None
[INFO] [stderr]   CRATE_CC_NO_DEFAULTS = None
[INFO] [stderr]   DEBUG = Some("false")
[INFO] [stderr]   CARGO_CFG_TARGET_FEATURE = Some("fxsr,sse,sse2")
[INFO] [stderr]   running: "cc" "-O3" "-ffunction-sections" "-fdata-sections" "-fPIC" "-m64" "-I" "/opt/rustwide/target/release/build/onig_sys-9ee36dffa93c4baa/out" "-I" "oniguruma/src" "-DHAVE_UNISTD_H=1" "-DHAVE_SYS_TYPES_H=1" "-DHAVE_SYS_TIME_H=1" "-o" "/opt/rustwide/target/release/build/onig_sys-9ee36dffa93c4baa/out/oniguruma/src/regexec.o" "-c" "oniguruma/src/regexec.c"
[INFO] [stderr]   exit status: 0
[INFO] [stderr]   running: "cc" "-O3" "-ffunction-sections" "-fdata-sections" "-fPIC" "-m64" "-I" "/opt/rustwide/target/release/build/onig_sys-9ee36dffa93c4baa/out" "-I" "oniguruma/src" "-DHAVE_UNISTD_H=1" "-DHAVE_SYS_TYPES_H=1" "-DHAVE_SYS_TIME_H=1" "-o" "/opt/rustwide/target/release/build/onig_sys-9ee36dffa93c4baa/out/oniguruma/src/regerror.o" "-c" "oniguruma/src/regerror.c"
[INFO] [stderr]   exit status: 0
[INFO] [stderr]   running: "cc" "-O3" "-ffunction-sections" "-fdata-sections" "-fPIC" "-m64" "-I" "/opt/rustwide/target/release/build/onig_sys-9ee36dffa93c4baa/out" "-I" "oniguruma/src" "-DHAVE_UNISTD_H=1" "-DHAVE_SYS_TYPES_H=1" "-DHAVE_SYS_TIME_H=1" "-o" "/opt/rustwide/target/release/build/onig_sys-9ee36dffa93c4baa/out/oniguruma/src/regparse.o" "-c" "oniguruma/src/regparse.c"
[INFO] [stderr]   cargo:warning=oniguruma/src/regparse.c: In function 'onig_st_init_strend_table_with_size':
[INFO] [stderr]   cargo:warning=oniguruma/src/regparse.c:584:5: error: initialization of 'int (*)(void)' from incompatible pointer type 'int (*)(st_str_end_key *, st_str_end_key *)' [-Wincompatible-pointer-types]
[INFO] [stderr]   cargo:warning=  584 |     str_end_cmp,
[INFO] [stderr]   cargo:warning=      |     ^~~~~~~~~~~
[INFO] [stderr]   cargo:warning=oniguruma/src/regparse.c:584:5: note: (near initialization for 'hashType.compare')
[INFO] [stderr]   cargo:warning=oniguruma/src/regparse.c:546:1: note: 'str_end_cmp' declared here
[INFO] [stderr]   cargo:warning=  546 | str_end_cmp(st_str_end_key* x, st_str_end_key* y)
[INFO] [stderr]   cargo:warning=      | ^~~~~~~~~~~
[INFO] [stderr]   cargo:warning=oniguruma/src/regparse.c:585:5: error: initialization of 'int (*)(void)' from incompatible pointer type 'int (*)(st_str_end_key *)' [-Wincompatible-pointer-types]
[INFO] [stderr]   cargo:warning=  585 |     str_end_hash,
[INFO] [stderr]   cargo:warning=      |     ^~~~~~~~~~~~
[INFO] [stderr]   cargo:warning=oniguruma/src/regparse.c:585:5: note: (near initialization for 'hashType.hash')
[INFO] [stderr]   cargo:warning=oniguruma/src/regparse.c:567:1: note: 'str_end_hash' declared here
[INFO] [stderr]   cargo:warning=  567 | str_end_hash(st_str_end_key* x)
[INFO] [stderr]   cargo:warning=      | ^~~~~~~~~~~~
[INFO] [stderr]   cargo:warning=oniguruma/src/regparse.c: In function 'onig_st_init_callout_name_table_with_size':
[INFO] [stderr]   cargo:warning=oniguruma/src/regparse.c:674:5: error: initialization of 'int (*)(void)' from incompatible pointer type 'int (*)(st_callout_name_key *, st_callout_name_key *)' [-Wincompatible-pointer-types]
[INFO] [stderr]   cargo:warning=  674 |     callout_name_table_cmp,
[INFO] [stderr]   cargo:warning=      |     ^~~~~~~~~~~~~~~~~~~~~~
[INFO] [stderr]   cargo:warning=oniguruma/src/regparse.c:674:5: note: (near initialization for 'hashType.compare')
[INFO] [stderr]   cargo:warning=oniguruma/src/regparse.c:633:1: note: 'callout_name_table_cmp' declared here
[INFO] [stderr]   cargo:warning=  633 | callout_name_table_cmp(st_callout_name_key* x, st_callout_name_key* y)
[INFO] [stderr]   cargo:warning=      | ^~~~~~~~~~~~~~~~~~~~~~
[INFO] [stderr]   cargo:warning=oniguruma/src/regparse.c:675:5: error: initialization of 'int (*)(void)' from incompatible pointer type 'int (*)(st_callout_name_key *)' [-Wincompatible-pointer-types]
[INFO] [stderr]   cargo:warning=  675 |     callout_name_table_hash,
[INFO] [stderr]   cargo:warning=      |     ^~~~~~~~~~~~~~~~~~~~~~~
[INFO] [stderr]   cargo:warning=oniguruma/src/regparse.c:675:5: note: (near initialization for 'hashType.hash')
[INFO] [stderr]   cargo:warning=oniguruma/src/regparse.c:656:1: note: 'callout_name_table_hash' declared here
[INFO] [stderr]   cargo:warning=  656 | callout_name_table_hash(st_callout_name_key* x)
[INFO] [stderr]   cargo:warning=      | ^~~~~~~~~~~~~~~~~~~~~~~
[INFO] [stderr]   cargo:warning=oniguruma/src/regparse.c: In function 'names_clear':
[INFO] [stderr]   cargo:warning=oniguruma/src/regparse.c:800:24: error: passing argument 2 of 'onig_st_foreach' from incompatible pointer type [-Wincompatible-pointer-types]
[INFO] [stderr]   cargo:warning=  800 |     onig_st_foreach(t, i_free_name_entry, 0);
[INFO] [stderr]   cargo:warning=      |                        ^~~~~~~~~~~~~~~~~
[INFO] [stderr]   cargo:warning=      |                        |
[INFO] [stderr]   cargo:warning=      |                        int (*)(OnigUChar *, NameEntry *, void *) {aka int (*)(unsigned char *, NameEntry *, void *)}
[INFO] [stderr]   cargo:warning=In file included from oniguruma/src/regparse.c:37:
[INFO] [stderr]   cargo:warning=oniguruma/src/st.h:55:31: note: expected 'int (*)(void)' but argument is of type 'int (*)(OnigUChar *, NameEntry *, void *)' {aka 'int (*)(unsigned char *, NameEntry *, void *)'}
[INFO] [stderr]   cargo:warning=   55 | int st_foreach _((st_table *, int (*)(ANYARGS), st_data_t));
[INFO] [stderr]   cargo:warning=      |                               ^~~~~~~~~~~~~~~~
[INFO] [stderr]   cargo:warning=oniguruma/src/st.h:35:18: note: in definition of macro '_'
[INFO] [stderr]   cargo:warning=   35 | # define _(args) args
[INFO] [stderr]   cargo:warning=      |                  ^~~~
[INFO] [stderr]   cargo:warning=oniguruma/src/regparse.c:785:1: note: 'i_free_name_entry' declared here
[INFO] [stderr]   cargo:warning=  785 | i_free_name_entry(UChar* key, NameEntry* e, void* arg ARG_UNUSED)
[INFO] [stderr]   cargo:warning=      | ^~~~~~~~~~~~~~~~~
[INFO] [stderr]   cargo:warning=oniguruma/src/regparse.c: In function 'onig_foreach_name':
[INFO] [stderr]   cargo:warning=oniguruma/src/regparse.c:869:24: error: passing argument 2 of 'onig_st_foreach' from incompatible pointer type [-Wincompatible-pointer-types]
[INFO] [stderr]   cargo:warning=  869 |     onig_st_foreach(t, i_names, (HashDataType )&narg);
[INFO] [stderr]   cargo:warning=      |                        ^~~~~~~
[INFO] [stderr]   cargo:warning=      |                        |
[INFO] [stderr]   cargo:warning=      |                        int (*)(OnigUChar *, NameEntry *, INamesArg *) {aka int (*)(unsigned char *, NameEntry *, INamesArg *)}
[INFO] [stderr]   cargo:warning=oniguruma/src/st.h:55:31: note: expected 'int (*)(void)' but argument is of type 'int (*)(OnigUChar *, NameEntry *, INamesArg *)' {aka 'int (*)(unsigned char *, NameEntry *, INamesArg *)'}
[INFO] [stderr]   cargo:warning=   55 | int st_foreach _((st_table *, int (*)(ANYARGS), st_data_t));
[INFO] [stderr]   cargo:warning=      |                               ^~~~~~~~~~~~~~~~
[INFO] [stderr]   cargo:warning=oniguruma/src/st.h:35:18: note: in definition of macro '_'
[INFO] [stderr]   cargo:warning=   35 | # define _(args) args
[INFO] [stderr]   cargo:warning=      |                  ^~~~
[INFO] [stderr]   cargo:warning=oniguruma/src/regparse.c:842:1: note: 'i_names' declared here
[INFO] [stderr]   cargo:warning=  842 | i_names(UChar* key ARG_UNUSED, NameEntry* e, INamesArg* arg)
[INFO] [stderr]   cargo:warning=      | ^~~~~~~
[INFO] [stderr]   cargo:warning=oniguruma/src/regparse.c: In function 'onig_renumber_name_table':
[INFO] [stderr]   cargo:warning=oniguruma/src/regparse.c:897:24: error: passing argument 2 of 'onig_st_foreach' from incompatible pointer type [-Wincompatible-pointer-types]
[INFO] [stderr]   cargo:warning=  897 |     onig_st_foreach(t, i_renumber_name, (HashDataType )map);
[INFO] [stderr]   cargo:warning=      |                        ^~~~~~~~~~~~~~~
[INFO] [stderr]   cargo:warning=      |                        |
[INFO] [stderr]   cargo:warning=      |                        int (*)(OnigUChar *, NameEntry *, GroupNumMap *) {aka int (*)(unsigned char *, NameEntry *, GroupNumMap *)}
[INFO] [stderr]   cargo:warning=oniguruma/src/st.h:55:31: note: expected 'int (*)(void)' but argument is of type 'int (*)(OnigUChar *, NameEntry *, GroupNumMap *)' {aka 'int (*)(unsigned char *, NameEntry *, GroupNumMap *)'}
[INFO] [stderr]   cargo:warning=   55 | int st_foreach _((st_table *, int (*)(ANYARGS), st_data_t));
[INFO] [stderr]   cargo:warning=      |                               ^~~~~~~~~~~~~~~~
[INFO] [stderr]   cargo:warning=oniguruma/src/st.h:35:18: note: in definition of macro '_'
[INFO] [stderr]   cargo:warning=   35 | # define _(args) args
[INFO] [stderr]   cargo:warning=      |                  ^~~~
[INFO] [stderr]   cargo:warning=oniguruma/src/regparse.c:875:1: note: 'i_renumber_name' declared here
[INFO] [stderr]   cargo:warning=  875 | i_renumber_name(UChar* key ARG_UNUSED, NameEntry* e, GroupNumMap* map)
[INFO] [stderr]   cargo:warning=      | ^~~~~~~~~~~~~~~
[INFO] [stderr]   cargo:warning=oniguruma/src/regparse.c: In function 'callout_name_table_clear':
[INFO] [stderr]   cargo:warning=oniguruma/src/regparse.c:1382:24: error: passing argument 2 of 'onig_st_foreach' from incompatible pointer type [-Wincompatible-pointer-types]
[INFO] [stderr]   cargo:warning= 1382 |     onig_st_foreach(t, i_free_callout_name_entry, 0);
[INFO] [stderr]   cargo:warning=      |                        ^~~~~~~~~~~~~~~~~~~~~~~~~
[INFO] [stderr]   cargo:warning=      |                        |
[INFO] [stderr]   cargo:warning=      |                        int (*)(st_callout_name_key *, CalloutNameEntry *, void *)
[INFO] [stderr]   cargo:warning=oniguruma/src/st.h:55:31: note: expected 'int (*)(void)' but argument is of type 'int (*)(st_callout_name_key *, CalloutNameEntry *, void *)'
[INFO] [stderr]   cargo:warning=   55 | int st_foreach _((st_table *, int (*)(ANYARGS), st_data_t));
[INFO] [stderr]   cargo:warning=      |                               ^~~~~~~~~~~~~~~~
[INFO] [stderr]   cargo:warning=oniguruma/src/st.h:35:18: note: in definition of macro '_'
[INFO] [stderr]   cargo:warning=   35 | # define _(args) args
[INFO] [stderr]   cargo:warning=      |                  ^~~~
[INFO] [stderr]   cargo:warning=oniguruma/src/regparse.c:1366:1: note: 'i_free_callout_name_entry' declared here
[INFO] [stderr]   cargo:warning= 1366 | i_free_callout_name_entry(st_callout_name_key* key, CalloutNameEntry* e,
[INFO] [stderr]   cargo:warning=      | ^~~~~~~~~~~~~~~~~~~~~~~~~
[INFO] [stderr]   cargo:warning=oniguruma/src/regparse.c: In function 'setup_ext_callout_list_values':
[INFO] [stderr]   cargo:warning=oniguruma/src/regparse.c:1880:56: error: passing argument 2 of 'onig_st_foreach' from incompatible pointer type [-Wincompatible-pointer-types]
[INFO] [stderr]   cargo:warning= 1880 |     onig_st_foreach((CalloutTagTable *)ext->tag_table, i_callout_callout_list_set,
[INFO] [stderr]   cargo:warning=      |                                                        ^~~~~~~~~~~~~~~~~~~~~~~~~~
[INFO] [stderr]   cargo:warning=      |                                                        |
[INFO] [stderr]   cargo:warning=      |                                                        int (*)(OnigUChar *, CalloutTagVal,  void *) {aka int (*)(unsigned char *, long int,  void *)}
[INFO] [stderr]   cargo:warning=oniguruma/src/st.h:55:31: note: expected 'int (*)(void)' but argument is of type 'int (*)(OnigUChar *, CalloutTagVal,  void *)' {aka 'int (*)(unsigned char *, long int,  void *)'}
[INFO] [stderr]   cargo:warning=   55 | int st_foreach _((st_table *, int (*)(ANYARGS), st_data_t));
[INFO] [stderr]   cargo:warning=      |                               ^~~~~~~~~~~~~~~~
[INFO] [stderr]   cargo:warning=oniguruma/src/st.h:35:18: note: in definition of macro '_'
[INFO] [stderr]   cargo:warning=   35 | # define _(args) args
[INFO] [stderr]   cargo:warning=      |                  ^~~~
[INFO] [stderr]   cargo:warning=oniguruma/src/regparse.c:1862:1: note: 'i_callout_callout_list_set' declared here
[INFO] [stderr]   cargo:warning= 1862 | i_callout_callout_list_set(UChar* key, CalloutTagVal e, void* arg)
[INFO] [stderr]   cargo:warning=      | ^~~~~~~~~~~~~~~~~~~~~~~~~~
[INFO] [stderr]   cargo:warning=oniguruma/src/regparse.c: In function 'callout_tag_table_clear':
[INFO] [stderr]   cargo:warning=oniguruma/src/regparse.c:1928:24: error: passing argument 2 of 'onig_st_foreach' from incompatible pointer type [-Wincompatible-pointer-types]
[INFO] [stderr]   cargo:warning= 1928 |     onig_st_foreach(t, i_free_callout_tag_entry, 0);
[INFO] [stderr]   cargo:warning=      |                        ^~~~~~~~~~~~~~~~~~~~~~~~
[INFO] [stderr]   cargo:warning=      |                        |
[INFO] [stderr]   cargo:warning=      |                        int (*)(OnigUChar *, CalloutTagVal,  void *) {aka int (*)(unsigned char *, long int,  void *)}
[INFO] [stderr]   cargo:warning=oniguruma/src/st.h:55:31: note: expected 'int (*)(void)' but argument is of type 'int (*)(OnigUChar *, CalloutTagVal,  void *)' {aka 'int (*)(unsigned char *, long int,  void *)'}
[INFO] [stderr]   cargo:warning=   55 | int st_foreach _((st_table *, int (*)(ANYARGS), st_data_t));
[INFO] [stderr]   cargo:warning=      |                               ^~~~~~~~~~~~~~~~
[INFO] [stderr]   cargo:warning=oniguruma/src/st.h:35:18: note: in definition of macro '_'
[INFO] [stderr]   cargo:warning=   35 | # define _(args) args
[INFO] [stderr]   cargo:warning=      |                  ^~~~
[INFO] [stderr]   cargo:warning=oniguruma/src/regparse.c:1918:1: note: 'i_free_callout_tag_entry' declared here
[INFO] [stderr]   cargo:warning= 1918 | i_free_callout_tag_entry(UChar* key, CalloutTagVal e, void* arg ARG_UNUSED)
[INFO] [stderr]   cargo:warning=      | ^~~~~~~~~~~~~~~~~~~~~~~~
[INFO] [stderr]   exit status: 1
[INFO] [stderr] 
[INFO] [stderr]   --- stderr
[INFO] [stderr] 
[INFO] [stderr] 
[INFO] [stderr]   error occurred: Command "cc" "-O3" "-ffunction-sections" "-fdata-sections" "-fPIC" "-m64" "-I" "/opt/rustwide/target/release/build/onig_sys-9ee36dffa93c4baa/out" "-I" "oniguruma/src" "-DHAVE_UNISTD_H=1" "-DHAVE_SYS_TYPES_H=1" "-DHAVE_SYS_TIME_H=1" "-o" "/opt/rustwide/target/release/build/onig_sys-9ee36dffa93c4baa/out/oniguruma/src/regparse.o" "-c" "oniguruma/src/regparse.c" with args "cc" did not execute successfully (status code exit status: 1).
[INFO] [stderr] 
[INFO] [stderr] 
[INFO] running `Command { std: "docker" "inspect" "91a319d5d28d057ef679bf4a24738ed35808590a477abec3bdf0f3c1e36fc02e", kill_on_drop: false }`
[INFO] running `Command { std: "docker" "rm" "-f" "91a319d5d28d057ef679bf4a24738ed35808590a477abec3bdf0f3c1e36fc02e", kill_on_drop: false }`
[INFO] [stdout] 91a319d5d28d057ef679bf4a24738ed35808590a477abec3bdf0f3c1e36fc02e
