[INFO] fetching crate huginn-net-http 2.2.0...
[INFO] testing huginn-net-http-2.2.0 against 1.100.0-beta.1+cargoflags=--release for beta-release-1.100-2
[INFO] extracting crate huginn-net-http 2.2.0 into /workspace/builds/worker-7-tc2/source
[INFO] started tweaking crates.io crate huginn-net-http 2.2.0
[INFO] removed 0 missing tests
[INFO] finished tweaking crates.io crate huginn-net-http 2.2.0
[INFO] tweaked toml for crates.io crate huginn-net-http 2.2.0 written to /workspace/builds/worker-7-tc2/source/Cargo.toml
[INFO] validating manifest of crates.io crate huginn-net-http 2.2.0 on toolchain 1.100.0-beta.1
[INFO] running `Command { std: CARGO_HOME="/workspace/cargo-home" RUSTUP_HOME="/workspace/rustup-home" "/workspace/cargo-home/bin/cargo" "+1.100.0-beta.1" "metadata" "--manifest-path" "Cargo.toml" "--no-deps", kill_on_drop: false }`
[INFO] crate crates.io crate huginn-net-http 2.2.0 already has a lockfile, it will not be regenerated
[INFO] running `Command { std: CARGO_HOME="/workspace/cargo-home" RUSTUP_HOME="/workspace/rustup-home" "/workspace/cargo-home/bin/cargo" "+1.100.0-beta.1" "fetch" "--manifest-path" "Cargo.toml", kill_on_drop: false }`
[INFO] [stderr] warning: `package.homepage` is redundant with `package.repository`
[INFO] [stderr]   --> Cargo.toml:82:12
[INFO] [stderr]    |
[INFO] [stderr] 82 | homepage = "https://github.com/biandratti/huginn-net"
[INFO] [stderr]    |            ^^^^^^^^^^^^^^^^^^^^^^^^^^^^^^^^^^^^^^^^^^
[INFO] [stderr] ...
[INFO] [stderr] 87 | repository = "https://github.com/biandratti/huginn-net"
[INFO] [stderr]    |              ------------------------------------------
[INFO] [stderr]    |
[INFO] [stderr]    = note: `cargo::redundant_homepage` is set to `warn` by default
[INFO] [stderr] help: consider removing `package.homepage`
[INFO] [stderr] warning: `huginn-net-http` (manifest) generated 1 warning
[INFO] running `Command { std: "docker" "create" "-v" "/var/lib/crater-agent-workspace/builds/worker-7-tc2/source:/opt/rustwide/workdir:ro,Z" "-v" "/var/lib/crater-agent-workspace/builds/worker-7-tc2/target:/opt/rustwide/target:rw,Z" "-v" "/var/lib/crater-agent-workspace/cargo-home:/opt/rustwide/cargo-home:ro,Z" "-v" "/var/lib/crater-agent-workspace/rustup-home:/opt/rustwide/rustup-home:ro,Z" "-m" "1610612736" "--network" "none" "ghcr.io/rust-lang/crates-build-env/linux@sha256:77db811e55d90add9212f6832c23229e3de5f1c1f9905e8cb07319ea15df73ac" "sleep" "infinity", kill_on_drop: false }`
[INFO] [stdout] 34988a5a881bfa65f6cca9f8903a2c989680833a912792348e2b82573ff8c71f
[INFO] running `Command { std: "docker" "start" "34988a5a881bfa65f6cca9f8903a2c989680833a912792348e2b82573ff8c71f", kill_on_drop: false }`
[INFO] running `Command { std: "docker" "inspect" "34988a5a881bfa65f6cca9f8903a2c989680833a912792348e2b82573ff8c71f", kill_on_drop: false }`
[INFO] running `Command { std: "docker" "exec" "-e" "SOURCE_DIR=/opt/rustwide/workdir" "-e" "CARGO_HOME=/opt/rustwide/cargo-home" "-e" "RUSTUP_HOME=/opt/rustwide/rustup-home" "-e" "CARGO_TARGET_DIR=/opt/rustwide/target" "-w" "/opt/rustwide/workdir" "--user" "0:0" "34988a5a881bfa65f6cca9f8903a2c989680833a912792348e2b82573ff8c71f" "/opt/rustwide/cargo-home/bin/cargo" "+1.100.0-beta.1" "metadata" "--no-deps" "--format-version=1", kill_on_drop: false }`
[INFO] running `Command { std: "docker" "inspect" "34988a5a881bfa65f6cca9f8903a2c989680833a912792348e2b82573ff8c71f", kill_on_drop: false }`
[INFO] running `Command { std: "docker" "exec" "-e" "SOURCE_DIR=/opt/rustwide/workdir" "-e" "CARGO_HOME=/opt/rustwide/cargo-home" "-e" "RUSTUP_HOME=/opt/rustwide/rustup-home" "-e" "CARGO_TARGET_DIR=/opt/rustwide/target" "-e" "CARGO_INCREMENTAL=0" "-e" "RUST_BACKTRACE=full" "-e" "RUSTFLAGS=--cap-lints=warn" "-e" "RUSTDOCFLAGS=--cap-lints=warn" "-w" "/opt/rustwide/workdir" "--user" "0:0" "34988a5a881bfa65f6cca9f8903a2c989680833a912792348e2b82573ff8c71f" "/opt/rustwide/cargo-home/bin/cargo" "+1.100.0-beta.1" "build" "--frozen" "--message-format=json" "--release", kill_on_drop: false }`
[INFO] [stderr] warning: `package.homepage` is redundant with `package.repository`
[INFO] [stderr]   --> Cargo.toml:82:12
[INFO] [stderr]    |
[INFO] [stderr] 82 | homepage = "https://github.com/biandratti/huginn-net"
[INFO] [stderr]    |            ^^^^^^^^^^^^^^^^^^^^^^^^^^^^^^^^^^^^^^^^^^
[INFO] [stderr] ...
[INFO] [stderr] 87 | repository = "https://github.com/biandratti/huginn-net"
[INFO] [stderr]    |              ------------------------------------------
[INFO] [stderr]    |
[INFO] [stderr]    = note: `cargo::redundant_homepage` is set to `warn` by default
[INFO] [stderr] help: consider removing `package.homepage`
[INFO] [stderr] warning: `huginn-net-http` (manifest) generated 1 warning
[INFO] [stderr]    Compiling proc-macro2 v1.0.107
[INFO] [stderr]    Compiling unicode-ident v1.0.24
[INFO] [stderr]    Compiling quote v1.0.47
[INFO] [stderr]    Compiling memchr v2.8.3
[INFO] [stderr]    Compiling serde_core v1.0.229
[INFO] [stderr]    Compiling regex-syntax v0.8.11
[INFO] [stderr]    Compiling no-std-net v0.6.0
[INFO] [stderr]    Compiling libc v0.2.189
[INFO] [stderr]    Compiling pnet_base v0.35.0
[INFO] [stderr]    Compiling typenum v1.20.1
[INFO] [stderr]    Compiling serde v1.0.229
[INFO] [stderr]    Compiling syn v1.0.109
[INFO] [stderr]    Compiling pnet_macros_support v0.35.0
[INFO] [stderr]    Compiling thiserror v1.0.69
[INFO] [stderr]    Compiling once_cell v1.21.4
[INFO] [stderr]    Compiling crossbeam-utils v0.8.23
[INFO] [stderr]    Compiling aho-corasick v1.1.5
[INFO] [stderr]    Compiling const-oid v0.10.2
[INFO] [stderr]    Compiling byteorder v1.5.0
[INFO] [stderr]    Compiling thiserror v2.0.20
[INFO] [stderr]    Compiling pnet v0.35.0
[INFO] [stderr]    Compiling syn v2.0.119
[INFO] [stderr]    Compiling syn v3.0.5
[INFO] [stderr]    Compiling hybrid-array v0.4.14
[INFO] [stderr]    Compiling pnet_sys v0.35.0
[INFO] [stderr]    Compiling log v0.4.34
[INFO] [stderr]    Compiling log v0.3.9
[INFO] [stderr]    Compiling crypto-common v0.2.2
[INFO] [stderr]    Compiling block-buffer v0.12.1
[INFO] [stderr]    Compiling regex-automata v0.4.18
[INFO] [stderr]    Compiling byteorder_slice v3.0.0
[INFO] [stderr]    Compiling tracing-core v0.1.36
[INFO] [stderr]    Compiling digest v0.11.3
[INFO] [stderr]    Compiling linked-hash-map v0.5.6
[INFO] [stderr]    Compiling pin-project-lite v0.2.17
[INFO] [stderr]    Compiling cfg-if v1.0.4
[INFO] [stderr]    Compiling cpufeatures v0.3.1
[INFO] [stderr]    Compiling sha2 v0.11.0
[INFO] [stderr]    Compiling ttl_cache v0.5.1
[INFO] [stderr]    Compiling crossbeam-channel v0.5.17
[INFO] [stderr]    Compiling derive-into-owned v0.2.0
[INFO] [stderr]    Compiling hpack-patched v0.3.0
[INFO] [stderr]    Compiling thiserror-impl v2.0.20
[INFO] [stderr]    Compiling ipnetwork v0.20.0
[INFO] [stderr]    Compiling lazy_static v1.5.0
[INFO] [stderr]    Compiling pnet_datalink v0.35.0
[INFO] [stderr]    Compiling regex v1.13.1
[INFO] [stderr]    Compiling pnet_macros v0.35.0
[INFO] [stderr]    Compiling thiserror-impl v1.0.69
[INFO] [stderr]    Compiling tracing-attributes v0.1.31
[INFO] [stderr]    Compiling pnet_packet v0.35.0
[INFO] [stderr]    Compiling pcap-file v3.0.0-rc1
[INFO] [stderr]    Compiling tracing v0.1.44
[INFO] [stderr]    Compiling pnet_transport v0.35.0
[INFO] [stderr]    Compiling huginn-net-http v2.2.0 (/opt/rustwide/workdir)
[INFO] [stderr] warning: unused dependency `sha2`
[INFO] [stderr]   --> Cargo.toml:21:15
[INFO] [stderr]    |
[INFO] [stderr] 21 | [dependencies.sha2]
[INFO] [stderr]    |               ^^^^^
[INFO] [stderr]    |
[INFO] [stderr]    = note: `cargo::unused_dependencies` is set to `warn` by default
[INFO] [stderr] help: consider removing the dependency on `sha2`
[INFO] [stderr] warning: `huginn-net-http` (manifest) generated 1 warning
[INFO] [stderr]     Finished `release` profile [optimized] target(s) in 1m 02s
[INFO] running `Command { std: "docker" "inspect" "34988a5a881bfa65f6cca9f8903a2c989680833a912792348e2b82573ff8c71f", kill_on_drop: false }`
[INFO] running `Command { std: "docker" "exec" "-e" "SOURCE_DIR=/opt/rustwide/workdir" "-e" "CARGO_HOME=/opt/rustwide/cargo-home" "-e" "RUSTUP_HOME=/opt/rustwide/rustup-home" "-e" "CARGO_TARGET_DIR=/opt/rustwide/target" "-e" "CARGO_INCREMENTAL=0" "-e" "RUST_BACKTRACE=full" "-e" "RUSTFLAGS=--cap-lints=warn" "-e" "RUSTDOCFLAGS=--cap-lints=warn" "-w" "/opt/rustwide/workdir" "--user" "0:0" "34988a5a881bfa65f6cca9f8903a2c989680833a912792348e2b82573ff8c71f" "/opt/rustwide/cargo-home/bin/cargo" "+1.100.0-beta.1" "test" "--frozen" "--no-run" "--message-format=json" "--release", kill_on_drop: false }`
[INFO] [stderr] warning: `package.homepage` is redundant with `package.repository`
[INFO] [stderr]   --> Cargo.toml:82:12
[INFO] [stderr]    |
[INFO] [stderr] 82 | homepage = "https://github.com/biandratti/huginn-net"
[INFO] [stderr]    |            ^^^^^^^^^^^^^^^^^^^^^^^^^^^^^^^^^^^^^^^^^^
[INFO] [stderr] ...
[INFO] [stderr] 87 | repository = "https://github.com/biandratti/huginn-net"
[INFO] [stderr]    |              ------------------------------------------
[INFO] [stderr]    |
[INFO] [stderr]    = note: `cargo::redundant_homepage` is set to `warn` by default
[INFO] [stderr] help: consider removing `package.homepage`
[INFO] [stderr] warning: `huginn-net-http` (manifest) generated 1 warning
[INFO] [stderr]    Compiling syn v3.0.5
[INFO] [stderr]    Compiling serde_core v1.0.229
[INFO] [stderr]    Compiling libc v0.2.189
[INFO] [stderr]    Compiling crossbeam-utils v0.8.23
[INFO] [stderr]    Compiling serde v1.0.229
[INFO] [stderr]    Compiling zerocopy v0.8.56
[INFO] [stderr]    Compiling crossbeam-epoch v0.9.21
[INFO] [stderr]    Compiling regex-syntax v0.8.11
[INFO] [stderr]    Compiling tracing-core v0.1.36
[INFO] [stderr]    Compiling zerocopy-derive v0.8.56
[INFO] [stderr]    Compiling autocfg v1.5.1
[INFO] [stderr]    Compiling crossbeam-deque v0.8.8
[INFO] [stderr]    Compiling find-msvc-tools v0.1.12
[INFO] [stderr]    Compiling shlex v2.0.1
[INFO] [stderr]    Compiling utf8parse v0.2.2
[INFO] [stderr]    Compiling zmij v1.0.23
[INFO] [stderr]    Compiling cc v1.4.5
[INFO] [stderr]    Compiling anstyle-parse v1.0.0
[INFO] [stderr]    Compiling num-traits v0.2.19
[INFO] [stderr]    Compiling either v1.18.0
[INFO] [stderr]    Compiling anstyle-query v1.1.5
[INFO] [stderr]    Compiling cfg_aliases v0.2.2
[INFO] [stderr]    Compiling serde_json v1.0.151
[INFO] [stderr]    Compiling is_terminal_polyfill v1.70.2
[INFO] [stderr]    Compiling rayon-core v1.13.0
[INFO] [stderr]    Compiling colorchoice v1.0.5
[INFO] [stderr]    Compiling anstyle v1.0.14
[INFO] [stderr]    Compiling regex-automata v0.4.18
[INFO] [stderr]    Compiling anstream v1.0.0
[INFO] [stderr]    Compiling pnet_sys v0.35.0
[INFO] [stderr]    Compiling nix v0.31.3
[INFO] [stderr]    Compiling tracing v0.1.44
[INFO] [stderr]    Compiling clap_lex v1.1.0
[INFO] [stderr]    Compiling itoa v1.0.18
[INFO] [stderr]    Compiling alloca v0.4.0
[INFO] [stderr]    Compiling plotters-backend v0.3.7
[INFO] [stderr]    Compiling memchr v2.8.3
[INFO] [stderr]    Compiling strsim v0.11.1
[INFO] [stderr]    Compiling ciborium-io v0.2.2
[INFO] [stderr]    Compiling heck v0.5.0
[INFO] [stderr]    Compiling clap_builder v4.6.6
[INFO] [stderr]    Compiling plotters-svg v0.3.7
[INFO] [stderr]    Compiling serde_derive v1.0.229
[INFO] [stderr]    Compiling thiserror-impl v2.0.20
[INFO] [stderr]    Compiling clap_derive v4.6.4
[INFO] [stderr]    Compiling thiserror v2.0.20
[INFO] [stderr]    Compiling matchers v0.2.0
[INFO] [stderr]    Compiling pnet_transport v0.35.0
[INFO] [stderr]    Compiling half v2.7.1
[INFO] [stderr]    Compiling sharded-slab v0.1.7
[INFO] [stderr]    Compiling itertools v0.13.0
[INFO] [stderr]    Compiling ciborium-ll v0.2.2
[INFO] [stderr]    Compiling crossbeam-channel v0.5.17
[INFO] [stderr]    Compiling tracing-log v0.2.0
[INFO] [stderr]    Compiling thread_local v1.1.10
[INFO] [stderr]    Compiling bitflags v2.13.1
[INFO] [stderr]    Compiling smallvec v1.16.0
[INFO] [stderr]    Compiling same-file v1.0.6
[INFO] [stderr]    Compiling nu-ansi-term v0.50.3
[INFO] [stderr]    Compiling num-conv v0.2.2
[INFO] [stderr]    Compiling powerfmt v0.2.0
[INFO] [stderr]    Compiling cast v0.3.0
[INFO] [stderr]    Compiling deranged v0.5.8
[INFO] [stderr]    Compiling ipnetwork v0.20.0
[INFO] [stderr]    Compiling time-core v0.1.9
[INFO] [stderr]    Compiling tinytemplate v1.2.1
[INFO] [stderr]    Compiling ciborium v0.2.2
[INFO] [stderr]    Compiling tracing-subscriber v0.3.23
[INFO] [stderr]    Compiling pnet_datalink v0.35.0
[INFO] [stderr]    Compiling pnet v0.35.0
[INFO] [stderr]    Compiling criterion-plot v0.8.2
[INFO] [stderr]    Compiling walkdir v2.5.0
[INFO] [stderr]    Compiling time v0.3.55
[INFO] [stderr]    Compiling clap v4.6.6
[INFO] [stderr]    Compiling rayon v1.12.0
[INFO] [stderr]    Compiling regex v1.13.1
[INFO] [stderr]    Compiling plotters v0.3.7
[INFO] [stderr]    Compiling page_size v0.6.0
[INFO] [stderr]    Compiling anes v0.1.6
[INFO] [stderr]    Compiling symlink v0.1.0
[INFO] [stderr]    Compiling oorandom v11.1.5
[INFO] [stderr]    Compiling ctrlc v3.5.2
[INFO] [stderr]    Compiling huginn-net-http v2.2.0 (/opt/rustwide/workdir)
[INFO] [stderr]    Compiling criterion v0.8.2
[INFO] [stderr]    Compiling tracing-appender v0.2.5
[INFO] [stdout] error[E0599]: no method named `parse_request` found for struct `HttpProcessors` in the current scope
[INFO] [stdout]    --> tests/http1/parser.rs:593:10
[INFO] [stdout]     |
[INFO] [stdout] 592 |     assert!(processors
[INFO] [stdout] 593 |         .parse_request(b"GET / HTTP/1.1\r\n\r\n")
[INFO] [stdout]     |          ^^^^^^^^^^^^^ method not found in `HttpProcessors`
[INFO] [stdout] 
[INFO] [stdout] 
[INFO] [stdout] error[E0599]: no method named `parse_request` found for struct `HttpProcessors` in the current scope
[INFO] [stdout]    --> tests/http1/parser.rs:596:10
[INFO] [stdout]     |
[INFO] [stdout] 595 |     assert!(processors
[INFO] [stdout] 596 |         .parse_request(b"POST /api HTTP/1.0\r\n\r\n")
[INFO] [stdout]     |          ^^^^^^^^^^^^^ method not found in `HttpProcessors`
[INFO] [stdout] 
[INFO] [stdout] 
[INFO] [stdout] error[E0599]: no method named `parse_request` found for struct `HttpProcessors` in the current scope
[INFO] [stdout]    --> tests/http1/parser.rs:599:10
[INFO] [stdout]     |
[INFO] [stdout] 598 |     assert!(processors
[INFO] [stdout] 599 |         .parse_request(b"PUT /data HTTP/1.1\r\n\r\n")
[INFO] [stdout]     |          ^^^^^^^^^^^^^ method not found in `HttpProcessors`
[INFO] [stdout] 
[INFO] [stdout] 
[INFO] [stdout] error[E0599]: no method named `parse_response` found for struct `HttpProcessors` in the current scope
[INFO] [stdout]    --> tests/http1/parser.rs:604:10
[INFO] [stdout]     |
[INFO] [stdout] 603 |     assert!(processors
[INFO] [stdout] 604 |         .parse_response(b"HTTP/1.1 200 OK\r\n\r\n")
[INFO] [stdout]     |          ^^^^^^^^^^^^^^ method not found in `HttpProcessors`
[INFO] [stdout] 
[INFO] [stdout] 
[INFO] [stdout] error[E0599]: no method named `parse_response` found for struct `HttpProcessors` in the current scope
[INFO] [stdout]    --> tests/http1/parser.rs:607:10
[INFO] [stdout]     |
[INFO] [stdout] 606 |     assert!(processors
[INFO] [stdout] 607 |         .parse_response(b"HTTP/1.0 404 Not Found\r\n\r\n")
[INFO] [stdout]     |          ^^^^^^^^^^^^^^ method not found in `HttpProcessors`
[INFO] [stdout] 
[INFO] [stdout] 
[INFO] [stdout] error[E0599]: no method named `parse_request` found for struct `HttpProcessors` in the current scope
[INFO] [stdout]    --> tests/http1/parser.rs:611:24
[INFO] [stdout]     |
[INFO] [stdout] 611 |     assert!(processors.parse_request(b"").is_none());
[INFO] [stdout]     |                        ^^^^^^^^^^^^^ method not found in `HttpProcessors`
[INFO] [stdout] 
[INFO] [stdout] 
[INFO] [stdout] error[E0599]: no method named `parse_request` found for struct `HttpProcessors` in the current scope
[INFO] [stdout]    --> tests/http1/parser.rs:612:24
[INFO] [stdout]     |
[INFO] [stdout] 612 |     assert!(processors.parse_request(b"short").is_none());
[INFO] [stdout]     |                        ^^^^^^^^^^^^^ method not found in `HttpProcessors`
[INFO] [stdout] 
[INFO] [stdout] 
[INFO] [stdout] error[E0599]: no method named `parse_request` found for struct `HttpProcessors` in the current scope
[INFO] [stdout]    --> tests/http1/parser.rs:613:24
[INFO] [stdout]     |
[INFO] [stdout] 613 |     assert!(processors.parse_request(b"INVALID DATA HERE").is_none());
[INFO] [stdout]     |                        ^^^^^^^^^^^^^ method not found in `HttpProcessors`
[INFO] [stdout] 
[INFO] [stdout] 
[INFO] [stdout] error[E0599]: no method named `parse_request` found for struct `HttpProcessors` in the current scope
[INFO] [stdout]    --> tests/http1/parser.rs:614:24
[INFO] [stdout]     |
[INFO] [stdout] 614 |     assert!(processors.parse_request(b"PRI * HTTP/2.0\r\n").is_none()); // HTTP/2 preface
[INFO] [stdout]     |                        ^^^^^^^^^^^^^ method not found in `HttpProcessors`
[INFO] [stdout] 
[INFO] [stdout] 
[INFO] [stdout] For more information about this error, try `rustc --explain E0599`.
[INFO] [stdout] 
[INFO] [stderr] error: could not compile `huginn-net-http` (test "http1") due to 9 previous errors
[INFO] [stderr] warning: build failed, waiting for other jobs to finish...
[INFO] [stderr] warning: unused dependency `sha2`
[INFO] [stderr]   --> Cargo.toml:21:15
[INFO] [stderr]    |
[INFO] [stderr] 21 | [dependencies.sha2]
[INFO] [stderr]    |               ^^^^^
[INFO] [stderr]    |
[INFO] [stderr]    = note: `cargo::unused_dependencies` is set to `warn` by default
[INFO] [stderr] help: consider removing the dependency on `sha2`
[INFO] [stderr] warning: `huginn-net-http` (manifest) generated 1 warning
[INFO] running `Command { std: "docker" "inspect" "34988a5a881bfa65f6cca9f8903a2c989680833a912792348e2b82573ff8c71f", kill_on_drop: false }`
[INFO] running `Command { std: "docker" "rm" "-f" "34988a5a881bfa65f6cca9f8903a2c989680833a912792348e2b82573ff8c71f", kill_on_drop: false }`
[INFO] [stdout] 34988a5a881bfa65f6cca9f8903a2c989680833a912792348e2b82573ff8c71f
