[INFO] fetching crate httpdirectory 0.20.0...
[INFO] testing httpdirectory-0.20.0 against 1.99.0-beta.8+cargoflags=--release for beta-release-1.100-2
[INFO] extracting crate httpdirectory 0.20.0 into /workspace/builds/worker-2-tc1/source
[INFO] started tweaking crates.io crate httpdirectory 0.20.0
[INFO] removed 0 missing examples
[INFO] removed 0 missing tests
[INFO] finished tweaking crates.io crate httpdirectory 0.20.0
[INFO] tweaked toml for crates.io crate httpdirectory 0.20.0 written to /workspace/builds/worker-2-tc1/source/Cargo.toml
[INFO] validating manifest of crates.io crate httpdirectory 0.20.0 on toolchain 1.99.0-beta.8
[INFO] running `Command { std: CARGO_HOME="/workspace/cargo-home" RUSTUP_HOME="/workspace/rustup-home" "/workspace/cargo-home/bin/cargo" "+1.99.0-beta.8" "metadata" "--manifest-path" "Cargo.toml" "--no-deps", kill_on_drop: false }`
[INFO] crate crates.io crate httpdirectory 0.20.0 already has a lockfile, it will not be regenerated
[INFO] running `Command { std: CARGO_HOME="/workspace/cargo-home" RUSTUP_HOME="/workspace/rustup-home" "/workspace/cargo-home/bin/cargo" "+1.99.0-beta.8" "fetch" "--manifest-path" "Cargo.toml", kill_on_drop: false }`
[INFO] [stderr]     Updating crates.io index
[INFO] [stderr]  Downloading crates ...
[INFO] [stderr]   Downloaded snafu-derive v0.9.2
[INFO] [stderr]   Downloaded snafu v0.9.2
[INFO] [stderr]   Downloaded unwrap_unreachable v0.1.1
[INFO] [stderr]   Downloaded cssparser-macros v0.7.1
[INFO] [stderr]   Downloaded tabwriter v1.4.1
[INFO] [stderr]   Downloaded path-tree v0.8.3
[INFO] [stderr]   Downloaded stringmetrics v2.2.2
[INFO] [stderr]   Downloaded headers v0.4.2
[INFO] [stderr]   Downloaded async-object-pool v0.2.0
[INFO] [stderr]   Downloaded hotpath-macros v0.28.4
[INFO] [stderr]   Downloaded hotpath-drain v0.28.4
[INFO] [stderr]   Downloaded hotpath v0.28.4
[INFO] [stderr]   Downloaded hdrhistogram v7.6.0
[INFO] [stderr]   Downloaded httpmock v0.8.3
[INFO] running `Command { std: "docker" "create" "-v" "/var/lib/crater-agent-workspace/builds/worker-2-tc1/source:/opt/rustwide/workdir:ro,Z" "-v" "/var/lib/crater-agent-workspace/builds/worker-2-tc1/target:/opt/rustwide/target:rw,Z" "-v" "/var/lib/crater-agent-workspace/cargo-home:/opt/rustwide/cargo-home:ro,Z" "-v" "/var/lib/crater-agent-workspace/rustup-home:/opt/rustwide/rustup-home:ro,Z" "-m" "1610612736" "--network" "none" "ghcr.io/rust-lang/crates-build-env/linux@sha256:77db811e55d90add9212f6832c23229e3de5f1c1f9905e8cb07319ea15df73ac" "sleep" "infinity", kill_on_drop: false }`
[INFO] [stdout] 1ba72bd96afa69cedd73d3433260e4ba23fd4f00e206468e20a46dc4f031b795
[INFO] running `Command { std: "docker" "start" "1ba72bd96afa69cedd73d3433260e4ba23fd4f00e206468e20a46dc4f031b795", kill_on_drop: false }`
[INFO] running `Command { std: "docker" "inspect" "1ba72bd96afa69cedd73d3433260e4ba23fd4f00e206468e20a46dc4f031b795", kill_on_drop: false }`
[INFO] running `Command { std: "docker" "exec" "-e" "SOURCE_DIR=/opt/rustwide/workdir" "-e" "CARGO_HOME=/opt/rustwide/cargo-home" "-e" "RUSTUP_HOME=/opt/rustwide/rustup-home" "-e" "CARGO_TARGET_DIR=/opt/rustwide/target" "-w" "/opt/rustwide/workdir" "--user" "0:0" "1ba72bd96afa69cedd73d3433260e4ba23fd4f00e206468e20a46dc4f031b795" "/opt/rustwide/cargo-home/bin/cargo" "+1.99.0-beta.8" "metadata" "--no-deps" "--format-version=1", kill_on_drop: false }`
[INFO] running `Command { std: "docker" "inspect" "1ba72bd96afa69cedd73d3433260e4ba23fd4f00e206468e20a46dc4f031b795", kill_on_drop: false }`
[INFO] running `Command { std: "docker" "exec" "-e" "SOURCE_DIR=/opt/rustwide/workdir" "-e" "CARGO_HOME=/opt/rustwide/cargo-home" "-e" "RUSTUP_HOME=/opt/rustwide/rustup-home" "-e" "CARGO_TARGET_DIR=/opt/rustwide/target" "-e" "CARGO_INCREMENTAL=0" "-e" "RUST_BACKTRACE=full" "-e" "RUSTFLAGS=--cap-lints=warn" "-e" "RUSTDOCFLAGS=--cap-lints=warn" "-w" "/opt/rustwide/workdir" "--user" "0:0" "1ba72bd96afa69cedd73d3433260e4ba23fd4f00e206468e20a46dc4f031b795" "/opt/rustwide/cargo-home/bin/cargo" "+1.99.0-beta.8" "build" "--frozen" "--message-format=json" "--release", kill_on_drop: false }`
[INFO] [stderr]    Compiling libc v0.2.190
[INFO] [stderr]    Compiling stable_deref_trait v1.2.1
[INFO] [stderr]    Compiling phf_shared v0.13.1
[INFO] [stderr]    Compiling syn v3.0.6
[INFO] [stderr]    Compiling syn v2.0.119
[INFO] [stderr]    Compiling siphasher v1.0.4
[INFO] [stderr]    Compiling rustls v0.23.45
[INFO] [stderr]    Compiling futures-task v0.3.34
[INFO] [stderr]    Compiling indexmap v2.14.2
[INFO] [stderr]    Compiling sync_wrapper v1.0.2
[INFO] [stderr]    Compiling rustls-native-certs v0.8.4
[INFO] [stderr]    Compiling rustc-hash v2.1.3
[INFO] [stderr]    Compiling getopts v0.2.24
[INFO] [stderr]    Compiling const_format_proc_macros v0.2.34
[INFO] [stderr]    Compiling http-body-util v0.1.5
[INFO] [stderr]    Compiling ego-tree v0.11.0
[INFO] [stderr]    Compiling servo_arc v0.4.3
[INFO] [stderr]    Compiling chrono v0.4.45
[INFO] [stderr]    Compiling futures-util v0.3.34
[INFO] [stderr]    Compiling unwrap_unreachable v0.1.1
[INFO] [stderr]    Compiling phf_generator v0.13.1
[INFO] [stderr]    Compiling phf_codegen v0.13.1
[INFO] [stderr]    Compiling string_cache_codegen v0.6.1
[INFO] [stderr]    Compiling selectors v0.38.0
[INFO] [stderr]    Compiling const_format v0.2.36
[INFO] [stderr]    Compiling web_atoms v0.2.6
[INFO] [stderr]    Compiling mio v1.2.4
[INFO] [stderr]    Compiling socket2 v0.6.5
[INFO] [stderr]    Compiling parking_lot_core v0.9.12
[INFO] [stderr]    Compiling jobserver v0.1.35
[INFO] [stderr]    Compiling parking_lot v0.12.5
[INFO] [stderr]    Compiling cc v1.6.0
[INFO] [stderr]    Compiling string_cache v0.9.0
[INFO] [stderr]    Compiling cmake v0.1.58
[INFO] [stderr]    Compiling aws-lc-sys v0.45.0
[INFO] [stderr]    Compiling synstructure v0.14.0
[INFO] [stderr]    Compiling phf_macros v0.13.1
[INFO] [stderr]    Compiling tracing-attributes v0.1.31
[INFO] [stderr]    Compiling derive_more-impl v2.1.1
[INFO] [stderr]    Compiling snafu-derive v0.9.2
[INFO] [stderr]    Compiling zerofrom-derive v0.1.8
[INFO] [stderr]    Compiling yoke-derive v0.8.4
[INFO] [stderr]    Compiling zerovec-derive v0.11.6
[INFO] [stderr]    Compiling displaydoc v0.2.7
[INFO] [stderr]    Compiling tokio-macros v2.7.2
[INFO] [stderr]    Compiling cssparser-macros v0.7.1
[INFO] [stderr]    Compiling phf v0.13.1
[INFO] [stderr]    Compiling cssparser v0.37.0
[INFO] [stderr]    Compiling tracing v0.1.44
[INFO] [stderr]    Compiling tokio v1.53.2
[INFO] [stderr]    Compiling derive_more v2.1.1
[INFO] [stderr]    Compiling zerofrom v0.1.8
[INFO] [stderr]    Compiling yoke v0.8.3
[INFO] [stderr]    Compiling zerovec v0.11.8
[INFO] [stderr]    Compiling zerotrie v0.2.5
[INFO] [stderr]    Compiling markup5ever v0.39.0
[INFO] [stderr]    Compiling html5ever v0.39.0
[INFO] [stderr]    Compiling tinystr v0.8.4
[INFO] [stderr]    Compiling potential_utf v0.1.6
[INFO] [stderr]    Compiling icu_locale_core v2.3.0
[INFO] [stderr]    Compiling icu_collections v2.3.0
[INFO] [stderr]    Compiling snafu v0.9.2
[INFO] [stderr]    Compiling icu_provider v2.3.1
[INFO] [stderr]    Compiling scraper v0.27.0
[INFO] [stderr]    Compiling icu_normalizer v2.3.0
[INFO] [stderr]    Compiling icu_properties v2.3.0
[INFO] [stderr]    Compiling idna_adapter v1.2.2
[INFO] [stderr]    Compiling idna v1.1.0
[INFO] [stderr]    Compiling url v2.5.8
[INFO] [stderr]    Compiling tokio-util v0.7.19
[INFO] [stderr]    Compiling tower v0.5.3
[INFO] [stderr]    Compiling h2 v0.4.19
[INFO] [stderr]    Compiling tower-http v0.6.11
[INFO] [stderr]    Compiling hyper v1.11.1
[INFO] [stderr]    Compiling hyper-util v0.1.21
[INFO] [stderr]    Compiling aws-lc-rs v1.18.1
[INFO] [stderr]    Compiling rustls-webpki v0.103.15
[INFO] [stderr]    Compiling tokio-rustls v0.26.6
[INFO] [stderr]    Compiling rustls-platform-verifier v0.7.1
[INFO] [stderr]    Compiling hyper-rustls v0.27.10
[INFO] [stderr]    Compiling reqwest v0.13.5
[INFO] [stderr]    Compiling httpdirectory v0.20.0 (/opt/rustwide/workdir)
[INFO] [stderr]     Finished `release` profile [optimized] target(s) in 2m 15s
[INFO] running `Command { std: "docker" "inspect" "1ba72bd96afa69cedd73d3433260e4ba23fd4f00e206468e20a46dc4f031b795", kill_on_drop: false }`
[INFO] running `Command { std: "docker" "exec" "-e" "SOURCE_DIR=/opt/rustwide/workdir" "-e" "CARGO_HOME=/opt/rustwide/cargo-home" "-e" "RUSTUP_HOME=/opt/rustwide/rustup-home" "-e" "CARGO_TARGET_DIR=/opt/rustwide/target" "-e" "CARGO_INCREMENTAL=0" "-e" "RUST_BACKTRACE=full" "-e" "RUSTFLAGS=--cap-lints=warn" "-e" "RUSTDOCFLAGS=--cap-lints=warn" "-w" "/opt/rustwide/workdir" "--user" "0:0" "1ba72bd96afa69cedd73d3433260e4ba23fd4f00e206468e20a46dc4f031b795" "/opt/rustwide/cargo-home/bin/cargo" "+1.99.0-beta.8" "test" "--frozen" "--no-run" "--message-format=json" "--release", kill_on_drop: false }`
[INFO] [stderr]    Compiling syn v3.0.6
[INFO] [stderr]    Compiling errno v0.3.14
[INFO] [stderr]    Compiling tracing v0.1.44
[INFO] [stderr]    Compiling zerocopy-derive v0.8.59
[INFO] [stderr]    Compiling markup5ever v0.39.0
[INFO] [stderr]    Compiling event-listener-strategy v0.5.4
[INFO] [stderr]    Compiling alloca v0.4.0
[INFO] [stderr]    Compiling sha1 v0.10.7
[INFO] [stderr]    Compiling rustls-platform-verifier v0.7.1
[INFO] [stderr]    Compiling jiff-core v0.1.1
[INFO] [stderr]    Compiling criterion-plot v0.8.2
[INFO] [stderr]    Compiling chrono v0.4.45
[INFO] [stderr]    Compiling anstream v1.0.0
[INFO] [stderr]    Compiling tabwriter v1.4.1
[INFO] [stderr]    Compiling env_filter v2.0.0
[INFO] [stderr]    Compiling page_size v0.6.0
[INFO] [stderr]    Compiling html5ever v0.39.0
[INFO] [stderr]    Compiling signal-hook-registry v1.4.8
[INFO] [stderr]    Compiling async-lock v3.4.2
[INFO] [stderr]    Compiling path-tree v0.8.3
[INFO] [stderr]    Compiling futures-timer v3.0.4
[INFO] [stderr]    Compiling similar v2.7.0
[INFO] [stderr]    Compiling stringmetrics v2.2.2
[INFO] [stderr]    Compiling colored v3.1.1
[INFO] [stderr]    Compiling async-object-pool v0.2.0
[INFO] [stderr]    Compiling zerocopy v0.8.59
[INFO] [stderr]    Compiling jiff v0.2.37
[INFO] [stderr]    Compiling env_logger v0.11.11
[INFO] [stderr]    Compiling synstructure v0.14.0
[INFO] [stderr]    Compiling serde_derive v1.0.229
[INFO] [stderr]    Compiling zerofrom-derive v0.1.8
[INFO] [stderr]    Compiling yoke-derive v0.8.4
[INFO] [stderr]    Compiling zerovec-derive v0.11.6
[INFO] [stderr]    Compiling displaydoc v0.2.7
[INFO] [stderr]    Compiling tokio-macros v2.7.2
[INFO] [stderr]    Compiling futures-macro v0.3.34
[INFO] [stderr]    Compiling cssparser-macros v0.7.1
[INFO] [stderr]    Compiling thiserror-impl v2.0.21
[INFO] [stderr]    Compiling async-trait v0.1.92
[INFO] [stderr]    Compiling cssparser v0.37.0
[INFO] [stderr]    Compiling futures-util v0.3.34
[INFO] [stderr]    Compiling zerofrom v0.1.8
[INFO] [stderr]    Compiling thiserror v2.0.21
[INFO] [stderr]    Compiling yoke v0.8.3
[INFO] [stderr]    Compiling selectors v0.38.0
[INFO] [stderr]    Compiling zerotrie v0.2.5
[INFO] [stderr]    Compiling half v2.7.1
[INFO] [stderr]    Compiling zerovec v0.11.8
[INFO] [stderr]    Compiling ciborium-ll v0.2.2
[INFO] [stderr]    Compiling tinystr v0.8.4
[INFO] [stderr]    Compiling potential_utf v0.1.6
[INFO] [stderr]    Compiling icu_collections v2.3.0
[INFO] [stderr]    Compiling icu_locale_core v2.3.0
[INFO] [stderr]    Compiling scraper v0.27.0
[INFO] [stderr]    Compiling serde v1.0.229
[INFO] [stderr]    Compiling bytes v1.12.1
[INFO] [stderr]    Compiling ciborium v0.2.2
[INFO] [stderr]    Compiling assert-json-diff v2.0.2
[INFO] [stderr]    Compiling tinytemplate v1.2.1
[INFO] [stderr]    Compiling serde_regex v1.2.0
[INFO] [stderr]    Compiling criterion v0.8.2
[INFO] [stderr]    Compiling http v1.5.0
[INFO] [stderr]    Compiling tokio v1.53.2
[INFO] [stderr]    Compiling icu_provider v2.3.1
[INFO] [stderr]    Compiling icu_normalizer v2.3.0
[INFO] [stderr]    Compiling icu_properties v2.3.0
[INFO] [stderr]    Compiling http-body v1.1.0
[INFO] [stderr]    Compiling headers-core v0.3.0
[INFO] [stderr]    Compiling headers v0.4.2
[INFO] [stderr]    Compiling http-body-util v0.1.5
[INFO] [stderr]    Compiling idna_adapter v1.2.2
[INFO] [stderr]    Compiling idna v1.1.0
[INFO] [stderr]    Compiling url v2.5.8
[INFO] [stderr]    Compiling tokio-util v0.7.19
[INFO] [stderr]    Compiling tower v0.5.3
[INFO] [stderr]    Compiling tokio-rustls v0.26.6
[INFO] [stderr]    Compiling tower-http v0.6.11
[INFO] [stderr]    Compiling h2 v0.4.19
[INFO] [stderr]    Compiling hyper v1.11.1
[INFO] [stderr]    Compiling hyper-util v0.1.21
[INFO] [stderr]    Compiling hyper-rustls v0.27.10
[INFO] [stderr]    Compiling httpmock v0.8.3
[INFO] [stderr]    Compiling reqwest v0.13.5
[INFO] [stderr]    Compiling httpdirectory v0.20.0 (/opt/rustwide/workdir)
[INFO] [stdout] error[E0432]: unresolved imports `httpdirectory::httpdirectoryentry::EntryType`, `httpdirectory::httpdirectoryentry::assert_entry`
[INFO] [stdout]    --> tests/common/h5ai.rs:4:26
[INFO] [stdout]     |
[INFO] [stdout]   4 |     httpdirectoryentry::{EntryType, HttpDirectoryEntry, assert_entry},
[INFO] [stdout]     |                          ^^^^^^^^^                      ^^^^^^^^^^^^ no `assert_entry` in `httpdirectoryentry`
[INFO] [stdout]     |                          |
[INFO] [stdout]     |                          no `EntryType` in `httpdirectoryentry`
[INFO] [stdout]     |
[INFO] [stdout] note: found an item that was configured out
[INFO] [stdout]    --> src/httpdirectoryentry.rs:202:10
[INFO] [stdout]     |
[INFO] [stdout] 200 | #[cfg(any(test, feature = "test-helpers"))]
[INFO] [stdout]     |          -------------------------------- the item is gated here
[INFO] [stdout] 201 | #[derive(Debug)]
[INFO] [stdout] 202 | pub enum EntryType {
[INFO] [stdout]     |          ^^^^^^^^^
[INFO] [stdout] note: found an item that was configured out
[INFO] [stdout]    --> src/httpdirectoryentry.rs:213:8
[INFO] [stdout]     |
[INFO] [stdout] 212 | #[cfg(any(test, feature = "test-helpers"))]
[INFO] [stdout]     |          -------------------------------- the item is gated here
[INFO] [stdout] 213 | pub fn assert_entry(dir_entry: &HttpDirectoryEntry, entry_type: &EntryType, name: &str, size: usize, date_str: &str) {
[INFO] [stdout]     |        ^^^^^^^^^^^^
[INFO] [stdout] 
[INFO] [stdout] 
[INFO] [stdout] error[E0432]: unresolved imports `httpdirectory::httpdirectoryentry::EntryType`, `httpdirectory::httpdirectoryentry::assert_entry`
[INFO] [stdout]    --> tests/common/miniserve.rs:4:26
[INFO] [stdout]     |
[INFO] [stdout]   4 |     httpdirectoryentry::{EntryType, HttpDirectoryEntry, assert_entry},
[INFO] [stdout]     |                          ^^^^^^^^^                      ^^^^^^^^^^^^ no `assert_entry` in `httpdirectoryentry`
[INFO] [stdout]     |                          |
[INFO] [stdout]     |                          no `EntryType` in `httpdirectoryentry`
[INFO] [stdout]     |
[INFO] [stdout] note: found an item that was configured out
[INFO] [stdout]    --> src/httpdirectoryentry.rs:202:10
[INFO] [stdout]     |
[INFO] [stdout] 200 | #[cfg(any(test, feature = "test-helpers"))]
[INFO] [stdout]     |          -------------------------------- the item is gated here
[INFO] [stdout] 201 | #[derive(Debug)]
[INFO] [stdout] 202 | pub enum EntryType {
[INFO] [stdout]     |          ^^^^^^^^^
[INFO] [stdout] note: found an item that was configured out
[INFO] [stdout]    --> src/httpdirectoryentry.rs:213:8
[INFO] [stdout]     |
[INFO] [stdout] 212 | #[cfg(any(test, feature = "test-helpers"))]
[INFO] [stdout]     |          -------------------------------- the item is gated here
[INFO] [stdout] 213 | pub fn assert_entry(dir_entry: &HttpDirectoryEntry, entry_type: &EntryType, name: &str, size: usize, date_str: &str) {
[INFO] [stdout]     |        ^^^^^^^^^^^^
[INFO] [stdout] 
[INFO] [stdout] 
[INFO] [stdout] error[E0432]: unresolved imports `httpdirectory::httpdirectoryentry::EntryType`, `httpdirectory::httpdirectoryentry::assert_entry`
[INFO] [stdout]    --> tests/common/pre.rs:4:26
[INFO] [stdout]     |
[INFO] [stdout]   4 |     httpdirectoryentry::{EntryType, HttpDirectoryEntry, assert_entry},
[INFO] [stdout]     |                          ^^^^^^^^^                      ^^^^^^^^^^^^ no `assert_entry` in `httpdirectoryentry`
[INFO] [stdout]     |                          |
[INFO] [stdout]     |                          no `EntryType` in `httpdirectoryentry`
[INFO] [stdout]     |
[INFO] [stdout] note: found an item that was configured out
[INFO] [stdout]    --> src/httpdirectoryentry.rs:202:10
[INFO] [stdout]     |
[INFO] [stdout] 200 | #[cfg(any(test, feature = "test-helpers"))]
[INFO] [stdout]     |          -------------------------------- the item is gated here
[INFO] [stdout] 201 | #[derive(Debug)]
[INFO] [stdout] 202 | pub enum EntryType {
[INFO] [stdout]     |          ^^^^^^^^^
[INFO] [stdout] note: found an item that was configured out
[INFO] [stdout]    --> src/httpdirectoryentry.rs:213:8
[INFO] [stdout]     |
[INFO] [stdout] 212 | #[cfg(any(test, feature = "test-helpers"))]
[INFO] [stdout]     |          -------------------------------- the item is gated here
[INFO] [stdout] 213 | pub fn assert_entry(dir_entry: &HttpDirectoryEntry, entry_type: &EntryType, name: &str, size: usize, date_str: &str) {
[INFO] [stdout]     |        ^^^^^^^^^^^^
[INFO] [stdout] 
[INFO] [stdout] 
[INFO] [stdout] error[E0432]: unresolved imports `httpdirectory::httpdirectoryentry::EntryType`, `httpdirectory::httpdirectoryentry::assert_entry`
[INFO] [stdout]    --> tests/common/snt.rs:4:26
[INFO] [stdout]     |
[INFO] [stdout]   4 |     httpdirectoryentry::{EntryType, HttpDirectoryEntry, assert_entry},
[INFO] [stdout]     |                          ^^^^^^^^^                      ^^^^^^^^^^^^ no `assert_entry` in `httpdirectoryentry`
[INFO] [stdout]     |                          |
[INFO] [stdout]     |                          no `EntryType` in `httpdirectoryentry`
[INFO] [stdout]     |
[INFO] [stdout] note: found an item that was configured out
[INFO] [stdout]    --> src/httpdirectoryentry.rs:202:10
[INFO] [stdout]     |
[INFO] [stdout] 200 | #[cfg(any(test, feature = "test-helpers"))]
[INFO] [stdout]     |          -------------------------------- the item is gated here
[INFO] [stdout] 201 | #[derive(Debug)]
[INFO] [stdout] 202 | pub enum EntryType {
[INFO] [stdout]     |          ^^^^^^^^^
[INFO] [stdout] note: found an item that was configured out
[INFO] [stdout]    --> src/httpdirectoryentry.rs:213:8
[INFO] [stdout]     |
[INFO] [stdout] 212 | #[cfg(any(test, feature = "test-helpers"))]
[INFO] [stdout]     |          -------------------------------- the item is gated here
[INFO] [stdout] 213 | pub fn assert_entry(dir_entry: &HttpDirectoryEntry, entry_type: &EntryType, name: &str, size: usize, date_str: &str) {
[INFO] [stdout]     |        ^^^^^^^^^^^^
[INFO] [stdout] 
[INFO] [stdout] 
[INFO] [stdout] error[E0432]: unresolved imports `httpdirectory::httpdirectoryentry::EntryType`, `httpdirectory::httpdirectoryentry::assert_entry`
[INFO] [stdout]    --> tests/common/stil.rs:4:26
[INFO] [stdout]     |
[INFO] [stdout]   4 |     httpdirectoryentry::{EntryType, HttpDirectoryEntry, assert_entry},
[INFO] [stdout]     |                          ^^^^^^^^^                      ^^^^^^^^^^^^ no `assert_entry` in `httpdirectoryentry`
[INFO] [stdout]     |                          |
[INFO] [stdout]     |                          no `EntryType` in `httpdirectoryentry`
[INFO] [stdout]     |
[INFO] [stdout] note: found an item that was configured out
[INFO] [stdout]    --> src/httpdirectoryentry.rs:202:10
[INFO] [stdout]     |
[INFO] [stdout] 200 | #[cfg(any(test, feature = "test-helpers"))]
[INFO] [stdout]     |          -------------------------------- the item is gated here
[INFO] [stdout] 201 | #[derive(Debug)]
[INFO] [stdout] 202 | pub enum EntryType {
[INFO] [stdout]     |          ^^^^^^^^^
[INFO] [stdout] note: found an item that was configured out
[INFO] [stdout]    --> src/httpdirectoryentry.rs:213:8
[INFO] [stdout]     |
[INFO] [stdout] 212 | #[cfg(any(test, feature = "test-helpers"))]
[INFO] [stdout]     |          -------------------------------- the item is gated here
[INFO] [stdout] 213 | pub fn assert_entry(dir_entry: &HttpDirectoryEntry, entry_type: &EntryType, name: &str, size: usize, date_str: &str) {
[INFO] [stdout]     |        ^^^^^^^^^^^^
[INFO] [stdout] 
[INFO] [stdout] 
[INFO] [stdout] error[E0432]: unresolved imports `httpdirectory::httpdirectoryentry::EntryType`, `httpdirectory::httpdirectoryentry::assert_entry`
[INFO] [stdout]    --> tests/common/table.rs:3:73
[INFO] [stdout]     |
[INFO] [stdout]   3 |     httpdirectory::HttpDirectory, httpdirectory::get_entries_from_body, httpdirectoryentry::EntryType,
[INFO] [stdout]     |                                                                         ^^^^^^^^^^^^^^^^^^^^---------
[INFO] [stdout]     |                                                                                             |
[INFO] [stdout]     |                                                                                             no `EntryType` in `httpdirectoryentry`
[INFO] [stdout]   4 |     httpdirectoryentry::HttpDirectoryEntry, httpdirectoryentry::assert_entry,
[INFO] [stdout]     |                                             ^^^^^^^^^^^^^^^^^^^^------------
[INFO] [stdout]     |                                                                 |
[INFO] [stdout]     |                                                                 no `assert_entry` in `httpdirectoryentry`
[INFO] [stdout]     |
[INFO] [stdout] note: found an item that was configured out
[INFO] [stdout]    --> src/httpdirectoryentry.rs:202:10
[INFO] [stdout]     |
[INFO] [stdout] 200 | #[cfg(any(test, feature = "test-helpers"))]
[INFO] [stdout]     |          -------------------------------- the item is gated here
[INFO] [stdout] 201 | #[derive(Debug)]
[INFO] [stdout] 202 | pub enum EntryType {
[INFO] [stdout]     |          ^^^^^^^^^
[INFO] [stdout] note: found an item that was configured out
[INFO] [stdout]    --> src/httpdirectoryentry.rs:213:8
[INFO] [stdout]     |
[INFO] [stdout] 212 | #[cfg(any(test, feature = "test-helpers"))]
[INFO] [stdout]     |          -------------------------------- the item is gated here
[INFO] [stdout] 213 | pub fn assert_entry(dir_entry: &HttpDirectoryEntry, entry_type: &EntryType, name: &str, size: usize, date_str: &str) {
[INFO] [stdout]     |        ^^^^^^^^^^^^
[INFO] [stdout] 
[INFO] [stdout] 
[INFO] [stdout] error[E0432]: unresolved imports `httpdirectory::httpdirectoryentry::EntryType`, `httpdirectory::httpdirectoryentry::assert_entry`
[INFO] [stdout]    --> tests/common/traffic_manager.rs:4:26
[INFO] [stdout]     |
[INFO] [stdout]   4 |     httpdirectoryentry::{EntryType, HttpDirectoryEntry, assert_entry},
[INFO] [stdout]     |                          ^^^^^^^^^                      ^^^^^^^^^^^^ no `assert_entry` in `httpdirectoryentry`
[INFO] [stdout]     |                          |
[INFO] [stdout]     |                          no `EntryType` in `httpdirectoryentry`
[INFO] [stdout]     |
[INFO] [stdout] note: found an item that was configured out
[INFO] [stdout]    --> src/httpdirectoryentry.rs:202:10
[INFO] [stdout]     |
[INFO] [stdout] 200 | #[cfg(any(test, feature = "test-helpers"))]
[INFO] [stdout]     |          -------------------------------- the item is gated here
[INFO] [stdout] 201 | #[derive(Debug)]
[INFO] [stdout] 202 | pub enum EntryType {
[INFO] [stdout]     |          ^^^^^^^^^
[INFO] [stdout] note: found an item that was configured out
[INFO] [stdout]    --> src/httpdirectoryentry.rs:213:8
[INFO] [stdout]     |
[INFO] [stdout] 212 | #[cfg(any(test, feature = "test-helpers"))]
[INFO] [stdout]     |          -------------------------------- the item is gated here
[INFO] [stdout] 213 | pub fn assert_entry(dir_entry: &HttpDirectoryEntry, entry_type: &EntryType, name: &str, size: usize, date_str: &str) {
[INFO] [stdout]     |        ^^^^^^^^^^^^
[INFO] [stdout] 
[INFO] [stdout] 
[INFO] [stdout] error[E0432]: unresolved imports `httpdirectory::httpdirectoryentry::EntryType`, `httpdirectory::httpdirectoryentry::assert_entry`
[INFO] [stdout]    --> tests/common/ul.rs:4:26
[INFO] [stdout]     |
[INFO] [stdout]   4 |     httpdirectoryentry::{EntryType, HttpDirectoryEntry, assert_entry},
[INFO] [stdout]     |                          ^^^^^^^^^                      ^^^^^^^^^^^^ no `assert_entry` in `httpdirectoryentry`
[INFO] [stdout]     |                          |
[INFO] [stdout]     |                          no `EntryType` in `httpdirectoryentry`
[INFO] [stdout]     |
[INFO] [stdout] note: found an item that was configured out
[INFO] [stdout]    --> src/httpdirectoryentry.rs:202:10
[INFO] [stdout]     |
[INFO] [stdout] 200 | #[cfg(any(test, feature = "test-helpers"))]
[INFO] [stdout]     |          -------------------------------- the item is gated here
[INFO] [stdout] 201 | #[derive(Debug)]
[INFO] [stdout] 202 | pub enum EntryType {
[INFO] [stdout]     |          ^^^^^^^^^
[INFO] [stdout] note: found an item that was configured out
[INFO] [stdout]    --> src/httpdirectoryentry.rs:213:8
[INFO] [stdout]     |
[INFO] [stdout] 212 | #[cfg(any(test, feature = "test-helpers"))]
[INFO] [stdout]     |          -------------------------------- the item is gated here
[INFO] [stdout] 213 | pub fn assert_entry(dir_entry: &HttpDirectoryEntry, entry_type: &EntryType, name: &str, size: usize, date_str: &str) {
[INFO] [stdout]     |        ^^^^^^^^^^^^
[INFO] [stdout] 
[INFO] [stdout] 
[INFO] [stdout] error[E0603]: function `get_entries_from_body` is private
[INFO] [stdout]    --> tests/common/h5ai.rs:3:36
[INFO] [stdout]     |
[INFO] [stdout]   3 |     httpdirectory::{HttpDirectory, get_entries_from_body},
[INFO] [stdout]     |                                    ^^^^^^^^^^^^^^^^^^^^^ private function
[INFO] [stdout]     |
[INFO] [stdout] note: the function `get_entries_from_body` is defined here
[INFO] [stdout]    --> src/httpdirectory.rs:321:1
[INFO] [stdout]     |
[INFO] [stdout] 321 | pub(crate) fn get_entries_from_body(body: &str) -> Vec<HttpDirectoryEntry> {
[INFO] [stdout]     | ^^^^^^^^^^^^^^^^^^^^^^^^^^^^^^^^^^^^^^^^^^^^^^^^^^^^^^^^^^^^^^^^^^^^^^^^^^
[INFO] [stdout] 
[INFO] [stdout] 
[INFO] [stdout] error[E0603]: function `get_entries_from_body` is private
[INFO] [stdout]    --> tests/common/miniserve.rs:3:36
[INFO] [stdout]     |
[INFO] [stdout]   3 |     httpdirectory::{HttpDirectory, get_entries_from_body},
[INFO] [stdout]     |                                    ^^^^^^^^^^^^^^^^^^^^^ private function
[INFO] [stdout]     |
[INFO] [stdout] note: the function `get_entries_from_body` is defined here
[INFO] [stdout]    --> src/httpdirectory.rs:321:1
[INFO] [stdout]     |
[INFO] [stdout] 321 | pub(crate) fn get_entries_from_body(body: &str) -> Vec<HttpDirectoryEntry> {
[INFO] [stdout]     | ^^^^^^^^^^^^^^^^^^^^^^^^^^^^^^^^^^^^^^^^^^^^^^^^^^^^^^^^^^^^^^^^^^^^^^^^^^
[INFO] [stdout] 
[INFO] [stdout] 
[INFO] [stdout] error[E0603]: function `get_entries_from_body` is private
[INFO] [stdout]    --> tests/common/pre.rs:3:36
[INFO] [stdout]     |
[INFO] [stdout]   3 |     httpdirectory::{HttpDirectory, get_entries_from_body},
[INFO] [stdout]     |                                    ^^^^^^^^^^^^^^^^^^^^^ private function
[INFO] [stdout]     |
[INFO] [stdout] note: the function `get_entries_from_body` is defined here
[INFO] [stdout]    --> src/httpdirectory.rs:321:1
[INFO] [stdout]     |
[INFO] [stdout] 321 | pub(crate) fn get_entries_from_body(body: &str) -> Vec<HttpDirectoryEntry> {
[INFO] [stdout]     | ^^^^^^^^^^^^^^^^^^^^^^^^^^^^^^^^^^^^^^^^^^^^^^^^^^^^^^^^^^^^^^^^^^^^^^^^^^
[INFO] [stdout] 
[INFO] [stdout] 
[INFO] [stdout] error[E0603]: function `get_entries_from_body` is private
[INFO] [stdout]    --> tests/common/snt.rs:3:36
[INFO] [stdout]     |
[INFO] [stdout]   3 |     httpdirectory::{HttpDirectory, get_entries_from_body},
[INFO] [stdout]     |                                    ^^^^^^^^^^^^^^^^^^^^^ private function
[INFO] [stdout]     |
[INFO] [stdout] note: the function `get_entries_from_body` is defined here
[INFO] [stdout]    --> src/httpdirectory.rs:321:1
[INFO] [stdout]     |
[INFO] [stdout] 321 | pub(crate) fn get_entries_from_body(body: &str) -> Vec<HttpDirectoryEntry> {
[INFO] [stdout]     | ^^^^^^^^^^^^^^^^^^^^^^^^^^^^^^^^^^^^^^^^^^^^^^^^^^^^^^^^^^^^^^^^^^^^^^^^^^
[INFO] [stdout] 
[INFO] [stdout] 
[INFO] [stdout] error[E0603]: function `get_entries_from_body` is private
[INFO] [stdout]    --> tests/common/stil.rs:3:36
[INFO] [stdout]     |
[INFO] [stdout]   3 |     httpdirectory::{HttpDirectory, get_entries_from_body},
[INFO] [stdout]     |                                    ^^^^^^^^^^^^^^^^^^^^^ private function
[INFO] [stdout]     |
[INFO] [stdout] note: the function `get_entries_from_body` is defined here
[INFO] [stdout]    --> src/httpdirectory.rs:321:1
[INFO] [stdout]     |
[INFO] [stdout] 321 | pub(crate) fn get_entries_from_body(body: &str) -> Vec<HttpDirectoryEntry> {
[INFO] [stdout]     | ^^^^^^^^^^^^^^^^^^^^^^^^^^^^^^^^^^^^^^^^^^^^^^^^^^^^^^^^^^^^^^^^^^^^^^^^^^
[INFO] [stdout] 
[INFO] [stdout] 
[INFO] [stdout] error[E0603]: function `get_entries_from_body` is private
[INFO] [stdout]    --> tests/common/table.rs:3:50
[INFO] [stdout]     |
[INFO] [stdout]   3 |     httpdirectory::HttpDirectory, httpdirectory::get_entries_from_body, httpdirectoryentry::EntryType,
[INFO] [stdout]     |                                                  ^^^^^^^^^^^^^^^^^^^^^ private function
[INFO] [stdout]     |
[INFO] [stdout] note: the function `get_entries_from_body` is defined here
[INFO] [stdout]    --> src/httpdirectory.rs:321:1
[INFO] [stdout]     |
[INFO] [stdout] 321 | pub(crate) fn get_entries_from_body(body: &str) -> Vec<HttpDirectoryEntry> {
[INFO] [stdout]     | ^^^^^^^^^^^^^^^^^^^^^^^^^^^^^^^^^^^^^^^^^^^^^^^^^^^^^^^^^^^^^^^^^^^^^^^^^^
[INFO] [stdout] 
[INFO] [stdout] 
[INFO] [stdout] error[E0603]: function `get_entries_from_body` is private
[INFO] [stdout]    --> tests/common/traffic_manager.rs:3:36
[INFO] [stdout]     |
[INFO] [stdout]   3 |     httpdirectory::{HttpDirectory, get_entries_from_body},
[INFO] [stdout]     |                                    ^^^^^^^^^^^^^^^^^^^^^ private function
[INFO] [stdout]     |
[INFO] [stdout] note: the function `get_entries_from_body` is defined here
[INFO] [stdout]    --> src/httpdirectory.rs:321:1
[INFO] [stdout]     |
[INFO] [stdout] 321 | pub(crate) fn get_entries_from_body(body: &str) -> Vec<HttpDirectoryEntry> {
[INFO] [stdout]     | ^^^^^^^^^^^^^^^^^^^^^^^^^^^^^^^^^^^^^^^^^^^^^^^^^^^^^^^^^^^^^^^^^^^^^^^^^^
[INFO] [stdout] 
[INFO] [stdout] 
[INFO] [stdout] error[E0603]: function `get_entries_from_body` is private
[INFO] [stdout]    --> tests/common/ul.rs:3:36
[INFO] [stdout]     |
[INFO] [stdout]   3 |     httpdirectory::{HttpDirectory, get_entries_from_body},
[INFO] [stdout]     |                                    ^^^^^^^^^^^^^^^^^^^^^ private function
[INFO] [stdout]     |
[INFO] [stdout] note: the function `get_entries_from_body` is defined here
[INFO] [stdout]    --> src/httpdirectory.rs:321:1
[INFO] [stdout]     |
[INFO] [stdout] 321 | pub(crate) fn get_entries_from_body(body: &str) -> Vec<HttpDirectoryEntry> {
[INFO] [stdout]     | ^^^^^^^^^^^^^^^^^^^^^^^^^^^^^^^^^^^^^^^^^^^^^^^^^^^^^^^^^^^^^^^^^^^^^^^^^^
[INFO] [stdout] 
[INFO] [stdout] 
[INFO] [stdout] Some errors have detailed explanations: E0432, E0603.
[INFO] [stdout] 
[INFO] [stdout] For more information about an error, try `rustc --explain E0432`.
[INFO] [stdout] 
[INFO] [stderr] error: could not compile `httpdirectory` (test "integration") due to 16 previous errors
[INFO] [stderr] warning: build failed, waiting for other jobs to finish...
[INFO] running `Command { std: "docker" "inspect" "1ba72bd96afa69cedd73d3433260e4ba23fd4f00e206468e20a46dc4f031b795", kill_on_drop: false }`
[INFO] running `Command { std: "docker" "rm" "-f" "1ba72bd96afa69cedd73d3433260e4ba23fd4f00e206468e20a46dc4f031b795", kill_on_drop: false }`
[INFO] [stdout] 1ba72bd96afa69cedd73d3433260e4ba23fd4f00e206468e20a46dc4f031b795
