[INFO] fetching crate http_compression 0.2.0...
[INFO] testing http_compression-0.2.0 against 1.100.0-beta.1+cargoflags=--release for beta-release-1.100-2
[INFO] extracting crate http_compression 0.2.0 into /workspace/builds/worker-1-tc2/source
[INFO] started tweaking crates.io crate http_compression 0.2.0
[INFO] removed 0 missing tests
[INFO] finished tweaking crates.io crate http_compression 0.2.0
[INFO] tweaked toml for crates.io crate http_compression 0.2.0 written to /workspace/builds/worker-1-tc2/source/Cargo.toml
[INFO] validating manifest of crates.io crate http_compression 0.2.0 on toolchain 1.100.0-beta.1
[INFO] running `Command { std: CARGO_HOME="/workspace/cargo-home" RUSTUP_HOME="/workspace/rustup-home" "/workspace/cargo-home/bin/cargo" "+1.100.0-beta.1" "metadata" "--manifest-path" "Cargo.toml" "--no-deps", kill_on_drop: false }`
[INFO] crate crates.io crate http_compression 0.2.0 already has a lockfile, it will not be regenerated
[INFO] running `Command { std: CARGO_HOME="/workspace/cargo-home" RUSTUP_HOME="/workspace/rustup-home" "/workspace/cargo-home/bin/cargo" "+1.100.0-beta.1" "fetch" "--manifest-path" "Cargo.toml", kill_on_drop: false }`
[INFO] running `Command { std: "docker" "create" "-v" "/var/lib/crater-agent-workspace/builds/worker-1-tc2/source:/opt/rustwide/workdir:ro,Z" "-v" "/var/lib/crater-agent-workspace/builds/worker-1-tc2/target:/opt/rustwide/target:rw,Z" "-v" "/var/lib/crater-agent-workspace/cargo-home:/opt/rustwide/cargo-home:ro,Z" "-v" "/var/lib/crater-agent-workspace/rustup-home:/opt/rustwide/rustup-home:ro,Z" "-m" "1610612736" "--network" "none" "ghcr.io/rust-lang/crates-build-env/linux@sha256:77db811e55d90add9212f6832c23229e3de5f1c1f9905e8cb07319ea15df73ac" "sleep" "infinity", kill_on_drop: false }`
[INFO] [stdout] 6b6d4eb0e048390d93527dcdca7b4d0354153a0433e675cb563ed91684471ac2
[INFO] running `Command { std: "docker" "start" "6b6d4eb0e048390d93527dcdca7b4d0354153a0433e675cb563ed91684471ac2", kill_on_drop: false }`
[INFO] running `Command { std: "docker" "inspect" "6b6d4eb0e048390d93527dcdca7b4d0354153a0433e675cb563ed91684471ac2", kill_on_drop: false }`
[INFO] running `Command { std: "docker" "exec" "-e" "SOURCE_DIR=/opt/rustwide/workdir" "-e" "CARGO_HOME=/opt/rustwide/cargo-home" "-e" "RUSTUP_HOME=/opt/rustwide/rustup-home" "-e" "CARGO_TARGET_DIR=/opt/rustwide/target" "-w" "/opt/rustwide/workdir" "--user" "0:0" "6b6d4eb0e048390d93527dcdca7b4d0354153a0433e675cb563ed91684471ac2" "/opt/rustwide/cargo-home/bin/cargo" "+1.100.0-beta.1" "metadata" "--no-deps" "--format-version=1", kill_on_drop: false }`
[INFO] running `Command { std: "docker" "inspect" "6b6d4eb0e048390d93527dcdca7b4d0354153a0433e675cb563ed91684471ac2", kill_on_drop: false }`
[INFO] running `Command { std: "docker" "exec" "-e" "SOURCE_DIR=/opt/rustwide/workdir" "-e" "CARGO_HOME=/opt/rustwide/cargo-home" "-e" "RUSTUP_HOME=/opt/rustwide/rustup-home" "-e" "CARGO_TARGET_DIR=/opt/rustwide/target" "-e" "CARGO_INCREMENTAL=0" "-e" "RUST_BACKTRACE=full" "-e" "RUSTFLAGS=--cap-lints=warn" "-e" "RUSTDOCFLAGS=--cap-lints=warn" "-w" "/opt/rustwide/workdir" "--user" "0:0" "6b6d4eb0e048390d93527dcdca7b4d0354153a0433e675cb563ed91684471ac2" "/opt/rustwide/cargo-home/bin/cargo" "+1.100.0-beta.1" "build" "--frozen" "--message-format=json" "--release", kill_on_drop: false }`
[INFO] [stderr]    Compiling thread_aware_core v0.1.1
[INFO] [stderr]    Compiling allocator-api2 v0.2.21
[INFO] [stderr]    Compiling jiff-core v0.1.0
[INFO] [stderr]    Compiling libc v0.2.189
[INFO] [stderr]    Compiling typeid v1.0.3
[INFO] [stderr]    Compiling allocator-api2 v0.4.0
[INFO] [stderr]    Compiling smallvec v1.16.0
[INFO] [stderr]    Compiling recoverable v0.2.0
[INFO] [stderr]    Compiling data_privacy_core v0.1.2
[INFO] [stderr]    Compiling syn v3.0.5
[INFO] [stderr]    Compiling syn v2.0.119
[INFO] [stderr]    Compiling futures-util v0.3.34
[INFO] [stderr]    Compiling layered v0.3.7
[INFO] [stderr]    Compiling compressors v0.2.0
[INFO] [stderr]    Compiling http-body-util v0.1.5
[INFO] [stderr]    Compiling performables v0.2.0
[INFO] [stderr]    Compiling hashbrown v0.15.5
[INFO] [stderr]    Compiling plurality v0.2.2
[INFO] [stderr]    Compiling jiff v0.2.35
[INFO] [stderr]    Compiling chumsky v0.13.0
[INFO] [stderr]    Compiling fast_time v0.1.31
[INFO] [stderr]    Compiling nm_impl v0.1.49
[INFO] [stderr]    Compiling nm v0.1.49
[INFO] [stderr]    Compiling futures v0.3.34
[INFO] [stderr]    Compiling pin-project-internal v1.1.13
[INFO] [stderr]    Compiling ohno_macros_impl v0.5.2
[INFO] [stderr]    Compiling thread_aware_macros_impl v0.12.0
[INFO] [stderr]    Compiling darling_core v0.24.1
[INFO] [stderr]    Compiling data_privacy_macros_impl v0.13.0
[INFO] [stderr]    Compiling pin-project v1.1.13
[INFO] [stderr]    Compiling ohno_macros v0.5.2
[INFO] [stderr]    Compiling thread_aware_macros v0.12.0
[INFO] [stderr]    Compiling data_privacy_macros v0.13.0
[INFO] [stderr]    Compiling data_privacy v0.13.0
[INFO] [stderr]    Compiling ohno v0.5.2
[INFO] [stderr]    Compiling thread_aware v0.12.0
[INFO] [stderr]    Compiling bytesbuf v0.11.0
[INFO] [stderr]    Compiling tick v0.7.1
[INFO] [stderr]    Compiling seatbelt v0.10.0
[INFO] [stderr]    Compiling darling_macro v0.24.1
[INFO] [stderr]    Compiling darling v0.24.1
[INFO] [stderr]    Compiling templated_uri_macros_impl v0.6.0
[INFO] [stderr]    Compiling templated_uri_macros v0.6.0
[INFO] [stderr]    Compiling templated_uri v0.6.0
[INFO] [stderr]    Compiling http_extensions v0.12.0
[INFO] [stderr]    Compiling http_compression v0.2.0 (/opt/rustwide/workdir)
[INFO] [stderr]     Finished `release` profile [optimized] target(s) in 30.45s
[INFO] running `Command { std: "docker" "inspect" "6b6d4eb0e048390d93527dcdca7b4d0354153a0433e675cb563ed91684471ac2", kill_on_drop: false }`
[INFO] running `Command { std: "docker" "exec" "-e" "SOURCE_DIR=/opt/rustwide/workdir" "-e" "CARGO_HOME=/opt/rustwide/cargo-home" "-e" "RUSTUP_HOME=/opt/rustwide/rustup-home" "-e" "CARGO_TARGET_DIR=/opt/rustwide/target" "-e" "CARGO_INCREMENTAL=0" "-e" "RUST_BACKTRACE=full" "-e" "RUSTFLAGS=--cap-lints=warn" "-e" "RUSTDOCFLAGS=--cap-lints=warn" "-w" "/opt/rustwide/workdir" "--user" "0:0" "6b6d4eb0e048390d93527dcdca7b4d0354153a0433e675cb563ed91684471ac2" "/opt/rustwide/cargo-home/bin/cargo" "+1.100.0-beta.1" "test" "--frozen" "--no-run" "--message-format=json" "--release", kill_on_drop: false }`
[INFO] [stderr]    Compiling tokio-macros v2.7.2
[INFO] [stderr]    Compiling linktime-proc-macro v0.2.3
[INFO] [stderr]    Compiling mutants v0.0.3
[INFO] [stderr]    Compiling tokio v1.53.1
[INFO] [stderr]    Compiling ctor v1.0.13
[INFO] [stderr]    Compiling http_compression v0.2.0 (/opt/rustwide/workdir)
[INFO] [stdout] error[E0432]: unresolved import `http_extensions::FakeHandler`
[INFO] [stdout]    --> tests/streaming.rs:22:5
[INFO] [stdout]     |
[INFO] [stdout]  22 |     FakeHandler, HttpBody, HttpBodyBuilder, HttpBodyOptions, HttpError, HttpRequest, HttpResponse, HttpResponseBuilder, Result,
[INFO] [stdout]     |     ^^^^^^^^^^^ no `FakeHandler` in the root
[INFO] [stdout]     |
[INFO] [stdout] note: found an item that was configured out
[INFO] [stdout]    --> /opt/rustwide/cargo-home/registry/src/index.crates.io-1949cf8c6b5b557f/http_extensions-0.12.0/src/lib.rs:252:23
[INFO] [stdout]     |
[INFO] [stdout] 251 | #[cfg(any(feature = "test-util", test))]
[INFO] [stdout]     |          ----------------------------- the item is gated here
[INFO] [stdout] 252 | pub use fake_handler::FakeHandler;
[INFO] [stdout]     |                       ^^^^^^^^^^^
[INFO] [stdout] 
[INFO] [stdout] 
[INFO] [stdout] error[E0433]: cannot find module or crate `testing_aids` in this scope
[INFO] [stdout]   --> tests/streaming.rs:28:1
[INFO] [stdout]    |
[INFO] [stdout] 28 | testing_aids::init_tracing!();
[INFO] [stdout]    | ^^^^^^^^^^^^ use of unresolved module or unlinked crate `testing_aids`
[INFO] [stdout] 
[INFO] [stdout] 
[INFO] [stdout] error[E0433]: cannot find `executor` in `futures`
[INFO] [stdout]     --> src/compression.rs:1006:29
[INFO] [stdout]      |
[INFO] [stdout] 1006 |         assert_eq!(futures::executor::block_on(body.into_text()).unwrap(), "unchanged");
[INFO] [stdout]      |                             ^^^^^^^^ could not find `executor` in `futures`
[INFO] [stdout]      |
[INFO] [stdout] note: found an item that was configured out
[INFO] [stdout]     --> /opt/rustwide/cargo-home/registry/src/index.crates.io-1949cf8c6b5b557f/futures-0.3.34/src/lib.rs:150:9
[INFO] [stdout]      |
[INFO] [stdout]  148 | #[cfg(feature = "executor")]
[INFO] [stdout]      |       -------------------- the item is gated behind the `executor` feature
[INFO] [stdout]  149 | #[cfg_attr(docsrs, doc(cfg(feature = "executor")))]
[INFO] [stdout]  150 | pub mod executor {
[INFO] [stdout]      |         ^^^^^^^^
[INFO] [stdout] 
[INFO] [stdout] 
[INFO] [stdout] error[E0599]: no associated function or constant named `new_fake` found for struct `HttpBodyBuilder` in the current scope
[INFO] [stdout]   --> tests/streaming.rs:44:36
[INFO] [stdout]    |
[INFO] [stdout] 44 |     let builder = HttpBodyBuilder::new_fake();
[INFO] [stdout]    |                                    ^^^^^^^^ associated function or constant not found in `HttpBodyBuilder`
[INFO] [stdout]    |
[INFO] [stdout] note: if you're trying to build a new `HttpBodyBuilder` consider using one of the following associated functions:
[INFO] [stdout]       HttpBodyBuilder::new
[INFO] [stdout]       HttpBodyBuilder::with_custom_memory
[INFO] [stdout]   --> /opt/rustwide/cargo-home/registry/src/index.crates.io-1949cf8c6b5b557f/http_extensions-0.12.0/src/body/builder.rs:81:5
[INFO] [stdout]    |
[INFO] [stdout] 81 |     pub fn new(memory: GlobalPool, clock: &Clock) -> Self {
[INFO] [stdout]    |     ^^^^^^^^^^^^^^^^^^^^^^^^^^^^^^^^^^^^^^^^^^^^^^^^^^^^^
[INFO] [stdout] ...
[INFO] [stdout] 96 |     pub fn with_custom_memory(memory: impl MemoryShared, clock: &Clock) -> Self {
[INFO] [stdout]    |     ^^^^^^^^^^^^^^^^^^^^^^^^^^^^^^^^^^^^^^^^^^^^^^^^^^^^^^^^^^^^^^^^^^^^^^^^^^^
[INFO] [stdout] 
[INFO] [stdout] 
[INFO] [stdout] error[E0432]: unresolved import `http_extensions::FakeHandler`
[INFO] [stdout]    --> tests/round_trip.rs:19:23
[INFO] [stdout]     |
[INFO] [stdout]  19 | use http_extensions::{FakeHandler, HttpBodyBuilder, HttpRequest, HttpResponse, HttpResponseBuilder, Result};
[INFO] [stdout]     |                       ^^^^^^^^^^^ no `FakeHandler` in the root
[INFO] [stdout]     |
[INFO] [stdout] note: found an item that was configured out
[INFO] [stdout]    --> /opt/rustwide/cargo-home/registry/src/index.crates.io-1949cf8c6b5b557f/http_extensions-0.12.0/src/lib.rs:252:23
[INFO] [stdout]     |
[INFO] [stdout] 251 | #[cfg(any(feature = "test-util", test))]
[INFO] [stdout]     |          ----------------------------- the item is gated here
[INFO] [stdout] 252 | pub use fake_handler::FakeHandler;
[INFO] [stdout]     |                       ^^^^^^^^^^^
[INFO] [stdout] 
[INFO] [stdout] 
[INFO] [stdout] error[E0433]: cannot find module or crate `testing_aids` in this scope
[INFO] [stdout]   --> tests/round_trip.rs:23:1
[INFO] [stdout]    |
[INFO] [stdout] 23 | testing_aids::init_tracing!();
[INFO] [stdout]    | ^^^^^^^^^^^^ use of unresolved module or unlinked crate `testing_aids`
[INFO] [stdout] 
[INFO] [stdout] 
[INFO] [stdout] error[E0599]: no associated function or constant named `new_fake` found for struct `HttpResponseBuilder<'a>` in the current scope
[INFO] [stdout]   --> tests/streaming.rs:48:34
[INFO] [stdout]    |
[INFO] [stdout] 48 |             HttpResponseBuilder::new_fake()
[INFO] [stdout]    |                                  ^^^^^^^^ associated function or constant not found in `HttpResponseBuilder<'_>`
[INFO] [stdout]    |
[INFO] [stdout] note: if you're trying to build a new `HttpResponseBuilder<'_>`, consider using `HttpResponseBuilder::<'a>::new` which returns `HttpResponseBuilder<'_>`
[INFO] [stdout]   --> /opt/rustwide/cargo-home/registry/src/index.crates.io-1949cf8c6b5b557f/http_extensions-0.12.0/src/http_response_builder.rs:96:5
[INFO] [stdout]    |
[INFO] [stdout] 96 |     pub fn new(builder: &'a HttpBodyBuilder) -> Self {
[INFO] [stdout]    |     ^^^^^^^^^^^^^^^^^^^^^^^^^^^^^^^^^^^^^^^^^^^^^^^^
[INFO] [stdout] 
[INFO] [stdout] 
[INFO] [stdout] error[E0599]: no variant, associated function, or constant named `Gzip` found for enum `Format` in the current scope
[INFO] [stdout]   --> tests/streaming.rs:30:38
[INFO] [stdout]    |
[INFO] [stdout] 30 | const FORMATS: &[Format] = &[Format::Gzip, Format::Brotli, Format::Zstd, Format::Zlib];
[INFO] [stdout]    |                                      ^^^^ variant, associated function, or constant not found in `Format`
[INFO] [stdout] 
[INFO] [stdout] 
[INFO] [stdout] error[E0433]: cannot find `gzip` in `compressors`
[INFO] [stdout]    --> tests/round_trip.rs:441:22
[INFO] [stdout]     |
[INFO] [stdout] 441 |         compressors::gzip::decompress(wire, Resources::global()).unwrap().to_vec(),
[INFO] [stdout]     |                      ^^^^ could not find `gzip` in `compressors`
[INFO] [stdout]     |
[INFO] [stdout] note: found an item that was configured out
[INFO] [stdout]    --> /opt/rustwide/cargo-home/registry/src/index.crates.io-1949cf8c6b5b557f/compressors-0.2.0/src/lib.rs:242:9
[INFO] [stdout]     |
[INFO] [stdout] 241 | #[cfg(any(test, feature = "gzip"))]
[INFO] [stdout]     |          ------------------------ the item is gated here
[INFO] [stdout] 242 | pub mod gzip;
[INFO] [stdout]     |         ^^^^
[INFO] [stdout] 
[INFO] [stdout] 
[INFO] [stdout] error[E0599]: no variant, associated function, or constant named `Brotli` found for enum `Format` in the current scope
[INFO] [stdout]   --> tests/streaming.rs:30:52
[INFO] [stdout]    |
[INFO] [stdout] 30 | const FORMATS: &[Format] = &[Format::Gzip, Format::Brotli, Format::Zstd, Format::Zlib];
[INFO] [stdout]    |                                                    ^^^^^^ variant, associated function, or constant not found in `Format`
[INFO] [stdout] 
[INFO] [stdout] 
[INFO] [stdout] error[E0599]: no variant, associated function, or constant named `Zstd` found for enum `Format` in the current scope
[INFO] [stdout]   --> tests/streaming.rs:30:68
[INFO] [stdout]    |
[INFO] [stdout] 30 | const FORMATS: &[Format] = &[Format::Gzip, Format::Brotli, Format::Zstd, Format::Zlib];
[INFO] [stdout]    |                                                                    ^^^^ variant, associated function, or constant not found in `Format`
[INFO] [stdout] 
[INFO] [stdout] 
[INFO] [stdout] error[E0599]: no variant, associated function, or constant named `Zlib` found for enum `Format` in the current scope
[INFO] [stdout]   --> tests/streaming.rs:30:82
[INFO] [stdout]    |
[INFO] [stdout] 30 | const FORMATS: &[Format] = &[Format::Gzip, Format::Brotli, Format::Zstd, Format::Zlib];
[INFO] [stdout]    |                                                                                  ^^^^ variant, associated function, or constant not found in `Format`
[INFO] [stdout] 
[INFO] [stdout] 
[INFO] [stdout] error[E0599]: no associated function or constant named `new_fake` found for struct `HttpBodyBuilder` in the current scope
[INFO] [stdout]   --> tests/streaming.rs:65:71
[INFO] [stdout]    |
[INFO] [stdout] 65 |     Frame::data(BytesView::copied_from_slice(bytes, &HttpBodyBuilder::new_fake()))
[INFO] [stdout]    |                                                                       ^^^^^^^^ associated function or constant not found in `HttpBodyBuilder`
[INFO] [stdout]    |
[INFO] [stdout] note: if you're trying to build a new `HttpBodyBuilder` consider using one of the following associated functions:
[INFO] [stdout]       HttpBodyBuilder::new
[INFO] [stdout]       HttpBodyBuilder::with_custom_memory
[INFO] [stdout]   --> /opt/rustwide/cargo-home/registry/src/index.crates.io-1949cf8c6b5b557f/http_extensions-0.12.0/src/body/builder.rs:81:5
[INFO] [stdout]    |
[INFO] [stdout] 81 |     pub fn new(memory: GlobalPool, clock: &Clock) -> Self {
[INFO] [stdout]    |     ^^^^^^^^^^^^^^^^^^^^^^^^^^^^^^^^^^^^^^^^^^^^^^^^^^^^^
[INFO] [stdout] ...
[INFO] [stdout] 96 |     pub fn with_custom_memory(memory: impl MemoryShared, clock: &Clock) -> Self {
[INFO] [stdout]    |     ^^^^^^^^^^^^^^^^^^^^^^^^^^^^^^^^^^^^^^^^^^^^^^^^^^^^^^^^^^^^^^^^^^^^^^^^^^^
[INFO] [stdout] 
[INFO] [stdout] 
[INFO] [stdout] error[E0599]: no associated function or constant named `new_fake` found for struct `http_extensions::HttpBodyBuilder` in the current scope
[INFO] [stdout]    --> src/compression.rs:999:58
[INFO] [stdout]     |
[INFO] [stdout] 999 |         let layer = Compression::server(HttpBodyBuilder::new_fake());
[INFO] [stdout]     |                                                          ^^^^^^^^ associated function or constant not found in `http_extensions::HttpBodyBuilder`
[INFO] [stdout]     |
[INFO] [stdout] note: if you're trying to build a new `http_extensions::HttpBodyBuilder` consider using one of the following associated functions:
[INFO] [stdout]       http_extensions::HttpBodyBuilder::new
[INFO] [stdout]       http_extensions::HttpBodyBuilder::with_custom_memory
[INFO] [stdout]    --> /opt/rustwide/cargo-home/registry/src/index.crates.io-1949cf8c6b5b557f/http_extensions-0.12.0/src/body/builder.rs:81:5
[INFO] [stdout]     |
[INFO] [stdout]  81 |     pub fn new(memory: GlobalPool, clock: &Clock) -> Self {
[INFO] [stdout]     |     ^^^^^^^^^^^^^^^^^^^^^^^^^^^^^^^^^^^^^^^^^^^^^^^^^^^^^
[INFO] [stdout] ...
[INFO] [stdout]  96 |     pub fn with_custom_memory(memory: impl MemoryShared, clock: &Clock) -> Self {
[INFO] [stdout]     |     ^^^^^^^^^^^^^^^^^^^^^^^^^^^^^^^^^^^^^^^^^^^^^^^^^^^^^^^^^^^^^^^^^^^^^^^^^^^
[INFO] [stdout] 
[INFO] [stdout] 
[INFO] [stdout] error[E0599]: no associated function or constant named `new_fake` found for struct `http_extensions::HttpBodyBuilder` in the current scope
[INFO] [stdout]     --> src/compression.rs:1001:37
[INFO] [stdout]      |
[INFO] [stdout] 1001 |         let body = HttpBodyBuilder::new_fake().text("unchanged");
[INFO] [stdout]      |                                     ^^^^^^^^ associated function or constant not found in `http_extensions::HttpBodyBuilder`
[INFO] [stdout]      |
[INFO] [stdout] note: if you're trying to build a new `http_extensions::HttpBodyBuilder` consider using one of the following associated functions:
[INFO] [stdout]       http_extensions::HttpBodyBuilder::new
[INFO] [stdout]       http_extensions::HttpBodyBuilder::with_custom_memory
[INFO] [stdout]     --> /opt/rustwide/cargo-home/registry/src/index.crates.io-1949cf8c6b5b557f/http_extensions-0.12.0/src/body/builder.rs:81:5
[INFO] [stdout]      |
[INFO] [stdout]   81 |     pub fn new(memory: GlobalPool, clock: &Clock) -> Self {
[INFO] [stdout]      |     ^^^^^^^^^^^^^^^^^^^^^^^^^^^^^^^^^^^^^^^^^^^^^^^^^^^^^
[INFO] [stdout] ...
[INFO] [stdout]   96 |     pub fn with_custom_memory(memory: impl MemoryShared, clock: &Clock) -> Self {
[INFO] [stdout]      |     ^^^^^^^^^^^^^^^^^^^^^^^^^^^^^^^^^^^^^^^^^^^^^^^^^^^^^^^^^^^^^^^^^^^^^^^^^^^
[INFO] [stdout] 
[INFO] [stdout] 
[INFO] [stdout] error[E0599]: no variant, associated function, or constant named `Deflate` found for enum `compressors::format::Format` in the current scope
[INFO] [stdout]     --> src/compression.rs:1003:83
[INFO] [stdout]      |
[INFO] [stdout] 1003 |         let body = layer.role.compress(&layer.config, &mut headers, body, Format::Deflate).unwrap();
[INFO] [stdout]      |                                                                                   ^^^^^^^ variant, associated function, or constant not found in `compressors::format::Format`
[INFO] [stdout] 
[INFO] [stdout] 
[INFO] [stdout] error[E0599]: no associated function or constant named `new_fake` found for struct `http_extensions::HttpBodyBuilder` in the current scope
[INFO] [stdout]     --> src/compression.rs:1011:45
[INFO] [stdout]      |
[INFO] [stdout] 1011 |         let body_builder = HttpBodyBuilder::new_fake();
[INFO] [stdout]      |                                             ^^^^^^^^ associated function or constant not found in `http_extensions::HttpBodyBuilder`
[INFO] [stdout]      |
[INFO] [stdout] note: if you're trying to build a new `http_extensions::HttpBodyBuilder` consider using one of the following associated functions:
[INFO] [stdout]       http_extensions::HttpBodyBuilder::new
[INFO] [stdout]       http_extensions::HttpBodyBuilder::with_custom_memory
[INFO] [stdout]     --> /opt/rustwide/cargo-home/registry/src/index.crates.io-1949cf8c6b5b557f/http_extensions-0.12.0/src/body/builder.rs:81:5
[INFO] [stdout]      |
[INFO] [stdout]   81 |     pub fn new(memory: GlobalPool, clock: &Clock) -> Self {
[INFO] [stdout]      |     ^^^^^^^^^^^^^^^^^^^^^^^^^^^^^^^^^^^^^^^^^^^^^^^^^^^^^
[INFO] [stdout] ...
[INFO] [stdout]   96 |     pub fn with_custom_memory(memory: impl MemoryShared, clock: &Clock) -> Self {
[INFO] [stdout]      |     ^^^^^^^^^^^^^^^^^^^^^^^^^^^^^^^^^^^^^^^^^^^^^^^^^^^^^^^^^^^^^^^^^^^^^^^^^^^
[INFO] [stdout] 
[INFO] [stdout] 
[INFO] [stdout] error[E0599]: no variant, associated function, or constant named `Gzip` found for enum `compressors::format::Format` in the current scope
[INFO] [stdout]     --> src/compression.rs:1012:92
[INFO] [stdout]      |
[INFO] [stdout] 1012 |         let layer = Compression::server(body_builder.clone()).compress_responses(&[Format::Gzip]);
[INFO] [stdout]      |                                                                                            ^^^^ variant, associated function, or constant not found in `compressors::format::Format`
[INFO] [stdout] 
[INFO] [stdout] 
[INFO] [stdout] error[E0599]: no associated function or constant named `new_fake` found for struct `HttpResponseBuilder<'a>` in the current scope
[INFO] [stdout]    --> tests/round_trip.rs:948:34
[INFO] [stdout]     |
[INFO] [stdout] 948 |             HttpResponseBuilder::new_fake()
[INFO] [stdout]     |                                  ^^^^^^^^ associated function or constant not found in `HttpResponseBuilder<'_>`
[INFO] [stdout]     |
[INFO] [stdout] note: if you're trying to build a new `HttpResponseBuilder<'_>`, consider using `HttpResponseBuilder::<'a>::new` which returns `HttpResponseBuilder<'_>`
[INFO] [stdout]    --> /opt/rustwide/cargo-home/registry/src/index.crates.io-1949cf8c6b5b557f/http_extensions-0.12.0/src/http_response_builder.rs:96:5
[INFO] [stdout]     |
[INFO] [stdout]  96 |     pub fn new(builder: &'a HttpBodyBuilder) -> Self {
[INFO] [stdout]     |     ^^^^^^^^^^^^^^^^^^^^^^^^^^^^^^^^^^^^^^^^^^^^^^^^
[INFO] [stdout] 
[INFO] [stdout] 
[INFO] [stdout] Some errors have detailed explanations: E0432, E0433, E0599.
[INFO] [stdout] 
[INFO] [stdout] For more information about an error, try `rustc --explain E0432`.
[INFO] [stdout] 
[INFO] [stderr] error: could not compile `http_compression` (test "streaming") due to 9 previous errors
[INFO] [stderr] warning: build failed, waiting for other jobs to finish...
[INFO] [stdout] error[E0599]: no associated function or constant named `new_fake` found for struct `HttpBodyBuilder` in the current scope
[INFO] [stdout]   --> tests/round_trip.rs:33:22
[INFO] [stdout]    |
[INFO] [stdout] 33 |     HttpBodyBuilder::new_fake()
[INFO] [stdout]    |                      ^^^^^^^^ associated function or constant not found in `HttpBodyBuilder`
[INFO] [stdout]    |
[INFO] [stdout] note: if you're trying to build a new `HttpBodyBuilder` consider using one of the following associated functions:
[INFO] [stdout]       HttpBodyBuilder::new
[INFO] [stdout]       HttpBodyBuilder::with_custom_memory
[INFO] [stdout]   --> /opt/rustwide/cargo-home/registry/src/index.crates.io-1949cf8c6b5b557f/http_extensions-0.12.0/src/body/builder.rs:81:5
[INFO] [stdout]    |
[INFO] [stdout] 81 |     pub fn new(memory: GlobalPool, clock: &Clock) -> Self {
[INFO] [stdout]    |     ^^^^^^^^^^^^^^^^^^^^^^^^^^^^^^^^^^^^^^^^^^^^^^^^^^^^^
[INFO] [stdout] ...
[INFO] [stdout] 96 |     pub fn with_custom_memory(memory: impl MemoryShared, clock: &Clock) -> Self {
[INFO] [stdout]    |     ^^^^^^^^^^^^^^^^^^^^^^^^^^^^^^^^^^^^^^^^^^^^^^^^^^^^^^^^^^^^^^^^^^^^^^^^^^^
[INFO] [stdout] 
[INFO] [stdout] 
[INFO] [stdout] error[E0599]: no variant, associated function, or constant named `Zstd` found for enum `compressors::format::Format` in the current scope
[INFO] [stdout]    --> src/negotiate.rs:232:42
[INFO] [stdout]     |
[INFO] [stdout] 232 |     const OFFERED: &[Format] = &[Format::Zstd, Format::Brotli, Format::Gzip];
[INFO] [stdout]     |                                          ^^^^ variant, associated function, or constant not found in `compressors::format::Format`
[INFO] [stdout] 
[INFO] [stdout] 
[INFO] [stdout] error[E0599]: no variant, associated function, or constant named `Brotli` found for enum `compressors::format::Format` in the current scope
[INFO] [stdout]    --> src/negotiate.rs:232:56
[INFO] [stdout]     |
[INFO] [stdout] 232 |     const OFFERED: &[Format] = &[Format::Zstd, Format::Brotli, Format::Gzip];
[INFO] [stdout]     |                                                        ^^^^^^ variant, associated function, or constant not found in `compressors::format::Format`
[INFO] [stdout] 
[INFO] [stdout] 
[INFO] [stdout] error[E0599]: no associated function or constant named `new_fake` found for struct `HttpResponseBuilder<'a>` in the current scope
[INFO] [stdout]   --> tests/round_trip.rs:69:30
[INFO] [stdout]    |
[INFO] [stdout] 69 |         HttpResponseBuilder::new_fake().status(StatusCode::OK).bytes(body).build()
[INFO] [stdout]    |                              ^^^^^^^^ associated function or constant not found in `HttpResponseBuilder<'_>`
[INFO] [stdout]    |
[INFO] [stdout] note: if you're trying to build a new `HttpResponseBuilder<'_>`, consider using `HttpResponseBuilder::<'a>::new` which returns `HttpResponseBuilder<'_>`
[INFO] [stdout]   --> /opt/rustwide/cargo-home/registry/src/index.crates.io-1949cf8c6b5b557f/http_extensions-0.12.0/src/http_response_builder.rs:96:5
[INFO] [stdout]    |
[INFO] [stdout] 96 |     pub fn new(builder: &'a HttpBodyBuilder) -> Self {
[INFO] [stdout]    |     ^^^^^^^^^^^^^^^^^^^^^^^^^^^^^^^^^^^^^^^^^^^^^^^^
[INFO] [stdout] 
[INFO] [stdout] 
[INFO] [stdout] error[E0599]: no variant, associated function, or constant named `Gzip` found for enum `compressors::format::Format` in the current scope
[INFO] [stdout]    --> src/negotiate.rs:232:72
[INFO] [stdout]     |
[INFO] [stdout] 232 |     const OFFERED: &[Format] = &[Format::Zstd, Format::Brotli, Format::Gzip];
[INFO] [stdout]     |                                                                        ^^^^ variant, associated function, or constant not found in `compressors::format::Format`
[INFO] [stdout] 
[INFO] [stdout] 
[INFO] [stdout] error[E0599]: no variant, associated function, or constant named `Deflate` found for enum `compressors::format::Format` in the current scope
[INFO] [stdout]    --> src/negotiate.rs:246:52
[INFO] [stdout]     |
[INFO] [stdout] 246 |         assert_eq!(select(&headers("*"), &[Format::Deflate]), Selection::Identity);
[INFO] [stdout]     |                                                    ^^^^^^^ variant, associated function, or constant not found in `compressors::format::Format`
[INFO] [stdout] 
[INFO] [stdout] 
[INFO] [stdout] error[E0599]: no variant, associated function, or constant named `Gzip` found for enum `Format` in the current scope
[INFO] [stdout]   --> tests/round_trip.rs:83:39
[INFO] [stdout]    |
[INFO] [stdout] 83 |     let compressed = compress(Format::Gzip, expected.as_bytes());
[INFO] [stdout]    |                                       ^^^^ variant, associated function, or constant not found in `Format`
[INFO] [stdout] 
[INFO] [stdout] 
[INFO] [stdout] error[E0599]: no variant, associated function, or constant named `Gzip` found for enum `Format` in the current scope
[INFO] [stdout]   --> tests/round_trip.rs:86:59
[INFO] [stdout]    |
[INFO] [stdout] 86 |     let handler = client().decompress_responses(&[Format::Gzip]).layer(responds_with(move || {
[INFO] [stdout]    |                                                           ^^^^ variant, associated function, or constant not found in `Format`
[INFO] [stdout] 
[INFO] [stdout] 
[INFO] [stdout] error[E0599]: no variant, associated function, or constant named `Gzip` found for enum `compressors::format::Format` in the current scope
[INFO] [stdout]    --> src/negotiate.rs:251:81
[INFO] [stdout]     |
[INFO] [stdout] 251 |         assert_eq!(select(&headers("gzip"), OFFERED), Selection::Format(Format::Gzip));
[INFO] [stdout]     |                                                                                 ^^^^ variant, associated function, or constant not found in `compressors::format::Format`
[INFO] [stdout] 
[INFO] [stdout] 
[INFO] [stdout] error[E0599]: no associated function or constant named `new_fake` found for struct `HttpResponseBuilder<'a>` in the current scope
[INFO] [stdout]   --> tests/round_trip.rs:87:30
[INFO] [stdout]    |
[INFO] [stdout] 87 |         HttpResponseBuilder::new_fake()
[INFO] [stdout]    |                              ^^^^^^^^ associated function or constant not found in `HttpResponseBuilder<'_>`
[INFO] [stdout]    |
[INFO] [stdout] note: if you're trying to build a new `HttpResponseBuilder<'_>`, consider using `HttpResponseBuilder::<'a>::new` which returns `HttpResponseBuilder<'_>`
[INFO] [stdout]   --> /opt/rustwide/cargo-home/registry/src/index.crates.io-1949cf8c6b5b557f/http_extensions-0.12.0/src/http_response_builder.rs:96:5
[INFO] [stdout]    |
[INFO] [stdout] 96 |     pub fn new(builder: &'a HttpBodyBuilder) -> Self {
[INFO] [stdout]    |     ^^^^^^^^^^^^^^^^^^^^^^^^^^^^^^^^^^^^^^^^^^^^^^^^
[INFO] [stdout] 
[INFO] [stdout] 
[INFO] [stdout] error[E0599]: no variant, associated function, or constant named `Gzip` found for enum `compressors::format::Format` in the current scope
[INFO] [stdout]    --> src/negotiate.rs:256:97
[INFO] [stdout]     |
[INFO] [stdout] 256 |         assert_eq!(select(&headers("gzip;q=0.9, br;q=0.2"), OFFERED), Selection::Format(Format::Gzip));
[INFO] [stdout]     |                                                                                                 ^^^^ variant, associated function, or constant not found in `compressors::format::Format`
[INFO] [stdout] 
[INFO] [stdout] 
[INFO] [stdout] error[E0599]: no variant, associated function, or constant named `Brotli` found for enum `compressors::format::Format` in the current scope
[INFO] [stdout]    --> src/negotiate.rs:257:97
[INFO] [stdout]     |
[INFO] [stdout] 257 |         assert_eq!(select(&headers("gzip;q=0.2, br;q=0.9"), OFFERED), Selection::Format(Format::Brotli));
[INFO] [stdout]     |                                                                                                 ^^^^^^ variant, associated function, or constant not found in `compressors::format::Format`
[INFO] [stdout] 
[INFO] [stdout] 
[INFO] [stdout] error[E0599]: no variant, associated function, or constant named `Gzip` found for enum `Format` in the current scope
[INFO] [stdout]    --> tests/round_trip.rs:101:41
[INFO] [stdout]     |
[INFO] [stdout] 101 |     assert_eq!(wire.formats(), [Format::Gzip]);
[INFO] [stdout]     |                                         ^^^^ variant, associated function, or constant not found in `Format`
[INFO] [stdout] 
[INFO] [stdout] 
[INFO] [stdout] error[E0599]: no variant, associated function, or constant named `Zstd` found for enum `compressors::format::Format` in the current scope
[INFO] [stdout]    --> src/negotiate.rs:263:91
[INFO] [stdout]     |
[INFO] [stdout] 263 |         assert_eq!(select(&headers("gzip, br, zstd"), OFFERED), Selection::Format(Format::Zstd));
[INFO] [stdout]     |                                                                                           ^^^^ variant, associated function, or constant not found in `compressors::format::Format`
[INFO] [stdout] 
[INFO] [stdout] 
[INFO] [stdout] error[E0599]: no variant, associated function, or constant named `Zstd` found for enum `Format` in the current scope
[INFO] [stdout]    --> tests/round_trip.rs:113:41
[INFO] [stdout]     |
[INFO] [stdout] 113 |         .decompress_responses(&[Format::Zstd, Format::Brotli, Format::Gzip])
[INFO] [stdout]     |                                         ^^^^ variant, associated function, or constant not found in `Format`
[INFO] [stdout] 
[INFO] [stdout] 
[INFO] [stdout] error[E0599]: no variant, associated function, or constant named `Gzip` found for enum `compressors::format::Format` in the current scope
[INFO] [stdout]    --> src/negotiate.rs:272:97
[INFO] [stdout]     |
[INFO] [stdout] 272 |         assert_eq!(select(&headers("identity;q=0.5, gzip"), OFFERED), Selection::Format(Format::Gzip));
[INFO] [stdout]     |                                                                                                 ^^^^ variant, associated function, or constant not found in `compressors::format::Format`
[INFO] [stdout] 
[INFO] [stdout] 
[INFO] [stdout] error[E0599]: no variant, associated function, or constant named `Brotli` found for enum `Format` in the current scope
[INFO] [stdout]    --> tests/round_trip.rs:113:55
[INFO] [stdout]     |
[INFO] [stdout] 113 |         .decompress_responses(&[Format::Zstd, Format::Brotli, Format::Gzip])
[INFO] [stdout]     |                                                       ^^^^^^ variant, associated function, or constant not found in `Format`
[INFO] [stdout] 
[INFO] [stdout] 
[INFO] [stdout] error[E0599]: no variant, associated function, or constant named `Gzip` found for enum `compressors::format::Format` in the current scope
[INFO] [stdout]    --> src/negotiate.rs:275:39
[INFO] [stdout]     |
[INFO] [stdout] 275 |             Selection::Format(Format::Gzip)
[INFO] [stdout]     |                                       ^^^^ variant, associated function, or constant not found in `compressors::format::Format`
[INFO] [stdout] 
[INFO] [stdout] 
[INFO] [stdout] error[E0599]: no variant, associated function, or constant named `Gzip` found for enum `Format` in the current scope
[INFO] [stdout]    --> tests/round_trip.rs:113:71
[INFO] [stdout]     |
[INFO] [stdout] 113 |         .decompress_responses(&[Format::Zstd, Format::Brotli, Format::Gzip])
[INFO] [stdout]     |                                                                       ^^^^ variant, associated function, or constant not found in `Format`
[INFO] [stdout] 
[INFO] [stdout] 
[INFO] [stdout] error[E0599]: no associated function or constant named `new_fake` found for struct `HttpResponseBuilder<'a>` in the current scope
[INFO] [stdout]    --> tests/round_trip.rs:117:34
[INFO] [stdout]     |
[INFO] [stdout] 117 |             HttpResponseBuilder::new_fake().status(StatusCode::OK).build()
[INFO] [stdout]     |                                  ^^^^^^^^ associated function or constant not found in `HttpResponseBuilder<'_>`
[INFO] [stdout]     |
[INFO] [stdout] note: if you're trying to build a new `HttpResponseBuilder<'_>`, consider using `HttpResponseBuilder::<'a>::new` which returns `HttpResponseBuilder<'_>`
[INFO] [stdout]    --> /opt/rustwide/cargo-home/registry/src/index.crates.io-1949cf8c6b5b557f/http_extensions-0.12.0/src/http_response_builder.rs:96:5
[INFO] [stdout]     |
[INFO] [stdout]  96 |     pub fn new(builder: &'a HttpBodyBuilder) -> Self {
[INFO] [stdout]     |     ^^^^^^^^^^^^^^^^^^^^^^^^^^^^^^^^^^^^^^^^^^^^^^^^
[INFO] [stdout] 
[INFO] [stdout] 
[INFO] [stdout] error[E0599]: no variant, associated function, or constant named `Brotli` found for enum `compressors::format::Format` in the current scope
[INFO] [stdout]    --> src/negotiate.rs:288:89
[INFO] [stdout]     |
[INFO] [stdout] 288 |         assert_eq!(select(&headers("gzip;q=0, br"), OFFERED), Selection::Format(Format::Brotli));
[INFO] [stdout]     |                                                                                         ^^^^^^ variant, associated function, or constant not found in `compressors::format::Format`
[INFO] [stdout] 
[INFO] [stdout] 
[INFO] [stdout] error[E0599]: no variant, associated function, or constant named `Zstd` found for enum `compressors::format::Format` in the current scope
[INFO] [stdout]    --> src/negotiate.rs:293:78
[INFO] [stdout]     |
[INFO] [stdout] 293 |         assert_eq!(select(&headers("*"), OFFERED), Selection::Format(Format::Zstd));
[INFO] [stdout]     |                                                                              ^^^^ variant, associated function, or constant not found in `compressors::format::Format`
[INFO] [stdout] 
[INFO] [stdout] 
[INFO] [stdout] error[E0599]: no variant, associated function, or constant named `Gzip` found for enum `Format` in the current scope
[INFO] [stdout]    --> tests/round_trip.rs:130:41
[INFO] [stdout]     |
[INFO] [stdout] 130 |         .decompress_responses(&[Format::Gzip])
[INFO] [stdout]     |                                         ^^^^ variant, associated function, or constant not found in `Format`
[INFO] [stdout] 
[INFO] [stdout] 
[INFO] [stdout] error[E0599]: no variant, associated function, or constant named `Brotli` found for enum `compressors::format::Format` in the current scope
[INFO] [stdout]    --> src/negotiate.rs:295:88
[INFO] [stdout]     |
[INFO] [stdout] 295 |         assert_eq!(select(&headers("*, zstd;q=0"), OFFERED), Selection::Format(Format::Brotli));
[INFO] [stdout]     |                                                                                        ^^^^^^ variant, associated function, or constant not found in `compressors::format::Format`
[INFO] [stdout] 
[INFO] [stdout] 
[INFO] [stdout] error[E0599]: no associated function or constant named `new_fake` found for struct `HttpResponseBuilder<'a>` in the current scope
[INFO] [stdout]    --> tests/round_trip.rs:133:34
[INFO] [stdout]     |
[INFO] [stdout] 133 |             HttpResponseBuilder::new_fake().status(StatusCode::OK).build()
[INFO] [stdout]     |                                  ^^^^^^^^ associated function or constant not found in `HttpResponseBuilder<'_>`
[INFO] [stdout]     |
[INFO] [stdout] note: if you're trying to build a new `HttpResponseBuilder<'_>`, consider using `HttpResponseBuilder::<'a>::new` which returns `HttpResponseBuilder<'_>`
[INFO] [stdout]    --> /opt/rustwide/cargo-home/registry/src/index.crates.io-1949cf8c6b5b557f/http_extensions-0.12.0/src/http_response_builder.rs:96:5
[INFO] [stdout]     |
[INFO] [stdout]  96 |     pub fn new(builder: &'a HttpBodyBuilder) -> Self {
[INFO] [stdout]     |     ^^^^^^^^^^^^^^^^^^^^^^^^^^^^^^^^^^^^^^^^^^^^^^^^
[INFO] [stdout] 
[INFO] [stdout] 
[INFO] [stdout] error[E0599]: no variant, associated function, or constant named `Gzip` found for enum `compressors::format::Format` in the current scope
[INFO] [stdout]    --> src/negotiate.rs:301:88
[INFO] [stdout]     |
[INFO] [stdout] 301 |         assert_eq!(select(&headers("*;q=0, gzip"), OFFERED), Selection::Format(Format::Gzip));
[INFO] [stdout]     |                                                                                        ^^^^ variant, associated function, or constant not found in `compressors::format::Format`
[INFO] [stdout] 
[INFO] [stdout] 
[INFO] [stdout] error[E0599]: no variant, associated function, or constant named `Gzip` found for enum `Format` in the current scope
[INFO] [stdout]    --> tests/round_trip.rs:145:41
[INFO] [stdout]     |
[INFO] [stdout] 145 |         .decompress_responses(&[Format::Gzip])
[INFO] [stdout]     |                                         ^^^^ variant, associated function, or constant not found in `Format`
[INFO] [stdout] 
[INFO] [stdout] 
[INFO] [stdout] error[E0599]: no associated function or constant named `new_fake` found for struct `HttpResponseBuilder<'a>` in the current scope
[INFO] [stdout]    --> tests/round_trip.rs:148:34
[INFO] [stdout]     |
[INFO] [stdout] 148 |             HttpResponseBuilder::new_fake().status(StatusCode::OK).build()
[INFO] [stdout]     |                                  ^^^^^^^^ associated function or constant not found in `HttpResponseBuilder<'_>`
[INFO] [stdout]     |
[INFO] [stdout] note: if you're trying to build a new `HttpResponseBuilder<'_>`, consider using `HttpResponseBuilder::<'a>::new` which returns `HttpResponseBuilder<'_>`
[INFO] [stdout]    --> /opt/rustwide/cargo-home/registry/src/index.crates.io-1949cf8c6b5b557f/http_extensions-0.12.0/src/http_response_builder.rs:96:5
[INFO] [stdout]     |
[INFO] [stdout]  96 |     pub fn new(builder: &'a HttpBodyBuilder) -> Self {
[INFO] [stdout]     |     ^^^^^^^^^^^^^^^^^^^^^^^^^^^^^^^^^^^^^^^^^^^^^^^^
[INFO] [stdout] 
[INFO] [stdout] 
[INFO] [stdout] error[E0599]: no variant, associated function, or constant named `Brotli` found for enum `compressors::format::Format` in the current scope
[INFO] [stdout]    --> src/negotiate.rs:344:89
[INFO] [stdout]     |
[INFO] [stdout] 344 |                 assert_eq!(select(&headers(&value), OFFERED), Selection::Format(Format::Brotli), "{value}");
[INFO] [stdout]     |                                                                                         ^^^^^^ variant, associated function, or constant not found in `compressors::format::Format`
[INFO] [stdout] 
[INFO] [stdout] 
[INFO] [stdout] error[E0599]: no variant, associated function, or constant named `Brotli` found for enum `compressors::format::Format` in the current scope
[INFO] [stdout]    --> src/negotiate.rs:349:39
[INFO] [stdout]     |
[INFO] [stdout] 349 |             Selection::Format(Format::Brotli)
[INFO] [stdout]     |                                       ^^^^^^ variant, associated function, or constant not found in `compressors::format::Format`
[INFO] [stdout] 
[INFO] [stdout] 
[INFO] [stdout] error[E0599]: no variant, associated function, or constant named `Gzip` found for enum `Format` in the current scope
[INFO] [stdout]    --> tests/round_trip.rs:159:39
[INFO] [stdout]     |
[INFO] [stdout] 159 |     let compressed = compress(Format::Gzip, payload().as_bytes());
[INFO] [stdout]     |                                       ^^^^ variant, associated function, or constant not found in `Format`
[INFO] [stdout] 
[INFO] [stdout] 
[INFO] [stdout] error[E0599]: no variant, associated function, or constant named `Gzip` found for enum `compressors::format::Format` in the current scope
[INFO] [stdout]    --> src/negotiate.rs:351:98
[INFO] [stdout]     |
[INFO] [stdout] 351 |         assert_eq!(select(&headers("gzip;q=nonsense, gzip"), OFFERED), Selection::Format(Format::Gzip));
[INFO] [stdout]     |                                                                                                  ^^^^ variant, associated function, or constant not found in `compressors::format::Format`
[INFO] [stdout] 
[INFO] [stdout] 
[INFO] [stdout] error[E0599]: no associated function or constant named `new_fake` found for struct `HttpResponseBuilder<'a>` in the current scope
[INFO] [stdout]    --> tests/round_trip.rs:162:30
[INFO] [stdout]     |
[INFO] [stdout] 162 |         HttpResponseBuilder::new_fake()
[INFO] [stdout]     |                              ^^^^^^^^ associated function or constant not found in `HttpResponseBuilder<'_>`
[INFO] [stdout]     |
[INFO] [stdout] note: if you're trying to build a new `HttpResponseBuilder<'_>`, consider using `HttpResponseBuilder::<'a>::new` which returns `HttpResponseBuilder<'_>`
[INFO] [stdout]    --> /opt/rustwide/cargo-home/registry/src/index.crates.io-1949cf8c6b5b557f/http_extensions-0.12.0/src/http_response_builder.rs:96:5
[INFO] [stdout]     |
[INFO] [stdout]  96 |     pub fn new(builder: &'a HttpBodyBuilder) -> Self {
[INFO] [stdout]     |     ^^^^^^^^^^^^^^^^^^^^^^^^^^^^^^^^^^^^^^^^^^^^^^^^
[INFO] [stdout] 
[INFO] [stdout] 
[INFO] [stdout] error[E0599]: no variant, associated function, or constant named `Gzip` found for enum `compressors::format::Format` in the current scope
[INFO] [stdout]    --> src/negotiate.rs:356:74
[INFO] [stdout]     |
[INFO] [stdout] 356 |         assert_eq!(select(&headers("br;q=nonsense, gzip;q=0"), &[Format::Gzip]), Selection::Identity);
[INFO] [stdout]     |                                                                          ^^^^ variant, associated function, or constant not found in `compressors::format::Format`
[INFO] [stdout] 
[INFO] [stdout] 
[INFO] [stdout] error[E0599]: no variant, associated function, or constant named `Gzip` found for enum `Format` in the current scope
[INFO] [stdout]    --> tests/round_trip.rs:177:59
[INFO] [stdout]     |
[INFO] [stdout] 177 |     let handler = client().decompress_responses(&[Format::Gzip]).layer(responds_with(|| {
[INFO] [stdout]     |                                                           ^^^^ variant, associated function, or constant not found in `Format`
[INFO] [stdout] 
[INFO] [stdout] 
[INFO] [stdout] error[E0599]: no variant, associated function, or constant named `Gzip` found for enum `compressors::format::Format` in the current scope
[INFO] [stdout]    --> src/negotiate.rs:357:71
[INFO] [stdout]     |
[INFO] [stdout] 357 |         assert_eq!(select(&headers("br;q=nonsense, *;q=0"), &[Format::Gzip]), Selection::NotAcceptable);
[INFO] [stdout]     |                                                                       ^^^^ variant, associated function, or constant not found in `compressors::format::Format`
[INFO] [stdout] 
[INFO] [stdout] 
[INFO] [stdout] error[E0599]: no variant, associated function, or constant named `Gzip` found for enum `compressors::format::Format` in the current scope
[INFO] [stdout]    --> src/negotiate.rs:358:77
[INFO] [stdout]     |
[INFO] [stdout] 358 |         assert_eq!(select(&headers("gzip;q=0, br;q=nonsense, *"), &[Format::Gzip]), Selection::Identity);
[INFO] [stdout]     |                                                                             ^^^^ variant, associated function, or constant not found in `compressors::format::Format`
[INFO] [stdout] 
[INFO] [stdout] 
[INFO] [stdout] error[E0599]: no associated function or constant named `new_fake` found for struct `HttpResponseBuilder<'a>` in the current scope
[INFO] [stdout]    --> tests/round_trip.rs:178:30
[INFO] [stdout]     |
[INFO] [stdout] 178 |         HttpResponseBuilder::new_fake()
[INFO] [stdout]     |                              ^^^^^^^^ associated function or constant not found in `HttpResponseBuilder<'_>`
[INFO] [stdout]     |
[INFO] [stdout] note: if you're trying to build a new `HttpResponseBuilder<'_>`, consider using `HttpResponseBuilder::<'a>::new` which returns `HttpResponseBuilder<'_>`
[INFO] [stdout]    --> /opt/rustwide/cargo-home/registry/src/index.crates.io-1949cf8c6b5b557f/http_extensions-0.12.0/src/http_response_builder.rs:96:5
[INFO] [stdout]     |
[INFO] [stdout]  96 |     pub fn new(builder: &'a HttpBodyBuilder) -> Self {
[INFO] [stdout]     |     ^^^^^^^^^^^^^^^^^^^^^^^^^^^^^^^^^^^^^^^^^^^^^^^^
[INFO] [stdout] 
[INFO] [stdout] 
[INFO] [stdout] error[E0599]: no variant, associated function, or constant named `Brotli` found for enum `compressors::format::Format` in the current scope
[INFO] [stdout]    --> src/negotiate.rs:365:39
[INFO] [stdout]     |
[INFO] [stdout] 365 |             Selection::Format(Format::Brotli)
[INFO] [stdout]     |                                       ^^^^^^ variant, associated function, or constant not found in `compressors::format::Format`
[INFO] [stdout] 
[INFO] [stdout] 
[INFO] [stdout] error[E0599]: no variant, associated function, or constant named `Zstd` found for enum `compressors::format::Format` in the current scope
[INFO] [stdout]    --> src/negotiate.rs:369:39
[INFO] [stdout]     |
[INFO] [stdout] 369 |             Selection::Format(Format::Zstd)
[INFO] [stdout]     |                                       ^^^^ variant, associated function, or constant not found in `compressors::format::Format`
[INFO] [stdout] 
[INFO] [stdout] 
[INFO] [stdout] error[E0599]: no variant, associated function, or constant named `Gzip` found for enum `compressors::format::Format` in the current scope
[INFO] [stdout]    --> src/negotiate.rs:371:95
[INFO] [stdout]     |
[INFO] [stdout] 371 |         assert_eq!(select(&headers("*;q=nonsense, gzip"), OFFERED), Selection::Format(Format::Gzip));
[INFO] [stdout]     |                                                                                               ^^^^ variant, associated function, or constant not found in `compressors::format::Format`
[INFO] [stdout] 
[INFO] [stdout] 
[INFO] [stdout] error[E0599]: no variant, associated function, or constant named `Gzip` found for enum `Format` in the current scope
[INFO] [stdout]    --> tests/round_trip.rs:195:59
[INFO] [stdout]     |
[INFO] [stdout] 195 |     let handler = client().decompress_responses(&[Format::Gzip]).layer(responds_with(move || {
[INFO] [stdout]     |                                                           ^^^^ variant, associated function, or constant not found in `Format`
[INFO] [stdout] 
[INFO] [stdout] 
[INFO] [stdout] error[E0599]: no variant, associated function, or constant named `Brotli` found for enum `compressors::format::Format` in the current scope
[INFO] [stdout]    --> src/negotiate.rs:378:73
[INFO] [stdout]     |
[INFO] [stdout] 378 |         assert_eq!(select(&headers, OFFERED), Selection::Format(Format::Brotli));
[INFO] [stdout]     |                                                                         ^^^^^^ variant, associated function, or constant not found in `compressors::format::Format`
[INFO] [stdout] 
[INFO] [stdout] 
[INFO] [stdout] error[E0599]: no associated function or constant named `new_fake` found for struct `HttpResponseBuilder<'a>` in the current scope
[INFO] [stdout]    --> tests/round_trip.rs:196:30
[INFO] [stdout]     |
[INFO] [stdout] 196 |         HttpResponseBuilder::new_fake()
[INFO] [stdout]     |                              ^^^^^^^^ associated function or constant not found in `HttpResponseBuilder<'_>`
[INFO] [stdout]     |
[INFO] [stdout] note: if you're trying to build a new `HttpResponseBuilder<'_>`, consider using `HttpResponseBuilder::<'a>::new` which returns `HttpResponseBuilder<'_>`
[INFO] [stdout]    --> /opt/rustwide/cargo-home/registry/src/index.crates.io-1949cf8c6b5b557f/http_extensions-0.12.0/src/http_response_builder.rs:96:5
[INFO] [stdout]     |
[INFO] [stdout]  96 |     pub fn new(builder: &'a HttpBodyBuilder) -> Self {
[INFO] [stdout]     |     ^^^^^^^^^^^^^^^^^^^^^^^^^^^^^^^^^^^^^^^^^^^^^^^^
[INFO] [stdout] 
[INFO] [stdout] 
[INFO] [stdout] error[E0599]: no variant, associated function, or constant named `Gzip` found for enum `compressors::format::Format` in the current scope
[INFO] [stdout]    --> src/negotiate.rs:382:73
[INFO] [stdout]     |
[INFO] [stdout] 382 |         assert_eq!(select(&headers, OFFERED), Selection::Format(Format::Gzip));
[INFO] [stdout]     |                                                                         ^^^^ variant, associated function, or constant not found in `compressors::format::Format`
[INFO] [stdout] 
[INFO] [stdout] 
[INFO] [stdout] error[E0599]: no variant, associated function, or constant named `Brotli` found for enum `compressors::format::Format` in the current scope
[INFO] [stdout]    --> src/negotiate.rs:390:39
[INFO] [stdout]     |
[INFO] [stdout] 390 |             Selection::Format(Format::Brotli)
[INFO] [stdout]     |                                       ^^^^^^ variant, associated function, or constant not found in `compressors::format::Format`
[INFO] [stdout] 
[INFO] [stdout] 
[INFO] [stdout] error[E0599]: no variant, associated function, or constant named `Gzip` found for enum `Format` in the current scope
[INFO] [stdout]    --> tests/round_trip.rs:213:41
[INFO] [stdout]     |
[INFO] [stdout] 213 |         .decompress_responses(&[Format::Gzip])
[INFO] [stdout]     |                                         ^^^^ variant, associated function, or constant not found in `Format`
[INFO] [stdout] 
[INFO] [stdout] 
[INFO] [stdout] error[E0599]: no variant, associated function, or constant named `Gzip` found for enum `compressors::format::Format` in the current scope
[INFO] [stdout]    --> src/negotiate.rs:394:39
[INFO] [stdout]     |
[INFO] [stdout] 394 |             Selection::Format(Format::Gzip)
[INFO] [stdout]     |                                       ^^^^ variant, associated function, or constant not found in `compressors::format::Format`
[INFO] [stdout] 
[INFO] [stdout] 
[INFO] [stdout] error[E0599]: no associated function or constant named `new_fake` found for struct `HttpResponseBuilder<'a>` in the current scope
[INFO] [stdout]    --> tests/round_trip.rs:216:34
[INFO] [stdout]     |
[INFO] [stdout] 216 |             HttpResponseBuilder::new_fake()
[INFO] [stdout]     |                                  ^^^^^^^^ associated function or constant not found in `HttpResponseBuilder<'_>`
[INFO] [stdout]     |
[INFO] [stdout] note: if you're trying to build a new `HttpResponseBuilder<'_>`, consider using `HttpResponseBuilder::<'a>::new` which returns `HttpResponseBuilder<'_>`
[INFO] [stdout]    --> /opt/rustwide/cargo-home/registry/src/index.crates.io-1949cf8c6b5b557f/http_extensions-0.12.0/src/http_response_builder.rs:96:5
[INFO] [stdout]     |
[INFO] [stdout]  96 |     pub fn new(builder: &'a HttpBodyBuilder) -> Self {
[INFO] [stdout]     |     ^^^^^^^^^^^^^^^^^^^^^^^^^^^^^^^^^^^^^^^^^^^^^^^^
[INFO] [stdout] 
[INFO] [stdout] 
[INFO] [stdout] error[E0599]: no variant, associated function, or constant named `Gzip` found for enum `compressors::format::Format` in the current scope
[INFO] [stdout]    --> src/negotiate.rs:401:94
[INFO] [stdout]     |
[INFO] [stdout] 401 |         assert_eq!(select(&headers("  GZIP ;  q=0.9  "), OFFERED), Selection::Format(Format::Gzip));
[INFO] [stdout]     |                                                                                              ^^^^ variant, associated function, or constant not found in `compressors::format::Format`
[INFO] [stdout] 
[INFO] [stdout] 
[INFO] [stdout] error[E0599]: no variant, associated function, or constant named `Gzip` found for enum `Format` in the current scope
[INFO] [stdout]    --> tests/round_trip.rs:231:39
[INFO] [stdout]     |
[INFO] [stdout] 231 |     let compressed = compress(Format::Gzip, payload().as_bytes());
[INFO] [stdout]     |                                       ^^^^ variant, associated function, or constant not found in `Format`
[INFO] [stdout] 
[INFO] [stdout] 
[INFO] [stdout] error[E0599]: no variant, associated function, or constant named `Gzip` found for enum `compressors::format::Format` in the current scope
[INFO] [stdout]    --> src/negotiate.rs:407:66
[INFO] [stdout]     |
[INFO] [stdout] 407 |             select(&headers("gzip;q=0, identity;q=0"), &[Format::Gzip]),
[INFO] [stdout]     |                                                                  ^^^^ variant, associated function, or constant not found in `compressors::format::Format`
[INFO] [stdout] 
[INFO] [stdout] 
[INFO] [stdout] error[E0599]: no associated function or constant named `new_fake` found for struct `HttpResponseBuilder<'a>` in the current scope
[INFO] [stdout]    --> tests/round_trip.rs:237:34
[INFO] [stdout]     |
[INFO] [stdout] 237 |             HttpResponseBuilder::new_fake()
[INFO] [stdout]     |                                  ^^^^^^^^ associated function or constant not found in `HttpResponseBuilder<'_>`
[INFO] [stdout]     |
[INFO] [stdout] note: if you're trying to build a new `HttpResponseBuilder<'_>`, consider using `HttpResponseBuilder::<'a>::new` which returns `HttpResponseBuilder<'_>`
[INFO] [stdout]    --> /opt/rustwide/cargo-home/registry/src/index.crates.io-1949cf8c6b5b557f/http_extensions-0.12.0/src/http_response_builder.rs:96:5
[INFO] [stdout]     |
[INFO] [stdout]  96 |     pub fn new(builder: &'a HttpBodyBuilder) -> Self {
[INFO] [stdout]     |     ^^^^^^^^^^^^^^^^^^^^^^^^^^^^^^^^^^^^^^^^^^^^^^^^
[INFO] [stdout] 
[INFO] [stdout] 
[INFO] [stdout] error[E0599]: no variant, associated function, or constant named `Brotli` found for enum `Format` in the current scope
[INFO] [stdout]    --> tests/round_trip.rs:252:39
[INFO] [stdout]     |
[INFO] [stdout] 252 |     let compressed = compress(Format::Brotli, payload().as_bytes());
[INFO] [stdout]     |                                       ^^^^^^ variant, associated function, or constant not found in `Format`
[INFO] [stdout] 
[INFO] [stdout] 
[INFO] [stdout] error[E0599]: no variant, associated function, or constant named `Gzip` found for enum `Format` in the current scope
[INFO] [stdout]    --> tests/round_trip.rs:254:59
[INFO] [stdout]     |
[INFO] [stdout] 254 |     let handler = client().decompress_responses(&[Format::Gzip]).layer(responds_with(move || {
[INFO] [stdout]     |                                                           ^^^^ variant, associated function, or constant not found in `Format`
[INFO] [stdout] 
[INFO] [stdout] 
[INFO] [stdout] error[E0599]: no associated function or constant named `new_fake` found for struct `HttpResponseBuilder<'a>` in the current scope
[INFO] [stdout]    --> tests/round_trip.rs:255:30
[INFO] [stdout]     |
[INFO] [stdout] 255 |         HttpResponseBuilder::new_fake()
[INFO] [stdout]     |                              ^^^^^^^^ associated function or constant not found in `HttpResponseBuilder<'_>`
[INFO] [stdout]     |
[INFO] [stdout] note: if you're trying to build a new `HttpResponseBuilder<'_>`, consider using `HttpResponseBuilder::<'a>::new` which returns `HttpResponseBuilder<'_>`
[INFO] [stdout]    --> /opt/rustwide/cargo-home/registry/src/index.crates.io-1949cf8c6b5b557f/http_extensions-0.12.0/src/http_response_builder.rs:96:5
[INFO] [stdout]     |
[INFO] [stdout]  96 |     pub fn new(builder: &'a HttpBodyBuilder) -> Self {
[INFO] [stdout]     |     ^^^^^^^^^^^^^^^^^^^^^^^^^^^^^^^^^^^^^^^^^^^^^^^^
[INFO] [stdout] 
[INFO] [stdout] 
[INFO] [stdout] error[E0599]: no variant, associated function, or constant named `Gzip` found for enum `Format` in the current scope
[INFO] [stdout]    --> tests/round_trip.rs:270:28
[INFO] [stdout]     |
[INFO] [stdout] 270 |     for format in [Format::Gzip, Format::Brotli] {
[INFO] [stdout]     |                            ^^^^ variant, associated function, or constant not found in `Format`
[INFO] [stdout] 
[INFO] [stdout] 
[INFO] [stdout] error[E0599]: no variant, associated function, or constant named `Brotli` found for enum `Format` in the current scope
[INFO] [stdout]    --> tests/round_trip.rs:270:42
[INFO] [stdout]     |
[INFO] [stdout] 270 |     for format in [Format::Gzip, Format::Brotli] {
[INFO] [stdout]     |                                          ^^^^^^ variant, associated function, or constant not found in `Format`
[INFO] [stdout] 
[INFO] [stdout] 
[INFO] [stdout] error[E0599]: no variant, associated function, or constant named `Gzip` found for enum `Format` in the current scope
[INFO] [stdout]    --> tests/round_trip.rs:276:45
[INFO] [stdout]     |
[INFO] [stdout] 276 |             .decompress_responses(&[Format::Gzip])
[INFO] [stdout]     |                                             ^^^^ variant, associated function, or constant not found in `Format`
[INFO] [stdout] 
[INFO] [stdout] 
[INFO] [stderr] error: could not compile `http_compression` (lib test) due to 35 previous errors
[INFO] [stdout] error[E0599]: no associated function or constant named `new_fake` found for struct `HttpResponseBuilder<'a>` in the current scope
[INFO] [stdout]    --> tests/round_trip.rs:286:42
[INFO] [stdout]     |
[INFO] [stdout] 286 |                     HttpResponseBuilder::new_fake()
[INFO] [stdout]     |                                          ^^^^^^^^ associated function or constant not found in `HttpResponseBuilder<'_>`
[INFO] [stdout]     |
[INFO] [stdout] note: if you're trying to build a new `HttpResponseBuilder<'_>`, consider using `HttpResponseBuilder::<'a>::new` which returns `HttpResponseBuilder<'_>`
[INFO] [stdout]    --> /opt/rustwide/cargo-home/registry/src/index.crates.io-1949cf8c6b5b557f/http_extensions-0.12.0/src/http_response_builder.rs:96:5
[INFO] [stdout]     |
[INFO] [stdout]  96 |     pub fn new(builder: &'a HttpBodyBuilder) -> Self {
[INFO] [stdout]     |     ^^^^^^^^^^^^^^^^^^^^^^^^^^^^^^^^^^^^^^^^^^^^^^^^
[INFO] [stdout] 
[INFO] [stdout] 
[INFO] [stdout] error[E0599]: no variant, associated function, or constant named `Gzip` found for enum `Format` in the current scope
[INFO] [stdout]    --> tests/round_trip.rs:304:33
[INFO] [stdout]     |
[INFO] [stdout] 304 |     let gzip = compress(Format::Gzip, expected.as_bytes());
[INFO] [stdout]     |                                 ^^^^ variant, associated function, or constant not found in `Format`
[INFO] [stdout] 
[INFO] [stdout] 
[INFO] [stdout] error[E0599]: no variant, associated function, or constant named `Brotli` found for enum `Format` in the current scope
[INFO] [stdout]    --> tests/round_trip.rs:305:35
[INFO] [stdout]     |
[INFO] [stdout] 305 |     let brotli = compress(Format::Brotli, expected.as_bytes());
[INFO] [stdout]     |                                   ^^^^^^ variant, associated function, or constant not found in `Format`
[INFO] [stdout] 
[INFO] [stdout] 
[INFO] [stdout] error[E0599]: no variant, associated function, or constant named `Gzip` found for enum `Format` in the current scope
[INFO] [stdout]    --> tests/round_trip.rs:306:57
[INFO] [stdout]     |
[INFO] [stdout] 306 |     let layer = client().decompress_responses(&[Format::Gzip]);
[INFO] [stdout]     |                                                         ^^^^ variant, associated function, or constant not found in `Format`
[INFO] [stdout] 
[INFO] [stdout] 
[INFO] [stdout] error[E0599]: no associated function or constant named `new_fake` found for struct `HttpResponseBuilder<'a>` in the current scope
[INFO] [stdout]    --> tests/round_trip.rs:310:30
[INFO] [stdout]     |
[INFO] [stdout] 310 |         HttpResponseBuilder::new_fake()
[INFO] [stdout]     |                              ^^^^^^^^ associated function or constant not found in `HttpResponseBuilder<'_>`
[INFO] [stdout]     |
[INFO] [stdout] note: if you're trying to build a new `HttpResponseBuilder<'_>`, consider using `HttpResponseBuilder::<'a>::new` which returns `HttpResponseBuilder<'_>`
[INFO] [stdout]    --> /opt/rustwide/cargo-home/registry/src/index.crates.io-1949cf8c6b5b557f/http_extensions-0.12.0/src/http_response_builder.rs:96:5
[INFO] [stdout]     |
[INFO] [stdout]  96 |     pub fn new(builder: &'a HttpBodyBuilder) -> Self {
[INFO] [stdout]     |     ^^^^^^^^^^^^^^^^^^^^^^^^^^^^^^^^^^^^^^^^^^^^^^^^
[INFO] [stdout] 
[INFO] [stdout] 
[INFO] [stdout] error[E0599]: no variant, associated function, or constant named `Brotli` found for enum `Format` in the current scope
[INFO] [stdout]    --> tests/round_trip.rs:319:41
[INFO] [stdout]     |
[INFO] [stdout] 319 |         .decompress_responses(&[Format::Brotli])
[INFO] [stdout]     |                                         ^^^^^^ variant, associated function, or constant not found in `Format`
[INFO] [stdout] 
[INFO] [stdout] 
[INFO] [stdout] error[E0599]: no associated function or constant named `new_fake` found for struct `HttpResponseBuilder<'a>` in the current scope
[INFO] [stdout]    --> tests/round_trip.rs:322:34
[INFO] [stdout]     |
[INFO] [stdout] 322 |             HttpResponseBuilder::new_fake()
[INFO] [stdout]     |                                  ^^^^^^^^ associated function or constant not found in `HttpResponseBuilder<'_>`
[INFO] [stdout]     |
[INFO] [stdout] note: if you're trying to build a new `HttpResponseBuilder<'_>`, consider using `HttpResponseBuilder::<'a>::new` which returns `HttpResponseBuilder<'_>`
[INFO] [stdout]    --> /opt/rustwide/cargo-home/registry/src/index.crates.io-1949cf8c6b5b557f/http_extensions-0.12.0/src/http_response_builder.rs:96:5
[INFO] [stdout]     |
[INFO] [stdout]  96 |     pub fn new(builder: &'a HttpBodyBuilder) -> Self {
[INFO] [stdout]     |     ^^^^^^^^^^^^^^^^^^^^^^^^^^^^^^^^^^^^^^^^^^^^^^^^
[INFO] [stdout] 
[INFO] [stdout] 
[INFO] [stdout] error[E0599]: no variant, associated function, or constant named `Gzip` found for enum `Format` in the current scope
[INFO] [stdout]    --> tests/round_trip.rs:329:50
[INFO] [stdout]     |
[INFO] [stdout] 329 |     for (handler, format) in [(original, Format::Gzip), (changed, Format::Brotli)] {
[INFO] [stdout]     |                                                  ^^^^ variant, associated function, or constant not found in `Format`
[INFO] [stdout] 
[INFO] [stdout] 
[INFO] [stdout] error[E0599]: no variant, associated function, or constant named `Brotli` found for enum `Format` in the current scope
[INFO] [stdout]    --> tests/round_trip.rs:329:75
[INFO] [stdout]     |
[INFO] [stdout] 329 |     for (handler, format) in [(original, Format::Gzip), (changed, Format::Brotli)] {
[INFO] [stdout]     |                                                                           ^^^^^^ variant, associated function, or constant not found in `Format`
[INFO] [stdout] 
[INFO] [stdout] 
[INFO] [stdout] error[E0599]: no variant, associated function, or constant named `Gzip` found for enum `Format` in the current scope
[INFO] [stdout]    --> tests/round_trip.rs:341:39
[INFO] [stdout]     |
[INFO] [stdout] 341 |     let compressed = compress(Format::Gzip, expected.as_bytes());
[INFO] [stdout]     |                                       ^^^^ variant, associated function, or constant not found in `Format`
[INFO] [stdout] 
[INFO] [stdout] 
[INFO] [stdout] error[E0599]: no variant, associated function, or constant named `Gzip` found for enum `Format` in the current scope
[INFO] [stdout]    --> tests/round_trip.rs:345:40
[INFO] [stdout]     |
[INFO] [stdout] 345 |         .decompress_requests(&[Format::Gzip])
[INFO] [stdout]     |                                        ^^^^ variant, associated function, or constant not found in `Format`
[INFO] [stdout] 
[INFO] [stdout] 
[INFO] [stdout] error[E0599]: no variant, associated function, or constant named `Gzip` found for enum `Format` in the current scope
[INFO] [stdout]    --> tests/round_trip.rs:350:53
[INFO] [stdout]     |
[INFO] [stdout] 350 |             assert_eq!(original.formats(), [Format::Gzip]);
[INFO] [stdout]     |                                                     ^^^^ variant, associated function, or constant not found in `Format`
[INFO] [stdout] 
[INFO] [stdout] 
[INFO] [stdout] error[E0599]: no associated function or constant named `new_fake` found for struct `HttpResponseBuilder<'a>` in the current scope
[INFO] [stdout]    --> tests/round_trip.rs:354:34
[INFO] [stdout]     |
[INFO] [stdout] 354 |             HttpResponseBuilder::new_fake().status(StatusCode::OK).bytes(body).build()
[INFO] [stdout]     |                                  ^^^^^^^^ associated function or constant not found in `HttpResponseBuilder<'_>`
[INFO] [stdout]     |
[INFO] [stdout] note: if you're trying to build a new `HttpResponseBuilder<'_>`, consider using `HttpResponseBuilder::<'a>::new` which returns `HttpResponseBuilder<'_>`
[INFO] [stdout]    --> /opt/rustwide/cargo-home/registry/src/index.crates.io-1949cf8c6b5b557f/http_extensions-0.12.0/src/http_response_builder.rs:96:5
[INFO] [stdout]     |
[INFO] [stdout]  96 |     pub fn new(builder: &'a HttpBodyBuilder) -> Self {
[INFO] [stdout]     |     ^^^^^^^^^^^^^^^^^^^^^^^^^^^^^^^^^^^^^^^^^^^^^^^^
[INFO] [stdout] 
[INFO] [stdout] 
[INFO] [stdout] Some errors have detailed explanations: E0433, E0599.
[INFO] [stdout] 
[INFO] [stdout] For more information about an error, try `rustc --explain E0433`.
[INFO] [stdout] 
[INFO] [stdout] error[E0599]: no variant, associated function, or constant named `Gzip` found for enum `Format` in the current scope
[INFO] [stdout]    --> tests/round_trip.rs:369:40
[INFO] [stdout]     |
[INFO] [stdout] 369 |         .decompress_requests(&[Format::Gzip])
[INFO] [stdout]     |                                        ^^^^ variant, associated function, or constant not found in `Format`
[INFO] [stdout] 
[INFO] [stdout] 
[INFO] [stdout] error[E0599]: no associated function or constant named `new_fake` found for struct `HttpResponseBuilder<'a>` in the current scope
[INFO] [stdout]    --> tests/round_trip.rs:373:34
[INFO] [stdout]     |
[INFO] [stdout] 373 |             HttpResponseBuilder::new_fake().status(StatusCode::OK).build()
[INFO] [stdout]     |                                  ^^^^^^^^ associated function or constant not found in `HttpResponseBuilder<'_>`
[INFO] [stdout]     |
[INFO] [stdout] note: if you're trying to build a new `HttpResponseBuilder<'_>`, consider using `HttpResponseBuilder::<'a>::new` which returns `HttpResponseBuilder<'_>`
[INFO] [stdout]    --> /opt/rustwide/cargo-home/registry/src/index.crates.io-1949cf8c6b5b557f/http_extensions-0.12.0/src/http_response_builder.rs:96:5
[INFO] [stdout]     |
[INFO] [stdout]  96 |     pub fn new(builder: &'a HttpBodyBuilder) -> Self {
[INFO] [stdout]     |     ^^^^^^^^^^^^^^^^^^^^^^^^^^^^^^^^^^^^^^^^^^^^^^^^
[INFO] [stdout] 
[INFO] [stdout] 
[INFO] [stdout] error[E0599]: no variant, associated function, or constant named `Gzip` found for enum `Format` in the current scope
[INFO] [stdout]    --> tests/round_trip.rs:382:40
[INFO] [stdout]     |
[INFO] [stdout] 382 |         .decompress_requests(&[Format::Gzip])
[INFO] [stdout]     |                                        ^^^^ variant, associated function, or constant not found in `Format`
[INFO] [stdout] 
[INFO] [stdout] 
[INFO] [stdout] error[E0599]: no variant, associated function, or constant named `Gzip` found for enum `Format` in the current scope
[INFO] [stdout]    --> tests/round_trip.rs:393:28
[INFO] [stdout]     |
[INFO] [stdout] 393 |     for format in [Format::Gzip, Format::Brotli] {
[INFO] [stdout]     |                            ^^^^ variant, associated function, or constant not found in `Format`
[INFO] [stdout] 
[INFO] [stdout] 
[INFO] [stdout] error[E0599]: no variant, associated function, or constant named `Brotli` found for enum `Format` in the current scope
[INFO] [stdout]    --> tests/round_trip.rs:393:42
[INFO] [stdout]     |
[INFO] [stdout] 393 |     for format in [Format::Gzip, Format::Brotli] {
[INFO] [stdout]     |                                          ^^^^^^ variant, associated function, or constant not found in `Format`
[INFO] [stdout] 
[INFO] [stdout] 
[INFO] [stdout] error[E0599]: no variant, associated function, or constant named `Gzip` found for enum `Format` in the current scope
[INFO] [stdout]    --> tests/round_trip.rs:400:44
[INFO] [stdout]     |
[INFO] [stdout] 400 |             .decompress_requests(&[Format::Gzip])
[INFO] [stdout]     |                                            ^^^^ variant, associated function, or constant not found in `Format`
[INFO] [stdout] 
[INFO] [stdout] 
[INFO] [stdout] error[E0599]: no variant, associated function, or constant named `Gzip` found for enum `Format` in the current scope
[INFO] [stdout]    --> tests/round_trip.rs:401:43
[INFO] [stdout]     |
[INFO] [stdout] 401 |             .compress_responses(&[Format::Gzip])
[INFO] [stdout]     |                                           ^^^^ variant, associated function, or constant not found in `Format`
[INFO] [stdout] 
[INFO] [stdout] 
[INFO] [stdout] error[E0599]: no associated function or constant named `new_fake` found for struct `HttpResponseBuilder<'a>` in the current scope
[INFO] [stdout]    --> tests/round_trip.rs:405:38
[INFO] [stdout]     |
[INFO] [stdout] 405 |                 HttpResponseBuilder::new_fake()
[INFO] [stdout]     |                                      ^^^^^^^^ associated function or constant not found in `HttpResponseBuilder<'_>`
[INFO] [stdout]     |
[INFO] [stdout] note: if you're trying to build a new `HttpResponseBuilder<'_>`, consider using `HttpResponseBuilder::<'a>::new` which returns `HttpResponseBuilder<'_>`
[INFO] [stdout]    --> /opt/rustwide/cargo-home/registry/src/index.crates.io-1949cf8c6b5b557f/http_extensions-0.12.0/src/http_response_builder.rs:96:5
[INFO] [stdout]     |
[INFO] [stdout]  96 |     pub fn new(builder: &'a HttpBodyBuilder) -> Self {
[INFO] [stdout]     |     ^^^^^^^^^^^^^^^^^^^^^^^^^^^^^^^^^^^^^^^^^^^^^^^^
[INFO] [stdout] 
[INFO] [stdout] 
[INFO] [stdout] error[E0599]: no variant, associated function, or constant named `Zstd` found for enum `Format` in the current scope
[INFO] [stdout]    --> tests/round_trip.rs:428:39
[INFO] [stdout]     |
[INFO] [stdout] 428 |         .compress_responses(&[Format::Zstd, Format::Gzip])
[INFO] [stdout]     |                                       ^^^^ variant, associated function, or constant not found in `Format`
[INFO] [stdout] 
[INFO] [stdout] 
[INFO] [stdout] error[E0599]: no variant, associated function, or constant named `Gzip` found for enum `Format` in the current scope
[INFO] [stdout]    --> tests/round_trip.rs:428:53
[INFO] [stdout]     |
[INFO] [stdout] 428 |         .compress_responses(&[Format::Zstd, Format::Gzip])
[INFO] [stdout]     |                                                     ^^^^ variant, associated function, or constant not found in `Format`
[INFO] [stdout] 
[INFO] [stdout] 
[INFO] [stdout] error[E0599]: no variant, associated function, or constant named `Gzip` found for enum `Format` in the current scope
[INFO] [stdout]    --> tests/round_trip.rs:448:28
[INFO] [stdout]     |
[INFO] [stdout] 448 |     for format in [Format::Gzip, Format::Brotli, Format::Zstd, Format::Zlib] {
[INFO] [stdout]     |                            ^^^^ variant, associated function, or constant not found in `Format`
[INFO] [stdout] 
[INFO] [stdout] 
[INFO] [stdout] error[E0599]: no variant, associated function, or constant named `Brotli` found for enum `Format` in the current scope
[INFO] [stdout]    --> tests/round_trip.rs:448:42
[INFO] [stdout]     |
[INFO] [stdout] 448 |     for format in [Format::Gzip, Format::Brotli, Format::Zstd, Format::Zlib] {
[INFO] [stdout]     |                                          ^^^^^^ variant, associated function, or constant not found in `Format`
[INFO] [stdout] 
[INFO] [stdout] 
[INFO] [stdout] error[E0599]: no variant, associated function, or constant named `Zstd` found for enum `Format` in the current scope
[INFO] [stdout]    --> tests/round_trip.rs:448:58
[INFO] [stdout]     |
[INFO] [stdout] 448 |     for format in [Format::Gzip, Format::Brotli, Format::Zstd, Format::Zlib] {
[INFO] [stdout]     |                                                          ^^^^ variant, associated function, or constant not found in `Format`
[INFO] [stdout] 
[INFO] [stdout] 
[INFO] [stdout] error[E0599]: no variant, associated function, or constant named `Zlib` found for enum `Format` in the current scope
[INFO] [stdout]    --> tests/round_trip.rs:448:72
[INFO] [stdout]     |
[INFO] [stdout] 448 |     for format in [Format::Gzip, Format::Brotli, Format::Zstd, Format::Zlib] {
[INFO] [stdout]     |                                                                        ^^^^ variant, associated function, or constant not found in `Format`
[INFO] [stdout] 
[INFO] [stdout] 
[INFO] [stdout] error[E0599]: no variant, associated function, or constant named `Gzip` found for enum `Format` in the current scope
[INFO] [stdout]    --> tests/round_trip.rs:492:57
[INFO] [stdout]     |
[INFO] [stdout] 492 |     let handler = server().compress_responses(&[Format::Gzip]).layer(echo());
[INFO] [stdout]     |                                                         ^^^^ variant, associated function, or constant not found in `Format`
[INFO] [stdout] 
[INFO] [stdout] 
[INFO] [stdout] error[E0599]: no variant, associated function, or constant named `Gzip` found for enum `Format` in the current scope
[INFO] [stdout]    --> tests/round_trip.rs:503:55
[INFO] [stdout]     |
[INFO] [stdout] 503 |     let layer = server().compress_responses(&[Format::Gzip]);
[INFO] [stdout]     |                                                       ^^^^ variant, associated function, or constant not found in `Format`
[INFO] [stdout] 
[INFO] [stdout] 
[INFO] [stdout] error[E0599]: no variant, associated function, or constant named `Brotli` found for enum `Format` in the current scope
[INFO] [stdout]    --> tests/round_trip.rs:505:54
[INFO] [stdout]     |
[INFO] [stdout] 505 |     let changed = layer.compress_responses(&[Format::Brotli]).layer(echo());
[INFO] [stdout]     |                                                      ^^^^^^ variant, associated function, or constant not found in `Format`
[INFO] [stdout] 
[INFO] [stdout] 
[INFO] [stdout] error[E0599]: no variant, associated function, or constant named `Gzip` found for enum `Format` in the current scope
[INFO] [stdout]    --> tests/round_trip.rs:508:50
[INFO] [stdout]     |
[INFO] [stdout] 508 |     for (handler, format) in [(original, Format::Gzip), (changed, Format::Brotli)] {
[INFO] [stdout]     |                                                  ^^^^ variant, associated function, or constant not found in `Format`
[INFO] [stdout] 
[INFO] [stdout] 
[INFO] [stdout] error[E0599]: no variant, associated function, or constant named `Brotli` found for enum `Format` in the current scope
[INFO] [stdout]    --> tests/round_trip.rs:508:75
[INFO] [stdout]     |
[INFO] [stdout] 508 |     for (handler, format) in [(original, Format::Gzip), (changed, Format::Brotli)] {
[INFO] [stdout]     |                                                                           ^^^^^^ variant, associated function, or constant not found in `Format`
[INFO] [stdout] 
[INFO] [stdout] 
[INFO] [stdout] error[E0599]: no variant, associated function, or constant named `Gzip` found for enum `Format` in the current scope
[INFO] [stdout]    --> tests/round_trip.rs:534:40
[INFO] [stdout]     |
[INFO] [stdout] 534 |         .decompress_requests(&[Format::Gzip])
[INFO] [stdout]     |                                        ^^^^ variant, associated function, or constant not found in `Format`
[INFO] [stdout] 
[INFO] [stdout] 
[INFO] [stdout] error[E0599]: no variant, associated function, or constant named `Brotli` found for enum `Format` in the current scope
[INFO] [stdout]    --> tests/round_trip.rs:535:39
[INFO] [stdout]     |
[INFO] [stdout] 535 |         .compress_responses(&[Format::Brotli, Format::Gzip])
[INFO] [stdout]     |                                       ^^^^^^ variant, associated function, or constant not found in `Format`
[INFO] [stdout] 
[INFO] [stdout] 
[INFO] [stdout] error[E0599]: no variant, associated function, or constant named `Gzip` found for enum `Format` in the current scope
[INFO] [stdout]    --> tests/round_trip.rs:535:55
[INFO] [stdout]     |
[INFO] [stdout] 535 |         .compress_responses(&[Format::Brotli, Format::Gzip])
[INFO] [stdout]     |                                                       ^^^^ variant, associated function, or constant not found in `Format`
[INFO] [stdout] 
[INFO] [stdout] 
[INFO] [stdout] error[E0599]: no variant, associated function, or constant named `Brotli` found for enum `Format` in the current scope
[INFO] [stdout]    --> tests/round_trip.rs:539:58
[INFO] [stdout]     |
[INFO] [stdout] 539 |     let client = client().decompress_responses(&[Format::Brotli, Format::Gzip]).layer(server);
[INFO] [stdout]     |                                                          ^^^^^^ variant, associated function, or constant not found in `Format`
[INFO] [stdout] 
[INFO] [stdout] 
[INFO] [stdout] error[E0599]: no variant, associated function, or constant named `Gzip` found for enum `Format` in the current scope
[INFO] [stdout]    --> tests/round_trip.rs:539:74
[INFO] [stdout]     |
[INFO] [stdout] 539 |     let client = client().decompress_responses(&[Format::Brotli, Format::Gzip]).layer(server);
[INFO] [stdout]     |                                                                          ^^^^ variant, associated function, or constant not found in `Format`
[INFO] [stdout] 
[INFO] [stdout] 
[INFO] [stdout] error[E0599]: no variant, associated function, or constant named `Gzip` found for enum `Format` in the current scope
[INFO] [stdout]    --> tests/round_trip.rs:541:46
[INFO] [stdout]     |
[INFO] [stdout] 541 |     let mut input = request(compress(Format::Gzip, expected.as_bytes()), Some("gzip"));
[INFO] [stdout]     |                                              ^^^^ variant, associated function, or constant not found in `Format`
[INFO] [stdout] 
[INFO] [stdout] 
[INFO] [stdout] error[E0599]: no variant, associated function, or constant named `Brotli` found for enum `Format` in the current scope
[INFO] [stdout]    --> tests/round_trip.rs:548:89
[INFO] [stdout]     |
[INFO] [stdout] 548 |     assert_eq!(response.extensions().get::<OriginalBody>().unwrap().formats(), [Format::Brotli]);
[INFO] [stdout]     |                                                                                         ^^^^^^ variant, associated function, or constant not found in `Format`
[INFO] [stdout] 
[INFO] [stdout] 
[INFO] [stdout] error[E0599]: no variant, associated function, or constant named `Gzip` found for enum `Format` in the current scope
[INFO] [stdout]    --> tests/round_trip.rs:554:39
[INFO] [stdout]     |
[INFO] [stdout] 554 |     let compressed = compress(Format::Gzip, payload().as_bytes());
[INFO] [stdout]     |                                       ^^^^ variant, associated function, or constant not found in `Format`
[INFO] [stdout] 
[INFO] [stdout] 
[INFO] [stdout] error[E0599]: no variant, associated function, or constant named `Gzip` found for enum `Format` in the current scope
[INFO] [stdout]    --> tests/round_trip.rs:559:41
[INFO] [stdout]     |
[INFO] [stdout] 559 |         .decompress_responses(&[Format::Gzip])
[INFO] [stdout]     |                                         ^^^^ variant, associated function, or constant not found in `Format`
[INFO] [stdout] 
[INFO] [stdout] 
[INFO] [stdout] error[E0599]: no associated function or constant named `new_fake` found for struct `HttpResponseBuilder<'a>` in the current scope
[INFO] [stdout]    --> tests/round_trip.rs:562:34
[INFO] [stdout]     |
[INFO] [stdout] 562 |             HttpResponseBuilder::new_fake()
[INFO] [stdout]     |                                  ^^^^^^^^ associated function or constant not found in `HttpResponseBuilder<'_>`
[INFO] [stdout]     |
[INFO] [stdout] note: if you're trying to build a new `HttpResponseBuilder<'_>`, consider using `HttpResponseBuilder::<'a>::new` which returns `HttpResponseBuilder<'_>`
[INFO] [stdout]    --> /opt/rustwide/cargo-home/registry/src/index.crates.io-1949cf8c6b5b557f/http_extensions-0.12.0/src/http_response_builder.rs:96:5
[INFO] [stdout]     |
[INFO] [stdout]  96 |     pub fn new(builder: &'a HttpBodyBuilder) -> Self {
[INFO] [stdout]     |     ^^^^^^^^^^^^^^^^^^^^^^^^^^^^^^^^^^^^^^^^^^^^^^^^
[INFO] [stdout] 
[INFO] [stdout] 
[INFO] [stdout] error[E0599]: no variant, associated function, or constant named `Gzip` found for enum `Format` in the current scope
[INFO] [stdout]    --> tests/round_trip.rs:572:57
[INFO] [stdout]     |
[INFO] [stdout] 572 |     let server = server().decompress_requests(&[Format::Gzip]).limits(limits).layer(echo());
[INFO] [stdout]     |                                                         ^^^^ variant, associated function, or constant not found in `Format`
[INFO] [stdout] 
[INFO] [stdout] 
[INFO] [stdout] error[E0599]: no variant, associated function, or constant named `Gzip` found for enum `Format` in the current scope
[INFO] [stdout]    --> tests/round_trip.rs:585:61
[INFO] [stdout]     |
[INFO] [stdout] 585 |         let handler = server().compress_responses(&[Format::Gzip]).layer(FakeHandler::from_fn(move |_| {
[INFO] [stdout]     |                                                             ^^^^ variant, associated function, or constant not found in `Format`
[INFO] [stdout] 
[INFO] [stdout] 
[INFO] [stdout] error[E0599]: no associated function or constant named `new_fake` found for struct `HttpResponseBuilder<'a>` in the current scope
[INFO] [stdout]    --> tests/round_trip.rs:586:34
[INFO] [stdout]     |
[INFO] [stdout] 586 |             HttpResponseBuilder::new_fake()
[INFO] [stdout]     |                                  ^^^^^^^^ associated function or constant not found in `HttpResponseBuilder<'_>`
[INFO] [stdout]     |
[INFO] [stdout] note: if you're trying to build a new `HttpResponseBuilder<'_>`, consider using `HttpResponseBuilder::<'a>::new` which returns `HttpResponseBuilder<'_>`
[INFO] [stdout]    --> /opt/rustwide/cargo-home/registry/src/index.crates.io-1949cf8c6b5b557f/http_extensions-0.12.0/src/http_response_builder.rs:96:5
[INFO] [stdout]     |
[INFO] [stdout]  96 |     pub fn new(builder: &'a HttpBodyBuilder) -> Self {
[INFO] [stdout]     |     ^^^^^^^^^^^^^^^^^^^^^^^^^^^^^^^^^^^^^^^^^^^^^^^^
[INFO] [stdout] 
[INFO] [stdout] 
[INFO] [stdout] error[E0599]: no variant, associated function, or constant named `Gzip` found for enum `Format` in the current scope
[INFO] [stdout]    --> tests/round_trip.rs:611:61
[INFO] [stdout]     |
[INFO] [stdout] 611 |         let handler = server().compress_responses(&[Format::Gzip]).layer(FakeHandler::from_fn(move |_| {
[INFO] [stdout]     |                                                             ^^^^ variant, associated function, or constant not found in `Format`
[INFO] [stdout] 
[INFO] [stdout] 
[INFO] [stdout] error[E0599]: no associated function or constant named `new_fake` found for struct `HttpResponseBuilder<'a>` in the current scope
[INFO] [stdout]    --> tests/round_trip.rs:612:53
[INFO] [stdout]     |
[INFO] [stdout] 612 |             let mut response = HttpResponseBuilder::new_fake().status(status);
[INFO] [stdout]     |                                                     ^^^^^^^^ associated function or constant not found in `HttpResponseBuilder<'_>`
[INFO] [stdout]     |
[INFO] [stdout] note: if you're trying to build a new `HttpResponseBuilder<'_>`, consider using `HttpResponseBuilder::<'a>::new` which returns `HttpResponseBuilder<'_>`
[INFO] [stdout]    --> /opt/rustwide/cargo-home/registry/src/index.crates.io-1949cf8c6b5b557f/http_extensions-0.12.0/src/http_response_builder.rs:96:5
[INFO] [stdout]     |
[INFO] [stdout]  96 |     pub fn new(builder: &'a HttpBodyBuilder) -> Self {
[INFO] [stdout]     |     ^^^^^^^^^^^^^^^^^^^^^^^^^^^^^^^^^^^^^^^^^^^^^^^^
[INFO] [stdout] 
[INFO] [stdout] 
[INFO] [stdout] error[E0599]: no variant, associated function, or constant named `Gzip` found for enum `Format` in the current scope
[INFO] [stdout]    --> tests/round_trip.rs:631:57
[INFO] [stdout]     |
[INFO] [stdout] 631 |     let handler = server().compress_responses(&[Format::Gzip]).layer(echo());
[INFO] [stdout]     |                                                         ^^^^ variant, associated function, or constant not found in `Format`
[INFO] [stdout] 
[INFO] [stdout] 
[INFO] [stdout] error[E0599]: no variant, associated function, or constant named `Gzip` found for enum `Format` in the current scope
[INFO] [stdout]    --> tests/round_trip.rs:644:57
[INFO] [stdout]     |
[INFO] [stdout] 644 |     let handler = server().compress_responses(&[Format::Gzip]).layer(echo());
[INFO] [stdout]     |                                                         ^^^^ variant, associated function, or constant not found in `Format`
[INFO] [stdout] 
[INFO] [stdout] 
[INFO] [stdout] error[E0599]: no variant, associated function, or constant named `Gzip` found for enum `Format` in the current scope
[INFO] [stdout]    --> tests/round_trip.rs:656:57
[INFO] [stdout]     |
[INFO] [stdout] 656 |     let handler = server().compress_responses(&[Format::Gzip]).layer(echo());
[INFO] [stdout]     |                                                         ^^^^ variant, associated function, or constant not found in `Format`
[INFO] [stdout] 
[INFO] [stdout] 
[INFO] [stdout] error[E0599]: no variant, associated function, or constant named `Gzip` found for enum `Format` in the current scope
[INFO] [stdout]    --> tests/round_trip.rs:669:61
[INFO] [stdout]     |
[INFO] [stdout] 669 |         let handler = server().compress_responses(&[Format::Gzip]).layer(responds_with(|| {
[INFO] [stdout]     |                                                             ^^^^ variant, associated function, or constant not found in `Format`
[INFO] [stdout] 
[INFO] [stdout] 
[INFO] [stdout] error[E0599]: no associated function or constant named `new_fake` found for struct `HttpResponseBuilder<'a>` in the current scope
[INFO] [stdout]    --> tests/round_trip.rs:670:34
[INFO] [stdout]     |
[INFO] [stdout] 670 |             HttpResponseBuilder::new_fake()
[INFO] [stdout]     |                                  ^^^^^^^^ associated function or constant not found in `HttpResponseBuilder<'_>`
[INFO] [stdout]     |
[INFO] [stdout] note: if you're trying to build a new `HttpResponseBuilder<'_>`, consider using `HttpResponseBuilder::<'a>::new` which returns `HttpResponseBuilder<'_>`
[INFO] [stdout]    --> /opt/rustwide/cargo-home/registry/src/index.crates.io-1949cf8c6b5b557f/http_extensions-0.12.0/src/http_response_builder.rs:96:5
[INFO] [stdout]     |
[INFO] [stdout]  96 |     pub fn new(builder: &'a HttpBodyBuilder) -> Self {
[INFO] [stdout]     |     ^^^^^^^^^^^^^^^^^^^^^^^^^^^^^^^^^^^^^^^^^^^^^^^^
[INFO] [stdout] 
[INFO] [stdout] 
[INFO] [stdout] error[E0599]: no variant, associated function, or constant named `Gzip` found for enum `Format` in the current scope
[INFO] [stdout]    --> tests/round_trip.rs:699:57
[INFO] [stdout]     |
[INFO] [stdout] 699 |     let handler = server().compress_responses(&[Format::Gzip]).layer(responds_with(|| {
[INFO] [stdout]     |                                                         ^^^^ variant, associated function, or constant not found in `Format`
[INFO] [stdout] 
[INFO] [stdout] 
[INFO] [stdout] error[E0599]: no associated function or constant named `new_fake` found for struct `HttpResponseBuilder<'a>` in the current scope
[INFO] [stdout]    --> tests/round_trip.rs:700:30
[INFO] [stdout]     |
[INFO] [stdout] 700 |         HttpResponseBuilder::new_fake()
[INFO] [stdout]     |                              ^^^^^^^^ associated function or constant not found in `HttpResponseBuilder<'_>`
[INFO] [stdout]     |
[INFO] [stdout] note: if you're trying to build a new `HttpResponseBuilder<'_>`, consider using `HttpResponseBuilder::<'a>::new` which returns `HttpResponseBuilder<'_>`
[INFO] [stdout]    --> /opt/rustwide/cargo-home/registry/src/index.crates.io-1949cf8c6b5b557f/http_extensions-0.12.0/src/http_response_builder.rs:96:5
[INFO] [stdout]     |
[INFO] [stdout]  96 |     pub fn new(builder: &'a HttpBodyBuilder) -> Self {
[INFO] [stdout]     |     ^^^^^^^^^^^^^^^^^^^^^^^^^^^^^^^^^^^^^^^^^^^^^^^^
[INFO] [stdout] 
[INFO] [stdout] 
[INFO] [stdout] error[E0599]: no variant, associated function, or constant named `Gzip` found for enum `Format` in the current scope
[INFO] [stdout]    --> tests/round_trip.rs:720:57
[INFO] [stdout]     |
[INFO] [stdout] 720 |     let handler = server().compress_responses(&[Format::Gzip]).layer(responds_with(|| {
[INFO] [stdout]     |                                                         ^^^^ variant, associated function, or constant not found in `Format`
[INFO] [stdout] 
[INFO] [stdout] 
[INFO] [stdout] error[E0599]: no associated function or constant named `new_fake` found for struct `HttpResponseBuilder<'a>` in the current scope
[INFO] [stdout]    --> tests/round_trip.rs:721:30
[INFO] [stdout]     |
[INFO] [stdout] 721 |         HttpResponseBuilder::new_fake()
[INFO] [stdout]     |                              ^^^^^^^^ associated function or constant not found in `HttpResponseBuilder<'_>`
[INFO] [stdout]     |
[INFO] [stdout] note: if you're trying to build a new `HttpResponseBuilder<'_>`, consider using `HttpResponseBuilder::<'a>::new` which returns `HttpResponseBuilder<'_>`
[INFO] [stdout]    --> /opt/rustwide/cargo-home/registry/src/index.crates.io-1949cf8c6b5b557f/http_extensions-0.12.0/src/http_response_builder.rs:96:5
[INFO] [stdout]     |
[INFO] [stdout]  96 |     pub fn new(builder: &'a HttpBodyBuilder) -> Self {
[INFO] [stdout]     |     ^^^^^^^^^^^^^^^^^^^^^^^^^^^^^^^^^^^^^^^^^^^^^^^^
[INFO] [stdout] 
[INFO] [stdout] 
[INFO] [stdout] error[E0599]: no variant, associated function, or constant named `Gzip` found for enum `Format` in the current scope
[INFO] [stdout]    --> tests/round_trip.rs:739:57
[INFO] [stdout]     |
[INFO] [stdout] 739 |     let handler = server().compress_responses(&[Format::Gzip]).layer(responds_with(|| {
[INFO] [stdout]     |                                                         ^^^^ variant, associated function, or constant not found in `Format`
[INFO] [stdout] 
[INFO] [stdout] 
[INFO] [stdout] error[E0599]: no associated function or constant named `new_fake` found for struct `HttpResponseBuilder<'a>` in the current scope
[INFO] [stdout]    --> tests/round_trip.rs:740:30
[INFO] [stdout]     |
[INFO] [stdout] 740 |         HttpResponseBuilder::new_fake()
[INFO] [stdout]     |                              ^^^^^^^^ associated function or constant not found in `HttpResponseBuilder<'_>`
[INFO] [stdout]     |
[INFO] [stdout] note: if you're trying to build a new `HttpResponseBuilder<'_>`, consider using `HttpResponseBuilder::<'a>::new` which returns `HttpResponseBuilder<'_>`
[INFO] [stdout]    --> /opt/rustwide/cargo-home/registry/src/index.crates.io-1949cf8c6b5b557f/http_extensions-0.12.0/src/http_response_builder.rs:96:5
[INFO] [stdout]     |
[INFO] [stdout]  96 |     pub fn new(builder: &'a HttpBodyBuilder) -> Self {
[INFO] [stdout]     |     ^^^^^^^^^^^^^^^^^^^^^^^^^^^^^^^^^^^^^^^^^^^^^^^^
[INFO] [stdout] 
[INFO] [stdout] 
[INFO] [stdout] error[E0599]: no variant, associated function, or constant named `Gzip` found for enum `Format` in the current scope
[INFO] [stdout]    --> tests/round_trip.rs:759:57
[INFO] [stdout]     |
[INFO] [stdout] 759 |     let handler = server().compress_responses(&[Format::Gzip]).layer(responds_with(|| {
[INFO] [stdout]     |                                                         ^^^^ variant, associated function, or constant not found in `Format`
[INFO] [stdout] 
[INFO] [stdout] 
[INFO] [stdout] error[E0599]: no associated function or constant named `new_fake` found for struct `HttpResponseBuilder<'a>` in the current scope
[INFO] [stdout]    --> tests/round_trip.rs:760:30
[INFO] [stdout]     |
[INFO] [stdout] 760 |         HttpResponseBuilder::new_fake()
[INFO] [stdout]     |                              ^^^^^^^^ associated function or constant not found in `HttpResponseBuilder<'_>`
[INFO] [stdout]     |
[INFO] [stdout] note: if you're trying to build a new `HttpResponseBuilder<'_>`, consider using `HttpResponseBuilder::<'a>::new` which returns `HttpResponseBuilder<'_>`
[INFO] [stdout]    --> /opt/rustwide/cargo-home/registry/src/index.crates.io-1949cf8c6b5b557f/http_extensions-0.12.0/src/http_response_builder.rs:96:5
[INFO] [stdout]     |
[INFO] [stdout]  96 |     pub fn new(builder: &'a HttpBodyBuilder) -> Self {
[INFO] [stdout]     |     ^^^^^^^^^^^^^^^^^^^^^^^^^^^^^^^^^^^^^^^^^^^^^^^^
[INFO] [stdout] 
[INFO] [stdout] 
[INFO] [stdout] error[E0599]: no variant, associated function, or constant named `Gzip` found for enum `Format` in the current scope
[INFO] [stdout]    --> tests/round_trip.rs:778:57
[INFO] [stdout]     |
[INFO] [stdout] 778 |     let handler = server().compress_responses(&[Format::Gzip]).layer(responds_with(|| {
[INFO] [stdout]     |                                                         ^^^^ variant, associated function, or constant not found in `Format`
[INFO] [stdout] 
[INFO] [stdout] 
[INFO] [stdout] error[E0599]: no associated function or constant named `new_fake` found for struct `HttpResponseBuilder<'a>` in the current scope
[INFO] [stdout]    --> tests/round_trip.rs:779:30
[INFO] [stdout]     |
[INFO] [stdout] 779 |         HttpResponseBuilder::new_fake()
[INFO] [stdout]     |                              ^^^^^^^^ associated function or constant not found in `HttpResponseBuilder<'_>`
[INFO] [stdout]     |
[INFO] [stdout] note: if you're trying to build a new `HttpResponseBuilder<'_>`, consider using `HttpResponseBuilder::<'a>::new` which returns `HttpResponseBuilder<'_>`
[INFO] [stdout]    --> /opt/rustwide/cargo-home/registry/src/index.crates.io-1949cf8c6b5b557f/http_extensions-0.12.0/src/http_response_builder.rs:96:5
[INFO] [stdout]     |
[INFO] [stdout]  96 |     pub fn new(builder: &'a HttpBodyBuilder) -> Self {
[INFO] [stdout]     |     ^^^^^^^^^^^^^^^^^^^^^^^^^^^^^^^^^^^^^^^^^^^^^^^^
[INFO] [stdout] 
[INFO] [stdout] 
[INFO] [stdout] error[E0599]: no variant, associated function, or constant named `Gzip` found for enum `Format` in the current scope
[INFO] [stdout]    --> tests/round_trip.rs:798:57
[INFO] [stdout]     |
[INFO] [stdout] 798 |     let handler = server().compress_responses(&[Format::Gzip]).layer(FakeHandler::from_fn(|_| {
[INFO] [stdout]     |                                                         ^^^^ variant, associated function, or constant not found in `Format`
[INFO] [stdout] 
[INFO] [stdout] 
[INFO] [stdout] error[E0599]: no associated function or constant named `new_fake` found for struct `HttpResponseBuilder<'a>` in the current scope
[INFO] [stdout]    --> tests/round_trip.rs:799:30
[INFO] [stdout]     |
[INFO] [stdout] 799 |         HttpResponseBuilder::new_fake()
[INFO] [stdout]     |                              ^^^^^^^^ associated function or constant not found in `HttpResponseBuilder<'_>`
[INFO] [stdout]     |
[INFO] [stdout] note: if you're trying to build a new `HttpResponseBuilder<'_>`, consider using `HttpResponseBuilder::<'a>::new` which returns `HttpResponseBuilder<'_>`
[INFO] [stdout]    --> /opt/rustwide/cargo-home/registry/src/index.crates.io-1949cf8c6b5b557f/http_extensions-0.12.0/src/http_response_builder.rs:96:5
[INFO] [stdout]     |
[INFO] [stdout]  96 |     pub fn new(builder: &'a HttpBodyBuilder) -> Self {
[INFO] [stdout]     |     ^^^^^^^^^^^^^^^^^^^^^^^^^^^^^^^^^^^^^^^^^^^^^^^^
[INFO] [stdout] 
[INFO] [stdout] 
[INFO] [stdout] error[E0599]: no variant, associated function, or constant named `Gzip` found for enum `Format` in the current scope
[INFO] [stdout]    --> tests/round_trip.rs:820:57
[INFO] [stdout]     |
[INFO] [stdout] 820 |     let handler = server().compress_responses(&[Format::Gzip]).layer(FakeHandler::from_fn(|_| {
[INFO] [stdout]     |                                                         ^^^^ variant, associated function, or constant not found in `Format`
[INFO] [stdout] 
[INFO] [stdout] 
[INFO] [stdout] error[E0599]: no associated function or constant named `new_fake` found for struct `HttpResponseBuilder<'a>` in the current scope
[INFO] [stdout]    --> tests/round_trip.rs:821:30
[INFO] [stdout]     |
[INFO] [stdout] 821 |         HttpResponseBuilder::new_fake()
[INFO] [stdout]     |                              ^^^^^^^^ associated function or constant not found in `HttpResponseBuilder<'_>`
[INFO] [stdout]     |
[INFO] [stdout] note: if you're trying to build a new `HttpResponseBuilder<'_>`, consider using `HttpResponseBuilder::<'a>::new` which returns `HttpResponseBuilder<'_>`
[INFO] [stdout]    --> /opt/rustwide/cargo-home/registry/src/index.crates.io-1949cf8c6b5b557f/http_extensions-0.12.0/src/http_response_builder.rs:96:5
[INFO] [stdout]     |
[INFO] [stdout]  96 |     pub fn new(builder: &'a HttpBodyBuilder) -> Self {
[INFO] [stdout]     |     ^^^^^^^^^^^^^^^^^^^^^^^^^^^^^^^^^^^^^^^^^^^^^^^^
[INFO] [stdout] 
[INFO] [stdout] 
[INFO] [stdout] error[E0599]: no variant, associated function, or constant named `Gzip` found for enum `Format` in the current scope
[INFO] [stdout]    --> tests/round_trip.rs:860:28
[INFO] [stdout]     |
[INFO] [stdout] 860 |     for format in [Format::Gzip, Format::Brotli, Format::Zstd, Format::Zlib] {
[INFO] [stdout]     |                            ^^^^ variant, associated function, or constant not found in `Format`
[INFO] [stdout] 
[INFO] [stdout] 
[INFO] [stdout] error[E0599]: no variant, associated function, or constant named `Brotli` found for enum `Format` in the current scope
[INFO] [stdout]    --> tests/round_trip.rs:860:42
[INFO] [stdout]     |
[INFO] [stdout] 860 |     for format in [Format::Gzip, Format::Brotli, Format::Zstd, Format::Zlib] {
[INFO] [stdout]     |                                          ^^^^^^ variant, associated function, or constant not found in `Format`
[INFO] [stdout] 
[INFO] [stdout] 
[INFO] [stdout] error[E0599]: no variant, associated function, or constant named `Zstd` found for enum `Format` in the current scope
[INFO] [stdout]    --> tests/round_trip.rs:860:58
[INFO] [stdout]     |
[INFO] [stdout] 860 |     for format in [Format::Gzip, Format::Brotli, Format::Zstd, Format::Zlib] {
[INFO] [stdout]     |                                                          ^^^^ variant, associated function, or constant not found in `Format`
[INFO] [stdout] 
[INFO] [stdout] 
[INFO] [stdout] error[E0599]: no variant, associated function, or constant named `Zlib` found for enum `Format` in the current scope
[INFO] [stdout]    --> tests/round_trip.rs:860:72
[INFO] [stdout]     |
[INFO] [stdout] 860 |     for format in [Format::Gzip, Format::Brotli, Format::Zstd, Format::Zlib] {
[INFO] [stdout]     |                                                                        ^^^^ variant, associated function, or constant not found in `Format`
[INFO] [stdout] 
[INFO] [stdout] 
[INFO] [stdout] error[E0599]: no associated function or constant named `new_fake` found for struct `HttpResponseBuilder<'a>` in the current scope
[INFO] [stdout]    --> tests/round_trip.rs:879:38
[INFO] [stdout]     |
[INFO] [stdout] 879 |                 HttpResponseBuilder::new_fake()
[INFO] [stdout]     |                                      ^^^^^^^^ associated function or constant not found in `HttpResponseBuilder<'_>`
[INFO] [stdout]     |
[INFO] [stdout] note: if you're trying to build a new `HttpResponseBuilder<'_>`, consider using `HttpResponseBuilder::<'a>::new` which returns `HttpResponseBuilder<'_>`
[INFO] [stdout]    --> /opt/rustwide/cargo-home/registry/src/index.crates.io-1949cf8c6b5b557f/http_extensions-0.12.0/src/http_response_builder.rs:96:5
[INFO] [stdout]     |
[INFO] [stdout]  96 |     pub fn new(builder: &'a HttpBodyBuilder) -> Self {
[INFO] [stdout]     |     ^^^^^^^^^^^^^^^^^^^^^^^^^^^^^^^^^^^^^^^^^^^^^^^^
[INFO] [stdout] 
[INFO] [stdout] 
[INFO] [stdout] error[E0599]: no variant, associated function, or constant named `Gzip` found for enum `Format` in the current scope
[INFO] [stdout]    --> tests/round_trip.rs:975:71
[INFO] [stdout]     |
[INFO] [stdout] 975 |     assert_content_type_policy(&server().compress_responses(&[Format::Gzip])).await;
[INFO] [stdout]     |                                                                       ^^^^ variant, associated function, or constant not found in `Format`
[INFO] [stdout] 
[INFO] [stdout] 
[INFO] [stdout] error[E0599]: no variant, associated function, or constant named `Gzip` found for enum `Format` in the current scope
[INFO] [stdout]    --> tests/round_trip.rs:980:71
[INFO] [stdout]     |
[INFO] [stdout] 980 |     assert_content_type_policy(&server().compress_responses(&[Format::Gzip]).compressible_types(["*/*"]).unwrap()).await;
[INFO] [stdout]     |                                                                       ^^^^ variant, associated function, or constant not found in `Format`
[INFO] [stdout] 
[INFO] [stdout] 
[INFO] [stdout] error[E0599]: no variant, associated function, or constant named `Gzip` found for enum `Format` in the current scope
[INFO] [stdout]    --> tests/round_trip.rs:985:57
[INFO] [stdout]     |
[INFO] [stdout] 985 |     let handler = server().compress_responses(&[Format::Gzip]).layer(responds_with(|| {
[INFO] [stdout]     |                                                         ^^^^ variant, associated function, or constant not found in `Format`
[INFO] [stdout] 
[INFO] [stdout] 
[INFO] [stdout] error[E0599]: no associated function or constant named `new_fake` found for struct `HttpResponseBuilder<'a>` in the current scope
[INFO] [stdout]    --> tests/round_trip.rs:986:30
[INFO] [stdout]     |
[INFO] [stdout] 986 |         HttpResponseBuilder::new_fake()
[INFO] [stdout]     |                              ^^^^^^^^ associated function or constant not found in `HttpResponseBuilder<'_>`
[INFO] [stdout]     |
[INFO] [stdout] note: if you're trying to build a new `HttpResponseBuilder<'_>`, consider using `HttpResponseBuilder::<'a>::new` which returns `HttpResponseBuilder<'_>`
[INFO] [stdout]    --> /opt/rustwide/cargo-home/registry/src/index.crates.io-1949cf8c6b5b557f/http_extensions-0.12.0/src/http_response_builder.rs:96:5
[INFO] [stdout]     |
[INFO] [stdout]  96 |     pub fn new(builder: &'a HttpBodyBuilder) -> Self {
[INFO] [stdout]     |     ^^^^^^^^^^^^^^^^^^^^^^^^^^^^^^^^^^^^^^^^^^^^^^^^
[INFO] [stdout] 
[INFO] [stdout] 
[INFO] [stdout] error[E0599]: no variant, associated function, or constant named `Gzip` found for enum `Format` in the current scope
[INFO] [stdout]     --> tests/round_trip.rs:1021:43
[INFO] [stdout]      |
[INFO] [stdout] 1021 |             .compress_responses(&[Format::Gzip])
[INFO] [stdout]      |                                           ^^^^ variant, associated function, or constant not found in `Format`
[INFO] [stdout] 
[INFO] [stdout] 
[INFO] [stdout] error[E0599]: no associated function or constant named `new_fake` found for struct `HttpResponseBuilder<'a>` in the current scope
[INFO] [stdout]     --> tests/round_trip.rs:1025:38
[INFO] [stdout]      |
[INFO] [stdout] 1025 |                 HttpResponseBuilder::new_fake()
[INFO] [stdout]      |                                      ^^^^^^^^ associated function or constant not found in `HttpResponseBuilder<'_>`
[INFO] [stdout]      |
[INFO] [stdout] note: if you're trying to build a new `HttpResponseBuilder<'_>`, consider using `HttpResponseBuilder::<'a>::new` which returns `HttpResponseBuilder<'_>`
[INFO] [stdout]     --> /opt/rustwide/cargo-home/registry/src/index.crates.io-1949cf8c6b5b557f/http_extensions-0.12.0/src/http_response_builder.rs:96:5
[INFO] [stdout]      |
[INFO] [stdout]   96 |     pub fn new(builder: &'a HttpBodyBuilder) -> Self {
[INFO] [stdout]      |     ^^^^^^^^^^^^^^^^^^^^^^^^^^^^^^^^^^^^^^^^^^^^^^^^
[INFO] [stdout] 
[INFO] [stdout] 
[INFO] [stdout] error[E0599]: no variant, associated function, or constant named `Gzip` found for enum `Format` in the current scope
[INFO] [stdout]     --> tests/round_trip.rs:1050:43
[INFO] [stdout]      |
[INFO] [stdout] 1050 |             .compress_responses(&[Format::Gzip])
[INFO] [stdout]      |                                           ^^^^ variant, associated function, or constant not found in `Format`
[INFO] [stdout] 
[INFO] [stdout] 
[INFO] [stdout] error[E0599]: no associated function or constant named `new_fake` found for struct `HttpResponseBuilder<'a>` in the current scope
[INFO] [stdout]     --> tests/round_trip.rs:1054:38
[INFO] [stdout]      |
[INFO] [stdout] 1054 |                 HttpResponseBuilder::new_fake()
[INFO] [stdout]      |                                      ^^^^^^^^ associated function or constant not found in `HttpResponseBuilder<'_>`
[INFO] [stdout]      |
[INFO] [stdout] note: if you're trying to build a new `HttpResponseBuilder<'_>`, consider using `HttpResponseBuilder::<'a>::new` which returns `HttpResponseBuilder<'_>`
[INFO] [stdout]     --> /opt/rustwide/cargo-home/registry/src/index.crates.io-1949cf8c6b5b557f/http_extensions-0.12.0/src/http_response_builder.rs:96:5
[INFO] [stdout]      |
[INFO] [stdout]   96 |     pub fn new(builder: &'a HttpBodyBuilder) -> Self {
[INFO] [stdout]      |     ^^^^^^^^^^^^^^^^^^^^^^^^^^^^^^^^^^^^^^^^^^^^^^^^
[INFO] [stdout] 
[INFO] [stdout] 
[INFO] [stdout] error[E0599]: no variant, associated function, or constant named `Gzip` found for enum `Format` in the current scope
[INFO] [stdout]     --> tests/round_trip.rs:1081:43
[INFO] [stdout]      |
[INFO] [stdout] 1081 |             .compress_responses(&[Format::Gzip])
[INFO] [stdout]      |                                           ^^^^ variant, associated function, or constant not found in `Format`
[INFO] [stdout] 
[INFO] [stdout] 
[INFO] [stdout] error[E0599]: no associated function or constant named `new_fake` found for struct `HttpResponseBuilder<'a>` in the current scope
[INFO] [stdout]     --> tests/round_trip.rs:1085:38
[INFO] [stdout]      |
[INFO] [stdout] 1085 |                 HttpResponseBuilder::new_fake()
[INFO] [stdout]      |                                      ^^^^^^^^ associated function or constant not found in `HttpResponseBuilder<'_>`
[INFO] [stdout]      |
[INFO] [stdout] note: if you're trying to build a new `HttpResponseBuilder<'_>`, consider using `HttpResponseBuilder::<'a>::new` which returns `HttpResponseBuilder<'_>`
[INFO] [stdout]     --> /opt/rustwide/cargo-home/registry/src/index.crates.io-1949cf8c6b5b557f/http_extensions-0.12.0/src/http_response_builder.rs:96:5
[INFO] [stdout]      |
[INFO] [stdout]   96 |     pub fn new(builder: &'a HttpBodyBuilder) -> Self {
[INFO] [stdout]      |     ^^^^^^^^^^^^^^^^^^^^^^^^^^^^^^^^^^^^^^^^^^^^^^^^
[INFO] [stdout] 
[INFO] [stdout] 
[INFO] [stdout] error[E0599]: no variant, associated function, or constant named `Gzip` found for enum `Format` in the current scope
[INFO] [stdout]     --> tests/round_trip.rs:1109:39
[INFO] [stdout]      |
[INFO] [stdout] 1109 |         .compress_responses(&[Format::Gzip])
[INFO] [stdout]      |                                       ^^^^ variant, associated function, or constant not found in `Format`
[INFO] [stdout] 
[INFO] [stdout] 
[INFO] [stdout] error[E0599]: no variant, associated function, or constant named `Gzip` found for enum `Format` in the current scope
[INFO] [stdout]     --> tests/round_trip.rs:1131:57
[INFO] [stdout]      |
[INFO] [stdout] 1131 |     let handler = server().compress_responses(&[Format::Gzip]).layer(FakeHandler::from_fn(|_| {
[INFO] [stdout]      |                                                         ^^^^ variant, associated function, or constant not found in `Format`
[INFO] [stdout] 
[INFO] [stdout] 
[INFO] [stdout] error[E0599]: no associated function or constant named `new_fake` found for struct `HttpResponseBuilder<'a>` in the current scope
[INFO] [stdout]     --> tests/round_trip.rs:1132:30
[INFO] [stdout]      |
[INFO] [stdout] 1132 |         HttpResponseBuilder::new_fake()
[INFO] [stdout]      |                              ^^^^^^^^ associated function or constant not found in `HttpResponseBuilder<'_>`
[INFO] [stdout]      |
[INFO] [stdout] note: if you're trying to build a new `HttpResponseBuilder<'_>`, consider using `HttpResponseBuilder::<'a>::new` which returns `HttpResponseBuilder<'_>`
[INFO] [stdout]     --> /opt/rustwide/cargo-home/registry/src/index.crates.io-1949cf8c6b5b557f/http_extensions-0.12.0/src/http_response_builder.rs:96:5
[INFO] [stdout]      |
[INFO] [stdout]   96 |     pub fn new(builder: &'a HttpBodyBuilder) -> Self {
[INFO] [stdout]      |     ^^^^^^^^^^^^^^^^^^^^^^^^^^^^^^^^^^^^^^^^^^^^^^^^
[INFO] [stdout] 
[INFO] [stdout] 
[INFO] [stdout] error[E0599]: no variant, associated function, or constant named `Gzip` found for enum `Format` in the current scope
[INFO] [stdout]     --> tests/round_trip.rs:1152:57
[INFO] [stdout]      |
[INFO] [stdout] 1152 |     let handler = server().compress_responses(&[Format::Gzip]).layer(FakeHandler::from_fn(|_| {
[INFO] [stdout]      |                                                         ^^^^ variant, associated function, or constant not found in `Format`
[INFO] [stdout] 
[INFO] [stdout] 
[INFO] [stdout] error[E0599]: no associated function or constant named `new_fake` found for struct `HttpResponseBuilder<'a>` in the current scope
[INFO] [stdout]     --> tests/round_trip.rs:1153:30
[INFO] [stdout]      |
[INFO] [stdout] 1153 |         HttpResponseBuilder::new_fake()
[INFO] [stdout]      |                              ^^^^^^^^ associated function or constant not found in `HttpResponseBuilder<'_>`
[INFO] [stdout]      |
[INFO] [stdout] note: if you're trying to build a new `HttpResponseBuilder<'_>`, consider using `HttpResponseBuilder::<'a>::new` which returns `HttpResponseBuilder<'_>`
[INFO] [stdout]     --> /opt/rustwide/cargo-home/registry/src/index.crates.io-1949cf8c6b5b557f/http_extensions-0.12.0/src/http_response_builder.rs:96:5
[INFO] [stdout]      |
[INFO] [stdout]   96 |     pub fn new(builder: &'a HttpBodyBuilder) -> Self {
[INFO] [stdout]      |     ^^^^^^^^^^^^^^^^^^^^^^^^^^^^^^^^^^^^^^^^^^^^^^^^
[INFO] [stdout] 
[INFO] [stdout] 
[INFO] [stdout] error[E0599]: no variant, associated function, or constant named `Gzip` found for enum `Format` in the current scope
[INFO] [stdout]     --> tests/round_trip.rs:1172:57
[INFO] [stdout]      |
[INFO] [stdout] 1172 |     let handler = server().compress_responses(&[Format::Gzip]).layer(FakeHandler::from_fn(move |_| {
[INFO] [stdout]      |                                                         ^^^^ variant, associated function, or constant not found in `Format`
[INFO] [stdout] 
[INFO] [stdout] 
[INFO] [stdout] error[E0599]: no associated function or constant named `new_fake` found for struct `HttpResponseBuilder<'a>` in the current scope
[INFO] [stdout]     --> tests/round_trip.rs:1173:30
[INFO] [stdout]      |
[INFO] [stdout] 1173 |         HttpResponseBuilder::new_fake()
[INFO] [stdout]      |                              ^^^^^^^^ associated function or constant not found in `HttpResponseBuilder<'_>`
[INFO] [stdout]      |
[INFO] [stdout] note: if you're trying to build a new `HttpResponseBuilder<'_>`, consider using `HttpResponseBuilder::<'a>::new` which returns `HttpResponseBuilder<'_>`
[INFO] [stdout]     --> /opt/rustwide/cargo-home/registry/src/index.crates.io-1949cf8c6b5b557f/http_extensions-0.12.0/src/http_response_builder.rs:96:5
[INFO] [stdout]      |
[INFO] [stdout]   96 |     pub fn new(builder: &'a HttpBodyBuilder) -> Self {
[INFO] [stdout]      |     ^^^^^^^^^^^^^^^^^^^^^^^^^^^^^^^^^^^^^^^^^^^^^^^^
[INFO] [stdout] 
[INFO] [stdout] 
[INFO] [stdout] error[E0599]: no variant, associated function, or constant named `Gzip` found for enum `Format` in the current scope
[INFO] [stdout]     --> tests/round_trip.rs:1192:39
[INFO] [stdout]      |
[INFO] [stdout] 1192 |     let compressed = compress(Format::Gzip, expected.as_bytes());
[INFO] [stdout]      |                                       ^^^^ variant, associated function, or constant not found in `Format`
[INFO] [stdout] 
[INFO] [stdout] 
[INFO] [stdout] error[E0599]: no variant, associated function, or constant named `Gzip` found for enum `Format` in the current scope
[INFO] [stdout]     --> tests/round_trip.rs:1194:66
[INFO] [stdout]      |
[INFO] [stdout] 1194 |     let client_handler = client().decompress_responses(&[Format::Gzip]).layer(responds_with(move || {
[INFO] [stdout]      |                                                                  ^^^^ variant, associated function, or constant not found in `Format`
[INFO] [stdout] 
[INFO] [stdout] 
[INFO] [stdout] error[E0599]: no associated function or constant named `new_fake` found for struct `HttpResponseBuilder<'a>` in the current scope
[INFO] [stdout]     --> tests/round_trip.rs:1195:30
[INFO] [stdout]      |
[INFO] [stdout] 1195 |         HttpResponseBuilder::new_fake()
[INFO] [stdout]      |                              ^^^^^^^^ associated function or constant not found in `HttpResponseBuilder<'_>`
[INFO] [stdout]      |
[INFO] [stdout] note: if you're trying to build a new `HttpResponseBuilder<'_>`, consider using `HttpResponseBuilder::<'a>::new` which returns `HttpResponseBuilder<'_>`
[INFO] [stdout]     --> /opt/rustwide/cargo-home/registry/src/index.crates.io-1949cf8c6b5b557f/http_extensions-0.12.0/src/http_response_builder.rs:96:5
[INFO] [stdout]      |
[INFO] [stdout]   96 |     pub fn new(builder: &'a HttpBodyBuilder) -> Self {
[INFO] [stdout]      |     ^^^^^^^^^^^^^^^^^^^^^^^^^^^^^^^^^^^^^^^^^^^^^^^^
[INFO] [stdout] 
[INFO] [stdout] 
[INFO] [stdout] error[E0599]: no variant, associated function, or constant named `Gzip` found for enum `Format` in the current scope
[INFO] [stdout]     --> tests/round_trip.rs:1208:64
[INFO] [stdout]      |
[INFO] [stdout] 1208 |     let server_handler = server().compress_responses(&[Format::Gzip]).layer(responds_with(|| {
[INFO] [stdout]      |                                                                ^^^^ variant, associated function, or constant not found in `Format`
[INFO] [stdout] 
[INFO] [stdout] 
[INFO] [stdout] error[E0599]: no associated function or constant named `new_fake` found for struct `HttpResponseBuilder<'a>` in the current scope
[INFO] [stdout]     --> tests/round_trip.rs:1209:30
[INFO] [stdout]      |
[INFO] [stdout] 1209 |         HttpResponseBuilder::new_fake()
[INFO] [stdout]      |                              ^^^^^^^^ associated function or constant not found in `HttpResponseBuilder<'_>`
[INFO] [stdout]      |
[INFO] [stdout] note: if you're trying to build a new `HttpResponseBuilder<'_>`, consider using `HttpResponseBuilder::<'a>::new` which returns `HttpResponseBuilder<'_>`
[INFO] [stdout]     --> /opt/rustwide/cargo-home/registry/src/index.crates.io-1949cf8c6b5b557f/http_extensions-0.12.0/src/http_response_builder.rs:96:5
[INFO] [stdout]      |
[INFO] [stdout]   96 |     pub fn new(builder: &'a HttpBodyBuilder) -> Self {
[INFO] [stdout]      |     ^^^^^^^^^^^^^^^^^^^^^^^^^^^^^^^^^^^^^^^^^^^^^^^^
[INFO] [stdout] 
[INFO] [stdout] 
[INFO] [stdout] error[E0599]: no variant, associated function, or constant named `Gzip` found for enum `Format` in the current scope
[INFO] [stdout]     --> tests/round_trip.rs:1228:39
[INFO] [stdout]      |
[INFO] [stdout] 1228 |     let compressed = compress(Format::Gzip, payload().as_bytes());
[INFO] [stdout]      |                                       ^^^^ variant, associated function, or constant not found in `Format`
[INFO] [stdout] 
[INFO] [stdout] 
[INFO] [stdout] error[E0599]: no variant, associated function, or constant named `Gzip` found for enum `Format` in the current scope
[INFO] [stdout]     --> tests/round_trip.rs:1230:59
[INFO] [stdout]      |
[INFO] [stdout] 1230 |     let handler = client().decompress_responses(&[Format::Gzip]).layer(FakeHandler::from_fn(move |_| {
[INFO] [stdout]      |                                                           ^^^^ variant, associated function, or constant not found in `Format`
[INFO] [stdout] 
[INFO] [stdout] 
[INFO] [stdout] error[E0599]: no associated function or constant named `new_fake` found for struct `HttpResponseBuilder<'a>` in the current scope
[INFO] [stdout]     --> tests/round_trip.rs:1231:30
[INFO] [stdout]      |
[INFO] [stdout] 1231 |         HttpResponseBuilder::new_fake()
[INFO] [stdout]      |                              ^^^^^^^^ associated function or constant not found in `HttpResponseBuilder<'_>`
[INFO] [stdout]      |
[INFO] [stdout] note: if you're trying to build a new `HttpResponseBuilder<'_>`, consider using `HttpResponseBuilder::<'a>::new` which returns `HttpResponseBuilder<'_>`
[INFO] [stdout]     --> /opt/rustwide/cargo-home/registry/src/index.crates.io-1949cf8c6b5b557f/http_extensions-0.12.0/src/http_response_builder.rs:96:5
[INFO] [stdout]      |
[INFO] [stdout]   96 |     pub fn new(builder: &'a HttpBodyBuilder) -> Self {
[INFO] [stdout]      |     ^^^^^^^^^^^^^^^^^^^^^^^^^^^^^^^^^^^^^^^^^^^^^^^^
[INFO] [stdout] 
[INFO] [stdout] 
[INFO] [stdout] error[E0599]: no variant, associated function, or constant named `Gzip` found for enum `Format` in the current scope
[INFO] [stdout]     --> tests/round_trip.rs:1249:57
[INFO] [stdout]      |
[INFO] [stdout] 1249 |     let handler = server().compress_responses(&[Format::Gzip]).layer(responds_with(|| {
[INFO] [stdout]      |                                                         ^^^^ variant, associated function, or constant not found in `Format`
[INFO] [stdout] 
[INFO] [stdout] 
[INFO] [stdout] error[E0599]: no associated function or constant named `new_fake` found for struct `HttpResponseBuilder<'a>` in the current scope
[INFO] [stdout]     --> tests/round_trip.rs:1250:30
[INFO] [stdout]      |
[INFO] [stdout] 1250 |         HttpResponseBuilder::new_fake().status(StatusCode::OK).text(payload()).build()
[INFO] [stdout]      |                              ^^^^^^^^ associated function or constant not found in `HttpResponseBuilder<'_>`
[INFO] [stdout]      |
[INFO] [stdout] note: if you're trying to build a new `HttpResponseBuilder<'_>`, consider using `HttpResponseBuilder::<'a>::new` which returns `HttpResponseBuilder<'_>`
[INFO] [stdout]     --> /opt/rustwide/cargo-home/registry/src/index.crates.io-1949cf8c6b5b557f/http_extensions-0.12.0/src/http_response_builder.rs:96:5
[INFO] [stdout]      |
[INFO] [stdout]   96 |     pub fn new(builder: &'a HttpBodyBuilder) -> Self {
[INFO] [stdout]      |     ^^^^^^^^^^^^^^^^^^^^^^^^^^^^^^^^^^^^^^^^^^^^^^^^
[INFO] [stdout] 
[INFO] [stdout] 
[INFO] [stdout] error[E0599]: no variant, associated function, or constant named `Gzip` found for enum `Format` in the current scope
[INFO] [stdout]     --> tests/round_trip.rs:1265:57
[INFO] [stdout]      |
[INFO] [stdout] 1265 |     let handler = server().compress_responses(&[Format::Gzip]).layer(responds_with(|| {
[INFO] [stdout]      |                                                         ^^^^ variant, associated function, or constant not found in `Format`
[INFO] [stdout] 
[INFO] [stdout] 
[INFO] [stdout] error[E0599]: no associated function or constant named `new_fake` found for struct `HttpResponseBuilder<'a>` in the current scope
[INFO] [stdout]     --> tests/round_trip.rs:1266:30
[INFO] [stdout]      |
[INFO] [stdout] 1266 |         HttpResponseBuilder::new_fake()
[INFO] [stdout]      |                              ^^^^^^^^ associated function or constant not found in `HttpResponseBuilder<'_>`
[INFO] [stdout]      |
[INFO] [stdout] note: if you're trying to build a new `HttpResponseBuilder<'_>`, consider using `HttpResponseBuilder::<'a>::new` which returns `HttpResponseBuilder<'_>`
[INFO] [stdout]     --> /opt/rustwide/cargo-home/registry/src/index.crates.io-1949cf8c6b5b557f/http_extensions-0.12.0/src/http_response_builder.rs:96:5
[INFO] [stdout]      |
[INFO] [stdout]   96 |     pub fn new(builder: &'a HttpBodyBuilder) -> Self {
[INFO] [stdout]      |     ^^^^^^^^^^^^^^^^^^^^^^^^^^^^^^^^^^^^^^^^^^^^^^^^
[INFO] [stdout] 
[INFO] [stdout] 
[INFO] [stdout] error[E0599]: no variant, associated function, or constant named `Gzip` found for enum `Format` in the current scope
[INFO] [stdout]     --> tests/round_trip.rs:1286:39
[INFO] [stdout]      |
[INFO] [stdout] 1286 |     let compressed = compress(Format::Gzip, payload().as_bytes());
[INFO] [stdout]      |                                       ^^^^ variant, associated function, or constant not found in `Format`
[INFO] [stdout] 
[INFO] [stdout] 
[INFO] [stdout] error[E0599]: no variant, associated function, or constant named `Gzip` found for enum `Format` in the current scope
[INFO] [stdout]     --> tests/round_trip.rs:1288:59
[INFO] [stdout]      |
[INFO] [stdout] 1288 |     let handler = client().decompress_responses(&[Format::Gzip]).layer(responds_with(move || {
[INFO] [stdout]      |                                                           ^^^^ variant, associated function, or constant not found in `Format`
[INFO] [stdout] 
[INFO] [stdout] 
[INFO] [stdout] error[E0599]: no associated function or constant named `new_fake` found for struct `HttpResponseBuilder<'a>` in the current scope
[INFO] [stdout]     --> tests/round_trip.rs:1289:30
[INFO] [stdout]      |
[INFO] [stdout] 1289 |         HttpResponseBuilder::new_fake()
[INFO] [stdout]      |                              ^^^^^^^^ associated function or constant not found in `HttpResponseBuilder<'_>`
[INFO] [stdout]      |
[INFO] [stdout] note: if you're trying to build a new `HttpResponseBuilder<'_>`, consider using `HttpResponseBuilder::<'a>::new` which returns `HttpResponseBuilder<'_>`
[INFO] [stdout]     --> /opt/rustwide/cargo-home/registry/src/index.crates.io-1949cf8c6b5b557f/http_extensions-0.12.0/src/http_response_builder.rs:96:5
[INFO] [stdout]      |
[INFO] [stdout]   96 |     pub fn new(builder: &'a HttpBodyBuilder) -> Self {
[INFO] [stdout]      |     ^^^^^^^^^^^^^^^^^^^^^^^^^^^^^^^^^^^^^^^^^^^^^^^^
[INFO] [stdout] 
[INFO] [stdout] 
[INFO] [stdout] error[E0599]: no variant, associated function, or constant named `Gzip` found for enum `Format` in the current scope
[INFO] [stdout]     --> tests/round_trip.rs:1310:57
[INFO] [stdout]      |
[INFO] [stdout] 1310 |     let handler = server().compress_responses(&[Format::Gzip]).layer(responds_with(|| {
[INFO] [stdout]      |                                                         ^^^^ variant, associated function, or constant not found in `Format`
[INFO] [stdout] 
[INFO] [stdout] 
[INFO] [stdout] error[E0599]: no associated function or constant named `new_fake` found for struct `HttpResponseBuilder<'a>` in the current scope
[INFO] [stdout]     --> tests/round_trip.rs:1311:30
[INFO] [stdout]      |
[INFO] [stdout] 1311 |         HttpResponseBuilder::new_fake().status(StatusCode::OK).text(payload()).build()
[INFO] [stdout]      |                              ^^^^^^^^ associated function or constant not found in `HttpResponseBuilder<'_>`
[INFO] [stdout]      |
[INFO] [stdout] note: if you're trying to build a new `HttpResponseBuilder<'_>`, consider using `HttpResponseBuilder::<'a>::new` which returns `HttpResponseBuilder<'_>`
[INFO] [stdout]     --> /opt/rustwide/cargo-home/registry/src/index.crates.io-1949cf8c6b5b557f/http_extensions-0.12.0/src/http_response_builder.rs:96:5
[INFO] [stdout]      |
[INFO] [stdout]   96 |     pub fn new(builder: &'a HttpBodyBuilder) -> Self {
[INFO] [stdout]      |     ^^^^^^^^^^^^^^^^^^^^^^^^^^^^^^^^^^^^^^^^^^^^^^^^
[INFO] [stdout] 
[INFO] [stdout] 
[INFO] [stdout] error[E0599]: no variant, associated function, or constant named `Gzip` found for enum `Format` in the current scope
[INFO] [stdout]     --> tests/round_trip.rs:1330:39
[INFO] [stdout]      |
[INFO] [stdout] 1330 |     let compressed = compress(Format::Gzip, expected.as_bytes());
[INFO] [stdout]      |                                       ^^^^ variant, associated function, or constant not found in `Format`
[INFO] [stdout] 
[INFO] [stdout] 
[INFO] [stdout] error[E0599]: no variant, associated function, or constant named `Gzip` found for enum `Format` in the current scope
[INFO] [stdout]     --> tests/round_trip.rs:1332:59
[INFO] [stdout]      |
[INFO] [stdout] 1332 |     let handler = client().decompress_responses(&[Format::Gzip]).layer(FakeHandler::from_fn(move |_| {
[INFO] [stdout]      |                                                           ^^^^ variant, associated function, or constant not found in `Format`
[INFO] [stdout] 
[INFO] [stdout] 
[INFO] [stdout] error[E0599]: no associated function or constant named `new_fake` found for struct `HttpResponseBuilder<'a>` in the current scope
[INFO] [stdout]     --> tests/round_trip.rs:1333:30
[INFO] [stdout]      |
[INFO] [stdout] 1333 |         HttpResponseBuilder::new_fake()
[INFO] [stdout]      |                              ^^^^^^^^ associated function or constant not found in `HttpResponseBuilder<'_>`
[INFO] [stdout]      |
[INFO] [stdout] note: if you're trying to build a new `HttpResponseBuilder<'_>`, consider using `HttpResponseBuilder::<'a>::new` which returns `HttpResponseBuilder<'_>`
[INFO] [stdout]     --> /opt/rustwide/cargo-home/registry/src/index.crates.io-1949cf8c6b5b557f/http_extensions-0.12.0/src/http_response_builder.rs:96:5
[INFO] [stdout]      |
[INFO] [stdout]   96 |     pub fn new(builder: &'a HttpBodyBuilder) -> Self {
[INFO] [stdout]      |     ^^^^^^^^^^^^^^^^^^^^^^^^^^^^^^^^^^^^^^^^^^^^^^^^
[INFO] [stdout] 
[INFO] [stdout] 
[INFO] [stdout] error[E0599]: no variant, associated function, or constant named `Gzip` found for enum `Format` in the current scope
[INFO] [stdout]     --> tests/round_trip.rs:1350:33
[INFO] [stdout]      |
[INFO] [stdout] 1350 |     let gzip = compress(Format::Gzip, expected.as_bytes());
[INFO] [stdout]      |                                 ^^^^ variant, associated function, or constant not found in `Format`
[INFO] [stdout] 
[INFO] [stdout] 
[INFO] [stdout] error[E0599]: no variant, associated function, or constant named `Brotli` found for enum `Format` in the current scope
[INFO] [stdout]     --> tests/round_trip.rs:1351:39
[INFO] [stdout]      |
[INFO] [stdout] 1351 |     let compressed = compress(Format::Brotli, &gzip.to_vec());
[INFO] [stdout]      |                                       ^^^^^^ variant, associated function, or constant not found in `Format`
[INFO] [stdout] 
[INFO] [stdout] 
[INFO] [stdout] error[E0599]: no variant, associated function, or constant named `Gzip` found for enum `Format` in the current scope
[INFO] [stdout]     --> tests/round_trip.rs:1353:41
[INFO] [stdout]      |
[INFO] [stdout] 1353 |         .decompress_responses(&[Format::Gzip, Format::Brotli])
[INFO] [stdout]      |                                         ^^^^ variant, associated function, or constant not found in `Format`
[INFO] [stdout] 
[INFO] [stdout] 
[INFO] [stdout] error[E0599]: no variant, associated function, or constant named `Brotli` found for enum `Format` in the current scope
[INFO] [stdout]     --> tests/round_trip.rs:1353:55
[INFO] [stdout]      |
[INFO] [stdout] 1353 |         .decompress_responses(&[Format::Gzip, Format::Brotli])
[INFO] [stdout]      |                                                       ^^^^^^ variant, associated function, or constant not found in `Format`
[INFO] [stdout] 
[INFO] [stdout] 
[INFO] [stdout] error[E0599]: no associated function or constant named `new_fake` found for struct `HttpResponseBuilder<'a>` in the current scope
[INFO] [stdout]     --> tests/round_trip.rs:1355:34
[INFO] [stdout]      |
[INFO] [stdout] 1355 |             HttpResponseBuilder::new_fake()
[INFO] [stdout]      |                                  ^^^^^^^^ associated function or constant not found in `HttpResponseBuilder<'_>`
[INFO] [stdout]      |
[INFO] [stdout] note: if you're trying to build a new `HttpResponseBuilder<'_>`, consider using `HttpResponseBuilder::<'a>::new` which returns `HttpResponseBuilder<'_>`
[INFO] [stdout]     --> /opt/rustwide/cargo-home/registry/src/index.crates.io-1949cf8c6b5b557f/http_extensions-0.12.0/src/http_response_builder.rs:96:5
[INFO] [stdout]      |
[INFO] [stdout]   96 |     pub fn new(builder: &'a HttpBodyBuilder) -> Self {
[INFO] [stdout]      |     ^^^^^^^^^^^^^^^^^^^^^^^^^^^^^^^^^^^^^^^^^^^^^^^^
[INFO] [stdout] 
[INFO] [stdout] 
[INFO] [stdout] error[E0599]: no variant, associated function, or constant named `Gzip` found for enum `Format` in the current scope
[INFO] [stdout]     --> tests/round_trip.rs:1365:45
[INFO] [stdout]      |
[INFO] [stdout] 1365 |     assert_eq!(original.formats(), [Format::Gzip, Format::Brotli]);
[INFO] [stdout]      |                                             ^^^^ variant, associated function, or constant not found in `Format`
[INFO] [stdout] 
[INFO] [stdout] 
[INFO] [stdout] error[E0599]: no variant, associated function, or constant named `Brotli` found for enum `Format` in the current scope
[INFO] [stdout]     --> tests/round_trip.rs:1365:59
[INFO] [stdout]      |
[INFO] [stdout] 1365 |     assert_eq!(original.formats(), [Format::Gzip, Format::Brotli]);
[INFO] [stdout]      |                                                           ^^^^^^ variant, associated function, or constant not found in `Format`
[INFO] [stdout] 
[INFO] [stdout] 
[INFO] [stdout] error[E0599]: no variant, associated function, or constant named `Gzip` found for enum `Format` in the current scope
[INFO] [stdout]     --> tests/round_trip.rs:1376:63
[INFO] [stdout]      |
[INFO] [stdout] 1376 |         let handler = client().decompress_responses(&[Format::Gzip]).layer(responds_with(move || {
[INFO] [stdout]      |                                                               ^^^^ variant, associated function, or constant not found in `Format`
[INFO] [stdout] 
[INFO] [stdout] 
[INFO] [stdout] error[E0599]: no associated function or constant named `new_fake` found for struct `HttpResponseBuilder<'a>` in the current scope
[INFO] [stdout]     --> tests/round_trip.rs:1377:34
[INFO] [stdout]      |
[INFO] [stdout] 1377 |             HttpResponseBuilder::new_fake()
[INFO] [stdout]      |                                  ^^^^^^^^ associated function or constant not found in `HttpResponseBuilder<'_>`
[INFO] [stdout]      |
[INFO] [stdout] note: if you're trying to build a new `HttpResponseBuilder<'_>`, consider using `HttpResponseBuilder::<'a>::new` which returns `HttpResponseBuilder<'_>`
[INFO] [stdout]     --> /opt/rustwide/cargo-home/registry/src/index.crates.io-1949cf8c6b5b557f/http_extensions-0.12.0/src/http_response_builder.rs:96:5
[INFO] [stdout]      |
[INFO] [stdout]   96 |     pub fn new(builder: &'a HttpBodyBuilder) -> Self {
[INFO] [stdout]      |     ^^^^^^^^^^^^^^^^^^^^^^^^^^^^^^^^^^^^^^^^^^^^^^^^
[INFO] [stdout] 
[INFO] [stdout] 
[INFO] [stdout] Some errors have detailed explanations: E0432, E0433, E0599.
[INFO] [stdout] 
[INFO] [stdout] For more information about an error, try `rustc --explain E0432`.
[INFO] [stdout] 
[INFO] [stderr] error: could not compile `http_compression` (test "round_trip") due to 151 previous errors
[INFO] running `Command { std: "docker" "inspect" "6b6d4eb0e048390d93527dcdca7b4d0354153a0433e675cb563ed91684471ac2", kill_on_drop: false }`
[INFO] running `Command { std: "docker" "rm" "-f" "6b6d4eb0e048390d93527dcdca7b4d0354153a0433e675cb563ed91684471ac2", kill_on_drop: false }`
[INFO] [stdout] 6b6d4eb0e048390d93527dcdca7b4d0354153a0433e675cb563ed91684471ac2
