[INFO] fetching crate hsipc-macros 0.1.3...
[INFO] testing hsipc-macros-0.1.3 against 1.100.0-beta.1+cargoflags=--release for beta-release-1.100-2
[INFO] extracting crate hsipc-macros 0.1.3 into /workspace/builds/worker-4-tc2/source
[INFO] started tweaking crates.io crate hsipc-macros 0.1.3
[INFO] removed 0 missing tests
[INFO] finished tweaking crates.io crate hsipc-macros 0.1.3
[INFO] tweaked toml for crates.io crate hsipc-macros 0.1.3 written to /workspace/builds/worker-4-tc2/source/Cargo.toml
[INFO] validating manifest of crates.io crate hsipc-macros 0.1.3 on toolchain 1.100.0-beta.1
[INFO] running `Command { std: CARGO_HOME="/workspace/cargo-home" RUSTUP_HOME="/workspace/rustup-home" "/workspace/cargo-home/bin/cargo" "+1.100.0-beta.1" "metadata" "--manifest-path" "Cargo.toml" "--no-deps", kill_on_drop: false }`
[INFO] crate crates.io crate hsipc-macros 0.1.3 already has a lockfile, it will not be regenerated
[INFO] running `Command { std: CARGO_HOME="/workspace/cargo-home" RUSTUP_HOME="/workspace/rustup-home" "/workspace/cargo-home/bin/cargo" "+1.100.0-beta.1" "fetch" "--manifest-path" "Cargo.toml", kill_on_drop: false }`
[INFO] [stderr] warning: Cargo.toml: `lints.clippy.empty-line-after-doc-comments` is deprecated in favor of `lints.clippy.empty_line_after_doc_comments` and will not work in a future edition
[INFO] [stderr] warning: Cargo.toml: `lints.clippy.mixed-attributes-style` is deprecated in favor of `lints.clippy.mixed_attributes_style` and will not work in a future edition
[INFO] [stderr] warning: Cargo.toml: `lints.clippy.type-complexity` is deprecated in favor of `lints.clippy.type_complexity` and will not work in a future edition
[INFO] [stderr] warning: `hsipc-macros` (manifest) generated 3 warnings
[INFO] running `Command { std: "docker" "create" "-v" "/var/lib/crater-agent-workspace/builds/worker-4-tc2/source:/opt/rustwide/workdir:ro,Z" "-v" "/var/lib/crater-agent-workspace/builds/worker-4-tc2/target:/opt/rustwide/target:rw,Z" "-v" "/var/lib/crater-agent-workspace/cargo-home:/opt/rustwide/cargo-home:ro,Z" "-v" "/var/lib/crater-agent-workspace/rustup-home:/opt/rustwide/rustup-home:ro,Z" "-m" "1610612736" "--network" "none" "ghcr.io/rust-lang/crates-build-env/linux@sha256:77db811e55d90add9212f6832c23229e3de5f1c1f9905e8cb07319ea15df73ac" "sleep" "infinity", kill_on_drop: false }`
[INFO] [stdout] 7a96d30410d2aa2c9ec3928561f993e0df03049f1516da25ddb8cdbf1f5dbc78
[INFO] running `Command { std: "docker" "start" "7a96d30410d2aa2c9ec3928561f993e0df03049f1516da25ddb8cdbf1f5dbc78", kill_on_drop: false }`
[INFO] running `Command { std: "docker" "inspect" "7a96d30410d2aa2c9ec3928561f993e0df03049f1516da25ddb8cdbf1f5dbc78", kill_on_drop: false }`
[INFO] running `Command { std: "docker" "exec" "-e" "SOURCE_DIR=/opt/rustwide/workdir" "-e" "CARGO_HOME=/opt/rustwide/cargo-home" "-e" "RUSTUP_HOME=/opt/rustwide/rustup-home" "-e" "CARGO_TARGET_DIR=/opt/rustwide/target" "-w" "/opt/rustwide/workdir" "--user" "0:0" "7a96d30410d2aa2c9ec3928561f993e0df03049f1516da25ddb8cdbf1f5dbc78" "/opt/rustwide/cargo-home/bin/cargo" "+1.100.0-beta.1" "metadata" "--no-deps" "--format-version=1", kill_on_drop: false }`
[INFO] running `Command { std: "docker" "inspect" "7a96d30410d2aa2c9ec3928561f993e0df03049f1516da25ddb8cdbf1f5dbc78", kill_on_drop: false }`
[INFO] running `Command { std: "docker" "exec" "-e" "SOURCE_DIR=/opt/rustwide/workdir" "-e" "CARGO_HOME=/opt/rustwide/cargo-home" "-e" "RUSTUP_HOME=/opt/rustwide/rustup-home" "-e" "CARGO_TARGET_DIR=/opt/rustwide/target" "-e" "CARGO_INCREMENTAL=0" "-e" "RUST_BACKTRACE=full" "-e" "RUSTFLAGS=--cap-lints=warn" "-e" "RUSTDOCFLAGS=--cap-lints=warn" "-w" "/opt/rustwide/workdir" "--user" "0:0" "7a96d30410d2aa2c9ec3928561f993e0df03049f1516da25ddb8cdbf1f5dbc78" "/opt/rustwide/cargo-home/bin/cargo" "+1.100.0-beta.1" "build" "--frozen" "--message-format=json" "--release", kill_on_drop: false }`
[INFO] [stderr] warning: Cargo.toml: `lints.clippy.empty-line-after-doc-comments` is deprecated in favor of `lints.clippy.empty_line_after_doc_comments` and will not work in a future edition
[INFO] [stderr] warning: Cargo.toml: `lints.clippy.mixed-attributes-style` is deprecated in favor of `lints.clippy.mixed_attributes_style` and will not work in a future edition
[INFO] [stderr] warning: Cargo.toml: `lints.clippy.type-complexity` is deprecated in favor of `lints.clippy.type_complexity` and will not work in a future edition
[INFO] [stderr] warning: `hsipc-macros` (manifest) generated 3 warnings
[INFO] [stderr]    Compiling futures-core v0.3.31
[INFO] [stderr]    Compiling futures-sink v0.3.31
[INFO] [stderr]    Compiling slab v0.4.10
[INFO] [stderr]    Compiling pin-project-lite v0.2.16
[INFO] [stderr]    Compiling futures-io v0.3.31
[INFO] [stderr]    Compiling futures-task v0.3.31
[INFO] [stderr]    Compiling syn v2.0.104
[INFO] [stderr]    Compiling futures-channel v0.3.31
[INFO] [stderr]    Compiling futures-macro v0.3.31
[INFO] [stderr]    Compiling futures-util v0.3.31
[INFO] [stderr]    Compiling futures-executor v0.3.31
[INFO] [stderr]    Compiling futures v0.3.31
[INFO] [stderr]    Compiling hsipc-macros v0.1.3 (/opt/rustwide/workdir)
[INFO] [stderr]     Finished `release` profile [optimized] target(s) in 13.01s
[INFO] running `Command { std: "docker" "inspect" "7a96d30410d2aa2c9ec3928561f993e0df03049f1516da25ddb8cdbf1f5dbc78", kill_on_drop: false }`
[INFO] running `Command { std: "docker" "exec" "-e" "SOURCE_DIR=/opt/rustwide/workdir" "-e" "CARGO_HOME=/opt/rustwide/cargo-home" "-e" "RUSTUP_HOME=/opt/rustwide/rustup-home" "-e" "CARGO_TARGET_DIR=/opt/rustwide/target" "-e" "CARGO_INCREMENTAL=0" "-e" "RUST_BACKTRACE=full" "-e" "RUSTFLAGS=--cap-lints=warn" "-e" "RUSTDOCFLAGS=--cap-lints=warn" "-w" "/opt/rustwide/workdir" "--user" "0:0" "7a96d30410d2aa2c9ec3928561f993e0df03049f1516da25ddb8cdbf1f5dbc78" "/opt/rustwide/cargo-home/bin/cargo" "+1.100.0-beta.1" "test" "--frozen" "--no-run" "--message-format=json" "--release", kill_on_drop: false }`
[INFO] [stderr] warning: Cargo.toml: `lints.clippy.empty-line-after-doc-comments` is deprecated in favor of `lints.clippy.empty_line_after_doc_comments` and will not work in a future edition
[INFO] [stderr] warning: Cargo.toml: `lints.clippy.mixed-attributes-style` is deprecated in favor of `lints.clippy.mixed_attributes_style` and will not work in a future edition
[INFO] [stderr] warning: Cargo.toml: `lints.clippy.type-complexity` is deprecated in favor of `lints.clippy.type_complexity` and will not work in a future edition
[INFO] [stderr] warning: `hsipc-macros` (manifest) generated 3 warnings
[INFO] [stderr]    Compiling libc v0.2.174
[INFO] [stderr]    Compiling futures-sink v0.3.31
[INFO] [stderr]    Compiling futures-core v0.3.31
[INFO] [stderr]    Compiling serde_derive v1.0.219
[INFO] [stderr]    Compiling thiserror-impl v1.0.69
[INFO] [stderr]    Compiling tokio-macros v2.5.0
[INFO] [stderr]    Compiling parking_lot_core v0.9.11
[INFO] [stderr]    Compiling proc-macro2 v1.0.95
[INFO] [stderr]    Compiling futures-task v0.3.31
[INFO] [stderr]    Compiling lock_api v0.4.13
[INFO] [stderr]    Compiling unicode-ident v1.0.18
[INFO] [stderr]    Compiling futures-io v0.3.31
[INFO] [stderr]    Compiling smallvec v1.15.1
[INFO] [stderr]    Compiling slab v0.4.10
[INFO] [stderr]    Compiling serde v1.0.219
[INFO] [stderr]    Compiling hsipc-macros v0.1.3 (/opt/rustwide/workdir)
[INFO] [stderr]    Compiling bytes v1.10.1
[INFO] [stderr]    Compiling futures-channel v0.3.31
[INFO] [stderr]    Compiling futures-util v0.3.31
[INFO] [stderr]    Compiling quote v1.0.40
[INFO] [stderr]    Compiling thiserror v1.0.69
[INFO] [stderr]    Compiling syn v2.0.104
[INFO] [stderr]    Compiling signal-hook-registry v1.4.5
[INFO] [stderr]    Compiling mio v1.0.4
[INFO] [stderr]    Compiling socket2 v0.5.10
[INFO] [stderr]    Compiling parking_lot v0.12.4
[INFO] [stderr]    Compiling tokio v1.46.1
[INFO] [stderr]    Compiling futures-executor v0.3.31
[INFO] [stderr]    Compiling futures v0.3.31
[INFO] [stderr]    Compiling bincode v1.3.3
[INFO] [stdout] error[E0432]: unresolved import `hsipc`
[INFO] [stdout]  --> tests/integration.rs:5:5
[INFO] [stdout]   |
[INFO] [stdout] 5 | use hsipc::{method, rpc, subscription, PendingSubscriptionSink, ProcessHub, Service};
[INFO] [stdout]   |     ^^^^^ use of unresolved module or unlinked crate `hsipc`
[INFO] [stdout]   |
[INFO] [stdout]   = help: if you wanted to use a crate named `hsipc`, use `cargo add hsipc` to add it to your `Cargo.toml`
[INFO] [stdout] 
[INFO] [stdout] 
[INFO] [stdout] error[E0433]: cannot find module or crate `hsipc` in this scope
[INFO] [stdout]   --> tests/integration.rs:76:3
[INFO] [stdout]    |
[INFO] [stdout] 76 | #[hsipc::async_trait]
[INFO] [stdout]    |   ^^^^^ use of unresolved module or unlinked crate `hsipc`
[INFO] [stdout] 
[INFO] [stdout] 
[INFO] [stdout] error[E0432]: unresolved import `hsipc`
[INFO] [stdout]  --> tests/rpc_tdd_test.rs:9:5
[INFO] [stdout]   |
[INFO] [stdout] 9 | use hsipc::{method, rpc, subscription, PendingSubscriptionSink, ProcessHub, Service};
[INFO] [stdout]   |     ^^^^^ use of unresolved module or unlinked crate `hsipc`
[INFO] [stdout]   |
[INFO] [stdout]   = help: if you wanted to use a crate named `hsipc`, use `cargo add hsipc` to add it to your `Cargo.toml`
[INFO] [stdout] 
[INFO] [stdout] 
[INFO] [stdout] error[E0433]: cannot find module or crate `hsipc` in this scope
[INFO] [stdout]   --> tests/rpc_tdd_test.rs:69:3
[INFO] [stdout]    |
[INFO] [stdout] 69 | #[hsipc::async_trait]
[INFO] [stdout]    |   ^^^^^ use of unresolved module or unlinked crate `hsipc`
[INFO] [stdout] 
[INFO] [stdout] 
[INFO] [stdout] error[E0433]: cannot find module or crate `hsipc` in this scope
[INFO] [stdout]   --> tests/integration.rs:35:9
[INFO] [stdout]    |
[INFO] [stdout] 35 |         hsipc::Error::runtime_msg(err.to_string())
[INFO] [stdout]    |         ^^^^^ use of unresolved module or unlinked crate `hsipc`
[INFO] [stdout]    |
[INFO] [stdout]    = help: if you wanted to use a crate named `hsipc`, use `cargo add hsipc` to add it to your `Cargo.toml`
[INFO] [stdout] help: consider importing one of these items
[INFO] [stdout]    |
[INFO] [stdout]  5 + use std::error::Error;
[INFO] [stdout]    |
[INFO] [stdout]  5 + use std::fmt::Error;
[INFO] [stdout]    |
[INFO] [stdout]  5 + use std::io::Error;
[INFO] [stdout]    |
[INFO] [stdout]  5 + use core::error::Error;
[INFO] [stdout]    |
[INFO] [stdout]    = and 1 other candidate
[INFO] [stdout] help: if you import `Error`, refer to it directly
[INFO] [stdout]    |
[INFO] [stdout] 35 -         hsipc::Error::runtime_msg(err.to_string())
[INFO] [stdout] 35 +         Error::runtime_msg(err.to_string())
[INFO] [stdout]    |
[INFO] [stdout] 
[INFO] [stdout] 
[INFO] [stdout] error[E0050]: method `subscribe_test_events` has 3 parameters but the declaration in trait `TestService::subscribe_test_events` has 2
[INFO] [stdout]    --> tests/integration.rs:104:9
[INFO] [stdout]     |
[INFO] [stdout]  64 | /         &self,
[INFO] [stdout]  65 | |         filter: Option<String>,
[INFO] [stdout]     | |______________________________- trait requires 2 parameters
[INFO] [stdout] ...
[INFO] [stdout] 104 | /         &self,
[INFO] [stdout] 105 | |         pending: PendingSubscriptionSink,
[INFO] [stdout] 106 | |         _filter: Option<String>,
[INFO] [stdout]     | |_______________________________^ expected 2 parameters, found 3
[INFO] [stdout] 
[INFO] [stdout] 
[INFO] [stdout] error[E0433]: cannot find type `TestServiceService` in this scope
[INFO] [stdout]    --> tests/integration.rs:133:23
[INFO] [stdout]     |
[INFO] [stdout] 133 |         let service = TestServiceService::new(service_impl);
[INFO] [stdout]     |                       ^^^^^^^^^^^^^^^^^^ use of undeclared type `TestServiceService`
[INFO] [stdout] 
[INFO] [stdout] 
[INFO] [stdout] error[E0433]: cannot find type `TestServiceClient` in this scope
[INFO] [stdout]    --> tests/integration.rs:137:22
[INFO] [stdout]     |
[INFO] [stdout] 137 |         let client = TestServiceClient::new(hub);
[INFO] [stdout]     |                      ^^^^^^^^^^^^^^^^^ use of undeclared type `TestServiceClient`
[INFO] [stdout] 
[INFO] [stdout] 
[INFO] [stdout] error[E0433]: cannot find type `TestServiceService` in this scope
[INFO] [stdout]    --> tests/integration.rs:177:23
[INFO] [stdout]     |
[INFO] [stdout] 177 |         let service = TestServiceService::new(service_impl);
[INFO] [stdout]     |                       ^^^^^^^^^^^^^^^^^^ use of undeclared type `TestServiceService`
[INFO] [stdout] 
[INFO] [stdout] 
[INFO] [stdout] error[E0433]: cannot find type `TestServiceService` in this scope
[INFO] [stdout]    --> tests/integration.rs:199:23
[INFO] [stdout]     |
[INFO] [stdout] 199 |         let service = TestServiceService::new(TestServiceImpl);
[INFO] [stdout]     |                       ^^^^^^^^^^^^^^^^^^ use of undeclared type `TestServiceService`
[INFO] [stdout] 
[INFO] [stdout] 
[INFO] [stdout] error[E0433]: cannot find type `TestServiceClient` in this scope
[INFO] [stdout]    --> tests/integration.rs:202:22
[INFO] [stdout]     |
[INFO] [stdout] 202 |         let client = TestServiceClient::new(hub);
[INFO] [stdout]     |                      ^^^^^^^^^^^^^^^^^ use of undeclared type `TestServiceClient`
[INFO] [stdout] 
[INFO] [stdout] 
[INFO] [stdout] error[E0433]: cannot find type `TestServiceService` in this scope
[INFO] [stdout]    --> tests/integration.rs:226:23
[INFO] [stdout]     |
[INFO] [stdout] 226 |         let service = TestServiceService::new(TestServiceImpl);
[INFO] [stdout]     |                       ^^^^^^^^^^^^^^^^^^ use of undeclared type `TestServiceService`
[INFO] [stdout] 
[INFO] [stdout] 
[INFO] [stdout] error[E0433]: cannot find type `TestServiceClient` in this scope
[INFO] [stdout]    --> tests/integration.rs:229:22
[INFO] [stdout]     |
[INFO] [stdout] 229 |         let client = TestServiceClient::new(hub);
[INFO] [stdout]     |                      ^^^^^^^^^^^^^^^^^ use of undeclared type `TestServiceClient`
[INFO] [stdout] 
[INFO] [stdout] 
[INFO] [stdout] error[E0433]: cannot find module or crate `hsipc` in this scope
[INFO] [stdout]   --> tests/integration.rs:33:26
[INFO] [stdout]    |
[INFO] [stdout] 33 | impl From<TestError> for hsipc::Error {
[INFO] [stdout]    |                          ^^^^^ use of unresolved module or unlinked crate `hsipc`
[INFO] [stdout]    |
[INFO] [stdout]    = help: if you wanted to use a crate named `hsipc`, use `cargo add hsipc` to add it to your `Cargo.toml`
[INFO] [stdout] 
[INFO] [stdout] 
[INFO] [stdout] Some errors have detailed explanations: E0050, E0432, E0433.
[INFO] [stdout] 
[INFO] [stdout] For more information about an error, try `rustc --explain E0050`.
[INFO] [stdout] 
[INFO] [stdout] error[E0433]: cannot find module or crate `hsipc` in this scope
[INFO] [stdout]   --> tests/rpc_tdd_test.rs:40:9
[INFO] [stdout]    |
[INFO] [stdout] 40 |         hsipc::Error::runtime_msg(err.message)
[INFO] [stdout]    |         ^^^^^ use of unresolved module or unlinked crate `hsipc`
[INFO] [stdout]    |
[INFO] [stdout]    = help: if you wanted to use a crate named `hsipc`, use `cargo add hsipc` to add it to your `Cargo.toml`
[INFO] [stdout] help: consider importing one of these items
[INFO] [stdout]    |
[INFO] [stdout]  9 + use std::error::Error;
[INFO] [stdout]    |
[INFO] [stdout]  9 + use std::fmt::Error;
[INFO] [stdout]    |
[INFO] [stdout]  9 + use std::io::Error;
[INFO] [stdout]    |
[INFO] [stdout]  9 + use core::error::Error;
[INFO] [stdout]    |
[INFO] [stdout]    = and 1 other candidate
[INFO] [stdout] help: if you import `Error`, refer to it directly
[INFO] [stdout]    |
[INFO] [stdout] 40 -         hsipc::Error::runtime_msg(err.message)
[INFO] [stdout] 40 +         Error::runtime_msg(err.message)
[INFO] [stdout]    |
[INFO] [stdout] 
[INFO] [stdout] 
[INFO] [stdout] error[E0425]: cannot find type `CalculatorService` in this scope
[INFO] [stdout]    --> tests/rpc_tdd_test.rs:103:30
[INFO] [stdout]     |
[INFO] [stdout] 103 |         let _service: Option<CalculatorService<CalculatorImpl>> = None;
[INFO] [stdout]     |                              ^^^^^^^^^^^^^^^^^ not found in this scope
[INFO] [stdout] 
[INFO] [stdout] 
[INFO] [stdout] error[E0425]: cannot find type `CalculatorClient` in this scope
[INFO] [stdout]    --> tests/rpc_tdd_test.rs:104:29
[INFO] [stdout]     |
[INFO] [stdout] 104 |         let _client: Option<CalculatorClient> = None;
[INFO] [stdout]     |                             ^^^^^^^^^^^^^^^^ not found in this scope
[INFO] [stdout]     |
[INFO] [stdout] help: you might be missing a type parameter
[INFO] [stdout]     |
[INFO] [stdout] 101 |     fn test_rpc_macro_generates_types<CalculatorClient>() {
[INFO] [stdout]     |                                      ++++++++++++++++++
[INFO] [stdout] 
[INFO] [stdout] 
[INFO] [stderr] error: could not compile `hsipc-macros` (test "integration") due to 12 previous errors
[INFO] [stderr] warning: build failed, waiting for other jobs to finish...
[INFO] [stdout] error[E0050]: method `subscribe_events` has 3 parameters but the declaration in trait `Calculator::subscribe_events` has 2
[INFO] [stdout]   --> tests/rpc_tdd_test.rs:82:9
[INFO] [stdout]    |
[INFO] [stdout] 63 |       async fn subscribe_events(&self, filter: Option<String>) -> std::result::Result<(), RpcError>;
[INFO] [stdout]    |                                 ----------------------------- trait requires 2 parameters
[INFO] [stdout] ...
[INFO] [stdout] 82 | /         &self,
[INFO] [stdout] 83 | |         pending: PendingSubscriptionSink,
[INFO] [stdout] 84 | |         _filter: Option<String>,
[INFO] [stdout]    | |_______________________________^ expected 2 parameters, found 3
[INFO] [stdout] 
[INFO] [stdout] 
[INFO] [stdout] error[E0433]: cannot find type `CalculatorService` in this scope
[INFO] [stdout]    --> tests/rpc_tdd_test.rs:115:23
[INFO] [stdout]     |
[INFO] [stdout] 115 |         let service = CalculatorService::new(CalculatorImpl);
[INFO] [stdout]     |                       ^^^^^^^^^^^^^^^^^ use of undeclared type `CalculatorService`
[INFO] [stdout] 
[INFO] [stdout] 
[INFO] [stdout] error[E0433]: cannot find type `CalculatorService` in this scope
[INFO] [stdout]    --> tests/rpc_tdd_test.rs:130:23
[INFO] [stdout]     |
[INFO] [stdout] 130 |         let service = CalculatorService::new(CalculatorImpl);
[INFO] [stdout]     |                       ^^^^^^^^^^^^^^^^^ use of undeclared type `CalculatorService`
[INFO] [stdout] 
[INFO] [stdout] 
[INFO] [stdout] error[E0433]: cannot find type `CalculatorClient` in this scope
[INFO] [stdout]    --> tests/rpc_tdd_test.rs:134:22
[INFO] [stdout]     |
[INFO] [stdout] 134 |         let client = CalculatorClient::new(hub);
[INFO] [stdout]     |                      ^^^^^^^^^^^^^^^^ use of undeclared type `CalculatorClient`
[INFO] [stdout] 
[INFO] [stdout] 
[INFO] [stdout] error[E0433]: cannot find type `CalculatorService` in this scope
[INFO] [stdout]    --> tests/rpc_tdd_test.rs:164:23
[INFO] [stdout]     |
[INFO] [stdout] 164 |         let service = CalculatorService::new(CalculatorImpl);
[INFO] [stdout]     |                       ^^^^^^^^^^^^^^^^^ use of undeclared type `CalculatorService`
[INFO] [stdout] 
[INFO] [stdout] 
[INFO] [stdout] error[E0433]: cannot find type `CalculatorClient` in this scope
[INFO] [stdout]    --> tests/rpc_tdd_test.rs:167:22
[INFO] [stdout]     |
[INFO] [stdout] 167 |         let client = CalculatorClient::new(hub);
[INFO] [stdout]     |                      ^^^^^^^^^^^^^^^^ use of undeclared type `CalculatorClient`
[INFO] [stdout] 
[INFO] [stdout] 
[INFO] [stdout] error[E0433]: cannot find type `CalculatorService` in this scope
[INFO] [stdout]    --> tests/rpc_tdd_test.rs:180:23
[INFO] [stdout]     |
[INFO] [stdout] 180 |         let service = CalculatorService::new(CalculatorImpl);
[INFO] [stdout]     |                       ^^^^^^^^^^^^^^^^^ use of undeclared type `CalculatorService`
[INFO] [stdout] 
[INFO] [stdout] 
[INFO] [stdout] error[E0433]: cannot find type `CalculatorClient` in this scope
[INFO] [stdout]    --> tests/rpc_tdd_test.rs:183:22
[INFO] [stdout]     |
[INFO] [stdout] 183 |         let client = CalculatorClient::new(hub);
[INFO] [stdout]     |                      ^^^^^^^^^^^^^^^^ use of undeclared type `CalculatorClient`
[INFO] [stdout] 
[INFO] [stdout] 
[INFO] [stdout] error[E0433]: cannot find type `CalculatorService` in this scope
[INFO] [stdout]    --> tests/rpc_tdd_test.rs:197:23
[INFO] [stdout]     |
[INFO] [stdout] 197 |         let service = CalculatorService::new(CalculatorImpl);
[INFO] [stdout]     |                       ^^^^^^^^^^^^^^^^^ use of undeclared type `CalculatorService`
[INFO] [stdout] 
[INFO] [stdout] 
[INFO] [stdout] error[E0433]: cannot find type `CalculatorService` in this scope
[INFO] [stdout]    --> tests/rpc_tdd_test.rs:228:23
[INFO] [stdout]     |
[INFO] [stdout] 228 |         let service = CalculatorService::new(CalculatorImpl);
[INFO] [stdout]     |                       ^^^^^^^^^^^^^^^^^ use of undeclared type `CalculatorService`
[INFO] [stdout] 
[INFO] [stdout] 
[INFO] [stdout] error[E0433]: cannot find type `CalculatorClient` in this scope
[INFO] [stdout]    --> tests/rpc_tdd_test.rs:232:22
[INFO] [stdout]     |
[INFO] [stdout] 232 |         let client = CalculatorClient::new(hub);
[INFO] [stdout]     |                      ^^^^^^^^^^^^^^^^ use of undeclared type `CalculatorClient`
[INFO] [stdout] 
[INFO] [stdout] 
[INFO] [stdout] error[E0433]: cannot find type `CalculatorService` in this scope
[INFO] [stdout]    --> tests/rpc_tdd_test.rs:253:23
[INFO] [stdout]     |
[INFO] [stdout] 253 |         let service = CalculatorService::new(CalculatorImpl);
[INFO] [stdout]     |                       ^^^^^^^^^^^^^^^^^ use of undeclared type `CalculatorService`
[INFO] [stdout] 
[INFO] [stdout] 
[INFO] [stdout] error[E0433]: cannot find type `CalculatorClient` in this scope
[INFO] [stdout]    --> tests/rpc_tdd_test.rs:256:22
[INFO] [stdout]     |
[INFO] [stdout] 256 |         let client = CalculatorClient::new(hub);
[INFO] [stdout]     |                      ^^^^^^^^^^^^^^^^ use of undeclared type `CalculatorClient`
[INFO] [stdout] 
[INFO] [stdout] 
[INFO] [stdout] error[E0433]: cannot find module or crate `hsipc` in this scope
[INFO] [stdout]   --> tests/rpc_tdd_test.rs:38:25
[INFO] [stdout]    |
[INFO] [stdout] 38 | impl From<RpcError> for hsipc::Error {
[INFO] [stdout]    |                         ^^^^^ use of unresolved module or unlinked crate `hsipc`
[INFO] [stdout]    |
[INFO] [stdout]    = help: if you wanted to use a crate named `hsipc`, use `cargo add hsipc` to add it to your `Cargo.toml`
[INFO] [stdout] 
[INFO] [stdout] 
[INFO] [stdout] Some errors have detailed explanations: E0050, E0425, E0432, E0433.
[INFO] [stdout] 
[INFO] [stdout] For more information about an error, try `rustc --explain E0050`.
[INFO] [stdout] 
[INFO] [stderr] error: could not compile `hsipc-macros` (test "rpc_tdd_test") due to 19 previous errors
[INFO] running `Command { std: "docker" "inspect" "7a96d30410d2aa2c9ec3928561f993e0df03049f1516da25ddb8cdbf1f5dbc78", kill_on_drop: false }`
[INFO] running `Command { std: "docker" "rm" "-f" "7a96d30410d2aa2c9ec3928561f993e0df03049f1516da25ddb8cdbf1f5dbc78", kill_on_drop: false }`
[INFO] [stdout] 7a96d30410d2aa2c9ec3928561f993e0df03049f1516da25ddb8cdbf1f5dbc78
