[INFO] fetching crate hserver 0.2.1...
[INFO] testing hserver-0.2.1 against 1.99.0-beta.8+cargoflags=--release for beta-release-1.100-2
[INFO] extracting crate hserver 0.2.1 into /workspace/builds/worker-2-tc1/source
[INFO] started tweaking crates.io crate hserver 0.2.1
[INFO] removed 0 missing examples
[INFO] removed 0 missing tests
[INFO] finished tweaking crates.io crate hserver 0.2.1
[INFO] tweaked toml for crates.io crate hserver 0.2.1 written to /workspace/builds/worker-2-tc1/source/Cargo.toml
[INFO] validating manifest of crates.io crate hserver 0.2.1 on toolchain 1.99.0-beta.8
[INFO] running `Command { std: CARGO_HOME="/workspace/cargo-home" RUSTUP_HOME="/workspace/rustup-home" "/workspace/cargo-home/bin/cargo" "+1.99.0-beta.8" "metadata" "--manifest-path" "Cargo.toml" "--no-deps", kill_on_drop: false }`
[INFO] crate crates.io crate hserver 0.2.1 already has a lockfile, it will not be regenerated
[INFO] running `Command { std: CARGO_HOME="/workspace/cargo-home" RUSTUP_HOME="/workspace/rustup-home" "/workspace/cargo-home/bin/cargo" "+1.99.0-beta.8" "fetch" "--manifest-path" "Cargo.toml", kill_on_drop: false }`
[INFO] running `Command { std: "docker" "create" "-v" "/var/lib/crater-agent-workspace/builds/worker-2-tc1/source:/opt/rustwide/workdir:ro,Z" "-v" "/var/lib/crater-agent-workspace/builds/worker-2-tc1/target:/opt/rustwide/target:rw,Z" "-v" "/var/lib/crater-agent-workspace/cargo-home:/opt/rustwide/cargo-home:ro,Z" "-v" "/var/lib/crater-agent-workspace/rustup-home:/opt/rustwide/rustup-home:ro,Z" "-m" "1610612736" "--network" "none" "ghcr.io/rust-lang/crates-build-env/linux@sha256:77db811e55d90add9212f6832c23229e3de5f1c1f9905e8cb07319ea15df73ac" "sleep" "infinity", kill_on_drop: false }`
[INFO] [stdout] dcda799238539987d9fa4fa567b4a3a2fbb377697446a4c22bb07af51512d338
[INFO] running `Command { std: "docker" "start" "dcda799238539987d9fa4fa567b4a3a2fbb377697446a4c22bb07af51512d338", kill_on_drop: false }`
[INFO] running `Command { std: "docker" "inspect" "dcda799238539987d9fa4fa567b4a3a2fbb377697446a4c22bb07af51512d338", kill_on_drop: false }`
[INFO] running `Command { std: "docker" "exec" "-e" "SOURCE_DIR=/opt/rustwide/workdir" "-e" "CARGO_HOME=/opt/rustwide/cargo-home" "-e" "RUSTUP_HOME=/opt/rustwide/rustup-home" "-e" "CARGO_TARGET_DIR=/opt/rustwide/target" "-w" "/opt/rustwide/workdir" "--user" "0:0" "dcda799238539987d9fa4fa567b4a3a2fbb377697446a4c22bb07af51512d338" "/opt/rustwide/cargo-home/bin/cargo" "+1.99.0-beta.8" "metadata" "--no-deps" "--format-version=1", kill_on_drop: false }`
[INFO] running `Command { std: "docker" "inspect" "dcda799238539987d9fa4fa567b4a3a2fbb377697446a4c22bb07af51512d338", kill_on_drop: false }`
[INFO] running `Command { std: "docker" "exec" "-e" "SOURCE_DIR=/opt/rustwide/workdir" "-e" "CARGO_HOME=/opt/rustwide/cargo-home" "-e" "RUSTUP_HOME=/opt/rustwide/rustup-home" "-e" "CARGO_TARGET_DIR=/opt/rustwide/target" "-e" "CARGO_INCREMENTAL=0" "-e" "RUST_BACKTRACE=full" "-e" "RUSTFLAGS=--cap-lints=warn" "-e" "RUSTDOCFLAGS=--cap-lints=warn" "-w" "/opt/rustwide/workdir" "--user" "0:0" "dcda799238539987d9fa4fa567b4a3a2fbb377697446a4c22bb07af51512d338" "/opt/rustwide/cargo-home/bin/cargo" "+1.99.0-beta.8" "build" "--frozen" "--message-format=json" "--release", kill_on_drop: false }`
[INFO] [stderr]    Compiling smallvec v1.16.1
[INFO] [stderr]    Compiling tokio v1.53.1
[INFO] [stderr]    Compiling futures-channel v0.3.34
[INFO] [stderr]    Compiling http-body v1.1.0
[INFO] [stderr]    Compiling syn v2.0.119
[INFO] [stderr]    Compiling pin-project-internal v1.1.13
[INFO] [stderr]    Compiling tokio-util v0.7.19
[INFO] [stderr]    Compiling pin-project v1.1.13
[INFO] [stderr]    Compiling h2 v0.4.19
[INFO] [stderr]    Compiling hyper v1.11.1
[INFO] [stderr]    Compiling hyper-util v0.1.20
[INFO] [stderr]    Compiling hserver v0.2.1 (/opt/rustwide/workdir)
[INFO] [stderr]     Finished `release` profile [optimized] target(s) in 16.71s
[INFO] running `Command { std: "docker" "inspect" "dcda799238539987d9fa4fa567b4a3a2fbb377697446a4c22bb07af51512d338", kill_on_drop: false }`
[INFO] running `Command { std: "docker" "exec" "-e" "SOURCE_DIR=/opt/rustwide/workdir" "-e" "CARGO_HOME=/opt/rustwide/cargo-home" "-e" "RUSTUP_HOME=/opt/rustwide/rustup-home" "-e" "CARGO_TARGET_DIR=/opt/rustwide/target" "-e" "CARGO_INCREMENTAL=0" "-e" "RUST_BACKTRACE=full" "-e" "RUSTFLAGS=--cap-lints=warn" "-e" "RUSTDOCFLAGS=--cap-lints=warn" "-w" "/opt/rustwide/workdir" "--user" "0:0" "dcda799238539987d9fa4fa567b4a3a2fbb377697446a4c22bb07af51512d338" "/opt/rustwide/cargo-home/bin/cargo" "+1.99.0-beta.8" "test" "--frozen" "--no-run" "--message-format=json" "--release", kill_on_drop: false }`
[INFO] [stderr]    Compiling find-msvc-tools v0.1.12
[INFO] [stderr]    Compiling syn v3.0.5
[INFO] [stderr]    Compiling mio v1.2.3
[INFO] [stderr]    Compiling socket2 v0.6.5
[INFO] [stderr]    Compiling getrandom v0.2.17
[INFO] [stderr]    Compiling rustls-pki-types v1.15.1
[INFO] [stderr]    Compiling futures-util v0.3.34
[INFO] [stderr]    Compiling rustls v0.23.44
[INFO] [stderr]    Compiling time-core v0.1.9
[INFO] [stderr]    Compiling sync_wrapper v1.0.2
[INFO] [stderr]    Compiling num-conv v0.2.2
[INFO] [stderr]    Compiling deranged v0.5.8
[INFO] [stderr]    Compiling http-body-util v0.1.5
[INFO] [stderr]    Compiling matchit v0.8.4
[INFO] [stderr]    Compiling cc v1.4.5
[INFO] [stderr]    Compiling axum-core v0.5.6
[INFO] [stderr]    Compiling ring v0.17.14
[INFO] [stderr]    Compiling time v0.3.55
[INFO] [stderr]    Compiling yasna v0.6.0
[INFO] [stderr]    Compiling tokio-macros v2.7.2
[INFO] [stderr]    Compiling tower v0.5.3
[INFO] [stderr]    Compiling futures v0.3.34
[INFO] [stderr]    Compiling tokio v1.53.1
[INFO] [stderr]    Compiling axum v0.8.9
[INFO] [stderr]    Compiling tokio-util v0.7.19
[INFO] [stderr]    Compiling h2 v0.4.19
[INFO] [stderr]    Compiling hyper v1.11.1
[INFO] [stderr]    Compiling rustls-webpki v0.103.15
[INFO] [stderr]    Compiling rcgen v0.14.10
[INFO] [stderr]    Compiling hyper-util v0.1.20
[INFO] [stderr]    Compiling hserver v0.2.1 (/opt/rustwide/workdir)
[INFO] [stderr]    Compiling tokio-rustls v0.26.5
[INFO] [stdout] error[E0432]: unresolved import `hserver::Tls`
[INFO] [stdout]    --> tests/serving.rs:11:68
[INFO] [stdout]     |
[INFO] [stdout]  11 | use hserver::{ConnectionBuilder, ConnectionInfo, Incoming, Server, Tls};
[INFO] [stdout]     |                                                                    ^^^ no `Tls` in the root
[INFO] [stdout]     |
[INFO] [stdout] note: found an item that was configured out
[INFO] [stdout]    --> src/lib.rs:162:12
[INFO] [stdout]     |
[INFO] [stdout] 160 | #[cfg(feature = "tls")]
[INFO] [stdout]     |       --------------- the item is gated behind the `tls` feature
[INFO] [stdout] 161 | #[cfg_attr(docsrs, doc(cfg(feature = "tls")))]
[INFO] [stdout] 162 | pub struct Tls<T>(
[INFO] [stdout]     |            ^^^
[INFO] [stdout] 
[INFO] [stdout] 
[INFO] [stdout] error[E0432]: unresolved import `hserver::Tls`
[INFO] [stdout]    --> examples/axum-tls.rs:8:42
[INFO] [stdout]     |
[INFO] [stdout]   8 | use hserver::{ConnectionBuilder, Server, Tls};
[INFO] [stdout]     |                                          ^^^ no `Tls` in the root
[INFO] [stdout]     |
[INFO] [stdout] note: found an item that was configured out
[INFO] [stdout]    --> src/lib.rs:162:12
[INFO] [stdout]     |
[INFO] [stdout] 160 | #[cfg(feature = "tls")]
[INFO] [stdout]     |       --------------- the item is gated behind the `tls` feature
[INFO] [stdout] 161 | #[cfg_attr(docsrs, doc(cfg(feature = "tls")))]
[INFO] [stdout] 162 | pub struct Tls<T>(
[INFO] [stdout]     |            ^^^
[INFO] [stdout] 
[INFO] [stdout] 
[INFO] [stdout] For more information about this error, try `rustc --explain E0432`.
[INFO] [stdout] 
[INFO] [stderr] error: could not compile `hserver` (example "axum-tls") due to 1 previous error
[INFO] [stderr] warning: build failed, waiting for other jobs to finish...
[INFO] [stdout] warning: method call on a diverging inference variable
[INFO] [stdout]    --> tests/serving.rs:675:31
[INFO] [stdout]     |
[INFO] [stdout] 675 |     assert!(connection_result.is_ok());
[INFO] [stdout]     |                               ^^^^^
[INFO] [stdout]     |
[INFO] [stdout]     = help: consider providing a type annotation
[INFO] [stdout]     = warning: this was previously accepted by the compiler but is being phased out; it will become a hard error in a future release!
[INFO] [stdout]     = note: for more information, see issue #156047 <https://github.com/rust-lang/rust/issues/156047>
[INFO] [stdout]     = note: `#[warn(method_call_on_diverging_infer_var)]` (part of `#[warn(future_incompatible)]`) on by default
[INFO] [stdout] 
[INFO] [stdout] 
[INFO] [stdout] error[E0599]: no method named `is_ok` found for type `!` in the current scope
[INFO] [stdout]    --> tests/serving.rs:675:31
[INFO] [stdout]     |
[INFO] [stdout] 675 |     assert!(connection_result.is_ok());
[INFO] [stdout]     |                               ^^^^^ method not found in `!`
[INFO] [stdout] 
[INFO] [stdout] 
[INFO] [stdout] warning: method call on a diverging inference variable
[INFO] [stdout]    --> tests/serving.rs:703:30
[INFO] [stdout]     |
[INFO] [stdout] 703 |     assert!(handshake_result.is_err());
[INFO] [stdout]     |                              ^^^^^^
[INFO] [stdout]     |
[INFO] [stdout]     = help: consider providing a type annotation
[INFO] [stdout]     = warning: this was previously accepted by the compiler but is being phased out; it will become a hard error in a future release!
[INFO] [stdout]     = note: for more information, see issue #156047 <https://github.com/rust-lang/rust/issues/156047>
[INFO] [stdout] 
[INFO] [stdout] 
[INFO] [stdout] error[E0599]: no method named `is_err` found for type `!` in the current scope
[INFO] [stdout]    --> tests/serving.rs:703:30
[INFO] [stdout]     |
[INFO] [stdout] 703 |     assert!(handshake_result.is_err());
[INFO] [stdout]     |                              ^^^^^^ method not found in `!`
[INFO] [stdout] 
[INFO] [stdout] 
[INFO] [stdout] warning: method call on a diverging inference variable
[INFO] [stdout]    --> tests/serving.rs:743:31
[INFO] [stdout]     |
[INFO] [stdout] 743 |     assert!(connection_result.is_ok());
[INFO] [stdout]     |                               ^^^^^
[INFO] [stdout]     |
[INFO] [stdout]     = help: consider providing a type annotation
[INFO] [stdout]     = warning: this was previously accepted by the compiler but is being phased out; it will become a hard error in a future release!
[INFO] [stdout]     = note: for more information, see issue #156047 <https://github.com/rust-lang/rust/issues/156047>
[INFO] [stdout] 
[INFO] [stdout] 
[INFO] [stdout] error[E0599]: no method named `is_ok` found for type `!` in the current scope
[INFO] [stdout]    --> tests/serving.rs:743:31
[INFO] [stdout]     |
[INFO] [stdout] 743 |     assert!(connection_result.is_ok());
[INFO] [stdout]     |                               ^^^^^ method not found in `!`
[INFO] [stdout] 
[INFO] [stdout] 
[INFO] [stdout] Some errors have detailed explanations: E0432, E0599.
[INFO] [stdout] 
[INFO] [stdout] For more information about an error, try `rustc --explain E0432`.
[INFO] [stdout] 
[INFO] [stderr] error: could not compile `hserver` (test "serving") due to 4 previous errors; 6 warnings emitted
[INFO] running `Command { std: "docker" "inspect" "dcda799238539987d9fa4fa567b4a3a2fbb377697446a4c22bb07af51512d338", kill_on_drop: false }`
[INFO] running `Command { std: "docker" "rm" "-f" "dcda799238539987d9fa4fa567b4a3a2fbb377697446a4c22bb07af51512d338", kill_on_drop: false }`
[INFO] [stdout] dcda799238539987d9fa4fa567b4a3a2fbb377697446a4c22bb07af51512d338
