[INFO] fetching crate hrstopwatch 0.1.0...
[INFO] testing hrstopwatch-0.1.0 against 1.99.0-beta.8+cargoflags=--release for beta-release-1.100-2
[INFO] extracting crate hrstopwatch 0.1.0 into /workspace/builds/worker-7-tc1/source
[INFO] started tweaking crates.io crate hrstopwatch 0.1.0
[INFO] finished tweaking crates.io crate hrstopwatch 0.1.0
[INFO] tweaked toml for crates.io crate hrstopwatch 0.1.0 written to /workspace/builds/worker-7-tc1/source/Cargo.toml
[INFO] validating manifest of crates.io crate hrstopwatch 0.1.0 on toolchain 1.99.0-beta.8
[INFO] running `Command { std: CARGO_HOME="/workspace/cargo-home" RUSTUP_HOME="/workspace/rustup-home" "/workspace/cargo-home/bin/cargo" "+1.99.0-beta.8" "metadata" "--manifest-path" "Cargo.toml" "--no-deps", kill_on_drop: false }`
[INFO] running `Command { std: CARGO_HOME="/workspace/cargo-home" RUSTUP_HOME="/workspace/rustup-home" "/workspace/cargo-home/bin/cargo" "+1.99.0-beta.8" "generate-lockfile" "--manifest-path" "Cargo.toml", kill_on_drop: false }`
[INFO] [stderr]     Updating crates.io index
[INFO] [stderr]      Locking 14 packages to highest compatible versions
[INFO] [stderr]       Adding snafu v0.7.5 (available: v0.9.2)
[INFO] [stderr]       Adding windows v0.39.0 (available: v0.62.2)
[INFO] running `Command { std: CARGO_HOME="/workspace/cargo-home" RUSTUP_HOME="/workspace/rustup-home" "/workspace/cargo-home/bin/cargo" "+1.99.0-beta.8" "fetch" "--manifest-path" "Cargo.toml", kill_on_drop: false }`
[INFO] [stderr]  Downloading crates ...
[INFO] [stderr]   Downloaded doc-comment v0.3.4
[INFO] running `Command { std: "docker" "create" "-v" "/var/lib/crater-agent-workspace/builds/worker-7-tc1/source:/opt/rustwide/workdir:ro,Z" "-v" "/var/lib/crater-agent-workspace/builds/worker-7-tc1/target:/opt/rustwide/target:rw,Z" "-v" "/var/lib/crater-agent-workspace/cargo-home:/opt/rustwide/cargo-home:ro,Z" "-v" "/var/lib/crater-agent-workspace/rustup-home:/opt/rustwide/rustup-home:ro,Z" "-m" "1610612736" "--network" "none" "ghcr.io/rust-lang/crates-build-env/linux@sha256:77db811e55d90add9212f6832c23229e3de5f1c1f9905e8cb07319ea15df73ac" "sleep" "infinity", kill_on_drop: false }`
[INFO] [stdout] afd62c0016e4b08a79d3eb54481ccc35499aea555e45f89d1fdb6fb0220b5915
[INFO] running `Command { std: "docker" "start" "afd62c0016e4b08a79d3eb54481ccc35499aea555e45f89d1fdb6fb0220b5915", kill_on_drop: false }`
[INFO] running `Command { std: "docker" "inspect" "afd62c0016e4b08a79d3eb54481ccc35499aea555e45f89d1fdb6fb0220b5915", kill_on_drop: false }`
[INFO] running `Command { std: "docker" "exec" "-e" "SOURCE_DIR=/opt/rustwide/workdir" "-e" "CARGO_HOME=/opt/rustwide/cargo-home" "-e" "RUSTUP_HOME=/opt/rustwide/rustup-home" "-e" "CARGO_TARGET_DIR=/opt/rustwide/target" "-w" "/opt/rustwide/workdir" "--user" "0:0" "afd62c0016e4b08a79d3eb54481ccc35499aea555e45f89d1fdb6fb0220b5915" "/opt/rustwide/cargo-home/bin/cargo" "+1.99.0-beta.8" "metadata" "--no-deps" "--format-version=1", kill_on_drop: false }`
[INFO] running `Command { std: "docker" "inspect" "afd62c0016e4b08a79d3eb54481ccc35499aea555e45f89d1fdb6fb0220b5915", kill_on_drop: false }`
[INFO] running `Command { std: "docker" "exec" "-e" "SOURCE_DIR=/opt/rustwide/workdir" "-e" "CARGO_HOME=/opt/rustwide/cargo-home" "-e" "RUSTUP_HOME=/opt/rustwide/rustup-home" "-e" "CARGO_TARGET_DIR=/opt/rustwide/target" "-e" "CARGO_INCREMENTAL=0" "-e" "RUST_BACKTRACE=full" "-e" "RUSTFLAGS=--cap-lints=warn" "-e" "RUSTDOCFLAGS=--cap-lints=warn" "-w" "/opt/rustwide/workdir" "--user" "0:0" "afd62c0016e4b08a79d3eb54481ccc35499aea555e45f89d1fdb6fb0220b5915" "/opt/rustwide/cargo-home/bin/cargo" "+1.99.0-beta.8" "build" "--frozen" "--message-format=json" "--release", kill_on_drop: false }`
[INFO] [stderr]    Compiling doc-comment v0.3.4
[INFO] [stderr]    Compiling windows v0.39.0
[INFO] [stderr]    Compiling snafu-derive v0.7.5
[INFO] [stderr]    Compiling snafu v0.7.5
[INFO] [stderr]    Compiling hrstopwatch v0.1.0 (/opt/rustwide/workdir)
[INFO] [stderr]     Finished `release` profile [optimized] target(s) in 7.64s
[INFO] running `Command { std: "docker" "inspect" "afd62c0016e4b08a79d3eb54481ccc35499aea555e45f89d1fdb6fb0220b5915", kill_on_drop: false }`
[INFO] running `Command { std: "docker" "exec" "-e" "SOURCE_DIR=/opt/rustwide/workdir" "-e" "CARGO_HOME=/opt/rustwide/cargo-home" "-e" "RUSTUP_HOME=/opt/rustwide/rustup-home" "-e" "CARGO_TARGET_DIR=/opt/rustwide/target" "-e" "CARGO_INCREMENTAL=0" "-e" "RUST_BACKTRACE=full" "-e" "RUSTFLAGS=--cap-lints=warn" "-e" "RUSTDOCFLAGS=--cap-lints=warn" "-w" "/opt/rustwide/workdir" "--user" "0:0" "afd62c0016e4b08a79d3eb54481ccc35499aea555e45f89d1fdb6fb0220b5915" "/opt/rustwide/cargo-home/bin/cargo" "+1.99.0-beta.8" "test" "--frozen" "--no-run" "--message-format=json" "--release", kill_on_drop: false }`
[INFO] [stderr]    Compiling hrstopwatch v0.1.0 (/opt/rustwide/workdir)
[INFO] [stdout] warning: variable `num` is assigned to, but never used
[INFO] [stdout]    --> src/lib.rs:191:13
[INFO] [stdout]     |
[INFO] [stdout] 191 |         let mut num: u64 = 0;
[INFO] [stdout]     |             ^^^^^^^
[INFO] [stdout]     |
[INFO] [stdout]     = note: consider using `_num` instead
[INFO] [stdout]     = note: `#[warn(unused_variables)]` (part of `#[warn(unused)]`) on by default
[INFO] [stdout] 
[INFO] [stdout] 
[INFO] [stdout] warning: value assigned to `num` is never read
[INFO] [stdout]    --> src/lib.rs:194:13
[INFO] [stdout]     |
[INFO] [stdout] 194 |             num += i;
[INFO] [stdout]     |             ^^^^^^^^
[INFO] [stdout]     |
[INFO] [stdout]     = help: maybe it is overwritten before being read?
[INFO] [stdout]     = note: `#[warn(unused_assignments)]` (part of `#[warn(unused)]`) on by default
[INFO] [stdout] 
[INFO] [stdout] 
[INFO] [stderr] error: could not compile `hrstopwatch` (lib test) due to 1 previous error; 2 warnings emitted
[INFO] [stdout] error: linking with `cc` failed: exit status: 1
[INFO] [stdout]   |
[INFO] [stdout]   = note:  "cc" "-m64" "/opt/rustwide/target/release/deps/rustc1QWkFg/symbols.o" "<2 object files omitted>" "-Wl,--as-needed" "-Wl,-Bstatic" "<sysroot>/lib/rustlib/x86_64-unknown-linux-gnu/lib/{libtest-*,libgetopts-*,librustc_std_workspace_std-*}.rlib" "/opt/rustwide/target/release/deps/{libwindows-793625cf07263d2b,libsnafu-c0edef21f17f66d3,libdoc_comment-1ff21000d22250bf}.rlib" "<sysroot>/lib/rustlib/x86_64-unknown-linux-gnu/lib/{libstd-*,libpanic_unwind-*,libobject-*,libmemchr-*,libaddr2line-*,libgimli-*,libcfg_if-*,librustc_demangle-*,libstd_detect-*,libhashbrown-*,librustc_std_workspace_alloc-*,libminiz_oxide-*,libadler2-*,libunwind-*,liblibc-*,librustc_std_workspace_core-*,liballoc-*,libcore-*,libcompiler_builtins-*}.rlib" "-Wl,-Bdynamic" "-lgcc_s" "-lutil" "-lrt" "-lpthread" "-lm" "-ldl" "-lc" "-L" "/opt/rustwide/target/release/deps/rustc1QWkFg/raw-dylibs" "-B<sysroot>/lib/rustlib/x86_64-unknown-linux-gnu/bin/gcc-ld" "-fuse-ld=lld" "-Wl,--eh-frame-hdr" "-Wl,-z,noexecstack" "-L" "<sysroot>/lib/rustlib/x86_64-unknown-linux-gnu/lib" "-o" "/opt/rustwide/target/release/deps/hrstopwatch-3371c76645c4c83c" "-Wl,--gc-sections" "-pie" "-Wl,-z,relro,-z,now" "-Wl,-O1" "-Wl,--strip-debug" "-nodefaultlibs"
[INFO] [stdout]   = note: some arguments are omitted. use `--verbose` to show all linker arguments
[INFO] [stdout]   = note: rust-lld: error: undefined symbol: QueryPerformanceFrequency
[INFO] [stdout]           >>> referenced by hrstopwatch.1ef71e392b3b1ead-cgu.0
[INFO] [stdout]           >>>               /opt/rustwide/target/release/deps/hrstopwatch-3371c76645c4c83c.hrstopwatch.1ef71e392b3b1ead-cgu.0.rcgu.o:(<hrstopwatch::tests::readme::{closure#0} as core::ops::function::FnOnce<()>>::call_once)
[INFO] [stdout]           >>> referenced by hrstopwatch.1ef71e392b3b1ead-cgu.0
[INFO] [stdout]           >>>               /opt/rustwide/target/release/deps/hrstopwatch-3371c76645c4c83c.hrstopwatch.1ef71e392b3b1ead-cgu.0.rcgu.o:(<hrstopwatch::tests::lifecycle::{closure#0} as core::ops::function::FnOnce<()>>::call_once)
[INFO] [stdout]           
[INFO] [stdout]           rust-lld: error: undefined symbol: QueryPerformanceCounter
[INFO] [stdout]           >>> referenced by hrstopwatch.1ef71e392b3b1ead-cgu.0
[INFO] [stdout]           >>>               /opt/rustwide/target/release/deps/hrstopwatch-3371c76645c4c83c.hrstopwatch.1ef71e392b3b1ead-cgu.0.rcgu.o:(<hrstopwatch::tests::readme::{closure#0} as core::ops::function::FnOnce<()>>::call_once)
[INFO] [stdout]           >>> referenced by hrstopwatch.1ef71e392b3b1ead-cgu.0
[INFO] [stdout]           >>>               /opt/rustwide/target/release/deps/hrstopwatch-3371c76645c4c83c.hrstopwatch.1ef71e392b3b1ead-cgu.0.rcgu.o:(<hrstopwatch::tests::readme::{closure#0} as core::ops::function::FnOnce<()>>::call_once)
[INFO] [stdout]           >>> referenced by hrstopwatch.1ef71e392b3b1ead-cgu.0
[INFO] [stdout]           >>>               /opt/rustwide/target/release/deps/hrstopwatch-3371c76645c4c83c.hrstopwatch.1ef71e392b3b1ead-cgu.0.rcgu.o:(<hrstopwatch::tests::lifecycle::{closure#0} as core::ops::function::FnOnce<()>>::call_once)
[INFO] [stdout]           >>> referenced 4 more times
[INFO] [stdout]           
[INFO] [stdout]           rust-lld: error: undefined symbol: GetLastError
[INFO] [stdout]           >>> referenced by hrstopwatch.1ef71e392b3b1ead-cgu.0
[INFO] [stdout]           >>>               /opt/rustwide/target/release/deps/hrstopwatch-3371c76645c4c83c.hrstopwatch.1ef71e392b3b1ead-cgu.0.rcgu.o:(<hrstopwatch::tests::readme::{closure#0} as core::ops::function::FnOnce<()>>::call_once)
[INFO] [stdout]           >>> referenced by hrstopwatch.1ef71e392b3b1ead-cgu.0
[INFO] [stdout]           >>>               /opt/rustwide/target/release/deps/hrstopwatch-3371c76645c4c83c.hrstopwatch.1ef71e392b3b1ead-cgu.0.rcgu.o:(<hrstopwatch::tests::readme::{closure#0} as core::ops::function::FnOnce<()>>::call_once)
[INFO] [stdout]           >>> referenced by hrstopwatch.1ef71e392b3b1ead-cgu.0
[INFO] [stdout]           >>>               /opt/rustwide/target/release/deps/hrstopwatch-3371c76645c4c83c.hrstopwatch.1ef71e392b3b1ead-cgu.0.rcgu.o:(<hrstopwatch::tests::readme::{closure#0} as core::ops::function::FnOnce<()>>::call_once)
[INFO] [stdout]           >>> referenced 14 more times
[INFO] [stdout]           
[INFO] [stdout]           rust-lld: error: undefined symbol: GetProcessHeap
[INFO] [stdout]           >>> referenced by windows.d39175750555b18d-cgu.3
[INFO] [stdout]           >>>               windows-793625cf07263d2b.windows.d39175750555b18d-cgu.3.rcgu.o:(core::ptr::drop_glue::<windows::core::strings::hstring::HSTRING>) in archive /opt/rustwide/target/release/deps/libwindows-793625cf07263d2b.rlib
[INFO] [stdout]           >>> referenced by windows.d39175750555b18d-cgu.3
[INFO] [stdout]           >>>               windows-793625cf07263d2b.windows.d39175750555b18d-cgu.3.rcgu.o:(<windows::core::error::Error>::new) in archive /opt/rustwide/target/release/deps/libwindows-793625cf07263d2b.rlib
[INFO] [stdout]           >>> referenced by windows.d39175750555b18d-cgu.3
[INFO] [stdout]           >>>               windows-793625cf07263d2b.windows.d39175750555b18d-cgu.3.rcgu.o:(windows::core::heap::heap_free) in archive /opt/rustwide/target/release/deps/libwindows-793625cf07263d2b.rlib
[INFO] [stdout]           >>> referenced 5 more times
[INFO] [stdout]           
[INFO] [stdout]           rust-lld: error: undefined symbol: HeapFree
[INFO] [stdout]           >>> referenced by windows.d39175750555b18d-cgu.3
[INFO] [stdout]           >>>               windows-793625cf07263d2b.windows.d39175750555b18d-cgu.3.rcgu.o:(core::ptr::drop_glue::<windows::core::strings::hstring::HSTRING>) in archive /opt/rustwide/target/release/deps/libwindows-793625cf07263d2b.rlib
[INFO] [stdout]           >>> referenced by windows.d39175750555b18d-cgu.3
[INFO] [stdout]           >>>               windows-793625cf07263d2b.windows.d39175750555b18d-cgu.3.rcgu.o:(<windows::core::error::Error>::new) in archive /opt/rustwide/target/release/deps/libwindows-793625cf07263d2b.rlib
[INFO] [stdout]           >>> referenced by windows.d39175750555b18d-cgu.3
[INFO] [stdout]           >>>               windows-793625cf07263d2b.windows.d39175750555b18d-cgu.3.rcgu.o:(windows::core::heap::heap_free) in archive /opt/rustwide/target/release/deps/libwindows-793625cf07263d2b.rlib
[INFO] [stdout]           >>> referenced 4 more times
[INFO] [stdout]           
[INFO] [stdout]           rust-lld: error: undefined symbol: LoadLibraryA
[INFO] [stdout]           >>> referenced by windows.d39175750555b18d-cgu.3
[INFO] [stdout]           >>>               windows-793625cf07263d2b.windows.d39175750555b18d-cgu.3.rcgu.o:(<windows::core::error::Error>::new) in archive /opt/rustwide/target/release/deps/libwindows-793625cf07263d2b.rlib
[INFO] [stdout]           
[INFO] [stdout]           rust-lld: error: undefined symbol: GetProcAddress
[INFO] [stdout]           >>> referenced by windows.d39175750555b18d-cgu.3
[INFO] [stdout]           >>>               windows-793625cf07263d2b.windows.d39175750555b18d-cgu.3.rcgu.o:(<windows::core::error::Error>::new) in archive /opt/rustwide/target/release/deps/libwindows-793625cf07263d2b.rlib
[INFO] [stdout]           
[INFO] [stdout]           rust-lld: error: undefined symbol: FreeLibrary
[INFO] [stdout]           >>> referenced by windows.d39175750555b18d-cgu.3
[INFO] [stdout]           >>>               windows-793625cf07263d2b.windows.d39175750555b18d-cgu.3.rcgu.o:(<windows::core::error::Error>::new) in archive /opt/rustwide/target/release/deps/libwindows-793625cf07263d2b.rlib
[INFO] [stdout]           
[INFO] [stdout]           rust-lld: error: undefined symbol: GetErrorInfo
[INFO] [stdout]           >>> referenced by windows.d39175750555b18d-cgu.3
[INFO] [stdout]           >>>               windows-793625cf07263d2b.windows.d39175750555b18d-cgu.3.rcgu.o:(<windows::core::error::Error>::new) in archive /opt/rustwide/target/release/deps/libwindows-793625cf07263d2b.rlib
[INFO] [stdout]           >>> referenced by windows.d39175750555b18d-cgu.3
[INFO] [stdout]           >>>               windows-793625cf07263d2b.windows.d39175750555b18d-cgu.3.rcgu.o:(<windows::core::error::Error as core::convert::From<windows::core::hresult::HRESULT>>::from) in archive /opt/rustwide/target/release/deps/libwindows-793625cf07263d2b.rlib
[INFO] [stdout]           >>> referenced by windows.d39175750555b18d-cgu.3
[INFO] [stdout]           >>>               windows-793625cf07263d2b.windows.d39175750555b18d-cgu.3.rcgu.o:(<windows::core::error::Error as core::convert::From<windows::core::hresult::HRESULT>>::from) in archive /opt/rustwide/target/release/deps/libwindows-793625cf07263d2b.rlib
[INFO] [stdout]           
[INFO] [stdout]           rust-lld: error: undefined symbol: SysStringLen
[INFO] [stdout]           >>> referenced by windows.d39175750555b18d-cgu.3
[INFO] [stdout]           >>>               windows-793625cf07263d2b.windows.d39175750555b18d-cgu.3.rcgu.o:(<windows::core::error::Error>::message) in archive /opt/rustwide/target/release/deps/libwindows-793625cf07263d2b.rlib
[INFO] [stdout]           >>> referenced by windows.d39175750555b18d-cgu.3
[INFO] [stdout]           >>>               windows-793625cf07263d2b.windows.d39175750555b18d-cgu.3.rcgu.o:(<windows::core::error::Error>::message) in archive /opt/rustwide/target/release/deps/libwindows-793625cf07263d2b.rlib
[INFO] [stdout]           >>> referenced by windows.d39175750555b18d-cgu.3
[INFO] [stdout]           >>>               windows-793625cf07263d2b.windows.d39175750555b18d-cgu.3.rcgu.o:(<windows::core::error::Error as core::convert::From<windows::core::hresult::HRESULT>>::from) in archive /opt/rustwide/target/release/deps/libwindows-793625cf07263d2b.rlib
[INFO] [stdout]           
[INFO] [stdout]           rust-lld: error: undefined symbol: SysFreeString
[INFO] [stdout]           >>> referenced by windows.d39175750555b18d-cgu.3
[INFO] [stdout]           >>>               windows-793625cf07263d2b.windows.d39175750555b18d-cgu.3.rcgu.o:(<windows::core::error::Error>::message) in archive /opt/rustwide/target/release/deps/libwindows-793625cf07263d2b.rlib
[INFO] [stdout]           >>> referenced by windows.d39175750555b18d-cgu.3
[INFO] [stdout]           >>>               windows-793625cf07263d2b.windows.d39175750555b18d-cgu.3.rcgu.o:(<windows::core::error::Error>::message) in archive /opt/rustwide/target/release/deps/libwindows-793625cf07263d2b.rlib
[INFO] [stdout]           >>> referenced by windows.d39175750555b18d-cgu.3
[INFO] [stdout]           >>>               windows-793625cf07263d2b.windows.d39175750555b18d-cgu.3.rcgu.o:(<windows::core::error::Error>::message) in archive /opt/rustwide/target/release/deps/libwindows-793625cf07263d2b.rlib
[INFO] [stdout]           >>> referenced 9 more times
[INFO] [stdout]           
[INFO] [stdout]           rust-lld: error: undefined symbol: HeapAlloc
[INFO] [stdout]           >>> referenced by windows.d39175750555b18d-cgu.2
[INFO] [stdout]           >>>               windows-793625cf07263d2b.windows.d39175750555b18d-cgu.2.rcgu.o:(<windows::core::strings::hstring::HSTRING>::from_wide) in archive /opt/rustwide/target/release/deps/libwindows-793625cf07263d2b.rlib
[INFO] [stdout]           
[INFO] [stdout]           rust-lld: error: undefined symbol: FormatMessageW
[INFO] [stdout]           >>> referenced by windows.d39175750555b18d-cgu.1
[INFO] [stdout]           >>>               windows-793625cf07263d2b.windows.d39175750555b18d-cgu.1.rcgu.o:(<windows::core::hresult::HRESULT>::message) in archive /opt/rustwide/target/release/deps/libwindows-793625cf07263d2b.rlib
[INFO] [stdout]           collect2: error: ld returned 1 exit status
[INFO] [stdout]           
[INFO] [stdout] 
[INFO] [stdout] 
[INFO] running `Command { std: "docker" "inspect" "afd62c0016e4b08a79d3eb54481ccc35499aea555e45f89d1fdb6fb0220b5915", kill_on_drop: false }`
[INFO] running `Command { std: "docker" "rm" "-f" "afd62c0016e4b08a79d3eb54481ccc35499aea555e45f89d1fdb6fb0220b5915", kill_on_drop: false }`
[INFO] [stdout] afd62c0016e4b08a79d3eb54481ccc35499aea555e45f89d1fdb6fb0220b5915
