[INFO] fetching crate hq-rs 0.22.0...
[INFO] testing hq-rs-0.22.0 against 1.99.0-beta.8+cargoflags=--release for beta-release-1.100-2
[INFO] extracting crate hq-rs 0.22.0 into /workspace/builds/worker-3-tc1/source
[INFO] started tweaking crates.io crate hq-rs 0.22.0
[INFO] removed 0 missing tests
[INFO] finished tweaking crates.io crate hq-rs 0.22.0
[INFO] tweaked toml for crates.io crate hq-rs 0.22.0 written to /workspace/builds/worker-3-tc1/source/Cargo.toml
[INFO] validating manifest of crates.io crate hq-rs 0.22.0 on toolchain 1.99.0-beta.8
[INFO] running `Command { std: CARGO_HOME="/workspace/cargo-home" RUSTUP_HOME="/workspace/rustup-home" "/workspace/cargo-home/bin/cargo" "+1.99.0-beta.8" "metadata" "--manifest-path" "Cargo.toml" "--no-deps", kill_on_drop: false }`
[INFO] crate crates.io crate hq-rs 0.22.0 already has a lockfile, it will not be regenerated
[INFO] running `Command { std: CARGO_HOME="/workspace/cargo-home" RUSTUP_HOME="/workspace/rustup-home" "/workspace/cargo-home/bin/cargo" "+1.99.0-beta.8" "fetch" "--manifest-path" "Cargo.toml", kill_on_drop: false }`
[INFO] [stderr]     Updating crates.io index
[INFO] [stderr]  Downloading crates ...
[INFO] [stderr]   Downloaded hcl-primitives v0.1.8
[INFO] [stderr]   Downloaded hcl-edit v0.8.5
[INFO] [stderr]   Downloaded vecmap-rs v0.2.3
[INFO] [stderr]   Downloaded annotate-snippets v0.11.5
[INFO] [stderr]   Downloaded hcl-rs v0.18.4
[INFO] running `Command { std: "docker" "create" "-v" "/var/lib/crater-agent-workspace/builds/worker-3-tc1/source:/opt/rustwide/workdir:ro,Z" "-v" "/var/lib/crater-agent-workspace/builds/worker-3-tc1/target:/opt/rustwide/target:rw,Z" "-v" "/var/lib/crater-agent-workspace/cargo-home:/opt/rustwide/cargo-home:ro,Z" "-v" "/var/lib/crater-agent-workspace/rustup-home:/opt/rustwide/rustup-home:ro,Z" "-m" "1610612736" "--network" "none" "ghcr.io/rust-lang/crates-build-env/linux@sha256:77db811e55d90add9212f6832c23229e3de5f1c1f9905e8cb07319ea15df73ac" "sleep" "infinity", kill_on_drop: false }`
[INFO] [stdout] ccb2d45df37bcb65b59d67c7bc472f8a35035d032b483b0b12513e864c06fe0b
[INFO] running `Command { std: "docker" "start" "ccb2d45df37bcb65b59d67c7bc472f8a35035d032b483b0b12513e864c06fe0b", kill_on_drop: false }`
[INFO] running `Command { std: "docker" "inspect" "ccb2d45df37bcb65b59d67c7bc472f8a35035d032b483b0b12513e864c06fe0b", kill_on_drop: false }`
[INFO] running `Command { std: "docker" "exec" "-e" "SOURCE_DIR=/opt/rustwide/workdir" "-e" "CARGO_HOME=/opt/rustwide/cargo-home" "-e" "RUSTUP_HOME=/opt/rustwide/rustup-home" "-e" "CARGO_TARGET_DIR=/opt/rustwide/target" "-w" "/opt/rustwide/workdir" "--user" "0:0" "ccb2d45df37bcb65b59d67c7bc472f8a35035d032b483b0b12513e864c06fe0b" "/opt/rustwide/cargo-home/bin/cargo" "+1.99.0-beta.8" "metadata" "--no-deps" "--format-version=1", kill_on_drop: false }`
[INFO] running `Command { std: "docker" "inspect" "ccb2d45df37bcb65b59d67c7bc472f8a35035d032b483b0b12513e864c06fe0b", kill_on_drop: false }`
[INFO] running `Command { std: "docker" "exec" "-e" "SOURCE_DIR=/opt/rustwide/workdir" "-e" "CARGO_HOME=/opt/rustwide/cargo-home" "-e" "RUSTUP_HOME=/opt/rustwide/rustup-home" "-e" "CARGO_TARGET_DIR=/opt/rustwide/target" "-e" "CARGO_INCREMENTAL=0" "-e" "RUST_BACKTRACE=full" "-e" "RUSTFLAGS=--cap-lints=warn" "-e" "RUSTDOCFLAGS=--cap-lints=warn" "-w" "/opt/rustwide/workdir" "--user" "0:0" "ccb2d45df37bcb65b59d67c7bc472f8a35035d032b483b0b12513e864c06fe0b" "/opt/rustwide/cargo-home/bin/cargo" "+1.99.0-beta.8" "build" "--frozen" "--message-format=json" "--release", kill_on_drop: false }`
[INFO] [stderr]    Compiling thiserror-impl v2.0.12
[INFO] [stderr]    Compiling serde v1.0.219
[INFO] [stderr]    Compiling serde_derive v1.0.219
[INFO] [stderr]    Compiling anstyle v1.0.10
[INFO] [stderr]    Compiling unicode-ident v1.0.18
[INFO] [stderr]    Compiling colorchoice v1.0.3
[INFO] [stderr]    Compiling anstyle-query v1.1.2
[INFO] [stderr]    Compiling anstyle-parse v0.2.6
[INFO] [stderr]    Compiling clap_lex v0.7.4
[INFO] [stderr]    Compiling hashbrown v0.15.2
[INFO] [stderr]    Compiling clap_derive v4.5.32
[INFO] [stderr]    Compiling anstream v0.6.18
[INFO] [stderr]    Compiling annotate-snippets v0.11.5
[INFO] [stderr]    Compiling clap_builder v4.5.32
[INFO] [stderr]    Compiling thiserror v2.0.12
[INFO] [stderr]    Compiling pest v2.7.15
[INFO] [stderr]    Compiling pest_meta v2.7.15
[INFO] [stderr]    Compiling clap v4.5.32
[INFO] [stderr]    Compiling pest_generator v2.7.15
[INFO] [stderr]    Compiling pest_derive v2.7.15
[INFO] [stderr]    Compiling hcl-primitives v0.1.8
[INFO] [stderr]    Compiling vecmap-rs v0.2.3
[INFO] [stderr]    Compiling indexmap v2.8.0
[INFO] [stderr]    Compiling hcl-edit v0.8.5
[INFO] [stderr]    Compiling hcl-rs v0.18.4
[INFO] [stderr]    Compiling hq-rs v0.22.0 (/opt/rustwide/workdir)
[INFO] [stderr]     Finished `release` profile [optimized] target(s) in 43.77s
[INFO] running `Command { std: "docker" "inspect" "ccb2d45df37bcb65b59d67c7bc472f8a35035d032b483b0b12513e864c06fe0b", kill_on_drop: false }`
[INFO] running `Command { std: "docker" "exec" "-e" "SOURCE_DIR=/opt/rustwide/workdir" "-e" "CARGO_HOME=/opt/rustwide/cargo-home" "-e" "RUSTUP_HOME=/opt/rustwide/rustup-home" "-e" "CARGO_TARGET_DIR=/opt/rustwide/target" "-e" "CARGO_INCREMENTAL=0" "-e" "RUST_BACKTRACE=full" "-e" "RUSTFLAGS=--cap-lints=warn" "-e" "RUSTDOCFLAGS=--cap-lints=warn" "-w" "/opt/rustwide/workdir" "--user" "0:0" "ccb2d45df37bcb65b59d67c7bc472f8a35035d032b483b0b12513e864c06fe0b" "/opt/rustwide/cargo-home/bin/cargo" "+1.99.0-beta.8" "test" "--frozen" "--no-run" "--message-format=json" "--release", kill_on_drop: false }`
[INFO] [stderr]    Compiling hq-rs v0.22.0 (/opt/rustwide/workdir)
[INFO] [stdout] error[E0433]: cannot find module or crate `utilities` in this scope
[INFO] [stdout]  --> tests/query-tests.rs:7:16
[INFO] [stdout]   |
[INFO] [stdout] 7 |     let body = utilities::read_test_hcl().expect("hcl error");
[INFO] [stdout]   |                ^^^^^^^^^ use of unresolved module or unlinked crate `utilities`
[INFO] [stdout]   |
[INFO] [stdout]   = help: if you wanted to use a crate named `utilities`, use `cargo add utilities` to add it to your `Cargo.toml`
[INFO] [stdout] 
[INFO] [stdout] 
[INFO] [stdout] error[E0433]: cannot find module or crate `utilities` in this scope
[INFO] [stdout]   --> tests/query-tests.rs:23:16
[INFO] [stdout]    |
[INFO] [stdout] 23 |     let body = utilities::read_test_hcl().expect("hcl error");
[INFO] [stdout]    |                ^^^^^^^^^ use of unresolved module or unlinked crate `utilities`
[INFO] [stdout]    |
[INFO] [stdout]    = help: if you wanted to use a crate named `utilities`, use `cargo add utilities` to add it to your `Cargo.toml`
[INFO] [stdout] 
[INFO] [stdout] 
[INFO] [stdout] error[E0433]: cannot find module or crate `utilities` in this scope
[INFO] [stdout]   --> tests/query-tests.rs:39:16
[INFO] [stdout]    |
[INFO] [stdout] 39 |     let body = utilities::read_test_hcl().expect("hcl error");
[INFO] [stdout]    |                ^^^^^^^^^ use of unresolved module or unlinked crate `utilities`
[INFO] [stdout]    |
[INFO] [stdout]    = help: if you wanted to use a crate named `utilities`, use `cargo add utilities` to add it to your `Cargo.toml`
[INFO] [stdout] 
[INFO] [stdout] 
[INFO] [stdout] error[E0433]: cannot find module or crate `utilities` in this scope
[INFO] [stdout]   --> tests/query-tests.rs:61:16
[INFO] [stdout]    |
[INFO] [stdout] 61 |     let body = utilities::read_test_hcl().expect("hcl error");
[INFO] [stdout]    |                ^^^^^^^^^ use of unresolved module or unlinked crate `utilities`
[INFO] [stdout]    |
[INFO] [stdout]    = help: if you wanted to use a crate named `utilities`, use `cargo add utilities` to add it to your `Cargo.toml`
[INFO] [stdout] 
[INFO] [stdout] 
[INFO] [stdout] error[E0433]: cannot find module or crate `utilities` in this scope
[INFO] [stdout]   --> tests/query-tests.rs:77:16
[INFO] [stdout]    |
[INFO] [stdout] 77 |     let body = utilities::read_test_hcl().expect("hcl error");
[INFO] [stdout]    |                ^^^^^^^^^ use of unresolved module or unlinked crate `utilities`
[INFO] [stdout]    |
[INFO] [stdout]    = help: if you wanted to use a crate named `utilities`, use `cargo add utilities` to add it to your `Cargo.toml`
[INFO] [stdout] 
[INFO] [stdout] 
[INFO] [stdout] error[E0433]: cannot find module or crate `utilities` in this scope
[INFO] [stdout]   --> tests/query-tests.rs:96:16
[INFO] [stdout]    |
[INFO] [stdout] 96 |     let body = utilities::read_test_hcl().expect("hcl error");
[INFO] [stdout]    |                ^^^^^^^^^ use of unresolved module or unlinked crate `utilities`
[INFO] [stdout]    |
[INFO] [stdout]    = help: if you wanted to use a crate named `utilities`, use `cargo add utilities` to add it to your `Cargo.toml`
[INFO] [stdout] 
[INFO] [stdout] 
[INFO] [stdout] error[E0433]: cannot find module or crate `utilities` in this scope
[INFO] [stdout]    --> tests/query-tests.rs:115:16
[INFO] [stdout]     |
[INFO] [stdout] 115 |     let body = utilities::read_test_hcl().expect("hcl error");
[INFO] [stdout]     |                ^^^^^^^^^ use of unresolved module or unlinked crate `utilities`
[INFO] [stdout]     |
[INFO] [stdout]     = help: if you wanted to use a crate named `utilities`, use `cargo add utilities` to add it to your `Cargo.toml`
[INFO] [stdout] 
[INFO] [stdout] 
[INFO] [stdout] For more information about this error, try `rustc --explain E0433`.
[INFO] [stdout] 
[INFO] [stderr] error: could not compile `hq-rs` (test "query-tests") due to 7 previous errors
[INFO] [stderr] warning: build failed, waiting for other jobs to finish...
[INFO] [stdout] error[E0433]: cannot find module or crate `utilities` in this scope
[INFO] [stdout]  --> tests/write-tests.rs:8:20
[INFO] [stdout]   |
[INFO] [stdout] 8 |     let mut body = utilities::edit_hcl("version = \"test\"").expect("hcl error");
[INFO] [stdout]   |                    ^^^^^^^^^ use of unresolved module or unlinked crate `utilities`
[INFO] [stdout]   |
[INFO] [stdout]   = help: if you wanted to use a crate named `utilities`, use `cargo add utilities` to add it to your `Cargo.toml`
[INFO] [stdout] 
[INFO] [stdout] 
[INFO] [stdout] error[E0433]: cannot find module or crate `utilities` in this scope
[INFO] [stdout]  --> tests/delete-tests.rs:8:20
[INFO] [stdout]   |
[INFO] [stdout] 8 |     let mut body = utilities::edit_hcl("version = \"test\"").expect("hcl error");
[INFO] [stdout]   |                    ^^^^^^^^^ use of unresolved module or unlinked crate `utilities`
[INFO] [stdout]   |
[INFO] [stdout]   = help: if you wanted to use a crate named `utilities`, use `cargo add utilities` to add it to your `Cargo.toml`
[INFO] [stdout] 
[INFO] [stdout] 
[INFO] [stdout] error[E0433]: cannot find module or crate `utilities` in this scope
[INFO] [stdout]   --> tests/delete-tests.rs:21:9
[INFO] [stdout]    |
[INFO] [stdout] 21 |         utilities::edit_hcl("module \"cool-module\" { version = \"1.0\" }").expect("hcl error");
[INFO] [stdout]    |         ^^^^^^^^^ use of unresolved module or unlinked crate `utilities`
[INFO] [stdout]    |
[INFO] [stdout]    = help: if you wanted to use a crate named `utilities`, use `cargo add utilities` to add it to your `Cargo.toml`
[INFO] [stdout] 
[INFO] [stdout] 
[INFO] [stdout] error[E0433]: cannot find module or crate `utilities` in this scope
[INFO] [stdout]   --> tests/delete-tests.rs:37:9
[INFO] [stdout]    |
[INFO] [stdout] 37 |         utilities::edit_hcl("module \"cool-module\" { version = \"1.0\" }").expect("hcl error");
[INFO] [stdout]    |         ^^^^^^^^^ use of unresolved module or unlinked crate `utilities`
[INFO] [stdout]    |
[INFO] [stdout]    = help: if you wanted to use a crate named `utilities`, use `cargo add utilities` to add it to your `Cargo.toml`
[INFO] [stdout] 
[INFO] [stdout] 
[INFO] [stdout] error[E0433]: cannot find module or crate `utilities` in this scope
[INFO] [stdout]   --> tests/delete-tests.rs:49:20
[INFO] [stdout]    |
[INFO] [stdout] 49 |     let mut body = utilities::edit_hcl("local { var = 5 }").expect("hcl error");
[INFO] [stdout]    |                    ^^^^^^^^^ use of unresolved module or unlinked crate `utilities`
[INFO] [stdout]    |
[INFO] [stdout]    = help: if you wanted to use a crate named `utilities`, use `cargo add utilities` to add it to your `Cargo.toml`
[INFO] [stdout] 
[INFO] [stdout] 
[INFO] [stdout] error[E0433]: cannot find module or crate `utilities` in this scope
[INFO] [stdout]   --> tests/delete-tests.rs:61:20
[INFO] [stdout]    |
[INFO] [stdout] 61 |     let mut body = utilities::edit_hcl("local { var = 5 }").expect("hcl error");
[INFO] [stdout]    |                    ^^^^^^^^^ use of unresolved module or unlinked crate `utilities`
[INFO] [stdout]    |
[INFO] [stdout]    = help: if you wanted to use a crate named `utilities`, use `cargo add utilities` to add it to your `Cargo.toml`
[INFO] [stdout] 
[INFO] [stdout] 
[INFO] [stdout] error[E0433]: cannot find module or crate `utilities` in this scope
[INFO] [stdout]   --> tests/write-tests.rs:22:20
[INFO] [stdout]    |
[INFO] [stdout] 22 |     let mut body = utilities::edit_hcl("options { enabled = false }").expect("hcl error");
[INFO] [stdout]    |                    ^^^^^^^^^ use of unresolved module or unlinked crate `utilities`
[INFO] [stdout]    |
[INFO] [stdout]    = help: if you wanted to use a crate named `utilities`, use `cargo add utilities` to add it to your `Cargo.toml`
[INFO] [stdout] 
[INFO] [stdout] 
[INFO] [stdout] error[E0433]: cannot find module or crate `utilities` in this scope
[INFO] [stdout]   --> tests/delete-tests.rs:73:20
[INFO] [stdout]    |
[INFO] [stdout] 73 |     let mut body = utilities::edit_hcl("local { obj = { val = 5 } }").expect("hcl error");
[INFO] [stdout]    |                    ^^^^^^^^^ use of unresolved module or unlinked crate `utilities`
[INFO] [stdout]    |
[INFO] [stdout]    = help: if you wanted to use a crate named `utilities`, use `cargo add utilities` to add it to your `Cargo.toml`
[INFO] [stdout] 
[INFO] [stdout] 
[INFO] [stdout] error[E0433]: cannot find module or crate `utilities` in this scope
[INFO] [stdout]   --> tests/write-tests.rs:40:9
[INFO] [stdout]    |
[INFO] [stdout] 40 |         utilities::edit_hcl("module \"cool-module\" { version = \"1.0\" }").expect("hcl error");
[INFO] [stdout]    |         ^^^^^^^^^ use of unresolved module or unlinked crate `utilities`
[INFO] [stdout]    |
[INFO] [stdout]    = help: if you wanted to use a crate named `utilities`, use `cargo add utilities` to add it to your `Cargo.toml`
[INFO] [stdout] 
[INFO] [stdout] 
[INFO] [stdout] error[E0433]: cannot find module or crate `utilities` in this scope
[INFO] [stdout]   --> tests/delete-tests.rs:91:9
[INFO] [stdout]    |
[INFO] [stdout] 91 |         utilities::edit_hcl("local { obj = { obj2 = { val = 5 } } }").expect("hcl error");
[INFO] [stdout]    |         ^^^^^^^^^ use of unresolved module or unlinked crate `utilities`
[INFO] [stdout]    |
[INFO] [stdout]    = help: if you wanted to use a crate named `utilities`, use `cargo add utilities` to add it to your `Cargo.toml`
[INFO] [stdout] 
[INFO] [stdout] 
[INFO] [stdout] For more information about this error, try `rustc --explain E0433`.
[INFO] [stdout] 
[INFO] [stdout] error[E0433]: cannot find module or crate `utilities` in this scope
[INFO] [stdout]   --> tests/write-tests.rs:57:20
[INFO] [stdout]    |
[INFO] [stdout] 57 |     let mut body = utilities::edit_hcl("options { attr = \"value\" }").expect("hcl error");
[INFO] [stdout]    |                    ^^^^^^^^^ use of unresolved module or unlinked crate `utilities`
[INFO] [stdout]    |
[INFO] [stdout]    = help: if you wanted to use a crate named `utilities`, use `cargo add utilities` to add it to your `Cargo.toml`
[INFO] [stdout] 
[INFO] [stdout] 
[INFO] [stderr] error: could not compile `hq-rs` (test "delete-tests") due to 7 previous errors
[INFO] [stdout] For more information about this error, try `rustc --explain E0433`.
[INFO] [stdout] 
[INFO] [stderr] error: could not compile `hq-rs` (test "write-tests") due to 4 previous errors
[INFO] running `Command { std: "docker" "inspect" "ccb2d45df37bcb65b59d67c7bc472f8a35035d032b483b0b12513e864c06fe0b", kill_on_drop: false }`
[INFO] running `Command { std: "docker" "rm" "-f" "ccb2d45df37bcb65b59d67c7bc472f8a35035d032b483b0b12513e864c06fe0b", kill_on_drop: false }`
[INFO] [stdout] ccb2d45df37bcb65b59d67c7bc472f8a35035d032b483b0b12513e864c06fe0b
