[INFO] fetching crate hotwire 0.0.1...
[INFO] testing hotwire-0.0.1 against 1.100.0-beta.1+cargoflags=--release for beta-release-1.100-2
[INFO] extracting crate hotwire 0.0.1 into /workspace/builds/worker-4-tc2/source
[INFO] started tweaking crates.io crate hotwire 0.0.1
[INFO] removed 0 missing examples
[INFO] finished tweaking crates.io crate hotwire 0.0.1
[INFO] tweaked toml for crates.io crate hotwire 0.0.1 written to /workspace/builds/worker-4-tc2/source/Cargo.toml
[INFO] validating manifest of crates.io crate hotwire 0.0.1 on toolchain 1.100.0-beta.1
[INFO] running `Command { std: CARGO_HOME="/workspace/cargo-home" RUSTUP_HOME="/workspace/rustup-home" "/workspace/cargo-home/bin/cargo" "+1.100.0-beta.1" "metadata" "--manifest-path" "Cargo.toml" "--no-deps", kill_on_drop: false }`
[INFO] crate crates.io crate hotwire 0.0.1 already has a lockfile, it will not be regenerated
[INFO] running `Command { std: CARGO_HOME="/workspace/cargo-home" RUSTUP_HOME="/workspace/rustup-home" "/workspace/cargo-home/bin/cargo" "+1.100.0-beta.1" "fetch" "--manifest-path" "Cargo.toml", kill_on_drop: false }`
[INFO] running `Command { std: "docker" "create" "-v" "/var/lib/crater-agent-workspace/builds/worker-4-tc2/source:/opt/rustwide/workdir:ro,Z" "-v" "/var/lib/crater-agent-workspace/builds/worker-4-tc2/target:/opt/rustwide/target:rw,Z" "-v" "/var/lib/crater-agent-workspace/cargo-home:/opt/rustwide/cargo-home:ro,Z" "-v" "/var/lib/crater-agent-workspace/rustup-home:/opt/rustwide/rustup-home:ro,Z" "-m" "1610612736" "--network" "none" "ghcr.io/rust-lang/crates-build-env/linux@sha256:77db811e55d90add9212f6832c23229e3de5f1c1f9905e8cb07319ea15df73ac" "sleep" "infinity", kill_on_drop: false }`
[INFO] [stdout] adbd3870bca1d7c3a6dbe3bdba6566cf16f75361d2a6282a17346bea2d895642
[INFO] running `Command { std: "docker" "start" "adbd3870bca1d7c3a6dbe3bdba6566cf16f75361d2a6282a17346bea2d895642", kill_on_drop: false }`
[INFO] running `Command { std: "docker" "inspect" "adbd3870bca1d7c3a6dbe3bdba6566cf16f75361d2a6282a17346bea2d895642", kill_on_drop: false }`
[INFO] running `Command { std: "docker" "exec" "-e" "SOURCE_DIR=/opt/rustwide/workdir" "-e" "CARGO_HOME=/opt/rustwide/cargo-home" "-e" "RUSTUP_HOME=/opt/rustwide/rustup-home" "-e" "CARGO_TARGET_DIR=/opt/rustwide/target" "-w" "/opt/rustwide/workdir" "--user" "0:0" "adbd3870bca1d7c3a6dbe3bdba6566cf16f75361d2a6282a17346bea2d895642" "/opt/rustwide/cargo-home/bin/cargo" "+1.100.0-beta.1" "metadata" "--no-deps" "--format-version=1", kill_on_drop: false }`
[INFO] running `Command { std: "docker" "inspect" "adbd3870bca1d7c3a6dbe3bdba6566cf16f75361d2a6282a17346bea2d895642", kill_on_drop: false }`
[INFO] running `Command { std: "docker" "exec" "-e" "SOURCE_DIR=/opt/rustwide/workdir" "-e" "CARGO_HOME=/opt/rustwide/cargo-home" "-e" "RUSTUP_HOME=/opt/rustwide/rustup-home" "-e" "CARGO_TARGET_DIR=/opt/rustwide/target" "-e" "CARGO_INCREMENTAL=0" "-e" "RUST_BACKTRACE=full" "-e" "RUSTFLAGS=--cap-lints=warn" "-e" "RUSTDOCFLAGS=--cap-lints=warn" "-w" "/opt/rustwide/workdir" "--user" "0:0" "adbd3870bca1d7c3a6dbe3bdba6566cf16f75361d2a6282a17346bea2d895642" "/opt/rustwide/cargo-home/bin/cargo" "+1.100.0-beta.1" "build" "--frozen" "--message-format=json" "--release", kill_on_drop: false }`
[INFO] [stderr]    Compiling libc v0.2.177
[INFO] [stderr]    Compiling sdl3-sys v0.5.10+SDL3-3.2.26
[INFO] [stderr]    Compiling rand_core v0.6.4
[INFO] [stderr]    Compiling sdl3 v0.16.1
[INFO] [stderr]    Compiling rand v0.8.5
[INFO] [stderr]    Compiling rand_xorshift v0.3.0
[INFO] [stderr]    Compiling noise v0.9.0
[INFO] [stderr]    Compiling getrandom v0.3.4
[INFO] [stderr]    Compiling rand_core v0.9.3
[INFO] [stderr]    Compiling rand_chacha v0.9.0
[INFO] [stderr]    Compiling rand v0.9.2
[INFO] [stderr]    Compiling hotwire v0.0.1 (/opt/rustwide/workdir)
[INFO] [stderr]     Finished `release` profile [optimized] target(s) in 7.49s
[INFO] running `Command { std: "docker" "inspect" "adbd3870bca1d7c3a6dbe3bdba6566cf16f75361d2a6282a17346bea2d895642", kill_on_drop: false }`
[INFO] running `Command { std: "docker" "exec" "-e" "SOURCE_DIR=/opt/rustwide/workdir" "-e" "CARGO_HOME=/opt/rustwide/cargo-home" "-e" "RUSTUP_HOME=/opt/rustwide/rustup-home" "-e" "CARGO_TARGET_DIR=/opt/rustwide/target" "-e" "CARGO_INCREMENTAL=0" "-e" "RUST_BACKTRACE=full" "-e" "RUSTFLAGS=--cap-lints=warn" "-e" "RUSTDOCFLAGS=--cap-lints=warn" "-w" "/opt/rustwide/workdir" "--user" "0:0" "adbd3870bca1d7c3a6dbe3bdba6566cf16f75361d2a6282a17346bea2d895642" "/opt/rustwide/cargo-home/bin/cargo" "+1.100.0-beta.1" "test" "--frozen" "--no-run" "--message-format=json" "--release", kill_on_drop: false }`
[INFO] [stderr]    Compiling hotwire v0.0.1 (/opt/rustwide/workdir)
[INFO] [stdout] error: linking with `cc` failed: exit status: 1
[INFO] [stdout]   |
[INFO] [stdout]   = note:  "cc" "-m64" "/opt/rustwide/target/release/build/hotwire/bb63e3bcfae55430/out/rustclmKxtY/symbols.o" "<2 object files omitted>" "-Wl,--as-needed" "-Wl,-Bstatic" "<sysroot>/lib/rustlib/x86_64-unknown-linux-gnu/lib/{libtest-*,libgetopts-*,librustc_std_workspace_std-*}.rlib" "/opt/rustwide/target/release/build/sdl3/ec982dbe92731f16/out/libsdl3-ec982dbe92731f16.rlib" "/opt/rustwide/target/release/build/sdl3-sys/2f9e6dbefc4a1d01/out/libsdl3_sys-2f9e6dbefc4a1d01.rlib" "/opt/rustwide/target/release/build/lazy_static/fdd6af0286056ca3/out/liblazy_static-fdd6af0286056ca3.rlib" "/opt/rustwide/target/release/build/bitflags/8de73b99f8fb1681/out/libbitflags-8de73b99f8fb1681.rlib" "/opt/rustwide/target/release/build/rand/16d20f3e1300a119/out/librand-16d20f3e1300a119.rlib" "/opt/rustwide/target/release/build/rand_chacha/ca4dc5819f4543a0/out/librand_chacha-ca4dc5819f4543a0.rlib" "/opt/rustwide/target/release/build/ppv-lite86/fad996525c353579/out/libppv_lite86-fad996525c353579.rlib" "/opt/rustwide/target/release/build/zerocopy/1c70e647d2bdc7cb/out/libzerocopy-1c70e647d2bdc7cb.rlib" "/opt/rustwide/target/release/build/rand_core/72f393419d504878/out/librand_core-72f393419d504878.rlib" "/opt/rustwide/target/release/build/getrandom/41e08971d5824f27/out/libgetrandom-41e08971d5824f27.rlib" "/opt/rustwide/target/release/build/libc/a940482f0e8d294f/out/liblibc-a940482f0e8d294f.rlib" "/opt/rustwide/target/release/build/cfg-if/6d8dca19095bb388/out/libcfg_if-6d8dca19095bb388.rlib" "/opt/rustwide/target/release/build/noise/75ec57fe9410ffbd/out/libnoise-75ec57fe9410ffbd.rlib" "/opt/rustwide/target/release/build/rand_xorshift/c6b918ba8204b348/out/librand_xorshift-c6b918ba8204b348.rlib" "/opt/rustwide/target/release/build/rand/326119ae362376e1/out/librand-326119ae362376e1.rlib" "/opt/rustwide/target/release/build/rand_core/eca2545841f9a904/out/librand_core-eca2545841f9a904.rlib" "/opt/rustwide/target/release/build/num-traits/c4bb5d617fe10b48/out/libnum_traits-c4bb5d617fe10b48.rlib" "<sysroot>/lib/rustlib/x86_64-unknown-linux-gnu/lib/{libstd-*,libpanic_unwind-*,libobject-*,libmemchr-*,libaddr2line-*,libgimli-*,libcfg_if-*,librustc_demangle-*,libstd_detect-*,libhashbrown-*,librustc_std_workspace_alloc-*,libminiz_oxide-*,libadler2-*,libunwind-*,liblibc-*,librustc_std_workspace_core-*,liballoc-*,libcore-*,libcompiler_builtins-*}.rlib" "-Wl,-Bdynamic" "-lSDL3" "-lgcc_s" "-lutil" "-lrt" "-lpthread" "-lm" "-ldl" "-lc" "-L" "/opt/rustwide/target/release/build/hotwire/bb63e3bcfae55430/out/rustclmKxtY/raw-dylibs" "-B<sysroot>/lib/rustlib/x86_64-unknown-linux-gnu/bin/gcc-ld" "-fuse-ld=lld" "-Wl,--eh-frame-hdr" "-Wl,-z,noexecstack" "-L" "/usr/local/lib" "-L" "<sysroot>/lib/rustlib/x86_64-unknown-linux-gnu/lib" "-o" "/opt/rustwide/target/release/build/hotwire/bb63e3bcfae55430/out/hotwire-bb63e3bcfae55430" "-Wl,--gc-sections" "-pie" "-Wl,-z,relro,-z,now" "-Wl,-O1" "-Wl,--strip-debug" "-nodefaultlibs"
[INFO] [stdout]   = note: some arguments are omitted. use `--verbose` to show all linker arguments
[INFO] [stdout]   = note: rust-lld: error: unable to find library -lSDL3
[INFO] [stdout]           collect2: error: ld returned 1 exit status
[INFO] [stdout]           
[INFO] [stdout] 
[INFO] [stdout] 
[INFO] [stderr] error: could not compile `hotwire` (lib test) due to 1 previous error
[INFO] [stderr] warning: build failed, waiting for other jobs to finish...
[INFO] [stdout] error: linking with `cc` failed: exit status: 1
[INFO] [stdout]   |
[INFO] [stdout]   = note:  "cc" "-m64" "/opt/rustwide/target/release/build/hotwire/19b2c287d5c1c776/out/rustcbUQVtk/symbols.o" "<2 object files omitted>" "-Wl,--as-needed" "-Wl,-Bstatic" "/opt/rustwide/target/release/build/hotwire/f976c1d2cb4be86d/out/libhotwire-f976c1d2cb4be86d.rlib" "/opt/rustwide/target/release/build/sdl3/ec982dbe92731f16/out/libsdl3-ec982dbe92731f16.rlib" "/opt/rustwide/target/release/build/sdl3-sys/2f9e6dbefc4a1d01/out/libsdl3_sys-2f9e6dbefc4a1d01.rlib" "/opt/rustwide/target/release/build/lazy_static/fdd6af0286056ca3/out/liblazy_static-fdd6af0286056ca3.rlib" "/opt/rustwide/target/release/build/bitflags/8de73b99f8fb1681/out/libbitflags-8de73b99f8fb1681.rlib" "/opt/rustwide/target/release/build/rand/16d20f3e1300a119/out/librand-16d20f3e1300a119.rlib" "/opt/rustwide/target/release/build/rand_chacha/ca4dc5819f4543a0/out/librand_chacha-ca4dc5819f4543a0.rlib" "/opt/rustwide/target/release/build/ppv-lite86/fad996525c353579/out/libppv_lite86-fad996525c353579.rlib" "/opt/rustwide/target/release/build/zerocopy/1c70e647d2bdc7cb/out/libzerocopy-1c70e647d2bdc7cb.rlib" "/opt/rustwide/target/release/build/rand_core/72f393419d504878/out/librand_core-72f393419d504878.rlib" "/opt/rustwide/target/release/build/getrandom/41e08971d5824f27/out/libgetrandom-41e08971d5824f27.rlib" "/opt/rustwide/target/release/build/libc/a940482f0e8d294f/out/liblibc-a940482f0e8d294f.rlib" "/opt/rustwide/target/release/build/cfg-if/6d8dca19095bb388/out/libcfg_if-6d8dca19095bb388.rlib" "/opt/rustwide/target/release/build/noise/75ec57fe9410ffbd/out/libnoise-75ec57fe9410ffbd.rlib" "/opt/rustwide/target/release/build/rand_xorshift/c6b918ba8204b348/out/librand_xorshift-c6b918ba8204b348.rlib" "/opt/rustwide/target/release/build/rand/326119ae362376e1/out/librand-326119ae362376e1.rlib" "/opt/rustwide/target/release/build/rand_core/eca2545841f9a904/out/librand_core-eca2545841f9a904.rlib" "/opt/rustwide/target/release/build/num-traits/c4bb5d617fe10b48/out/libnum_traits-c4bb5d617fe10b48.rlib" "<sysroot>/lib/rustlib/x86_64-unknown-linux-gnu/lib/{libstd-*,libpanic_unwind-*,libobject-*,libmemchr-*,libaddr2line-*,libgimli-*,libcfg_if-*,librustc_demangle-*,libstd_detect-*,libhashbrown-*,librustc_std_workspace_alloc-*,libminiz_oxide-*,libadler2-*,libunwind-*,liblibc-*,librustc_std_workspace_core-*,liballoc-*,libcore-*,libcompiler_builtins-*}.rlib" "-Wl,-Bdynamic" "-lSDL3" "-lgcc_s" "-lutil" "-lrt" "-lpthread" "-lm" "-ldl" "-lc" "-L" "/opt/rustwide/target/release/build/hotwire/19b2c287d5c1c776/out/rustcbUQVtk/raw-dylibs" "-B<sysroot>/lib/rustlib/x86_64-unknown-linux-gnu/bin/gcc-ld" "-fuse-ld=lld" "-Wl,--eh-frame-hdr" "-Wl,-z,noexecstack" "-L" "/usr/local/lib" "-L" "<sysroot>/lib/rustlib/x86_64-unknown-linux-gnu/lib" "-o" "/opt/rustwide/target/release/build/hotwire/19b2c287d5c1c776/out/basic" "-Wl,--gc-sections" "-pie" "-Wl,-z,relro,-z,now" "-Wl,-O1" "-Wl,--strip-debug" "-nodefaultlibs"
[INFO] [stdout]   = note: some arguments are omitted. use `--verbose` to show all linker arguments
[INFO] [stdout]   = note: rust-lld: error: unable to find library -lSDL3
[INFO] [stdout]           collect2: error: ld returned 1 exit status
[INFO] [stdout]           
[INFO] [stdout] 
[INFO] [stdout] 
[INFO] [stderr] error: could not compile `hotwire` (example "basic") due to 1 previous error
[INFO] [stdout] error: linking with `cc` failed: exit status: 1
[INFO] [stdout]   |
[INFO] [stdout]   = note:  "cc" "-m64" "/opt/rustwide/target/release/build/hotwire/78badb8f576d56b3/out/rustcKOE1F9/symbols.o" "<2 object files omitted>" "-Wl,--as-needed" "-Wl,-Bstatic" "/opt/rustwide/target/release/build/hotwire/f976c1d2cb4be86d/out/libhotwire-f976c1d2cb4be86d.rlib" "/opt/rustwide/target/release/build/sdl3/ec982dbe92731f16/out/libsdl3-ec982dbe92731f16.rlib" "/opt/rustwide/target/release/build/sdl3-sys/2f9e6dbefc4a1d01/out/libsdl3_sys-2f9e6dbefc4a1d01.rlib" "/opt/rustwide/target/release/build/lazy_static/fdd6af0286056ca3/out/liblazy_static-fdd6af0286056ca3.rlib" "/opt/rustwide/target/release/build/bitflags/8de73b99f8fb1681/out/libbitflags-8de73b99f8fb1681.rlib" "/opt/rustwide/target/release/build/rand/16d20f3e1300a119/out/librand-16d20f3e1300a119.rlib" "/opt/rustwide/target/release/build/rand_chacha/ca4dc5819f4543a0/out/librand_chacha-ca4dc5819f4543a0.rlib" "/opt/rustwide/target/release/build/ppv-lite86/fad996525c353579/out/libppv_lite86-fad996525c353579.rlib" "/opt/rustwide/target/release/build/zerocopy/1c70e647d2bdc7cb/out/libzerocopy-1c70e647d2bdc7cb.rlib" "/opt/rustwide/target/release/build/rand_core/72f393419d504878/out/librand_core-72f393419d504878.rlib" "/opt/rustwide/target/release/build/getrandom/41e08971d5824f27/out/libgetrandom-41e08971d5824f27.rlib" "/opt/rustwide/target/release/build/libc/a940482f0e8d294f/out/liblibc-a940482f0e8d294f.rlib" "/opt/rustwide/target/release/build/cfg-if/6d8dca19095bb388/out/libcfg_if-6d8dca19095bb388.rlib" "/opt/rustwide/target/release/build/noise/75ec57fe9410ffbd/out/libnoise-75ec57fe9410ffbd.rlib" "/opt/rustwide/target/release/build/rand_xorshift/c6b918ba8204b348/out/librand_xorshift-c6b918ba8204b348.rlib" "/opt/rustwide/target/release/build/rand/326119ae362376e1/out/librand-326119ae362376e1.rlib" "/opt/rustwide/target/release/build/rand_core/eca2545841f9a904/out/librand_core-eca2545841f9a904.rlib" "/opt/rustwide/target/release/build/num-traits/c4bb5d617fe10b48/out/libnum_traits-c4bb5d617fe10b48.rlib" "<sysroot>/lib/rustlib/x86_64-unknown-linux-gnu/lib/{libstd-*,libpanic_unwind-*,libobject-*,libmemchr-*,libaddr2line-*,libgimli-*,libcfg_if-*,librustc_demangle-*,libstd_detect-*,libhashbrown-*,librustc_std_workspace_alloc-*,libminiz_oxide-*,libadler2-*,libunwind-*,liblibc-*,librustc_std_workspace_core-*,liballoc-*,libcore-*,libcompiler_builtins-*}.rlib" "-Wl,-Bdynamic" "-lSDL3" "-lgcc_s" "-lutil" "-lrt" "-lpthread" "-lm" "-ldl" "-lc" "-L" "/opt/rustwide/target/release/build/hotwire/78badb8f576d56b3/out/rustcKOE1F9/raw-dylibs" "-B<sysroot>/lib/rustlib/x86_64-unknown-linux-gnu/bin/gcc-ld" "-fuse-ld=lld" "-Wl,--eh-frame-hdr" "-Wl,-z,noexecstack" "-L" "/usr/local/lib" "-L" "<sysroot>/lib/rustlib/x86_64-unknown-linux-gnu/lib" "-o" "/opt/rustwide/target/release/build/hotwire/78badb8f576d56b3/out/interactive" "-Wl,--gc-sections" "-pie" "-Wl,-z,relro,-z,now" "-Wl,-O1" "-Wl,--strip-debug" "-nodefaultlibs"
[INFO] [stdout]   = note: some arguments are omitted. use `--verbose` to show all linker arguments
[INFO] [stdout]   = note: rust-lld: error: unable to find library -lSDL3
[INFO] [stdout]           collect2: error: ld returned 1 exit status
[INFO] [stdout]           
[INFO] [stdout] 
[INFO] [stdout] 
[INFO] [stdout] error: linking with `cc` failed: exit status: 1
[INFO] [stdout]   |
[INFO] [stdout]   = note:  "cc" "-m64" "/opt/rustwide/target/release/build/hotwire/762b60121eacf4b8/out/rustcgzSpUc/symbols.o" "<2 object files omitted>" "-Wl,--as-needed" "-Wl,-Bstatic" "/opt/rustwide/target/release/build/hotwire/f976c1d2cb4be86d/out/libhotwire-f976c1d2cb4be86d.rlib" "/opt/rustwide/target/release/build/sdl3/ec982dbe92731f16/out/libsdl3-ec982dbe92731f16.rlib" "/opt/rustwide/target/release/build/sdl3-sys/2f9e6dbefc4a1d01/out/libsdl3_sys-2f9e6dbefc4a1d01.rlib" "/opt/rustwide/target/release/build/lazy_static/fdd6af0286056ca3/out/liblazy_static-fdd6af0286056ca3.rlib" "/opt/rustwide/target/release/build/bitflags/8de73b99f8fb1681/out/libbitflags-8de73b99f8fb1681.rlib" "/opt/rustwide/target/release/build/rand/16d20f3e1300a119/out/librand-16d20f3e1300a119.rlib" "/opt/rustwide/target/release/build/rand_chacha/ca4dc5819f4543a0/out/librand_chacha-ca4dc5819f4543a0.rlib" "/opt/rustwide/target/release/build/ppv-lite86/fad996525c353579/out/libppv_lite86-fad996525c353579.rlib" "/opt/rustwide/target/release/build/zerocopy/1c70e647d2bdc7cb/out/libzerocopy-1c70e647d2bdc7cb.rlib" "/opt/rustwide/target/release/build/rand_core/72f393419d504878/out/librand_core-72f393419d504878.rlib" "/opt/rustwide/target/release/build/getrandom/41e08971d5824f27/out/libgetrandom-41e08971d5824f27.rlib" "/opt/rustwide/target/release/build/libc/a940482f0e8d294f/out/liblibc-a940482f0e8d294f.rlib" "/opt/rustwide/target/release/build/cfg-if/6d8dca19095bb388/out/libcfg_if-6d8dca19095bb388.rlib" "/opt/rustwide/target/release/build/noise/75ec57fe9410ffbd/out/libnoise-75ec57fe9410ffbd.rlib" "/opt/rustwide/target/release/build/rand_xorshift/c6b918ba8204b348/out/librand_xorshift-c6b918ba8204b348.rlib" "/opt/rustwide/target/release/build/rand/326119ae362376e1/out/librand-326119ae362376e1.rlib" "/opt/rustwide/target/release/build/rand_core/eca2545841f9a904/out/librand_core-eca2545841f9a904.rlib" "/opt/rustwide/target/release/build/num-traits/c4bb5d617fe10b48/out/libnum_traits-c4bb5d617fe10b48.rlib" "<sysroot>/lib/rustlib/x86_64-unknown-linux-gnu/lib/{libstd-*,libpanic_unwind-*,libobject-*,libmemchr-*,libaddr2line-*,libgimli-*,libcfg_if-*,librustc_demangle-*,libstd_detect-*,libhashbrown-*,librustc_std_workspace_alloc-*,libminiz_oxide-*,libadler2-*,libunwind-*,liblibc-*,librustc_std_workspace_core-*,liballoc-*,libcore-*,libcompiler_builtins-*}.rlib" "-Wl,-Bdynamic" "-lSDL3" "-lgcc_s" "-lutil" "-lrt" "-lpthread" "-lm" "-ldl" "-lc" "-L" "/opt/rustwide/target/release/build/hotwire/762b60121eacf4b8/out/rustcgzSpUc/raw-dylibs" "-B<sysroot>/lib/rustlib/x86_64-unknown-linux-gnu/bin/gcc-ld" "-fuse-ld=lld" "-Wl,--eh-frame-hdr" "-Wl,-z,noexecstack" "-L" "/usr/local/lib" "-L" "<sysroot>/lib/rustlib/x86_64-unknown-linux-gnu/lib" "-o" "/opt/rustwide/target/release/build/hotwire/762b60121eacf4b8/out/animated" "-Wl,--gc-sections" "-pie" "-Wl,-z,relro,-z,now" "-Wl,-O1" "-Wl,--strip-debug" "-nodefaultlibs"
[INFO] [stdout]   = note: some arguments are omitted. use `--verbose` to show all linker arguments
[INFO] [stdout]   = note: rust-lld: error: unable to find library -lSDL3
[INFO] [stdout]           collect2: error: ld returned 1 exit status
[INFO] [stdout]           
[INFO] [stdout] 
[INFO] [stdout] 
[INFO] [stderr] error: could not compile `hotwire` (example "animated") due to 1 previous error
[INFO] [stderr] error: could not compile `hotwire` (example "interactive") due to 1 previous error
[INFO] running `Command { std: "docker" "inspect" "adbd3870bca1d7c3a6dbe3bdba6566cf16f75361d2a6282a17346bea2d895642", kill_on_drop: false }`
[INFO] running `Command { std: "docker" "rm" "-f" "adbd3870bca1d7c3a6dbe3bdba6566cf16f75361d2a6282a17346bea2d895642", kill_on_drop: false }`
[INFO] [stdout] adbd3870bca1d7c3a6dbe3bdba6566cf16f75361d2a6282a17346bea2d895642
