[INFO] fetching crate hop-relay 2.0.0...
[INFO] testing hop-relay-2.0.0 against 1.99.0-beta.8+cargoflags=--release for beta-release-1.100-2
[INFO] extracting crate hop-relay 2.0.0 into /workspace/builds/worker-1-tc1/source
[INFO] started tweaking crates.io crate hop-relay 2.0.0
[INFO] removed 0 missing tests
[INFO] finished tweaking crates.io crate hop-relay 2.0.0
[INFO] tweaked toml for crates.io crate hop-relay 2.0.0 written to /workspace/builds/worker-1-tc1/source/Cargo.toml
[INFO] validating manifest of crates.io crate hop-relay 2.0.0 on toolchain 1.99.0-beta.8
[INFO] running `Command { std: CARGO_HOME="/workspace/cargo-home" RUSTUP_HOME="/workspace/rustup-home" "/workspace/cargo-home/bin/cargo" "+1.99.0-beta.8" "metadata" "--manifest-path" "Cargo.toml" "--no-deps", kill_on_drop: false }`
[INFO] crate crates.io crate hop-relay 2.0.0 already has a lockfile, it will not be regenerated
[INFO] running `Command { std: CARGO_HOME="/workspace/cargo-home" RUSTUP_HOME="/workspace/rustup-home" "/workspace/cargo-home/bin/cargo" "+1.99.0-beta.8" "fetch" "--manifest-path" "Cargo.toml", kill_on_drop: false }`
[INFO] [stderr]     Updating crates.io index
[INFO] [stderr]     Blocking waiting for file lock on package cache
[INFO] [stderr]  Downloading crates ...
[INFO] [stderr]   Downloaded warp v0.4.2
[INFO] [stderr]   Downloaded tracing-subscriber v0.3.20
[INFO] [stderr]   Downloaded protobuf-support v3.7.2
[INFO] [stderr]   Downloaded hop-core v2.0.0
[INFO] [stderr]   Downloaded hop-channels v2.0.0
[INFO] [stderr]   Downloaded prometheus v0.14.0
[INFO] [stderr]   Downloaded hop-actions v2.0.0
[INFO] [stderr]   Downloaded protobuf v3.7.2
[INFO] running `Command { std: "docker" "create" "-v" "/var/lib/crater-agent-workspace/builds/worker-1-tc1/source:/opt/rustwide/workdir:ro,Z" "-v" "/var/lib/crater-agent-workspace/builds/worker-1-tc1/target:/opt/rustwide/target:rw,Z" "-v" "/var/lib/crater-agent-workspace/cargo-home:/opt/rustwide/cargo-home:ro,Z" "-v" "/var/lib/crater-agent-workspace/rustup-home:/opt/rustwide/rustup-home:ro,Z" "-m" "1610612736" "--network" "none" "ghcr.io/rust-lang/crates-build-env/linux@sha256:77db811e55d90add9212f6832c23229e3de5f1c1f9905e8cb07319ea15df73ac" "sleep" "infinity", kill_on_drop: false }`
[INFO] [stdout] aae54f5a0b237bca4978947ee15643e397dcab2f3ec58b5f84f3c4cc1b8c9e9b
[INFO] running `Command { std: "docker" "start" "aae54f5a0b237bca4978947ee15643e397dcab2f3ec58b5f84f3c4cc1b8c9e9b", kill_on_drop: false }`
[INFO] running `Command { std: "docker" "inspect" "aae54f5a0b237bca4978947ee15643e397dcab2f3ec58b5f84f3c4cc1b8c9e9b", kill_on_drop: false }`
[INFO] running `Command { std: "docker" "exec" "-e" "SOURCE_DIR=/opt/rustwide/workdir" "-e" "CARGO_HOME=/opt/rustwide/cargo-home" "-e" "RUSTUP_HOME=/opt/rustwide/rustup-home" "-e" "CARGO_TARGET_DIR=/opt/rustwide/target" "-w" "/opt/rustwide/workdir" "--user" "0:0" "aae54f5a0b237bca4978947ee15643e397dcab2f3ec58b5f84f3c4cc1b8c9e9b" "/opt/rustwide/cargo-home/bin/cargo" "+1.99.0-beta.8" "metadata" "--no-deps" "--format-version=1", kill_on_drop: false }`
[INFO] running `Command { std: "docker" "inspect" "aae54f5a0b237bca4978947ee15643e397dcab2f3ec58b5f84f3c4cc1b8c9e9b", kill_on_drop: false }`
[INFO] running `Command { std: "docker" "exec" "-e" "SOURCE_DIR=/opt/rustwide/workdir" "-e" "CARGO_HOME=/opt/rustwide/cargo-home" "-e" "RUSTUP_HOME=/opt/rustwide/rustup-home" "-e" "CARGO_TARGET_DIR=/opt/rustwide/target" "-e" "CARGO_INCREMENTAL=0" "-e" "RUST_BACKTRACE=full" "-e" "RUSTFLAGS=--cap-lints=warn" "-e" "RUSTDOCFLAGS=--cap-lints=warn" "-w" "/opt/rustwide/workdir" "--user" "0:0" "aae54f5a0b237bca4978947ee15643e397dcab2f3ec58b5f84f3c4cc1b8c9e9b" "/opt/rustwide/cargo-home/bin/cargo" "+1.99.0-beta.8" "build" "--frozen" "--message-format=json" "--release", kill_on_drop: false }`
[INFO] [stderr]    Compiling proc-macro2 v1.0.101
[INFO] [stderr]    Compiling unicode-ident v1.0.19
[INFO] [stderr]    Compiling quote v1.0.41
[INFO] [stderr]    Compiling cfg-if v1.0.3
[INFO] [stderr]    Compiling libc v0.2.177
[INFO] [stderr]    Compiling typenum v1.19.0
[INFO] [stderr]    Compiling tracing-core v0.1.34
[INFO] [stderr]    Compiling http v1.3.1
[INFO] [stderr]    Compiling log v0.4.28
[INFO] [stderr]    Compiling getrandom v0.3.3
[INFO] [stderr]    Compiling semver v1.0.27
[INFO] [stderr]    Compiling hashbrown v0.16.0
[INFO] [stderr]    Compiling memchr v2.7.6
[INFO] [stderr]    Compiling serde_json v1.0.145
[INFO] [stderr]    Compiling find-msvc-tools v0.1.4
[INFO] [stderr]    Compiling unicase v2.8.1
[INFO] [stderr]    Compiling anstyle-parse v0.2.7
[INFO] [stderr]    Compiling futures-channel v0.3.31
[INFO] [stderr]    Compiling protobuf v3.7.2
[INFO] [stderr]    Compiling mime_guess v2.0.5
[INFO] [stderr]    Compiling cc v1.2.41
[INFO] [stderr]    Compiling regex-syntax v0.8.9
[INFO] [stderr]    Compiling anstyle-query v1.1.4
[INFO] [stderr]    Compiling rustc_version v0.4.1
[INFO] [stderr]    Compiling colorchoice v1.0.4
[INFO] [stderr]    Compiling clap_lex v0.7.5
[INFO] [stderr]    Compiling prometheus v0.14.0
[INFO] [stderr]    Compiling signature v2.2.0
[INFO] [stderr]    Compiling anstream v0.6.21
[INFO] [stderr]    Compiling futures-util v0.3.31
[INFO] [stderr]    Compiling ed25519 v2.2.3
[INFO] [stderr]    Compiling thread_local v1.1.9
[INFO] [stderr]    Compiling curve25519-dalek v4.1.3
[INFO] [stderr]    Compiling clap_builder v4.5.48
[INFO] [stderr]    Compiling tracing-log v0.2.0
[INFO] [stderr]    Compiling arrayvec v0.7.6
[INFO] [stderr]    Compiling syn v2.0.106
[INFO] [stderr]    Compiling arrayref v0.3.9
[INFO] [stderr]    Compiling nu-ansi-term v0.50.3
[INFO] [stderr]    Compiling indexmap v2.11.4
[INFO] [stderr]    Compiling http-body v1.0.1
[INFO] [stderr]    Compiling headers-core v0.3.0
[INFO] [stderr]    Compiling generic-array v0.14.7
[INFO] [stderr]    Compiling http-body-util v0.1.3
[INFO] [stderr]    Compiling parking_lot_core v0.9.12
[INFO] [stderr]    Compiling signal-hook-registry v1.4.6
[INFO] [stderr]    Compiling mio v1.0.4
[INFO] [stderr]    Compiling socket2 v0.6.0
[INFO] [stderr]    Compiling parking_lot v0.12.5
[INFO] [stderr]    Compiling blake3 v1.8.2
[INFO] [stderr]    Compiling getrandom v0.2.16
[INFO] [stderr]    Compiling rand_core v0.9.3
[INFO] [stderr]    Compiling regex-automata v0.4.14
[INFO] [stderr]    Compiling rand_core v0.6.4
[INFO] [stderr]    Compiling hop-core v2.0.0
[INFO] [stderr]    Compiling block-buffer v0.10.4
[INFO] [stderr]    Compiling crypto-common v0.1.6
[INFO] [stderr]    Compiling digest v0.10.7
[INFO] [stderr]    Compiling sha2 v0.10.9
[INFO] [stderr]    Compiling sha1 v0.10.6
[INFO] [stderr]    Compiling headers v0.4.1
[INFO] [stderr]    Compiling matchers v0.2.0
[INFO] [stderr]    Compiling serde_derive v1.0.228
[INFO] [stderr]    Compiling tokio-macros v2.5.0
[INFO] [stderr]    Compiling tracing-attributes v0.1.31
[INFO] [stderr]    Compiling thiserror-impl v1.0.69
[INFO] [stderr]    Compiling thiserror-impl v2.0.17
[INFO] [stderr]    Compiling curve25519-dalek-derive v0.1.1
[INFO] [stderr]    Compiling pin-project-internal v1.1.10
[INFO] [stderr]    Compiling clap_derive v4.5.47
[INFO] [stderr]    Compiling tracing v0.1.41
[INFO] [stderr]    Compiling tokio v1.47.1
[INFO] [stderr]    Compiling thiserror v2.0.17
[INFO] [stderr]    Compiling thiserror v1.0.69
[INFO] [stderr]    Compiling pin-project v1.1.10
[INFO] [stderr]    Compiling protobuf-support v3.7.2
[INFO] [stderr]    Compiling ed25519-dalek v2.2.0
[INFO] [stderr]    Compiling clap v4.5.48
[INFO] [stderr]    Compiling serde v1.0.228
[INFO] [stderr]    Compiling serde_urlencoded v0.7.1
[INFO] [stderr]    Compiling tracing-serde v0.2.0
[INFO] [stderr]    Compiling hop-actions v2.0.0
[INFO] [stderr]    Compiling tracing-subscriber v0.3.20
[INFO] [stderr]    Compiling hop-channels v2.0.0
[INFO] [stderr]    Compiling tokio-util v0.7.16
[INFO] [stderr]    Compiling h2 v0.4.12
[INFO] [stderr]    Compiling hyper v1.7.0
[INFO] [stderr]    Compiling hyper-util v0.1.17
[INFO] [stderr]    Compiling warp v0.4.2
[INFO] [stderr]    Compiling hop-relay v2.0.0 (/opt/rustwide/workdir)
[INFO] [stderr]     Finished `release` profile [optimized] target(s) in 1m 31s
[INFO] running `Command { std: "docker" "inspect" "aae54f5a0b237bca4978947ee15643e397dcab2f3ec58b5f84f3c4cc1b8c9e9b", kill_on_drop: false }`
[INFO] running `Command { std: "docker" "exec" "-e" "SOURCE_DIR=/opt/rustwide/workdir" "-e" "CARGO_HOME=/opt/rustwide/cargo-home" "-e" "RUSTUP_HOME=/opt/rustwide/rustup-home" "-e" "CARGO_TARGET_DIR=/opt/rustwide/target" "-e" "CARGO_INCREMENTAL=0" "-e" "RUST_BACKTRACE=full" "-e" "RUSTFLAGS=--cap-lints=warn" "-e" "RUSTDOCFLAGS=--cap-lints=warn" "-w" "/opt/rustwide/workdir" "--user" "0:0" "aae54f5a0b237bca4978947ee15643e397dcab2f3ec58b5f84f3c4cc1b8c9e9b" "/opt/rustwide/cargo-home/bin/cargo" "+1.99.0-beta.8" "test" "--frozen" "--no-run" "--message-format=json" "--release", kill_on_drop: false }`
[INFO] [stderr]    Compiling rustix v1.1.2
[INFO] [stderr]    Compiling bitflags v2.9.4
[INFO] [stderr]    Compiling linux-raw-sys v0.11.0
[INFO] [stderr]    Compiling tempfile v3.23.0
[INFO] [stderr]    Compiling hop-relay v2.0.0 (/opt/rustwide/workdir)
[INFO] [stdout] error[E0433]: cannot find `net` in `hop_relay`
[INFO] [stdout]   --> tests/vault_api.rs:28:17
[INFO] [stdout]    |
[INFO] [stdout] 28 | ) -> hop_relay::net::ServerConfig {
[INFO] [stdout]    |                 ^^^ could not find `net` in `hop_relay`
[INFO] [stdout]    |
[INFO] [stdout] note: found an item that was configured out
[INFO] [stdout]   --> src/lib.rs:10:9
[INFO] [stdout]    |
[INFO] [stdout]  9 | #[cfg(feature = "net")]
[INFO] [stdout]    |       --------------- the item is gated behind the `net` feature
[INFO] [stdout] 10 | pub mod net;
[INFO] [stdout]    |         ^^^
[INFO] [stdout] 
[INFO] [stdout] 
[INFO] [stdout] error[E0433]: cannot find `net` in `hop_relay`
[INFO] [stdout]   --> tests/backup_restore.rs:24:69
[INFO] [stdout]    |
[INFO] [stdout] 24 | fn cfg(data_dir: PathBuf, auth_token: Option<String>) -> hop_relay::net::ServerConfig {
[INFO] [stdout]    |                                                                     ^^^ could not find `net` in `hop_relay`
[INFO] [stdout]    |
[INFO] [stdout] note: found an item that was configured out
[INFO] [stdout]   --> src/lib.rs:10:9
[INFO] [stdout]    |
[INFO] [stdout]  9 | #[cfg(feature = "net")]
[INFO] [stdout]    |       --------------- the item is gated behind the `net` feature
[INFO] [stdout] 10 | pub mod net;
[INFO] [stdout]    |         ^^^
[INFO] [stdout] 
[INFO] [stdout] 
[INFO] [stdout] error[E0433]: cannot find `net` in `hop_relay`
[INFO] [stdout]   --> tests/vault_api.rs:29:16
[INFO] [stdout]    |
[INFO] [stdout] 29 |     hop_relay::net::ServerConfig {
[INFO] [stdout]    |                ^^^ could not find `net` in `hop_relay`
[INFO] [stdout]    |
[INFO] [stdout] note: found an item that was configured out
[INFO] [stdout]   --> src/lib.rs:10:9
[INFO] [stdout]    |
[INFO] [stdout]  9 | #[cfg(feature = "net")]
[INFO] [stdout]    |       --------------- the item is gated behind the `net` feature
[INFO] [stdout] 10 | pub mod net;
[INFO] [stdout]    |         ^^^
[INFO] [stdout] 
[INFO] [stdout] 
[INFO] [stdout] error[E0433]: cannot find `net` in `hop_relay`
[INFO] [stdout]   --> tests/backup_restore.rs:25:16
[INFO] [stdout]    |
[INFO] [stdout] 25 |     hop_relay::net::ServerConfig {
[INFO] [stdout]    |                ^^^ could not find `net` in `hop_relay`
[INFO] [stdout]    |
[INFO] [stdout] note: found an item that was configured out
[INFO] [stdout]   --> src/lib.rs:10:9
[INFO] [stdout]    |
[INFO] [stdout]  9 | #[cfg(feature = "net")]
[INFO] [stdout]    |       --------------- the item is gated behind the `net` feature
[INFO] [stdout] 10 | pub mod net;
[INFO] [stdout]    |         ^^^
[INFO] [stdout] 
[INFO] [stdout] 
[INFO] [stdout] error[E0433]: cannot find `net` in `hop_relay`
[INFO] [stdout]   --> tests/backup_restore.rs:28:22
[INFO] [stdout]    |
[INFO] [stdout] 28 |         ..hop_relay::net::ServerConfig::default()
[INFO] [stdout]    |                      ^^^ could not find `net` in `hop_relay`
[INFO] [stdout]    |
[INFO] [stdout] note: found an item that was configured out
[INFO] [stdout]   --> src/lib.rs:10:9
[INFO] [stdout]    |
[INFO] [stdout]  9 | #[cfg(feature = "net")]
[INFO] [stdout]    |       --------------- the item is gated behind the `net` feature
[INFO] [stdout] 10 | pub mod net;
[INFO] [stdout]    |         ^^^
[INFO] [stdout] 
[INFO] [stdout] 
[INFO] [stdout] error[E0433]: cannot find `net` in `hop_relay`
[INFO] [stdout]   --> tests/vault_api.rs:51:26
[INFO] [stdout]    |
[INFO] [stdout] 51 |     let api = hop_relay::net::routes(Arc::new(cfg)).expect("routes");
[INFO] [stdout]    |                          ^^^ could not find `net` in `hop_relay`
[INFO] [stdout]    |
[INFO] [stdout] note: found an item that was configured out
[INFO] [stdout]   --> src/lib.rs:10:9
[INFO] [stdout]    |
[INFO] [stdout]  9 | #[cfg(feature = "net")]
[INFO] [stdout]    |       --------------- the item is gated behind the `net` feature
[INFO] [stdout] 10 | pub mod net;
[INFO] [stdout]    |         ^^^
[INFO] [stdout] 
[INFO] [stdout] 
[INFO] [stdout] error[E0433]: cannot find `net` in `hop_relay`
[INFO] [stdout]   --> tests/backup_restore.rs:36:27
[INFO] [stdout]    |
[INFO] [stdout] 36 |     let api1 = hop_relay::net::routes(Arc::new(cfg1)).expect("routes");
[INFO] [stdout]    |                           ^^^ could not find `net` in `hop_relay`
[INFO] [stdout]    |
[INFO] [stdout] note: found an item that was configured out
[INFO] [stdout]   --> src/lib.rs:10:9
[INFO] [stdout]    |
[INFO] [stdout]  9 | #[cfg(feature = "net")]
[INFO] [stdout]    |       --------------- the item is gated behind the `net` feature
[INFO] [stdout] 10 | pub mod net;
[INFO] [stdout]    |         ^^^
[INFO] [stdout] 
[INFO] [stdout] 
[INFO] [stdout] error[E0433]: cannot find `net` in `hop_relay`
[INFO] [stdout]    --> tests/vault_api.rs:198:26
[INFO] [stdout]     |
[INFO] [stdout] 198 |     let api = hop_relay::net::routes(Arc::new(cfg)).expect("routes");
[INFO] [stdout]     |                          ^^^ could not find `net` in `hop_relay`
[INFO] [stdout]     |
[INFO] [stdout] note: found an item that was configured out
[INFO] [stdout]    --> src/lib.rs:10:9
[INFO] [stdout]     |
[INFO] [stdout]   9 | #[cfg(feature = "net")]
[INFO] [stdout]     |       --------------- the item is gated behind the `net` feature
[INFO] [stdout]  10 | pub mod net;
[INFO] [stdout]     |         ^^^
[INFO] [stdout] 
[INFO] [stdout] 
[INFO] [stdout] error[E0433]: cannot find `net` in `hop_relay`
[INFO] [stdout]    --> tests/vault_api.rs:253:26
[INFO] [stdout]     |
[INFO] [stdout] 253 |     let api = hop_relay::net::routes(Arc::new(cfg)).expect("routes");
[INFO] [stdout]     |                          ^^^ could not find `net` in `hop_relay`
[INFO] [stdout]     |
[INFO] [stdout] note: found an item that was configured out
[INFO] [stdout]    --> src/lib.rs:10:9
[INFO] [stdout]     |
[INFO] [stdout]   9 | #[cfg(feature = "net")]
[INFO] [stdout]     |       --------------- the item is gated behind the `net` feature
[INFO] [stdout]  10 | pub mod net;
[INFO] [stdout]     |         ^^^
[INFO] [stdout] 
[INFO] [stdout] 
[INFO] [stdout] error[E0433]: cannot find `net` in `hop_relay`
[INFO] [stdout]   --> tests/backup_restore.rs:94:27
[INFO] [stdout]    |
[INFO] [stdout] 94 |     let api2 = hop_relay::net::routes(Arc::new(cfg2)).expect("routes");
[INFO] [stdout]    |                           ^^^ could not find `net` in `hop_relay`
[INFO] [stdout]    |
[INFO] [stdout] note: found an item that was configured out
[INFO] [stdout]   --> src/lib.rs:10:9
[INFO] [stdout]    |
[INFO] [stdout]  9 | #[cfg(feature = "net")]
[INFO] [stdout]    |       --------------- the item is gated behind the `net` feature
[INFO] [stdout] 10 | pub mod net;
[INFO] [stdout]    |         ^^^
[INFO] [stdout] 
[INFO] [stdout] 
[INFO] [stdout] error[E0433]: cannot find `net` in `hop_relay`
[INFO] [stdout]    --> tests/vault_api.rs:284:26
[INFO] [stdout]     |
[INFO] [stdout] 284 |     let api = hop_relay::net::routes(Arc::new(cfg)).expect("routes");
[INFO] [stdout]     |                          ^^^ could not find `net` in `hop_relay`
[INFO] [stdout]     |
[INFO] [stdout] note: found an item that was configured out
[INFO] [stdout]    --> src/lib.rs:10:9
[INFO] [stdout]     |
[INFO] [stdout]   9 | #[cfg(feature = "net")]
[INFO] [stdout]     |       --------------- the item is gated behind the `net` feature
[INFO] [stdout]  10 | pub mod net;
[INFO] [stdout]     |         ^^^
[INFO] [stdout] 
[INFO] [stdout] 
[INFO] [stdout] error[E0433]: cannot find `net` in `hop_relay`
[INFO] [stdout]    --> tests/vault_api.rs:307:26
[INFO] [stdout]     |
[INFO] [stdout] 307 |     let api = hop_relay::net::routes(Arc::new(cfg)).expect("routes");
[INFO] [stdout]     |                          ^^^ could not find `net` in `hop_relay`
[INFO] [stdout]     |
[INFO] [stdout] note: found an item that was configured out
[INFO] [stdout]    --> src/lib.rs:10:9
[INFO] [stdout]     |
[INFO] [stdout]   9 | #[cfg(feature = "net")]
[INFO] [stdout]     |       --------------- the item is gated behind the `net` feature
[INFO] [stdout]  10 | pub mod net;
[INFO] [stdout]     |         ^^^
[INFO] [stdout] 
[INFO] [stdout] 
[INFO] [stdout] For more information about this error, try `rustc --explain E0433`.
[INFO] [stdout] 
[INFO] [stderr] error: could not compile `hop-relay` (test "backup_restore") due to 5 previous errors
[INFO] [stdout] error[E0433]: cannot find `net` in `hop_relay`
[INFO] [stdout]    --> tests/vault_api.rs:327:26
[INFO] [stdout]     |
[INFO] [stdout] 327 |     let api = hop_relay::net::routes(Arc::new(cfg)).expect("routes");
[INFO] [stdout]     |                          ^^^ could not find `net` in `hop_relay`
[INFO] [stdout]     |
[INFO] [stdout] note: found an item that was configured out
[INFO] [stdout]    --> src/lib.rs:10:9
[INFO] [stdout]     |
[INFO] [stdout]   9 | #[cfg(feature = "net")]
[INFO] [stdout]     |       --------------- the item is gated behind the `net` feature
[INFO] [stdout]  10 | pub mod net;
[INFO] [stdout]     |         ^^^
[INFO] [stdout] 
[INFO] [stdout] 
[INFO] [stderr] warning: build failed, waiting for other jobs to finish...
[INFO] [stdout] error[E0433]: cannot find `net` in `hop_relay`
[INFO] [stdout]    --> tests/vault_api.rs:345:26
[INFO] [stdout]     |
[INFO] [stdout] 345 |     let api = hop_relay::net::routes(Arc::new(cfg)).expect("routes");
[INFO] [stdout]     |                          ^^^ could not find `net` in `hop_relay`
[INFO] [stdout]     |
[INFO] [stdout] note: found an item that was configured out
[INFO] [stdout]    --> src/lib.rs:10:9
[INFO] [stdout]     |
[INFO] [stdout]   9 | #[cfg(feature = "net")]
[INFO] [stdout]     |       --------------- the item is gated behind the `net` feature
[INFO] [stdout]  10 | pub mod net;
[INFO] [stdout]     |         ^^^
[INFO] [stdout] 
[INFO] [stdout] 
[INFO] [stdout] error[E0433]: cannot find `net` in `hop_relay`
[INFO] [stdout]    --> tests/vault_api.rs:383:26
[INFO] [stdout]     |
[INFO] [stdout] 383 |     let api = hop_relay::net::routes(Arc::new(cfg)).expect("routes");
[INFO] [stdout]     |                          ^^^ could not find `net` in `hop_relay`
[INFO] [stdout]     |
[INFO] [stdout] note: found an item that was configured out
[INFO] [stdout]    --> src/lib.rs:10:9
[INFO] [stdout]     |
[INFO] [stdout]   9 | #[cfg(feature = "net")]
[INFO] [stdout]     |       --------------- the item is gated behind the `net` feature
[INFO] [stdout]  10 | pub mod net;
[INFO] [stdout]     |         ^^^
[INFO] [stdout] 
[INFO] [stdout] 
[INFO] [stdout] For more information about this error, try `rustc --explain E0433`.
[INFO] [stdout] 
[INFO] [stderr] error: could not compile `hop-relay` (test "vault_api") due to 10 previous errors
[INFO] running `Command { std: "docker" "inspect" "aae54f5a0b237bca4978947ee15643e397dcab2f3ec58b5f84f3c4cc1b8c9e9b", kill_on_drop: false }`
[INFO] running `Command { std: "docker" "rm" "-f" "aae54f5a0b237bca4978947ee15643e397dcab2f3ec58b5f84f3c4cc1b8c9e9b", kill_on_drop: false }`
[INFO] [stdout] aae54f5a0b237bca4978947ee15643e397dcab2f3ec58b5f84f3c4cc1b8c9e9b
