[INFO] fetching crate hooq-macros 0.3.1...
[INFO] testing hooq-macros-0.3.1 against 1.99.0-beta.8+cargoflags=--release for beta-release-1.100-2
[INFO] extracting crate hooq-macros 0.3.1 into /workspace/builds/worker-0-tc1/source
[INFO] started tweaking crates.io crate hooq-macros 0.3.1
[INFO] removed 0 missing tests
[INFO] finished tweaking crates.io crate hooq-macros 0.3.1
[INFO] tweaked toml for crates.io crate hooq-macros 0.3.1 written to /workspace/builds/worker-0-tc1/source/Cargo.toml
[INFO] validating manifest of crates.io crate hooq-macros 0.3.1 on toolchain 1.99.0-beta.8
[INFO] running `Command { std: CARGO_HOME="/workspace/cargo-home" RUSTUP_HOME="/workspace/rustup-home" "/workspace/cargo-home/bin/cargo" "+1.99.0-beta.8" "metadata" "--manifest-path" "Cargo.toml" "--no-deps", kill_on_drop: false }`
[INFO] crate crates.io crate hooq-macros 0.3.1 already has a lockfile, it will not be regenerated
[INFO] running `Command { std: CARGO_HOME="/workspace/cargo-home" RUSTUP_HOME="/workspace/rustup-home" "/workspace/cargo-home/bin/cargo" "+1.99.0-beta.8" "fetch" "--manifest-path" "Cargo.toml", kill_on_drop: false }`
[INFO] [stderr]     Updating crates.io index
[INFO] [stderr]  Downloading crates ...
[INFO] [stderr]   Downloaded macrotest v1.2.0
[INFO] [stderr]   Downloaded insta v1.44.1
[INFO] running `Command { std: "docker" "create" "-v" "/var/lib/crater-agent-workspace/builds/worker-0-tc1/source:/opt/rustwide/workdir:ro,Z" "-v" "/var/lib/crater-agent-workspace/builds/worker-0-tc1/target:/opt/rustwide/target:rw,Z" "-v" "/var/lib/crater-agent-workspace/cargo-home:/opt/rustwide/cargo-home:ro,Z" "-v" "/var/lib/crater-agent-workspace/rustup-home:/opt/rustwide/rustup-home:ro,Z" "-m" "1610612736" "--network" "none" "ghcr.io/rust-lang/crates-build-env/linux@sha256:77db811e55d90add9212f6832c23229e3de5f1c1f9905e8cb07319ea15df73ac" "sleep" "infinity", kill_on_drop: false }`
[INFO] [stdout] 39c8b57bcdc5bed0017c8e9638c40d6ba296fcfc72b3a68791f90358af35e891
[INFO] running `Command { std: "docker" "start" "39c8b57bcdc5bed0017c8e9638c40d6ba296fcfc72b3a68791f90358af35e891", kill_on_drop: false }`
[INFO] running `Command { std: "docker" "inspect" "39c8b57bcdc5bed0017c8e9638c40d6ba296fcfc72b3a68791f90358af35e891", kill_on_drop: false }`
[INFO] running `Command { std: "docker" "exec" "-e" "SOURCE_DIR=/opt/rustwide/workdir" "-e" "CARGO_HOME=/opt/rustwide/cargo-home" "-e" "RUSTUP_HOME=/opt/rustwide/rustup-home" "-e" "CARGO_TARGET_DIR=/opt/rustwide/target" "-w" "/opt/rustwide/workdir" "--user" "0:0" "39c8b57bcdc5bed0017c8e9638c40d6ba296fcfc72b3a68791f90358af35e891" "/opt/rustwide/cargo-home/bin/cargo" "+1.99.0-beta.8" "metadata" "--no-deps" "--format-version=1", kill_on_drop: false }`
[INFO] running `Command { std: "docker" "inspect" "39c8b57bcdc5bed0017c8e9638c40d6ba296fcfc72b3a68791f90358af35e891", kill_on_drop: false }`
[INFO] running `Command { std: "docker" "exec" "-e" "SOURCE_DIR=/opt/rustwide/workdir" "-e" "CARGO_HOME=/opt/rustwide/cargo-home" "-e" "RUSTUP_HOME=/opt/rustwide/rustup-home" "-e" "CARGO_TARGET_DIR=/opt/rustwide/target" "-e" "CARGO_INCREMENTAL=0" "-e" "RUST_BACKTRACE=full" "-e" "RUSTFLAGS=--cap-lints=warn" "-e" "RUSTDOCFLAGS=--cap-lints=warn" "-w" "/opt/rustwide/workdir" "--user" "0:0" "39c8b57bcdc5bed0017c8e9638c40d6ba296fcfc72b3a68791f90358af35e891" "/opt/rustwide/cargo-home/bin/cargo" "+1.99.0-beta.8" "build" "--frozen" "--message-format=json" "--release", kill_on_drop: false }`
[INFO] [stderr]    Compiling serde_core v1.0.228
[INFO] [stderr]    Compiling proc-macro2 v1.0.103
[INFO] [stderr]    Compiling winnow v0.7.13
[INFO] [stderr]    Compiling hashbrown v0.16.1
[INFO] [stderr]    Compiling toml_writer v1.0.4
[INFO] [stderr]    Compiling indexmap v2.12.1
[INFO] [stderr]    Compiling quote v1.0.42
[INFO] [stderr]    Compiling syn v2.0.111
[INFO] [stderr]    Compiling toml_parser v1.0.4
[INFO] [stderr]    Compiling toml_datetime v0.7.3
[INFO] [stderr]    Compiling serde_spanned v1.0.3
[INFO] [stderr]    Compiling toml_edit v0.23.7
[INFO] [stderr]    Compiling toml v0.9.8
[INFO] [stderr]    Compiling proc-macro-crate v3.4.0
[INFO] [stderr]    Compiling serde_derive v1.0.228
[INFO] [stderr]    Compiling serde v1.0.228
[INFO] [stderr]    Compiling hooq-macros v0.3.1 (/opt/rustwide/workdir)
[INFO] [stderr]     Finished `release` profile [optimized] target(s) in 23.67s
[INFO] running `Command { std: "docker" "inspect" "39c8b57bcdc5bed0017c8e9638c40d6ba296fcfc72b3a68791f90358af35e891", kill_on_drop: false }`
[INFO] running `Command { std: "docker" "exec" "-e" "SOURCE_DIR=/opt/rustwide/workdir" "-e" "CARGO_HOME=/opt/rustwide/cargo-home" "-e" "RUSTUP_HOME=/opt/rustwide/rustup-home" "-e" "CARGO_TARGET_DIR=/opt/rustwide/target" "-e" "CARGO_INCREMENTAL=0" "-e" "RUST_BACKTRACE=full" "-e" "RUSTFLAGS=--cap-lints=warn" "-e" "RUSTDOCFLAGS=--cap-lints=warn" "-w" "/opt/rustwide/workdir" "--user" "0:0" "39c8b57bcdc5bed0017c8e9638c40d6ba296fcfc72b3a68791f90358af35e891" "/opt/rustwide/cargo-home/bin/cargo" "+1.99.0-beta.8" "test" "--frozen" "--no-run" "--message-format=json" "--release", kill_on_drop: false }`
[INFO] [stderr]    Compiling libc v0.2.177
[INFO] [stderr]    Compiling proc-macro2 v1.0.103
[INFO] [stderr]    Compiling futures-sink v0.3.31
[INFO] [stderr]    Compiling unicode-ident v1.0.22
[INFO] [stderr]    Compiling winnow v0.7.13
[INFO] [stderr]    Compiling futures-core v0.3.31
[INFO] [stderr]    Compiling toml_datetime v0.7.3
[INFO] [stderr]    Compiling quote v1.0.42
[INFO] [stderr]    Compiling futures-macro v0.3.31
[INFO] [stderr]    Compiling tokio-macros v2.6.0
[INFO] [stderr]    Compiling smallvec v1.15.1
[INFO] [stderr]    Compiling serde_json v1.0.145
[INFO] [stderr]    Compiling once_cell v1.21.3
[INFO] [stderr]    Compiling ryu v1.0.20
[INFO] [stderr]    Compiling itoa v1.0.15
[INFO] [stderr]    Compiling parking_lot_core v0.9.12
[INFO] [stderr]    Compiling prettyplease v0.2.37
[INFO] [stderr]    Compiling serde_spanned v1.0.3
[INFO] [stderr]    Compiling futures-channel v0.3.31
[INFO] [stderr]    Compiling anyhow v1.0.100
[INFO] [stderr]    Compiling fastrand v2.3.0
[INFO] [stderr]    Compiling diff v0.1.13
[INFO] [stderr]    Compiling toml_writer v1.0.4
[INFO] [stderr]    Compiling similar v2.7.0
[INFO] [stderr]    Compiling bytes v1.11.0
[INFO] [stderr]    Compiling parking_lot v0.12.5
[INFO] [stderr]    Compiling console v0.15.11
[INFO] [stderr]    Compiling serde v1.0.228
[INFO] [stderr]    Compiling hooq-macros v0.3.1 (/opt/rustwide/workdir)
[INFO] [stderr]    Compiling mio v1.1.0
[INFO] [stderr]    Compiling signal-hook-registry v1.4.7
[INFO] [stderr]    Compiling futures-util v0.3.31
[INFO] [stderr]    Compiling syn v2.0.111
[INFO] [stderr]    Compiling socket2 v0.6.1
[INFO] [stderr]    Compiling macrotest v1.2.0
[INFO] [stderr]    Compiling tokio v1.48.0
[INFO] [stderr]    Compiling insta v1.44.1
[INFO] [stderr]    Compiling toml_parser v1.0.4
[INFO] [stderr]    Compiling toml v0.9.8
[INFO] [stderr]    Compiling toml_edit v0.23.7
[INFO] [stderr]    Compiling proc-macro-crate v3.4.0
[INFO] [stderr]    Compiling futures-executor v0.3.31
[INFO] [stderr]    Compiling futures v0.3.31
[INFO] [stdout] error[E0433]: cannot find module or crate `test_helpers` in this scope
[INFO] [stdout]  --> src/impls/walker/test.rs:1:5
[INFO] [stdout]   |
[INFO] [stdout] 1 | use test_helpers::MaskMode::*;
[INFO] [stdout]   |     ^^^^^^^^^^^^ use of unresolved module or unlinked crate `test_helpers`
[INFO] [stdout]   |
[INFO] [stdout]   = help: if you wanted to use a crate named `test_helpers`, use `cargo add test_helpers` to add it to your `Cargo.toml`
[INFO] [stdout] 
[INFO] [stdout] 
[INFO] [stdout] error[E0432]: unresolved import `test_helpers`
[INFO] [stdout]  --> src/impls/walker/test.rs:2:5
[INFO] [stdout]   |
[INFO] [stdout] 2 | use test_helpers::mask_project_root;
[INFO] [stdout]   |     ^^^^^^^^^^^^ use of unresolved module or unlinked crate `test_helpers`
[INFO] [stdout]   |
[INFO] [stdout]   = help: if you wanted to use a crate named `test_helpers`, use `cargo add test_helpers` to add it to your `Cargo.toml`
[INFO] [stdout] 
[INFO] [stdout] 
[INFO] [stdout] error[E0425]: cannot find value `UnMask` in this scope
[INFO] [stdout]  --> src/impls/walker/test.rs:6:44
[INFO] [stdout]   |
[INFO] [stdout] 6 |     mask_project_root("tests/walker/stmt", UnMask);
[INFO] [stdout]   |                                            ^^^^^^ not found in this scope
[INFO] [stdout] 
[INFO] [stdout] 
[INFO] [stdout] error[E0425]: cannot find value `Mask` in this scope
[INFO] [stdout]   --> src/impls/walker/test.rs:13:44
[INFO] [stdout]    |
[INFO] [stdout] 13 |     mask_project_root("tests/walker/stmt", Mask);
[INFO] [stdout]    |                                            ^^^^ not found in this scope
[INFO] [stdout] 
[INFO] [stdout] 
[INFO] [stdout] error[E0425]: cannot find value `UnMask` in this scope
[INFO] [stdout]   --> src/impls/walker/test.rs:18:44
[INFO] [stdout]    |
[INFO] [stdout] 18 |     mask_project_root("tests/walker/item", UnMask);
[INFO] [stdout]    |                                            ^^^^^^ not found in this scope
[INFO] [stdout] 
[INFO] [stdout] 
[INFO] [stdout] error[E0425]: cannot find value `Mask` in this scope
[INFO] [stdout]   --> src/impls/walker/test.rs:28:44
[INFO] [stdout]    |
[INFO] [stdout] 28 |     mask_project_root("tests/walker/item", Mask);
[INFO] [stdout]    |                                            ^^^^ not found in this scope
[INFO] [stdout] 
[INFO] [stdout] 
[INFO] [stdout] error[E0425]: cannot find value `UnMask` in this scope
[INFO] [stdout]   --> src/impls/walker/test.rs:33:44
[INFO] [stdout]    |
[INFO] [stdout] 33 |     mask_project_root("tests/walker/expr", UnMask);
[INFO] [stdout]    |                                            ^^^^^^ not found in this scope
[INFO] [stdout] 
[INFO] [stdout] 
[INFO] [stdout] error[E0425]: cannot find value `Mask` in this scope
[INFO] [stdout]   --> src/impls/walker/test.rs:67:44
[INFO] [stdout]    |
[INFO] [stdout] 67 |     mask_project_root("tests/walker/expr", Mask);
[INFO] [stdout]    |                                            ^^^^ not found in this scope
[INFO] [stdout] 
[INFO] [stdout] 
[INFO] [stdout] Some errors have detailed explanations: E0425, E0432, E0433.
[INFO] [stdout] 
[INFO] [stdout] For more information about an error, try `rustc --explain E0425`.
[INFO] [stdout] 
[INFO] [stderr] error: could not compile `hooq-macros` (lib test) due to 8 previous errors
[INFO] [stderr] warning: build failed, waiting for other jobs to finish...
[INFO] running `Command { std: "docker" "inspect" "39c8b57bcdc5bed0017c8e9638c40d6ba296fcfc72b3a68791f90358af35e891", kill_on_drop: false }`
[INFO] running `Command { std: "docker" "rm" "-f" "39c8b57bcdc5bed0017c8e9638c40d6ba296fcfc72b3a68791f90358af35e891", kill_on_drop: false }`
[INFO] [stdout] 39c8b57bcdc5bed0017c8e9638c40d6ba296fcfc72b3a68791f90358af35e891
