[INFO] fetching crate homo 0.0.1...
[INFO] testing homo-0.0.1 against 1.99.0-beta.8+cargoflags=--release for beta-release-1.100-2
[INFO] extracting crate homo 0.0.1 into /workspace/builds/worker-0-tc1/source
[INFO] started tweaking crates.io crate homo 0.0.1
[INFO] finished tweaking crates.io crate homo 0.0.1
[INFO] tweaked toml for crates.io crate homo 0.0.1 written to /workspace/builds/worker-0-tc1/source/Cargo.toml
[INFO] validating manifest of crates.io crate homo 0.0.1 on toolchain 1.99.0-beta.8
[INFO] running `Command { std: CARGO_HOME="/workspace/cargo-home" RUSTUP_HOME="/workspace/rustup-home" "/workspace/cargo-home/bin/cargo" "+1.99.0-beta.8" "metadata" "--manifest-path" "Cargo.toml" "--no-deps", kill_on_drop: false }`
[INFO] crate crates.io crate homo 0.0.1 already has a lockfile, it will not be regenerated
[INFO] running `Command { std: CARGO_HOME="/workspace/cargo-home" RUSTUP_HOME="/workspace/rustup-home" "/workspace/cargo-home/bin/cargo" "+1.99.0-beta.8" "fetch" "--manifest-path" "Cargo.toml", kill_on_drop: false }`
[INFO] [stderr]  Downloading crates ...
[INFO] [stderr]   Downloaded thiserror v1.0.32
[INFO] [stderr]   Downloaded unicode-ident v1.0.3
[INFO] [stderr]   Downloaded thiserror-impl v1.0.32
[INFO] [stderr]   Downloaded proc-macro2 v1.0.43
[INFO] [stderr]   Downloaded syn v1.0.99
[INFO] running `Command { std: "docker" "create" "-v" "/var/lib/crater-agent-workspace/builds/worker-0-tc1/source:/opt/rustwide/workdir:ro,Z" "-v" "/var/lib/crater-agent-workspace/builds/worker-0-tc1/target:/opt/rustwide/target:rw,Z" "-v" "/var/lib/crater-agent-workspace/cargo-home:/opt/rustwide/cargo-home:ro,Z" "-v" "/var/lib/crater-agent-workspace/rustup-home:/opt/rustwide/rustup-home:ro,Z" "-m" "1610612736" "--network" "none" "ghcr.io/rust-lang/crates-build-env/linux@sha256:77db811e55d90add9212f6832c23229e3de5f1c1f9905e8cb07319ea15df73ac" "sleep" "infinity", kill_on_drop: false }`
[INFO] [stdout] 919a0a2b2d658293b19cc29d532688068eb775872c8823903118da02d91c58c1
[INFO] running `Command { std: "docker" "start" "919a0a2b2d658293b19cc29d532688068eb775872c8823903118da02d91c58c1", kill_on_drop: false }`
[INFO] running `Command { std: "docker" "inspect" "919a0a2b2d658293b19cc29d532688068eb775872c8823903118da02d91c58c1", kill_on_drop: false }`
[INFO] running `Command { std: "docker" "exec" "-e" "SOURCE_DIR=/opt/rustwide/workdir" "-e" "CARGO_HOME=/opt/rustwide/cargo-home" "-e" "RUSTUP_HOME=/opt/rustwide/rustup-home" "-e" "CARGO_TARGET_DIR=/opt/rustwide/target" "-w" "/opt/rustwide/workdir" "--user" "0:0" "919a0a2b2d658293b19cc29d532688068eb775872c8823903118da02d91c58c1" "/opt/rustwide/cargo-home/bin/cargo" "+1.99.0-beta.8" "metadata" "--no-deps" "--format-version=1", kill_on_drop: false }`
[INFO] running `Command { std: "docker" "inspect" "919a0a2b2d658293b19cc29d532688068eb775872c8823903118da02d91c58c1", kill_on_drop: false }`
[INFO] running `Command { std: "docker" "exec" "-e" "SOURCE_DIR=/opt/rustwide/workdir" "-e" "CARGO_HOME=/opt/rustwide/cargo-home" "-e" "RUSTUP_HOME=/opt/rustwide/rustup-home" "-e" "CARGO_TARGET_DIR=/opt/rustwide/target" "-e" "CARGO_INCREMENTAL=0" "-e" "RUST_BACKTRACE=full" "-e" "RUSTFLAGS=--cap-lints=warn" "-e" "RUSTDOCFLAGS=--cap-lints=warn" "-w" "/opt/rustwide/workdir" "--user" "0:0" "919a0a2b2d658293b19cc29d532688068eb775872c8823903118da02d91c58c1" "/opt/rustwide/cargo-home/bin/cargo" "+1.99.0-beta.8" "build" "--frozen" "--message-format=json" "--release", kill_on_drop: false }`
[INFO] [stderr]    Compiling proc-macro2 v1.0.43
[INFO] [stderr]    Compiling unicode-ident v1.0.3
[INFO] [stderr]    Compiling quote v1.0.21
[INFO] [stderr]    Compiling syn v1.0.99
[INFO] [stderr]    Compiling thiserror-impl v1.0.32
[INFO] [stderr]    Compiling thiserror v1.0.32
[INFO] [stderr]    Compiling homo v0.0.1 (/opt/rustwide/workdir)
[INFO] [stdout] warning: unused import: `core::cell::RefCell`
[INFO] [stdout]  --> src/flexbox.rs:3:5
[INFO] [stdout]   |
[INFO] [stdout] 3 | use core::cell::RefCell;
[INFO] [stdout]   |     ^^^^^^^^^^^^^^^^^^^
[INFO] [stdout]   |
[INFO] [stdout]   = note: `#[warn(unused_imports)]` (part of `#[warn(unused)]`) on by default
[INFO] [stdout] 
[INFO] [stdout] 
[INFO] [stdout] warning: value assigned to `spacing` is never read
[INFO] [stdout]    --> src/flexbox.rs:264:31
[INFO] [stdout]     |
[INFO] [stdout] 264 |             let mut spacing = 0;
[INFO] [stdout]     |                               ^ this value is reassigned later and never used
[INFO] [stdout] ...
[INFO] [stdout] 276 |                             spacing = flex_dim / (child.children.len() - 1) as isize;
[INFO] [stdout]     |                             -------------------------------------------------------- `spacing` is overwritten here before the previous value is read
[INFO] [stdout]     |
[INFO] [stdout]     = note: `#[warn(unused_assignments)]` (part of `#[warn(unused)]`) on by default
[INFO] [stdout] 
[INFO] [stdout] 
[INFO] [stdout] warning: value assigned to `spacing` is never read
[INFO] [stdout]    --> src/flexbox.rs:276:29
[INFO] [stdout]     |
[INFO] [stdout] 276 | ...                   spacing = flex_dim / (child.children.len() - 1) as isize;
[INFO] [stdout]     |                       ^^^^^^^^^^^^^^^^^^^^^^^^^^^^^^^^^^^^^^^^^^^^^^^^^^^^^^^^ this value is reassigned later and never used
[INFO] [stdout] ...
[INFO] [stdout] 281 | ...                   spacing = flex_dim / child.children.len() as isize;
[INFO] [stdout]     |                       -------------------------------------------------- `spacing` is overwritten here before the previous value is read
[INFO] [stdout] 
[INFO] [stdout] 
[INFO] [stdout] warning: unused import: `core::cell::RefCell`
[INFO] [stdout]  --> src/flexbox.rs:3:5
[INFO] [stdout]   |
[INFO] [stdout] 3 | use core::cell::RefCell;
[INFO] [stdout]   |     ^^^^^^^^^^^^^^^^^^^
[INFO] [stdout]   |
[INFO] [stdout]   = note: `#[warn(unused_imports)]` (part of `#[warn(unused)]`) on by default
[INFO] [stdout] 
[INFO] [stdout] 
[INFO] [stdout] warning: value assigned to `spacing` is never read
[INFO] [stdout]    --> src/flexbox.rs:264:31
[INFO] [stdout]     |
[INFO] [stdout] 264 |             let mut spacing = 0;
[INFO] [stdout]     |                               ^ this value is reassigned later and never used
[INFO] [stdout] ...
[INFO] [stdout] 276 |                             spacing = flex_dim / (child.children.len() - 1) as isize;
[INFO] [stdout]     |                             -------------------------------------------------------- `spacing` is overwritten here before the previous value is read
[INFO] [stdout]     |
[INFO] [stdout]     = note: `#[warn(unused_assignments)]` (part of `#[warn(unused)]`) on by default
[INFO] [stdout] 
[INFO] [stdout] 
[INFO] [stdout] warning: value assigned to `spacing` is never read
[INFO] [stdout]    --> src/flexbox.rs:276:29
[INFO] [stdout]     |
[INFO] [stdout] 276 | ...                   spacing = flex_dim / (child.children.len() - 1) as isize;
[INFO] [stdout]     |                       ^^^^^^^^^^^^^^^^^^^^^^^^^^^^^^^^^^^^^^^^^^^^^^^^^^^^^^^^ this value is reassigned later and never used
[INFO] [stdout] ...
[INFO] [stdout] 281 | ...                   spacing = flex_dim / child.children.len() as isize;
[INFO] [stdout]     |                       -------------------------------------------------- `spacing` is overwritten here before the previous value is read
[INFO] [stdout] 
[INFO] [stdout] 
[INFO] [stderr]     Finished `release` profile [optimized] target(s) in 5.20s
[INFO] running `Command { std: "docker" "inspect" "919a0a2b2d658293b19cc29d532688068eb775872c8823903118da02d91c58c1", kill_on_drop: false }`
[INFO] running `Command { std: "docker" "exec" "-e" "SOURCE_DIR=/opt/rustwide/workdir" "-e" "CARGO_HOME=/opt/rustwide/cargo-home" "-e" "RUSTUP_HOME=/opt/rustwide/rustup-home" "-e" "CARGO_TARGET_DIR=/opt/rustwide/target" "-e" "CARGO_INCREMENTAL=0" "-e" "RUST_BACKTRACE=full" "-e" "RUSTFLAGS=--cap-lints=warn" "-e" "RUSTDOCFLAGS=--cap-lints=warn" "-w" "/opt/rustwide/workdir" "--user" "0:0" "919a0a2b2d658293b19cc29d532688068eb775872c8823903118da02d91c58c1" "/opt/rustwide/cargo-home/bin/cargo" "+1.99.0-beta.8" "test" "--frozen" "--no-run" "--message-format=json" "--release", kill_on_drop: false }`
[INFO] [stdout] warning: unused import: `core::cell::RefCell`
[INFO] [stdout]  --> src/flexbox.rs:3:5
[INFO] [stdout]   |
[INFO] [stdout] 3 | use core::cell::RefCell;
[INFO] [stdout]   |     ^^^^^^^^^^^^^^^^^^^
[INFO] [stdout]   |
[INFO] [stdout]   = note: `#[warn(unused_imports)]` (part of `#[warn(unused)]`) on by default
[INFO] [stdout] 
[INFO] [stdout] 
[INFO] [stderr]    Compiling homo v0.0.1 (/opt/rustwide/workdir)
[INFO] [stdout] warning: value assigned to `spacing` is never read
[INFO] [stdout]    --> src/flexbox.rs:264:31
[INFO] [stdout]     |
[INFO] [stdout] 264 |             let mut spacing = 0;
[INFO] [stdout]     |                               ^ this value is reassigned later and never used
[INFO] [stdout] ...
[INFO] [stdout] 276 |                             spacing = flex_dim / (child.children.len() - 1) as isize;
[INFO] [stdout]     |                             -------------------------------------------------------- `spacing` is overwritten here before the previous value is read
[INFO] [stdout]     |
[INFO] [stdout]     = note: `#[warn(unused_assignments)]` (part of `#[warn(unused)]`) on by default
[INFO] [stdout] 
[INFO] [stdout] 
[INFO] [stdout] warning: value assigned to `spacing` is never read
[INFO] [stdout]    --> src/flexbox.rs:276:29
[INFO] [stdout]     |
[INFO] [stdout] 276 | ...                   spacing = flex_dim / (child.children.len() - 1) as isize;
[INFO] [stdout]     |                       ^^^^^^^^^^^^^^^^^^^^^^^^^^^^^^^^^^^^^^^^^^^^^^^^^^^^^^^^ this value is reassigned later and never used
[INFO] [stdout] ...
[INFO] [stdout] 281 | ...                   spacing = flex_dim / child.children.len() as isize;
[INFO] [stdout]     |                       -------------------------------------------------- `spacing` is overwritten here before the previous value is read
[INFO] [stdout] 
[INFO] [stdout] 
[INFO] [stdout] warning: unused import: `core::cell::RefCell`
[INFO] [stdout]  --> src/flexbox.rs:3:5
[INFO] [stdout]   |
[INFO] [stdout] 3 | use core::cell::RefCell;
[INFO] [stdout]   |     ^^^^^^^^^^^^^^^^^^^
[INFO] [stdout]   |
[INFO] [stdout]   = note: `#[warn(unused_imports)]` (part of `#[warn(unused)]`) on by default
[INFO] [stdout] 
[INFO] [stdout] 
[INFO] [stdout] warning: value assigned to `spacing` is never read
[INFO] [stdout]    --> src/flexbox.rs:264:31
[INFO] [stdout]     |
[INFO] [stdout] 264 |             let mut spacing = 0;
[INFO] [stdout]     |                               ^ this value is reassigned later and never used
[INFO] [stdout] ...
[INFO] [stdout] 276 |                             spacing = flex_dim / (child.children.len() - 1) as isize;
[INFO] [stdout]     |                             -------------------------------------------------------- `spacing` is overwritten here before the previous value is read
[INFO] [stdout]     |
[INFO] [stdout]     = note: `#[warn(unused_assignments)]` (part of `#[warn(unused)]`) on by default
[INFO] [stdout] 
[INFO] [stdout] 
[INFO] [stdout] warning: value assigned to `spacing` is never read
[INFO] [stdout]    --> src/flexbox.rs:276:29
[INFO] [stdout]     |
[INFO] [stdout] 276 | ...                   spacing = flex_dim / (child.children.len() - 1) as isize;
[INFO] [stdout]     |                       ^^^^^^^^^^^^^^^^^^^^^^^^^^^^^^^^^^^^^^^^^^^^^^^^^^^^^^^^ this value is reassigned later and never used
[INFO] [stdout] ...
[INFO] [stdout] 281 | ...                   spacing = flex_dim / child.children.len() as isize;
[INFO] [stdout]     |                       -------------------------------------------------- `spacing` is overwritten here before the previous value is read
[INFO] [stdout] 
[INFO] [stdout] 
[INFO] [stdout] error[E0433]: cannot find module or crate `soga` in this scope
[INFO] [stdout]  --> tests/align_items.rs:1:5
[INFO] [stdout]   |
[INFO] [stdout] 1 | use soga::flexbox::FlexBox;
[INFO] [stdout]   |     ^^^^ use of unresolved module or unlinked crate `soga`
[INFO] [stdout]   |
[INFO] [stdout]   = help: if you wanted to use a crate named `soga`, use `cargo add soga` to add it to your `Cargo.toml`
[INFO] [stdout] 
[INFO] [stdout] 
[INFO] [stdout] error[E0433]: cannot find module or crate `soga` in this scope
[INFO] [stdout]  --> tests/align_items.rs:2:5
[INFO] [stdout]   |
[INFO] [stdout] 2 | use soga::flexbox::FlexItem;
[INFO] [stdout]   |     ^^^^ use of unresolved module or unlinked crate `soga`
[INFO] [stdout]   |
[INFO] [stdout]   = help: if you wanted to use a crate named `soga`, use `cargo add soga` to add it to your `Cargo.toml`
[INFO] [stdout] 
[INFO] [stdout] 
[INFO] [stdout] error[E0433]: cannot find module or crate `soga` in this scope
[INFO] [stdout]  --> tests/tree.rs:1:5
[INFO] [stdout]   |
[INFO] [stdout] 1 | use soga::flexbox::FlexBox;
[INFO] [stdout]   |     ^^^^ use of unresolved module or unlinked crate `soga`
[INFO] [stdout]   |
[INFO] [stdout]   = help: if you wanted to use a crate named `soga`, use `cargo add soga` to add it to your `Cargo.toml`
[INFO] [stdout] 
[INFO] [stdout] 
[INFO] [stdout] error[E0433]: cannot find module or crate `soga` in this scope
[INFO] [stdout]  --> tests/tree.rs:2:5
[INFO] [stdout]   |
[INFO] [stdout] 2 | use soga::flexbox::FlexItem;
[INFO] [stdout]   |     ^^^^ use of unresolved module or unlinked crate `soga`
[INFO] [stdout]   |
[INFO] [stdout]   = help: if you wanted to use a crate named `soga`, use `cargo add soga` to add it to your `Cargo.toml`
[INFO] [stdout] 
[INFO] [stdout] 
[INFO] [stdout] error[E0433]: cannot find module or crate `soga` in this scope
[INFO] [stdout]  --> tests/basis.rs:1:5
[INFO] [stdout]   |
[INFO] [stdout] 1 | use soga::flexbox::FlexBox;
[INFO] [stdout]   |     ^^^^ use of unresolved module or unlinked crate `soga`
[INFO] [stdout]   |
[INFO] [stdout]   = help: if you wanted to use a crate named `soga`, use `cargo add soga` to add it to your `Cargo.toml`
[INFO] [stdout] 
[INFO] [stdout] 
[INFO] [stdout] error[E0433]: cannot find module or crate `soga` in this scope
[INFO] [stdout]  --> tests/basis.rs:2:5
[INFO] [stdout]   |
[INFO] [stdout] 2 | use soga::flexbox::FlexItem;
[INFO] [stdout]   |     ^^^^ use of unresolved module or unlinked crate `soga`
[INFO] [stdout]   |
[INFO] [stdout]   = help: if you wanted to use a crate named `soga`, use `cargo add soga` to add it to your `Cargo.toml`
[INFO] [stdout] 
[INFO] [stdout] 
[INFO] [stdout] warning: unused import: `core::cell::RefCell`
[INFO] [stdout]  --> src/flexbox.rs:3:5
[INFO] [stdout]   |
[INFO] [stdout] 3 | use core::cell::RefCell;
[INFO] [stdout]   |     ^^^^^^^^^^^^^^^^^^^
[INFO] [stdout]   |
[INFO] [stdout]   = note: `#[warn(unused_imports)]` (part of `#[warn(unused)]`) on by default
[INFO] [stdout] 
[INFO] [stdout] 
[INFO] [stdout] error[E0433]: cannot find module or crate `soga` in this scope
[INFO] [stdout]  --> tests/order.rs:1:5
[INFO] [stdout]   |
[INFO] [stdout] 1 | use soga::flexbox::FlexBox;
[INFO] [stdout]   |     ^^^^ use of unresolved module or unlinked crate `soga`
[INFO] [stdout]   |
[INFO] [stdout]   = help: if you wanted to use a crate named `soga`, use `cargo add soga` to add it to your `Cargo.toml`
[INFO] [stdout] 
[INFO] [stdout] 
[INFO] [stdout] error[E0433]: cannot find module or crate `soga` in this scope
[INFO] [stdout]  --> tests/order.rs:2:5
[INFO] [stdout]   |
[INFO] [stdout] 2 | use soga::flexbox::FlexItem;
[INFO] [stdout]   |     ^^^^ use of unresolved module or unlinked crate `soga`
[INFO] [stdout]   |
[INFO] [stdout]   = help: if you wanted to use a crate named `soga`, use `cargo add soga` to add it to your `Cargo.toml`
[INFO] [stdout] 
[INFO] [stdout] 
[INFO] [stdout] For more information about this error, try `rustc --explain E0433`.
[INFO] [stdout] 
[INFO] [stdout] error[E0433]: cannot find module or crate `soga` in this scope
[INFO] [stdout]  --> tests/shrink.rs:1:5
[INFO] [stdout]   |
[INFO] [stdout] 1 | use soga::flexbox::FlexBox;
[INFO] [stdout]   |     ^^^^ use of unresolved module or unlinked crate `soga`
[INFO] [stdout]   |
[INFO] [stdout]   = help: if you wanted to use a crate named `soga`, use `cargo add soga` to add it to your `Cargo.toml`
[INFO] [stdout] 
[INFO] [stdout] 
[INFO] [stdout] error[E0433]: cannot find module or crate `soga` in this scope
[INFO] [stdout]  --> tests/shrink.rs:2:5
[INFO] [stdout]   |
[INFO] [stdout] 2 | use soga::flexbox::FlexItem;
[INFO] [stdout]   |     ^^^^ use of unresolved module or unlinked crate `soga`
[INFO] [stdout]   |
[INFO] [stdout]   = help: if you wanted to use a crate named `soga`, use `cargo add soga` to add it to your `Cargo.toml`
[INFO] [stdout] 
[INFO] [stdout] 
[INFO] [stderr] error: could not compile `homo` (test "order") due to 2 previous errors
[INFO] [stderr] warning: build failed, waiting for other jobs to finish...
[INFO] [stdout] For more information about this error, try `rustc --explain E0433`.
[INFO] [stdout] 
[INFO] [stderr] error: could not compile `homo` (test "basis") due to 2 previous errors
[INFO] [stdout] For more information about this error, try `rustc --explain E0433`.
[INFO] [stdout] 
[INFO] [stdout] error[E0433]: cannot find module or crate `soga` in this scope
[INFO] [stdout]  --> tests/justify_content.rs:1:5
[INFO] [stdout]   |
[INFO] [stdout] 1 | use soga::flexbox::FlexBox;
[INFO] [stdout]   |     ^^^^ use of unresolved module or unlinked crate `soga`
[INFO] [stdout]   |
[INFO] [stdout]   = help: if you wanted to use a crate named `soga`, use `cargo add soga` to add it to your `Cargo.toml`
[INFO] [stdout] 
[INFO] [stdout] 
[INFO] [stdout] error[E0433]: cannot find module or crate `soga` in this scope
[INFO] [stdout]  --> tests/justify_content.rs:2:5
[INFO] [stdout]   |
[INFO] [stdout] 2 | use soga::flexbox::FlexItem;
[INFO] [stdout]   |     ^^^^ use of unresolved module or unlinked crate `soga`
[INFO] [stdout]   |
[INFO] [stdout]   = help: if you wanted to use a crate named `soga`, use `cargo add soga` to add it to your `Cargo.toml`
[INFO] [stdout] 
[INFO] [stdout] 
[INFO] [stdout] warning: value assigned to `spacing` is never read
[INFO] [stdout]    --> src/flexbox.rs:264:31
[INFO] [stdout]     |
[INFO] [stdout] 264 |             let mut spacing = 0;
[INFO] [stdout]     |                               ^ this value is reassigned later and never used
[INFO] [stdout] ...
[INFO] [stdout] 276 |                             spacing = flex_dim / (child.children.len() - 1) as isize;
[INFO] [stdout]     |                             -------------------------------------------------------- `spacing` is overwritten here before the previous value is read
[INFO] [stdout]     |
[INFO] [stdout]     = note: `#[warn(unused_assignments)]` (part of `#[warn(unused)]`) on by default
[INFO] [stdout] 
[INFO] [stdout] 
[INFO] [stderr] error: could not compile `homo` (test "shrink") due to 2 previous errors
[INFO] [stdout] warning: value assigned to `spacing` is never read
[INFO] [stdout]    --> src/flexbox.rs:276:29
[INFO] [stdout]     |
[INFO] [stdout] 276 | ...                   spacing = flex_dim / (child.children.len() - 1) as isize;
[INFO] [stdout]     |                       ^^^^^^^^^^^^^^^^^^^^^^^^^^^^^^^^^^^^^^^^^^^^^^^^^^^^^^^^ this value is reassigned later and never used
[INFO] [stdout] ...
[INFO] [stdout] 281 | ...                   spacing = flex_dim / child.children.len() as isize;
[INFO] [stdout]     |                       -------------------------------------------------- `spacing` is overwritten here before the previous value is read
[INFO] [stdout] 
[INFO] [stdout] 
[INFO] [stderr] error: could not compile `homo` (test "align_items") due to 2 previous errors
[INFO] [stdout] For more information about this error, try `rustc --explain E0433`.
[INFO] [stdout] 
[INFO] [stderr] error: could not compile `homo` (test "justify_content") due to 2 previous errors
[INFO] [stdout] For more information about this error, try `rustc --explain E0433`.
[INFO] [stdout] 
[INFO] [stdout] For more information about this error, try `rustc --explain E0433`.
[INFO] [stdout] 
[INFO] [stdout] error[E0433]: cannot find module or crate `soga` in this scope
[INFO] [stdout]  --> tests/grow.rs:1:5
[INFO] [stdout]   |
[INFO] [stdout] 1 | use soga::flexbox::FlexBox;
[INFO] [stdout]   |     ^^^^ use of unresolved module or unlinked crate `soga`
[INFO] [stdout]   |
[INFO] [stdout]   = help: if you wanted to use a crate named `soga`, use `cargo add soga` to add it to your `Cargo.toml`
[INFO] [stdout] 
[INFO] [stdout] 
[INFO] [stderr] error: could not compile `homo` (test "tree") due to 2 previous errors
[INFO] [stdout] error[E0433]: cannot find module or crate `soga` in this scope
[INFO] [stdout]  --> tests/grow.rs:2:5
[INFO] [stdout]   |
[INFO] [stdout] 2 | use soga::flexbox::FlexItem;
[INFO] [stdout]   |     ^^^^ use of unresolved module or unlinked crate `soga`
[INFO] [stdout]   |
[INFO] [stdout]   = help: if you wanted to use a crate named `soga`, use `cargo add soga` to add it to your `Cargo.toml`
[INFO] [stdout] 
[INFO] [stdout] 
[INFO] [stdout] warning: unused import: `core::cell::RefCell`
[INFO] [stdout]  --> src/flexbox.rs:3:5
[INFO] [stdout]   |
[INFO] [stdout] 3 | use core::cell::RefCell;
[INFO] [stdout]   |     ^^^^^^^^^^^^^^^^^^^
[INFO] [stdout]   |
[INFO] [stdout]   = note: `#[warn(unused_imports)]` (part of `#[warn(unused)]`) on by default
[INFO] [stdout] 
[INFO] [stdout] 
[INFO] [stdout] For more information about this error, try `rustc --explain E0433`.
[INFO] [stdout] 
[INFO] [stderr] error: could not compile `homo` (test "grow") due to 2 previous errors
[INFO] [stdout] warning: value assigned to `spacing` is never read
[INFO] [stdout]    --> src/flexbox.rs:264:31
[INFO] [stdout]     |
[INFO] [stdout] 264 |             let mut spacing = 0;
[INFO] [stdout]     |                               ^ this value is reassigned later and never used
[INFO] [stdout] ...
[INFO] [stdout] 276 |                             spacing = flex_dim / (child.children.len() - 1) as isize;
[INFO] [stdout]     |                             -------------------------------------------------------- `spacing` is overwritten here before the previous value is read
[INFO] [stdout]     |
[INFO] [stdout]     = note: `#[warn(unused_assignments)]` (part of `#[warn(unused)]`) on by default
[INFO] [stdout] 
[INFO] [stdout] 
[INFO] [stdout] warning: value assigned to `spacing` is never read
[INFO] [stdout]    --> src/flexbox.rs:276:29
[INFO] [stdout]     |
[INFO] [stdout] 276 | ...                   spacing = flex_dim / (child.children.len() - 1) as isize;
[INFO] [stdout]     |                       ^^^^^^^^^^^^^^^^^^^^^^^^^^^^^^^^^^^^^^^^^^^^^^^^^^^^^^^^ this value is reassigned later and never used
[INFO] [stdout] ...
[INFO] [stdout] 281 | ...                   spacing = flex_dim / child.children.len() as isize;
[INFO] [stdout]     |                       -------------------------------------------------- `spacing` is overwritten here before the previous value is read
[INFO] [stdout] 
[INFO] [stdout] 
[INFO] running `Command { std: "docker" "inspect" "919a0a2b2d658293b19cc29d532688068eb775872c8823903118da02d91c58c1", kill_on_drop: false }`
[INFO] running `Command { std: "docker" "rm" "-f" "919a0a2b2d658293b19cc29d532688068eb775872c8823903118da02d91c58c1", kill_on_drop: false }`
[INFO] [stdout] 919a0a2b2d658293b19cc29d532688068eb775872c8823903118da02d91c58c1
