[INFO] fetching crate holochain_deterministic_integrity 0.0.13...
[INFO] testing holochain_deterministic_integrity-0.0.13 against 1.100.0-beta.1+cargoflags=--release for beta-release-1.100-2
[INFO] extracting crate holochain_deterministic_integrity 0.0.13 into /workspace/builds/worker-7-tc2/source
[INFO] started tweaking crates.io crate holochain_deterministic_integrity 0.0.13
[INFO] finished tweaking crates.io crate holochain_deterministic_integrity 0.0.13
[INFO] tweaked toml for crates.io crate holochain_deterministic_integrity 0.0.13 written to /workspace/builds/worker-7-tc2/source/Cargo.toml
[INFO] validating manifest of crates.io crate holochain_deterministic_integrity 0.0.13 on toolchain 1.100.0-beta.1
[INFO] running `Command { std: CARGO_HOME="/workspace/cargo-home" RUSTUP_HOME="/workspace/rustup-home" "/workspace/cargo-home/bin/cargo" "+1.100.0-beta.1" "metadata" "--manifest-path" "Cargo.toml" "--no-deps", kill_on_drop: false }`
[INFO] running `Command { std: CARGO_HOME="/workspace/cargo-home" RUSTUP_HOME="/workspace/rustup-home" "/workspace/cargo-home/bin/cargo" "+1.100.0-beta.1" "generate-lockfile" "--manifest-path" "Cargo.toml", kill_on_drop: false }`
[INFO] [stderr]     Updating crates.io index
[INFO] [stderr]      Locking 218 packages to highest compatible versions
[INFO] [stderr]       Adding hdk_derive v0.0.40 (available: v0.7.1)
[INFO] [stderr]       Adding holo_hash v0.0.30 (available: v0.7.1)
[INFO] [stderr]       Adding holochain_integrity_types v0.0.12 (available: v0.7.1)
[INFO] [stderr]       Adding holochain_wasmer_guest v0.0.80 (available: v0.0.103)
[INFO] [stderr]       Adding mockall v0.10.2 (available: v0.15.0)
[INFO] [stderr]       Adding paste v1.0.5 (available: v1.0.15)
[INFO] [stderr]       Adding wasmer v2.2.0 (available: v2.3.0)
[INFO] [stderr]       Adding wasmer-compiler v2.2.0 (available: v2.3.0)
[INFO] [stderr]       Adding wasmer-compiler-cranelift v2.2.0 (available: v2.3.0)
[INFO] [stderr]       Adding wasmer-derive v2.2.0 (available: v2.3.0)
[INFO] [stderr]       Adding wasmer-engine v2.2.0 (available: v2.3.0)
[INFO] [stderr]       Adding wasmer-engine-dylib v2.2.0 (available: v2.3.0)
[INFO] [stderr]       Adding wasmer-engine-universal v2.2.0 (available: v2.3.0)
[INFO] [stderr]       Adding wasmer-object v2.2.0 (available: v2.3.0)
[INFO] [stderr]       Adding wasmer-types v2.2.0 (available: v2.3.0)
[INFO] [stderr]       Adding wasmer-vm v2.2.0 (available: v2.3.0)
[INFO] running `Command { std: CARGO_HOME="/workspace/cargo-home" RUSTUP_HOME="/workspace/rustup-home" "/workspace/cargo-home/bin/cargo" "+1.100.0-beta.1" "fetch" "--manifest-path" "Cargo.toml", kill_on_drop: false }`
[INFO] running `Command { std: "docker" "create" "-v" "/var/lib/crater-agent-workspace/builds/worker-7-tc2/source:/opt/rustwide/workdir:ro,Z" "-v" "/var/lib/crater-agent-workspace/builds/worker-7-tc2/target:/opt/rustwide/target:rw,Z" "-v" "/var/lib/crater-agent-workspace/cargo-home:/opt/rustwide/cargo-home:ro,Z" "-v" "/var/lib/crater-agent-workspace/rustup-home:/opt/rustwide/rustup-home:ro,Z" "-m" "1610612736" "--network" "none" "ghcr.io/rust-lang/crates-build-env/linux@sha256:77db811e55d90add9212f6832c23229e3de5f1c1f9905e8cb07319ea15df73ac" "sleep" "infinity", kill_on_drop: false }`
[INFO] [stdout] 2bb4724f69c9d5ed42f23dcad45e6c8cc376567ea6279c5fb762c34304ab7244
[INFO] running `Command { std: "docker" "start" "2bb4724f69c9d5ed42f23dcad45e6c8cc376567ea6279c5fb762c34304ab7244", kill_on_drop: false }`
[INFO] running `Command { std: "docker" "inspect" "2bb4724f69c9d5ed42f23dcad45e6c8cc376567ea6279c5fb762c34304ab7244", kill_on_drop: false }`
[INFO] running `Command { std: "docker" "exec" "-e" "SOURCE_DIR=/opt/rustwide/workdir" "-e" "CARGO_HOME=/opt/rustwide/cargo-home" "-e" "RUSTUP_HOME=/opt/rustwide/rustup-home" "-e" "CARGO_TARGET_DIR=/opt/rustwide/target" "-w" "/opt/rustwide/workdir" "--user" "0:0" "2bb4724f69c9d5ed42f23dcad45e6c8cc376567ea6279c5fb762c34304ab7244" "/opt/rustwide/cargo-home/bin/cargo" "+1.100.0-beta.1" "metadata" "--no-deps" "--format-version=1", kill_on_drop: false }`
[INFO] running `Command { std: "docker" "inspect" "2bb4724f69c9d5ed42f23dcad45e6c8cc376567ea6279c5fb762c34304ab7244", kill_on_drop: false }`
[INFO] running `Command { std: "docker" "exec" "-e" "SOURCE_DIR=/opt/rustwide/workdir" "-e" "CARGO_HOME=/opt/rustwide/cargo-home" "-e" "RUSTUP_HOME=/opt/rustwide/rustup-home" "-e" "CARGO_TARGET_DIR=/opt/rustwide/target" "-e" "CARGO_INCREMENTAL=0" "-e" "RUST_BACKTRACE=full" "-e" "RUSTFLAGS=--cap-lints=warn" "-e" "RUSTDOCFLAGS=--cap-lints=warn" "-w" "/opt/rustwide/workdir" "--user" "0:0" "2bb4724f69c9d5ed42f23dcad45e6c8cc376567ea6279c5fb762c34304ab7244" "/opt/rustwide/cargo-home/bin/cargo" "+1.100.0-beta.1" "build" "--frozen" "--message-format=json" "--release", kill_on_drop: false }`
[INFO] [stderr]    Compiling serde v1.0.229
[INFO] [stderr]    Compiling indexmap v1.9.3
[INFO] [stderr]    Compiling serde_core v1.0.229
[INFO] [stderr]    Compiling rkyv v0.7.46
[INFO] [stderr]    Compiling serde_json v1.0.154
[INFO] [stderr]    Compiling memoffset v0.6.5
[INFO] [stderr]    Compiling seahash v4.1.0
[INFO] [stderr]    Compiling syn v1.0.109
[INFO] [stderr]    Compiling getrandom v0.2.17
[INFO] [stderr]    Compiling target-lexicon v0.12.16
[INFO] [stderr]    Compiling serde_bytes v0.11.19
[INFO] [stderr]    Compiling cc v1.8.0
[INFO] [stderr]    Compiling darling_core v0.21.3
[INFO] [stderr]    Compiling num-traits v0.2.19
[INFO] [stderr]    Compiling region v3.0.2
[INFO] [stderr]    Compiling backtrace v0.3.76
[INFO] [stderr]    Compiling convert_case v0.4.0
[INFO] [stderr]    Compiling more-asserts v0.2.2
[INFO] [stderr]    Compiling wasmparser v0.78.2
[INFO] [stderr]    Compiling ahash v0.7.8
[INFO] [stderr]    Compiling cranelift-codegen-shared v0.76.0
[INFO] [stderr]    Compiling crossbeam-epoch v0.9.21
[INFO] [stderr]    Compiling cranelift-entity v0.76.0
[INFO] [stderr]    Compiling crossbeam-deque v0.8.8
[INFO] [stderr]    Compiling either v1.19.0
[INFO] [stderr]    Compiling hashbrown v0.12.3
[INFO] [stderr]    Compiling derive_more v0.99.20
[INFO] [stderr]    Compiling bit-vec v0.9.1
[INFO] [stderr]    Compiling cranelift-codegen-meta v0.76.0
[INFO] [stderr]    Compiling rustix v1.1.5
[INFO] [stderr]    Compiling fallible-iterator v0.2.0
[INFO] [stderr]    Compiling stable_deref_trait v1.2.1
[INFO] [stderr]    Compiling indexmap v2.14.2
[INFO] [stderr]    Compiling bit-set v0.9.1
[INFO] [stderr]    Compiling regalloc v0.0.31
[INFO] [stderr]    Compiling rustix v0.38.44
[INFO] [stderr]    Compiling cranelift-bforest v0.76.0
[INFO] [stderr]    Compiling hashbrown v0.11.2
[INFO] [stderr]    Compiling proc-macro-error-attr v1.0.4
[INFO] [stderr]    Compiling num-integer v0.1.47
[INFO] [stderr]    Compiling crc32fast v1.5.2
[INFO] [stderr]    Compiling rmp v0.8.15
[INFO] [stderr]    Compiling memmap2 v0.5.10
[INFO] [stderr]    Compiling linux-raw-sys v0.4.15
[INFO] [stderr]    Compiling bit-vec v0.8.0
[INFO] [stderr]    Compiling lazy_static v1.5.1
[INFO] [stderr]    Compiling leb128fmt v0.1.0
[INFO] [stderr]    Compiling trilean v1.1.0
[INFO] [stderr]    Compiling rmp-serde v0.15.5
[INFO] [stderr]    Compiling wasm-encoder v0.262.0
[INFO] [stderr]    Compiling gcollections v1.6.0
[INFO] [stdout] error[E0425]: cannot find function `read_data_i8` in module `rmp::decode`
[INFO] [stdout]    --> /opt/rustwide/cargo-home/registry/src/index.crates.io-1949cf8c6b5b557f/rmp-serde-0.15.5/src/decode.rs:450:40
[INFO] [stdout]     |
[INFO] [stdout] 450 |                 let tag = rmp::decode::read_data_i8(self.rd)?;
[INFO] [stdout]     |                                        ^^^^^^^^^^^^ not found in `rmp::decode`
[INFO] [stdout] 
[INFO] [stdout] 
[INFO] [stdout] error[E0425]: cannot find function `read_data_u8` in module `rmp::decode`
[INFO] [stdout]    --> /opt/rustwide/cargo-home/registry/src/index.crates.io-1949cf8c6b5b557f/rmp-serde-0.15.5/src/decode.rs:497:57
[INFO] [stdout]     |
[INFO] [stdout] 497 |             Marker::U8 => visitor.visit_u8(rmp::decode::read_data_u8(&mut self.rd)?),
[INFO] [stdout]     |                                                         ^^^^^^^^^^^^ not found in `rmp::decode`
[INFO] [stdout] 
[INFO] [stdout] 
[INFO] [stdout] error[E0425]: cannot find function `read_data_u16` in module `rmp::decode`
[INFO] [stdout]    --> /opt/rustwide/cargo-home/registry/src/index.crates.io-1949cf8c6b5b557f/rmp-serde-0.15.5/src/decode.rs:498:59
[INFO] [stdout]     |
[INFO] [stdout] 498 |             Marker::U16 => visitor.visit_u16(rmp::decode::read_data_u16(&mut self.rd)?),
[INFO] [stdout]     |                                                           ^^^^^^^^^^^^^ not found in `rmp::decode`
[INFO] [stdout] 
[INFO] [stdout] 
[INFO] [stdout] error[E0425]: cannot find function `read_data_u32` in module `rmp::decode`
[INFO] [stdout]    --> /opt/rustwide/cargo-home/registry/src/index.crates.io-1949cf8c6b5b557f/rmp-serde-0.15.5/src/decode.rs:499:59
[INFO] [stdout]     |
[INFO] [stdout] 499 |             Marker::U32 => visitor.visit_u32(rmp::decode::read_data_u32(&mut self.rd)?),
[INFO] [stdout]     |                                                           ^^^^^^^^^^^^^ not found in `rmp::decode`
[INFO] [stdout] 
[INFO] [stdout] 
[INFO] [stdout] error[E0425]: cannot find function `read_data_u64` in module `rmp::decode`
[INFO] [stdout]    --> /opt/rustwide/cargo-home/registry/src/index.crates.io-1949cf8c6b5b557f/rmp-serde-0.15.5/src/decode.rs:500:59
[INFO] [stdout]     |
[INFO] [stdout] 500 |             Marker::U64 => visitor.visit_u64(rmp::decode::read_data_u64(&mut self.rd)?),
[INFO] [stdout]     |                                                           ^^^^^^^^^^^^^ not found in `rmp::decode`
[INFO] [stdout] 
[INFO] [stdout] 
[INFO] [stdout] error[E0425]: cannot find function `read_data_i8` in module `rmp::decode`
[INFO] [stdout]    --> /opt/rustwide/cargo-home/registry/src/index.crates.io-1949cf8c6b5b557f/rmp-serde-0.15.5/src/decode.rs:501:57
[INFO] [stdout]     |
[INFO] [stdout] 501 |             Marker::I8 => visitor.visit_i8(rmp::decode::read_data_i8(&mut self.rd)?),
[INFO] [stdout]     |                                                         ^^^^^^^^^^^^ not found in `rmp::decode`
[INFO] [stdout] 
[INFO] [stdout] 
[INFO] [stdout] error[E0425]: cannot find function `read_data_i16` in module `rmp::decode`
[INFO] [stdout]    --> /opt/rustwide/cargo-home/registry/src/index.crates.io-1949cf8c6b5b557f/rmp-serde-0.15.5/src/decode.rs:502:59
[INFO] [stdout]     |
[INFO] [stdout] 502 |             Marker::I16 => visitor.visit_i16(rmp::decode::read_data_i16(&mut self.rd)?),
[INFO] [stdout]     |                                                           ^^^^^^^^^^^^^ not found in `rmp::decode`
[INFO] [stdout] 
[INFO] [stdout] 
[INFO] [stdout] error[E0425]: cannot find function `read_data_i32` in module `rmp::decode`
[INFO] [stdout]    --> /opt/rustwide/cargo-home/registry/src/index.crates.io-1949cf8c6b5b557f/rmp-serde-0.15.5/src/decode.rs:503:59
[INFO] [stdout]     |
[INFO] [stdout] 503 |             Marker::I32 => visitor.visit_i32(rmp::decode::read_data_i32(&mut self.rd)?),
[INFO] [stdout]     |                                                           ^^^^^^^^^^^^^ not found in `rmp::decode`
[INFO] [stdout] 
[INFO] [stdout] 
[INFO] [stdout] error[E0425]: cannot find function `read_data_i64` in module `rmp::decode`
[INFO] [stdout]    --> /opt/rustwide/cargo-home/registry/src/index.crates.io-1949cf8c6b5b557f/rmp-serde-0.15.5/src/decode.rs:504:59
[INFO] [stdout]     |
[INFO] [stdout] 504 |             Marker::I64 => visitor.visit_i64(rmp::decode::read_data_i64(&mut self.rd)?),
[INFO] [stdout]     |                                                           ^^^^^^^^^^^^^ not found in `rmp::decode`
[INFO] [stdout] 
[INFO] [stdout] 
[INFO] [stdout] error[E0425]: cannot find function `read_data_f32` in module `rmp::decode`
[INFO] [stdout]    --> /opt/rustwide/cargo-home/registry/src/index.crates.io-1949cf8c6b5b557f/rmp-serde-0.15.5/src/decode.rs:505:59
[INFO] [stdout]     |
[INFO] [stdout] 505 |             Marker::F32 => visitor.visit_f32(rmp::decode::read_data_f32(&mut self.rd)?),
[INFO] [stdout]     |                                                           ^^^^^^^^^^^^^ not found in `rmp::decode`
[INFO] [stdout] 
[INFO] [stdout] 
[INFO] [stdout] error[E0425]: cannot find function `read_data_f64` in module `rmp::decode`
[INFO] [stdout]    --> /opt/rustwide/cargo-home/registry/src/index.crates.io-1949cf8c6b5b557f/rmp-serde-0.15.5/src/decode.rs:506:59
[INFO] [stdout]     |
[INFO] [stdout] 506 |             Marker::F64 => visitor.visit_f64(rmp::decode::read_data_f64(&mut self.rd)?),
[INFO] [stdout]     |                                                           ^^^^^^^^^^^^^ not found in `rmp::decode`
[INFO] [stdout] 
[INFO] [stdout] 
[INFO] [stdout] error[E0425]: cannot find function `read_data_u8` in module `rmp::decode`
[INFO] [stdout]    --> /opt/rustwide/cargo-home/registry/src/index.crates.io-1949cf8c6b5b557f/rmp-serde-0.15.5/src/decode.rs:657:40
[INFO] [stdout]     |
[INFO] [stdout] 657 |             Marker::U8 => rmp::decode::read_data_u8(&mut self.rd).map(f32::from),
[INFO] [stdout]     |                                        ^^^^^^^^^^^^ not found in `rmp::decode`
[INFO] [stdout] 
[INFO] [stdout] 
[INFO] [stdout] error[E0425]: cannot find function `read_data_u16` in module `rmp::decode`
[INFO] [stdout]    --> /opt/rustwide/cargo-home/registry/src/index.crates.io-1949cf8c6b5b557f/rmp-serde-0.15.5/src/decode.rs:658:41
[INFO] [stdout]     |
[INFO] [stdout] 658 |             Marker::U16 => rmp::decode::read_data_u16(&mut self.rd).map(f32::from),
[INFO] [stdout]     |                                         ^^^^^^^^^^^^^ not found in `rmp::decode`
[INFO] [stdout] 
[INFO] [stdout] 
[INFO] [stdout] error[E0425]: cannot find function `read_data_i8` in module `rmp::decode`
[INFO] [stdout]    --> /opt/rustwide/cargo-home/registry/src/index.crates.io-1949cf8c6b5b557f/rmp-serde-0.15.5/src/decode.rs:659:40
[INFO] [stdout]     |
[INFO] [stdout] 659 |             Marker::I8 => rmp::decode::read_data_i8(&mut self.rd).map(f32::from),
[INFO] [stdout]     |                                        ^^^^^^^^^^^^ not found in `rmp::decode`
[INFO] [stdout] 
[INFO] [stdout] 
[INFO] [stdout] error[E0425]: cannot find function `read_data_i16` in module `rmp::decode`
[INFO] [stdout]    --> /opt/rustwide/cargo-home/registry/src/index.crates.io-1949cf8c6b5b557f/rmp-serde-0.15.5/src/decode.rs:660:41
[INFO] [stdout]     |
[INFO] [stdout] 660 |             Marker::I16 => rmp::decode::read_data_i16(&mut self.rd).map(f32::from),
[INFO] [stdout]     |                                         ^^^^^^^^^^^^^ not found in `rmp::decode`
[INFO] [stdout] 
[INFO] [stdout] 
[INFO] [stdout] error[E0425]: cannot find function `read_data_f32` in module `rmp::decode`
[INFO] [stdout]    --> /opt/rustwide/cargo-home/registry/src/index.crates.io-1949cf8c6b5b557f/rmp-serde-0.15.5/src/decode.rs:661:41
[INFO] [stdout]     |
[INFO] [stdout] 661 |             Marker::F32 => rmp::decode::read_data_f32(&mut self.rd),
[INFO] [stdout]     |                                         ^^^^^^^^^^^^^ not found in `rmp::decode`
[INFO] [stdout] 
[INFO] [stdout] 
[INFO] [stdout] error[E0425]: cannot find function `read_data_u8` in module `rmp::decode`
[INFO] [stdout]    --> /opt/rustwide/cargo-home/registry/src/index.crates.io-1949cf8c6b5b557f/rmp-serde-0.15.5/src/decode.rs:676:40
[INFO] [stdout]     |
[INFO] [stdout] 676 |             Marker::U8 => rmp::decode::read_data_u8(&mut self.rd).map(f64::from),
[INFO] [stdout]     |                                        ^^^^^^^^^^^^ not found in `rmp::decode`
[INFO] [stdout] 
[INFO] [stdout] 
[INFO] [stdout] error[E0425]: cannot find function `read_data_u16` in module `rmp::decode`
[INFO] [stdout]    --> /opt/rustwide/cargo-home/registry/src/index.crates.io-1949cf8c6b5b557f/rmp-serde-0.15.5/src/decode.rs:677:41
[INFO] [stdout]     |
[INFO] [stdout] 677 |             Marker::U16 => rmp::decode::read_data_u16(&mut self.rd).map(f64::from),
[INFO] [stdout]     |                                         ^^^^^^^^^^^^^ not found in `rmp::decode`
[INFO] [stdout] 
[INFO] [stdout] 
[INFO] [stdout] error[E0425]: cannot find function `read_data_u32` in module `rmp::decode`
[INFO] [stdout]    --> /opt/rustwide/cargo-home/registry/src/index.crates.io-1949cf8c6b5b557f/rmp-serde-0.15.5/src/decode.rs:678:41
[INFO] [stdout]     |
[INFO] [stdout] 678 |             Marker::U32 => rmp::decode::read_data_u32(&mut self.rd).map(f64::from),
[INFO] [stdout]     |                                         ^^^^^^^^^^^^^ not found in `rmp::decode`
[INFO] [stdout] 
[INFO] [stdout] 
[INFO] [stdout] error[E0425]: cannot find function `read_data_i8` in module `rmp::decode`
[INFO] [stdout]    --> /opt/rustwide/cargo-home/registry/src/index.crates.io-1949cf8c6b5b557f/rmp-serde-0.15.5/src/decode.rs:679:40
[INFO] [stdout]     |
[INFO] [stdout] 679 |             Marker::I8 => rmp::decode::read_data_i8(&mut self.rd).map(f64::from),
[INFO] [stdout]     |                                        ^^^^^^^^^^^^ not found in `rmp::decode`
[INFO] [stdout] 
[INFO] [stdout] 
[INFO] [stdout] error[E0425]: cannot find function `read_data_i16` in module `rmp::decode`
[INFO] [stdout]    --> /opt/rustwide/cargo-home/registry/src/index.crates.io-1949cf8c6b5b557f/rmp-serde-0.15.5/src/decode.rs:680:41
[INFO] [stdout]     |
[INFO] [stdout] 680 |             Marker::I16 => rmp::decode::read_data_i16(&mut self.rd).map(f64::from),
[INFO] [stdout]     |                                         ^^^^^^^^^^^^^ not found in `rmp::decode`
[INFO] [stdout] 
[INFO] [stdout] 
[INFO] [stdout] error[E0425]: cannot find function `read_data_i32` in module `rmp::decode`
[INFO] [stdout]    --> /opt/rustwide/cargo-home/registry/src/index.crates.io-1949cf8c6b5b557f/rmp-serde-0.15.5/src/decode.rs:681:41
[INFO] [stdout]     |
[INFO] [stdout] 681 |             Marker::I32 => rmp::decode::read_data_i32(&mut self.rd).map(f64::from),
[INFO] [stdout]     |                                         ^^^^^^^^^^^^^ not found in `rmp::decode`
[INFO] [stdout] 
[INFO] [stdout] 
[INFO] [stdout] error[E0425]: cannot find function `read_data_f32` in module `rmp::decode`
[INFO] [stdout]    --> /opt/rustwide/cargo-home/registry/src/index.crates.io-1949cf8c6b5b557f/rmp-serde-0.15.5/src/decode.rs:682:41
[INFO] [stdout]     |
[INFO] [stdout] 682 |             Marker::F32 => rmp::decode::read_data_f32(&mut self.rd).map(f64::from),
[INFO] [stdout]     |                                         ^^^^^^^^^^^^^ not found in `rmp::decode`
[INFO] [stdout] 
[INFO] [stdout] 
[INFO] [stdout] error[E0425]: cannot find function `read_data_f64` in module `rmp::decode`
[INFO] [stdout]    --> /opt/rustwide/cargo-home/registry/src/index.crates.io-1949cf8c6b5b557f/rmp-serde-0.15.5/src/decode.rs:683:41
[INFO] [stdout]     |
[INFO] [stdout] 683 |             Marker::F64 => rmp::decode::read_data_f64(&mut self.rd),
[INFO] [stdout]     |                                         ^^^^^^^^^^^^^ not found in `rmp::decode`
[INFO] [stdout] 
[INFO] [stdout] 
[INFO] [stderr]    Compiling gimli v0.25.0
[INFO] [stderr]    Compiling wasmer-vm v2.2.0
[INFO] [stderr]    Compiling object v0.28.4
[INFO] [stdout] For more information about this error, try `rustc --explain E0425`.
[INFO] [stdout] 
[INFO] [stderr] error: could not compile `rmp-serde` (lib) due to 24 previous errors
[INFO] [stderr] warning: build failed, waiting for other jobs to finish...
[INFO] running `Command { std: "docker" "inspect" "2bb4724f69c9d5ed42f23dcad45e6c8cc376567ea6279c5fb762c34304ab7244", kill_on_drop: false }`
[INFO] running `Command { std: "docker" "rm" "-f" "2bb4724f69c9d5ed42f23dcad45e6c8cc376567ea6279c5fb762c34304ab7244", kill_on_drop: false }`
[INFO] [stdout] 2bb4724f69c9d5ed42f23dcad45e6c8cc376567ea6279c5fb762c34304ab7244
