[INFO] fetching crate hm-remote 0.1.2...
[INFO] testing hm-remote-0.1.2 against 1.99.0-beta.8+cargoflags=--release for beta-release-1.100-2
[INFO] extracting crate hm-remote 0.1.2 into /workspace/builds/worker-5-tc1/source
[INFO] started tweaking crates.io crate hm-remote 0.1.2
[INFO] finished tweaking crates.io crate hm-remote 0.1.2
[INFO] tweaked toml for crates.io crate hm-remote 0.1.2 written to /workspace/builds/worker-5-tc1/source/Cargo.toml
[INFO] validating manifest of crates.io crate hm-remote 0.1.2 on toolchain 1.99.0-beta.8
[INFO] running `Command { std: CARGO_HOME="/workspace/cargo-home" RUSTUP_HOME="/workspace/rustup-home" "/workspace/cargo-home/bin/cargo" "+1.99.0-beta.8" "metadata" "--manifest-path" "Cargo.toml" "--no-deps", kill_on_drop: false }`
[INFO] crate crates.io crate hm-remote 0.1.2 already has a lockfile, it will not be regenerated
[INFO] running `Command { std: CARGO_HOME="/workspace/cargo-home" RUSTUP_HOME="/workspace/rustup-home" "/workspace/cargo-home/bin/cargo" "+1.99.0-beta.8" "fetch" "--manifest-path" "Cargo.toml", kill_on_drop: false }`
[INFO] [stderr]     Updating crates.io index
[INFO] [stderr]  Downloading crates ...
[INFO] [stderr]   Downloaded tokio-macros v0.2.5
[INFO] [stderr]   Downloaded quote v1.0.7
[INFO] [stderr]   Downloaded instant v0.1.7
[INFO] [stderr]   Downloaded pin-project-lite v0.1.10
[INFO] [stderr]   Downloaded cloudabi v0.1.0
[INFO] [stderr]   Downloaded crossterm_winapi v0.6.1
[INFO] [stderr]   Downloaded const-random-macro v0.1.11
[INFO] [stderr]   Downloaded nb-connect v1.0.2
[INFO] [stderr]   Downloaded num v0.3.0
[INFO] [stderr]   Downloaded num-iter v0.1.41
[INFO] [stderr]   Downloaded hermit-abi v0.1.17
[INFO] [stderr]   Downloaded terminal_size v0.1.13
[INFO] [stderr]   Downloaded proc-macro-hack v0.5.18
[INFO] [stderr]   Downloaded wasm-bindgen-futures v0.4.18
[INFO] [stderr]   Downloaded thiserror v1.0.21
[INFO] [stderr]   Downloaded futures-io v0.3.6
[INFO] [stderr]   Downloaded const_fn v0.4.2
[INFO] [stderr]   Downloaded futures-core v0.3.6
[INFO] [stderr]   Downloaded wasm-bindgen-macro v0.2.68
[INFO] [stderr]   Downloaded parking_lot_core v0.8.0
[INFO] [stderr]   Downloaded smallvec v1.4.2
[INFO] [stderr]   Downloaded thiserror-impl v1.0.21
[INFO] [stderr]   Downloaded ctrlc v3.1.7
[INFO] [stderr]   Downloaded signal-hook-registry v1.2.1
[INFO] [stderr]   Downloaded const-random v0.1.11
[INFO] [stderr]   Downloaded wasm-bindgen-shared v0.2.68
[INFO] [stderr]   Downloaded async-channel v1.5.1
[INFO] [stderr]   Downloaded async-executor v1.3.0
[INFO] [stderr]   Downloaded dialoguer v0.6.2
[INFO] [stderr]   Downloaded lock_api v0.4.1
[INFO] [stderr]   Downloaded signal-hook v0.1.16
[INFO] [stderr]   Downloaded num-rational v0.3.0
[INFO] [stderr]   Downloaded num-complex v0.3.0
[INFO] [stderr]   Downloaded synstructure v0.12.4
[INFO] [stderr]   Downloaded rustc-demangle v0.1.17
[INFO] [stderr]   Downloaded addr2line v0.13.0
[INFO] [stderr]   Downloaded enum_primitive v0.1.1
[INFO] [stderr]   Downloaded dashmap v3.11.10
[INFO] [stderr]   Downloaded getrandom v0.2.0
[INFO] [stderr]   Downloaded core-graphics v0.22.1
[INFO] [stderr]   Downloaded core-foundation-sys v0.8.1
[INFO] [stderr]   Downloaded wasm-bindgen-macro-support v0.2.68
[INFO] [stderr]   Downloaded wasm-bindgen-backend v0.2.68
[INFO] [stderr]   Downloaded futures-channel v0.3.6
[INFO] [stderr]   Downloaded blocking v1.0.1
[INFO] [stderr]   Downloaded async-task v4.0.2
[INFO] [stderr]   Downloaded async-io v1.1.9
[INFO] [stderr]   Downloaded wepoll-sys v3.0.0
[INFO] [stderr]   Downloaded async-global-executor v1.3.0
[INFO] [stderr]   Downloaded getrandom v0.1.15
[INFO] [stderr]   Downloaded ppv-lite86 v0.2.9
[INFO] [stderr]   Downloaded unicode-width v0.1.8
[INFO] [stderr]   Downloaded termios v0.3.2
[INFO] [stderr]   Downloaded miow v0.3.5
[INFO] [stderr]   Downloaded crossbeam-utils v0.8.0
[INFO] [stderr]   Downloaded num-traits v0.2.12
[INFO] [stderr]   Downloaded num-integer v0.1.43
[INFO] [stderr]   Downloaded ahash v0.3.8
[INFO] [stderr]   Downloaded once_cell v1.4.1
[INFO] [stderr]   Downloaded futures-lite v1.10.1
[INFO] [stderr]   Downloaded console v0.11.3
[INFO] [stderr]   Downloaded arc-swap v0.4.7
[INFO] [stderr]   Downloaded socket2 v0.3.15
[INFO] [stderr]   Downloaded parking_lot v0.11.0
[INFO] [stderr]   Downloaded js-sys v0.3.45
[INFO] [stderr]   Downloaded polling v2.0.0
[INFO] [stderr]   Downloaded cc v1.0.61
[INFO] [stderr]   Downloaded num-bigint v0.3.0
[INFO] [stderr]   Downloaded backtrace v0.3.52
[INFO] [stderr]   Downloaded mio v0.7.3
[INFO] [stderr]   Downloaded btleplug v0.5.4
[INFO] [stderr]   Downloaded crossterm v0.18.0
[INFO] [stderr]   Downloaded ntapi v0.3.4
[INFO] [stderr]   Downloaded bumpalo v3.4.0
[INFO] [stderr]   Downloaded object v0.20.0
[INFO] [stderr]   Downloaded wasm-bindgen v0.2.68
[INFO] [stderr]   Downloaded syn v1.0.42
[INFO] [stderr]   Downloaded tokio v0.2.22
[INFO] [stderr]   Downloaded clap v2.33.3
[INFO] [stderr]   Downloaded async-std v1.6.5
[INFO] [stderr]   Downloaded libc v0.2.79
[INFO] [stderr]   Downloaded web-sys v0.3.45
[INFO] [stderr]   Downloaded gimli v0.22.0
[INFO] [stderr]   Downloaded winrt v0.6.0
[INFO] running `Command { std: "docker" "create" "-v" "/var/lib/crater-agent-workspace/builds/worker-5-tc1/source:/opt/rustwide/workdir:ro,Z" "-v" "/var/lib/crater-agent-workspace/builds/worker-5-tc1/target:/opt/rustwide/target:rw,Z" "-v" "/var/lib/crater-agent-workspace/cargo-home:/opt/rustwide/cargo-home:ro,Z" "-v" "/var/lib/crater-agent-workspace/rustup-home:/opt/rustwide/rustup-home:ro,Z" "-m" "1610612736" "--network" "none" "ghcr.io/rust-lang/crates-build-env/linux@sha256:77db811e55d90add9212f6832c23229e3de5f1c1f9905e8cb07319ea15df73ac" "sleep" "infinity", kill_on_drop: false }`
[INFO] [stdout] f6a6ce773cd20db9b99d5ce356e5bbe1fa08ad48b4d49386407a81fda8b80f1a
[INFO] running `Command { std: "docker" "start" "f6a6ce773cd20db9b99d5ce356e5bbe1fa08ad48b4d49386407a81fda8b80f1a", kill_on_drop: false }`
[INFO] running `Command { std: "docker" "inspect" "f6a6ce773cd20db9b99d5ce356e5bbe1fa08ad48b4d49386407a81fda8b80f1a", kill_on_drop: false }`
[INFO] running `Command { std: "docker" "exec" "-e" "SOURCE_DIR=/opt/rustwide/workdir" "-e" "CARGO_HOME=/opt/rustwide/cargo-home" "-e" "RUSTUP_HOME=/opt/rustwide/rustup-home" "-e" "CARGO_TARGET_DIR=/opt/rustwide/target" "-w" "/opt/rustwide/workdir" "--user" "0:0" "f6a6ce773cd20db9b99d5ce356e5bbe1fa08ad48b4d49386407a81fda8b80f1a" "/opt/rustwide/cargo-home/bin/cargo" "+1.99.0-beta.8" "metadata" "--no-deps" "--format-version=1", kill_on_drop: false }`
[INFO] running `Command { std: "docker" "inspect" "f6a6ce773cd20db9b99d5ce356e5bbe1fa08ad48b4d49386407a81fda8b80f1a", kill_on_drop: false }`
[INFO] running `Command { std: "docker" "exec" "-e" "SOURCE_DIR=/opt/rustwide/workdir" "-e" "CARGO_HOME=/opt/rustwide/cargo-home" "-e" "RUSTUP_HOME=/opt/rustwide/rustup-home" "-e" "CARGO_TARGET_DIR=/opt/rustwide/target" "-e" "CARGO_INCREMENTAL=0" "-e" "RUST_BACKTRACE=full" "-e" "RUSTFLAGS=--cap-lints=warn" "-e" "RUSTDOCFLAGS=--cap-lints=warn" "-w" "/opt/rustwide/workdir" "--user" "0:0" "f6a6ce773cd20db9b99d5ce356e5bbe1fa08ad48b4d49386407a81fda8b80f1a" "/opt/rustwide/cargo-home/bin/cargo" "+1.99.0-beta.8" "build" "--frozen" "--message-format=json" "--release", kill_on_drop: false }`
[INFO] [stderr]    Compiling libc v0.2.79
[INFO] [stderr]    Compiling autocfg v1.0.1
[INFO] [stderr]    Compiling cfg-if v0.1.10
[INFO] [stderr]    Compiling proc-macro2 v1.0.24
[INFO] [stderr]    Compiling unicode-xid v0.2.1
[INFO] [stderr]    Compiling log v0.4.11
[INFO] [stderr]    Compiling memchr v2.3.3
[INFO] [stderr]    Compiling syn v1.0.42
[INFO] [stderr]    Compiling pin-project-lite v0.1.10
[INFO] [stderr]    Compiling lazy_static v1.4.0
[INFO] [stderr]    Compiling futures-core v0.3.6
[INFO] [stderr]    Compiling cache-padded v1.1.1
[INFO] [stderr]    Compiling futures-io v0.3.6
[INFO] [stderr]    Compiling getrandom v0.1.15
[INFO] [stderr]    Compiling fastrand v1.4.0
[INFO] [stderr]    Compiling bitflags v1.2.1
[INFO] [stderr]    Compiling getrandom v0.2.0
[INFO] [stderr]    Compiling waker-fn v1.1.0
[INFO] [stderr]    Compiling parking v2.0.0
[INFO] [stderr]    Compiling once_cell v1.4.1
[INFO] [stderr]    Compiling vec-arena v1.0.0
[INFO] [stderr]    Compiling concurrent-queue v1.2.2
[INFO] [stderr]    Compiling proc-macro-hack v0.5.18
[INFO] [stderr]    Compiling async-task v4.0.2
[INFO] [stderr]    Compiling event-listener v2.5.1
[INFO] [stderr]    Compiling adler v0.2.3
[INFO] [stderr]    Compiling nix v0.18.0
[INFO] [stderr]    Compiling winapi v0.3.9
[INFO] [stderr]    Compiling version_check v0.1.5
[INFO] [stderr]    Compiling unicode-width v0.1.8
[INFO] [stderr]    Compiling ppv-lite86 v0.2.9
[INFO] [stderr]    Compiling num-traits v0.2.12
[INFO] [stderr]    Compiling num-integer v0.1.43
[INFO] [stderr]    Compiling futures-lite v1.10.1
[INFO] [stderr]    Compiling num-bigint v0.3.0
[INFO] [stderr]    Compiling miniz_oxide v0.4.3
[INFO] [stderr]    Compiling num-rational v0.3.0
[INFO] [stderr]    Compiling num-iter v0.1.41
[INFO] [stderr]    Compiling crossbeam-utils v0.7.2
[INFO] [stderr]    Compiling const_fn v0.4.2
[INFO] [stderr]    Compiling gimli v0.22.0
[INFO] [stderr]    Compiling failure_derive v0.1.8
[INFO] [stderr]    Compiling nom v4.2.3
[INFO] [stderr]    Compiling crossbeam-utils v0.8.0
[INFO] [stderr]    Compiling async-channel v1.5.1
[INFO] [stderr]    Compiling instant v0.1.7
[INFO] [stderr]    Compiling scopeguard v1.1.0
[INFO] [stderr]    Compiling atomic-waker v1.0.0
[INFO] [stderr]    Compiling smallvec v1.4.2
[INFO] [stderr]    Compiling arc-swap v0.4.7
[INFO] [stderr]    Compiling rustc-demangle v0.1.17
[INFO] [stderr]    Compiling object v0.20.0
[INFO] [stderr]    Compiling regex-syntax v0.6.18
[INFO] [stderr]    Compiling lock_api v0.4.1
[INFO] [stderr]    Compiling quote v1.0.7
[INFO] [stderr]    Compiling kv-log-macro v1.0.7
[INFO] [stderr]    Compiling async-mutex v1.4.0
[INFO] [stderr]    Compiling num-complex v0.3.0
[INFO] [stderr]    Compiling num-traits v0.1.43
[INFO] [stderr]    Compiling remove_dir_all v0.5.3
[INFO] [stderr]    Compiling slab v0.4.2
[INFO] [stderr]    Compiling bytes v0.5.6
[INFO] [stderr]    Compiling enum_primitive v0.1.1
[INFO] [stderr]    Compiling winrt v0.6.0
[INFO] [stderr]    Compiling textwrap v0.11.0
[INFO] [stderr]    Compiling async-executor v1.3.0
[INFO] [stderr]    Compiling blocking v1.0.1
[INFO] [stderr]    Compiling num_cpus v1.13.0
[INFO] [stderr]    Compiling rand_core v0.5.1
[INFO] [stderr]    Compiling polling v2.0.0
[INFO] [stderr]    Compiling nb-connect v1.0.2
[INFO] [stderr]    Compiling async-io v1.1.9
[INFO] [stderr]    Compiling rand_chacha v0.2.2
[INFO] [stderr]    Compiling regex v1.3.9
[INFO] [stdout] error[E0308]: mismatched types
[INFO] [stdout]    --> /opt/rustwide/cargo-home/registry/src/index.crates.io-1949cf8c6b5b557f/num-bigint-0.3.0/src/biguint.rs:198:19
[INFO] [stdout]     |
[INFO] [stdout] 198 |         .div_ceil(&big_digit::BITS.into())
[INFO] [stdout]     |          -------- ^^^^^^^^^^^^^^^^^^^^^^^ expected `u64`, found `&_`
[INFO] [stdout]     |          |
[INFO] [stdout]     |          arguments to this method are incorrect
[INFO] [stdout]     |
[INFO] [stdout]     = note:   expected type `u64`
[INFO] [stdout]             found reference `&_`
[INFO] [stdout] note: method defined here
[INFO] [stdout]    --> /rustc/dfb0accb7f508ae8be965d8629557221c889dd98/library/core/src/num/uint_macros.rs:3787:21
[INFO] [stdout]    --> /rustc/dfb0accb7f508ae8be965d8629557221c889dd98/library/core/src/num/mod.rs:1322:4
[INFO] [stdout]    ::: /rustc/dfb0accb7f508ae8be965d8629557221c889dd98/library/core/src/num/mod.rs:1346:5
[INFO] [stdout]     |
[INFO] [stdout]     = note: in this macro invocation
[INFO] [stdout]     = note: this error originates in the macro `uint_impl` (in Nightly builds, run with -Z macro-backtrace for more info)
[INFO] [stdout] help: consider removing the borrow
[INFO] [stdout]     |
[INFO] [stdout] 198 -         .div_ceil(&big_digit::BITS.into())
[INFO] [stdout] 198 +         .div_ceil(big_digit::BITS.into())
[INFO] [stdout]     |
[INFO] [stdout] 
[INFO] [stdout] 
[INFO] [stderr]    Compiling signal-hook-registry v1.2.1
[INFO] [stdout] error[E0308]: mismatched types
[INFO] [stdout]     --> /opt/rustwide/cargo-home/registry/src/index.crates.io-1949cf8c6b5b557f/num-bigint-0.3.0/src/biguint.rs:1700:50
[INFO] [stdout]      |
[INFO] [stdout] 1700 |             let root_scale = extra_bits.div_ceil(&n64);
[INFO] [stdout]      |                                         -------- ^^^^ expected `u64`, found `&u64`
[INFO] [stdout]      |                                         |
[INFO] [stdout]      |                                         arguments to this method are incorrect
[INFO] [stdout]      |
[INFO] [stdout] note: method defined here
[INFO] [stdout]     --> /rustc/dfb0accb7f508ae8be965d8629557221c889dd98/library/core/src/num/uint_macros.rs:3787:21
[INFO] [stdout]     --> /rustc/dfb0accb7f508ae8be965d8629557221c889dd98/library/core/src/num/mod.rs:1322:4
[INFO] [stdout]     ::: /rustc/dfb0accb7f508ae8be965d8629557221c889dd98/library/core/src/num/mod.rs:1346:5
[INFO] [stdout]      |
[INFO] [stdout]      = note: in this macro invocation
[INFO] [stdout]      = note: this error originates in the macro `uint_impl` (in Nightly builds, run with -Z macro-backtrace for more info)
[INFO] [stdout] help: consider removing the borrow
[INFO] [stdout]      |
[INFO] [stdout] 1700 -             let root_scale = extra_bits.div_ceil(&n64);
[INFO] [stdout] 1700 +             let root_scale = extra_bits.div_ceil(n64);
[INFO] [stdout]      |
[INFO] [stdout] 
[INFO] [stdout] 
[INFO] [stdout] error[E0308]: mismatched types
[INFO] [stdout]     --> /opt/rustwide/cargo-home/registry/src/index.crates.io-1949cf8c6b5b557f/num-bigint-0.3.0/src/biguint.rs:2119:19
[INFO] [stdout]      |
[INFO] [stdout] 2119 |         .div_ceil(&u64::from(bits))
[INFO] [stdout]      |          -------- ^^^^^^^^^^^^^^^^ expected `u64`, found `&u64`
[INFO] [stdout]      |          |
[INFO] [stdout]      |          arguments to this method are incorrect
[INFO] [stdout]      |
[INFO] [stdout] note: method defined here
[INFO] [stdout]     --> /rustc/dfb0accb7f508ae8be965d8629557221c889dd98/library/core/src/num/uint_macros.rs:3787:21
[INFO] [stdout]     --> /rustc/dfb0accb7f508ae8be965d8629557221c889dd98/library/core/src/num/mod.rs:1322:4
[INFO] [stdout]     ::: /rustc/dfb0accb7f508ae8be965d8629557221c889dd98/library/core/src/num/mod.rs:1346:5
[INFO] [stdout]      |
[INFO] [stdout]      = note: in this macro invocation
[INFO] [stdout]      = note: this error originates in the macro `uint_impl` (in Nightly builds, run with -Z macro-backtrace for more info)
[INFO] [stdout] help: consider removing the borrow
[INFO] [stdout]      |
[INFO] [stdout] 2119 -         .div_ceil(&u64::from(bits))
[INFO] [stdout] 2119 +         .div_ceil(u64::from(bits))
[INFO] [stdout]      |
[INFO] [stdout] 
[INFO] [stdout] 
[INFO] [stdout] error[E0308]: mismatched types
[INFO] [stdout]     --> /opt/rustwide/cargo-home/registry/src/index.crates.io-1949cf8c6b5b557f/num-bigint-0.3.0/src/biguint.rs:2147:19
[INFO] [stdout]      |
[INFO] [stdout] 2147 |         .div_ceil(&u64::from(bits))
[INFO] [stdout]      |          -------- ^^^^^^^^^^^^^^^^ expected `u64`, found `&u64`
[INFO] [stdout]      |          |
[INFO] [stdout]      |          arguments to this method are incorrect
[INFO] [stdout]      |
[INFO] [stdout] note: method defined here
[INFO] [stdout]     --> /rustc/dfb0accb7f508ae8be965d8629557221c889dd98/library/core/src/num/uint_macros.rs:3787:21
[INFO] [stdout]     --> /rustc/dfb0accb7f508ae8be965d8629557221c889dd98/library/core/src/num/mod.rs:1322:4
[INFO] [stdout]     ::: /rustc/dfb0accb7f508ae8be965d8629557221c889dd98/library/core/src/num/mod.rs:1346:5
[INFO] [stdout]      |
[INFO] [stdout]      = note: in this macro invocation
[INFO] [stdout]      = note: this error originates in the macro `uint_impl` (in Nightly builds, run with -Z macro-backtrace for more info)
[INFO] [stdout] help: consider removing the borrow
[INFO] [stdout]      |
[INFO] [stdout] 2147 -         .div_ceil(&u64::from(bits))
[INFO] [stdout] 2147 +         .div_ceil(u64::from(bits))
[INFO] [stdout]      |
[INFO] [stdout] 
[INFO] [stdout] 
[INFO] [stderr]    Compiling const-random-macro v0.1.11
[INFO] [stderr]    Compiling termios v0.3.2
[INFO] [stderr]    Compiling async-global-executor v1.3.0
[INFO] [stderr]    Compiling rand v0.7.3
[INFO] [stderr]    Compiling const-random v0.1.11
[INFO] [stderr]    Compiling ahash v0.3.8
[INFO] [stdout] For more information about this error, try `rustc --explain E0308`.
[INFO] [stdout] 
[INFO] [stderr] error: could not compile `num-bigint` (lib) due to 4 previous errors
[INFO] [stderr] warning: build failed, waiting for other jobs to finish...
[INFO] running `Command { std: "docker" "inspect" "f6a6ce773cd20db9b99d5ce356e5bbe1fa08ad48b4d49386407a81fda8b80f1a", kill_on_drop: false }`
[INFO] running `Command { std: "docker" "rm" "-f" "f6a6ce773cd20db9b99d5ce356e5bbe1fa08ad48b4d49386407a81fda8b80f1a", kill_on_drop: false }`
[INFO] [stdout] f6a6ce773cd20db9b99d5ce356e5bbe1fa08ad48b4d49386407a81fda8b80f1a
