[INFO] fetching crate hl7v2-writer 1.2.0...
[INFO] testing hl7v2-writer-1.2.0 against 1.100.0-beta.1+cargoflags=--release for beta-release-1.100-2
[INFO] extracting crate hl7v2-writer 1.2.0 into /workspace/builds/worker-5-tc2/source
[INFO] started tweaking crates.io crate hl7v2-writer 1.2.0
[INFO] removed 0 missing tests
[INFO] finished tweaking crates.io crate hl7v2-writer 1.2.0
[INFO] tweaked toml for crates.io crate hl7v2-writer 1.2.0 written to /workspace/builds/worker-5-tc2/source/Cargo.toml
[INFO] validating manifest of crates.io crate hl7v2-writer 1.2.0 on toolchain 1.100.0-beta.1
[INFO] running `Command { std: CARGO_HOME="/workspace/cargo-home" RUSTUP_HOME="/workspace/rustup-home" "/workspace/cargo-home/bin/cargo" "+1.100.0-beta.1" "metadata" "--manifest-path" "Cargo.toml" "--no-deps", kill_on_drop: false }`
[INFO] crate crates.io crate hl7v2-writer 1.2.0 already has a lockfile, it will not be regenerated
[INFO] running `Command { std: CARGO_HOME="/workspace/cargo-home" RUSTUP_HOME="/workspace/rustup-home" "/workspace/cargo-home/bin/cargo" "+1.100.0-beta.1" "fetch" "--manifest-path" "Cargo.toml", kill_on_drop: false }`
[INFO] [stderr] warning: `package.homepage` is redundant with `package.repository`
[INFO] [stderr]   --> Cargo.toml:34:12
[INFO] [stderr]    |
[INFO] [stderr] 34 | homepage = "https://github.com/EffortlessMetrics/hl7v2-rs"
[INFO] [stderr]    |            ^^^^^^^^^^^^^^^^^^^^^^^^^^^^^^^^^^^^^^^^^^^^^^^
[INFO] [stderr] ...
[INFO] [stderr] 39 | repository = "https://github.com/EffortlessMetrics/hl7v2-rs"
[INFO] [stderr]    |              -----------------------------------------------
[INFO] [stderr]    |
[INFO] [stderr]    = note: `cargo::redundant_homepage` is set to `warn` by default
[INFO] [stderr] help: consider removing `package.homepage`
[INFO] [stderr] warning: `hl7v2-writer` (manifest) generated 1 warning
[INFO] running `Command { std: "docker" "create" "-v" "/var/lib/crater-agent-workspace/builds/worker-5-tc2/source:/opt/rustwide/workdir:ro,Z" "-v" "/var/lib/crater-agent-workspace/builds/worker-5-tc2/target:/opt/rustwide/target:rw,Z" "-v" "/var/lib/crater-agent-workspace/cargo-home:/opt/rustwide/cargo-home:ro,Z" "-v" "/var/lib/crater-agent-workspace/rustup-home:/opt/rustwide/rustup-home:ro,Z" "-m" "1610612736" "--network" "none" "ghcr.io/rust-lang/crates-build-env/linux@sha256:77db811e55d90add9212f6832c23229e3de5f1c1f9905e8cb07319ea15df73ac" "sleep" "infinity", kill_on_drop: false }`
[INFO] [stdout] b38c70e767ae9859f3eafb987b78016c169a28bb7d3d05cc291c277331b50035
[INFO] running `Command { std: "docker" "start" "b38c70e767ae9859f3eafb987b78016c169a28bb7d3d05cc291c277331b50035", kill_on_drop: false }`
[INFO] running `Command { std: "docker" "inspect" "b38c70e767ae9859f3eafb987b78016c169a28bb7d3d05cc291c277331b50035", kill_on_drop: false }`
[INFO] running `Command { std: "docker" "exec" "-e" "SOURCE_DIR=/opt/rustwide/workdir" "-e" "CARGO_HOME=/opt/rustwide/cargo-home" "-e" "RUSTUP_HOME=/opt/rustwide/rustup-home" "-e" "CARGO_TARGET_DIR=/opt/rustwide/target" "-w" "/opt/rustwide/workdir" "--user" "0:0" "b38c70e767ae9859f3eafb987b78016c169a28bb7d3d05cc291c277331b50035" "/opt/rustwide/cargo-home/bin/cargo" "+1.100.0-beta.1" "metadata" "--no-deps" "--format-version=1", kill_on_drop: false }`
[INFO] running `Command { std: "docker" "inspect" "b38c70e767ae9859f3eafb987b78016c169a28bb7d3d05cc291c277331b50035", kill_on_drop: false }`
[INFO] running `Command { std: "docker" "exec" "-e" "SOURCE_DIR=/opt/rustwide/workdir" "-e" "CARGO_HOME=/opt/rustwide/cargo-home" "-e" "RUSTUP_HOME=/opt/rustwide/rustup-home" "-e" "CARGO_TARGET_DIR=/opt/rustwide/target" "-e" "CARGO_INCREMENTAL=0" "-e" "RUST_BACKTRACE=full" "-e" "RUSTFLAGS=--cap-lints=warn" "-e" "RUSTDOCFLAGS=--cap-lints=warn" "-w" "/opt/rustwide/workdir" "--user" "0:0" "b38c70e767ae9859f3eafb987b78016c169a28bb7d3d05cc291c277331b50035" "/opt/rustwide/cargo-home/bin/cargo" "+1.100.0-beta.1" "build" "--frozen" "--message-format=json" "--release", kill_on_drop: false }`
[INFO] [stderr] warning: `package.homepage` is redundant with `package.repository`
[INFO] [stderr]   --> Cargo.toml:34:12
[INFO] [stderr]    |
[INFO] [stderr] 34 | homepage = "https://github.com/EffortlessMetrics/hl7v2-rs"
[INFO] [stderr]    |            ^^^^^^^^^^^^^^^^^^^^^^^^^^^^^^^^^^^^^^^^^^^^^^^
[INFO] [stderr] ...
[INFO] [stderr] 39 | repository = "https://github.com/EffortlessMetrics/hl7v2-rs"
[INFO] [stderr]    |              -----------------------------------------------
[INFO] [stderr]    |
[INFO] [stderr]    = note: `cargo::redundant_homepage` is set to `warn` by default
[INFO] [stderr] help: consider removing `package.homepage`
[INFO] [stderr] warning: `hl7v2-writer` (manifest) generated 1 warning
[INFO] [stderr]    Compiling thiserror-impl v2.0.18
[INFO] [stderr]    Compiling thiserror v2.0.18
[INFO] [stderr]    Compiling hl7v2-model v1.2.0
[INFO] [stderr]    Compiling hl7v2-json v1.2.0
[INFO] [stderr]    Compiling hl7v2-escape v1.2.0
[INFO] [stderr]    Compiling hl7v2-mllp v1.2.0
[INFO] [stderr]    Compiling hl7v2-writer v1.2.0 (/opt/rustwide/workdir)
[INFO] [stderr]     Finished `release` profile [optimized] target(s) in 3.37s
[INFO] running `Command { std: "docker" "inspect" "b38c70e767ae9859f3eafb987b78016c169a28bb7d3d05cc291c277331b50035", kill_on_drop: false }`
[INFO] running `Command { std: "docker" "exec" "-e" "SOURCE_DIR=/opt/rustwide/workdir" "-e" "CARGO_HOME=/opt/rustwide/cargo-home" "-e" "RUSTUP_HOME=/opt/rustwide/rustup-home" "-e" "CARGO_TARGET_DIR=/opt/rustwide/target" "-e" "CARGO_INCREMENTAL=0" "-e" "RUST_BACKTRACE=full" "-e" "RUSTFLAGS=--cap-lints=warn" "-e" "RUSTDOCFLAGS=--cap-lints=warn" "-w" "/opt/rustwide/workdir" "--user" "0:0" "b38c70e767ae9859f3eafb987b78016c169a28bb7d3d05cc291c277331b50035" "/opt/rustwide/cargo-home/bin/cargo" "+1.100.0-beta.1" "test" "--frozen" "--no-run" "--message-format=json" "--release", kill_on_drop: false }`
[INFO] [stderr] warning: `package.homepage` is redundant with `package.repository`
[INFO] [stderr]   --> Cargo.toml:34:12
[INFO] [stderr]    |
[INFO] [stderr] 34 | homepage = "https://github.com/EffortlessMetrics/hl7v2-rs"
[INFO] [stderr]    |            ^^^^^^^^^^^^^^^^^^^^^^^^^^^^^^^^^^^^^^^^^^^^^^^
[INFO] [stderr] ...
[INFO] [stderr] 39 | repository = "https://github.com/EffortlessMetrics/hl7v2-rs"
[INFO] [stderr]    |              -----------------------------------------------
[INFO] [stderr]    |
[INFO] [stderr]    = note: `cargo::redundant_homepage` is set to `warn` by default
[INFO] [stderr] help: consider removing `package.homepage`
[INFO] [stderr] warning: `hl7v2-writer` (manifest) generated 1 warning
[INFO] [stderr]    Compiling libc v0.2.182
[INFO] [stderr]    Compiling zerocopy v0.8.40
[INFO] [stderr]    Compiling bitflags v2.11.0
[INFO] [stderr]    Compiling num-traits v0.2.19
[INFO] [stderr]    Compiling once_cell v1.21.3
[INFO] [stderr]    Compiling rustix v1.1.4
[INFO] [stderr]    Compiling getrandom v0.3.4
[INFO] [stderr]    Compiling getrandom v0.4.2
[INFO] [stderr]    Compiling wait-timeout v0.2.1
[INFO] [stderr]    Compiling rand_core v0.9.5
[INFO] [stderr]    Compiling rand v0.9.2
[INFO] [stderr]    Compiling rand_xorshift v0.4.0
[INFO] [stderr]    Compiling tempfile v3.26.0
[INFO] [stderr]    Compiling rusty-fork v0.3.1
[INFO] [stderr]    Compiling ppv-lite86 v0.2.21
[INFO] [stderr]    Compiling rand_chacha v0.9.0
[INFO] [stderr]    Compiling proptest v1.10.0
[INFO] [stderr]    Compiling hl7v2-writer v1.2.0 (/opt/rustwide/workdir)
[INFO] [stdout] error[E0432]: unresolved import `hl7v2_parser`
[INFO] [stdout]  --> tests/integration_tests.rs:7:5
[INFO] [stdout]   |
[INFO] [stdout] 7 | use hl7v2_parser::parse;
[INFO] [stdout]   |     ^^^^^^^^^^^^ use of unresolved module or unlinked crate `hl7v2_parser`
[INFO] [stdout]   |
[INFO] [stdout] help: there is a crate or module with a similar name
[INFO] [stdout]   |
[INFO] [stdout] 7 - use hl7v2_parser::parse;
[INFO] [stdout] 7 + use hl7v2_writer::parse;
[INFO] [stdout]   |
[INFO] [stdout] 
[INFO] [stdout] 
[INFO] [stdout] error[E0432]: unresolved import `hl7v2_parser`
[INFO] [stdout]    --> src/lib.rs:288:9
[INFO] [stdout]     |
[INFO] [stdout] 288 |     use hl7v2_parser::parse;
[INFO] [stdout]     |         ^^^^^^^^^^^^ use of unresolved module or unlinked crate `hl7v2_parser`
[INFO] [stdout]     |
[INFO] [stdout]     = help: if you wanted to use a crate named `hl7v2_parser`, use `cargo add hl7v2_parser` to add it to your `Cargo.toml`
[INFO] [stdout] 
[INFO] [stdout] 
[INFO] [stdout] error[E0432]: unresolved import `hl7v2_parser`
[INFO] [stdout]  --> tests/property_tests.rs:6:5
[INFO] [stdout]   |
[INFO] [stdout] 6 | use hl7v2_parser::parse;
[INFO] [stdout]   |     ^^^^^^^^^^^^ use of unresolved module or unlinked crate `hl7v2_parser`
[INFO] [stdout]   |
[INFO] [stdout] help: there is a crate or module with a similar name
[INFO] [stdout]   |
[INFO] [stdout] 6 - use hl7v2_parser::parse;
[INFO] [stdout] 6 + use hl7v2_writer::parse;
[INFO] [stdout]   |
[INFO] [stdout] 
[INFO] [stdout] 
[INFO] [stdout] For more information about this error, try `rustc --explain E0432`.
[INFO] [stdout] 
[INFO] [stderr] error: could not compile `hl7v2-writer` (test "integration_tests") due to 1 previous error
[INFO] [stderr] warning: build failed, waiting for other jobs to finish...
[INFO] [stdout] For more information about this error, try `rustc --explain E0432`.
[INFO] [stdout] 
[INFO] [stderr] error: could not compile `hl7v2-writer` (lib test) due to 1 previous error
[INFO] [stdout] For more information about this error, try `rustc --explain E0432`.
[INFO] [stdout] 
[INFO] [stderr] error: could not compile `hl7v2-writer` (test "property_tests") due to 1 previous error
[INFO] running `Command { std: "docker" "inspect" "b38c70e767ae9859f3eafb987b78016c169a28bb7d3d05cc291c277331b50035", kill_on_drop: false }`
[INFO] running `Command { std: "docker" "rm" "-f" "b38c70e767ae9859f3eafb987b78016c169a28bb7d3d05cc291c277331b50035", kill_on_drop: false }`
[INFO] [stdout] b38c70e767ae9859f3eafb987b78016c169a28bb7d3d05cc291c277331b50035
