[INFO] fetching crate hl7v2-stream 1.2.0...
[INFO] testing hl7v2-stream-1.2.0 against 1.99.0-beta.8+cargoflags=--release for beta-release-1.100-2
[INFO] extracting crate hl7v2-stream 1.2.0 into /workspace/builds/worker-5-tc1/source
[INFO] started tweaking crates.io crate hl7v2-stream 1.2.0
[INFO] removed 0 missing tests
[INFO] finished tweaking crates.io crate hl7v2-stream 1.2.0
[INFO] tweaked toml for crates.io crate hl7v2-stream 1.2.0 written to /workspace/builds/worker-5-tc1/source/Cargo.toml
[INFO] validating manifest of crates.io crate hl7v2-stream 1.2.0 on toolchain 1.99.0-beta.8
[INFO] running `Command { std: CARGO_HOME="/workspace/cargo-home" RUSTUP_HOME="/workspace/rustup-home" "/workspace/cargo-home/bin/cargo" "+1.99.0-beta.8" "metadata" "--manifest-path" "Cargo.toml" "--no-deps", kill_on_drop: false }`
[INFO] crate crates.io crate hl7v2-stream 1.2.0 already has a lockfile, it will not be regenerated
[INFO] running `Command { std: CARGO_HOME="/workspace/cargo-home" RUSTUP_HOME="/workspace/rustup-home" "/workspace/cargo-home/bin/cargo" "+1.99.0-beta.8" "fetch" "--manifest-path" "Cargo.toml", kill_on_drop: false }`
[INFO] [stderr]     Updating crates.io index
[INFO] [stderr]  Downloading crates ...
[INFO] [stderr]   Downloaded hl7v2-model v1.2.0
[INFO] running `Command { std: "docker" "create" "-v" "/var/lib/crater-agent-workspace/builds/worker-5-tc1/source:/opt/rustwide/workdir:ro,Z" "-v" "/var/lib/crater-agent-workspace/builds/worker-5-tc1/target:/opt/rustwide/target:rw,Z" "-v" "/var/lib/crater-agent-workspace/cargo-home:/opt/rustwide/cargo-home:ro,Z" "-v" "/var/lib/crater-agent-workspace/rustup-home:/opt/rustwide/rustup-home:ro,Z" "-m" "1610612736" "--network" "none" "ghcr.io/rust-lang/crates-build-env/linux@sha256:77db811e55d90add9212f6832c23229e3de5f1c1f9905e8cb07319ea15df73ac" "sleep" "infinity", kill_on_drop: false }`
[INFO] [stdout] c9ba171567b9826a21827052bfa33d251b1b282e266a29b46efee73b60ed997a
[INFO] running `Command { std: "docker" "start" "c9ba171567b9826a21827052bfa33d251b1b282e266a29b46efee73b60ed997a", kill_on_drop: false }`
[INFO] running `Command { std: "docker" "inspect" "c9ba171567b9826a21827052bfa33d251b1b282e266a29b46efee73b60ed997a", kill_on_drop: false }`
[INFO] running `Command { std: "docker" "exec" "-e" "SOURCE_DIR=/opt/rustwide/workdir" "-e" "CARGO_HOME=/opt/rustwide/cargo-home" "-e" "RUSTUP_HOME=/opt/rustwide/rustup-home" "-e" "CARGO_TARGET_DIR=/opt/rustwide/target" "-w" "/opt/rustwide/workdir" "--user" "0:0" "c9ba171567b9826a21827052bfa33d251b1b282e266a29b46efee73b60ed997a" "/opt/rustwide/cargo-home/bin/cargo" "+1.99.0-beta.8" "metadata" "--no-deps" "--format-version=1", kill_on_drop: false }`
[INFO] running `Command { std: "docker" "inspect" "c9ba171567b9826a21827052bfa33d251b1b282e266a29b46efee73b60ed997a", kill_on_drop: false }`
[INFO] running `Command { std: "docker" "exec" "-e" "SOURCE_DIR=/opt/rustwide/workdir" "-e" "CARGO_HOME=/opt/rustwide/cargo-home" "-e" "RUSTUP_HOME=/opt/rustwide/rustup-home" "-e" "CARGO_TARGET_DIR=/opt/rustwide/target" "-e" "CARGO_INCREMENTAL=0" "-e" "RUST_BACKTRACE=full" "-e" "RUSTFLAGS=--cap-lints=warn" "-e" "RUSTDOCFLAGS=--cap-lints=warn" "-w" "/opt/rustwide/workdir" "--user" "0:0" "c9ba171567b9826a21827052bfa33d251b1b282e266a29b46efee73b60ed997a" "/opt/rustwide/cargo-home/bin/cargo" "+1.99.0-beta.8" "build" "--frozen" "--message-format=json" "--release", kill_on_drop: false }`
[INFO] [stderr]    Compiling syn v2.0.117
[INFO] [stderr]    Compiling serde_derive v1.0.228
[INFO] [stderr]    Compiling thiserror-impl v2.0.18
[INFO] [stderr]    Compiling tokio-macros v2.6.1
[INFO] [stderr]    Compiling tokio v1.50.0
[INFO] [stderr]    Compiling thiserror v2.0.18
[INFO] [stderr]    Compiling serde v1.0.228
[INFO] [stderr]    Compiling hl7v2-model v1.2.0
[INFO] [stderr]    Compiling hl7v2-stream v1.2.0 (/opt/rustwide/workdir)
[INFO] [stderr]     Finished `release` profile [optimized] target(s) in 11.53s
[INFO] running `Command { std: "docker" "inspect" "c9ba171567b9826a21827052bfa33d251b1b282e266a29b46efee73b60ed997a", kill_on_drop: false }`
[INFO] running `Command { std: "docker" "exec" "-e" "SOURCE_DIR=/opt/rustwide/workdir" "-e" "CARGO_HOME=/opt/rustwide/cargo-home" "-e" "RUSTUP_HOME=/opt/rustwide/rustup-home" "-e" "CARGO_TARGET_DIR=/opt/rustwide/target" "-e" "CARGO_INCREMENTAL=0" "-e" "RUST_BACKTRACE=full" "-e" "RUSTFLAGS=--cap-lints=warn" "-e" "RUSTDOCFLAGS=--cap-lints=warn" "-w" "/opt/rustwide/workdir" "--user" "0:0" "c9ba171567b9826a21827052bfa33d251b1b282e266a29b46efee73b60ed997a" "/opt/rustwide/cargo-home/bin/cargo" "+1.99.0-beta.8" "test" "--frozen" "--no-run" "--message-format=json" "--release", kill_on_drop: false }`
[INFO] [stderr]    Compiling libc v0.2.182
[INFO] [stderr]    Compiling zerocopy v0.8.40
[INFO] [stderr]    Compiling zerocopy-derive v0.8.40
[INFO] [stderr]    Compiling rustix v1.1.4
[INFO] [stderr]    Compiling serde v1.0.228
[INFO] [stderr]    Compiling clap_builder v4.6.0
[INFO] [stderr]    Compiling regex-automata v0.4.14
[INFO] [stderr]    Compiling serde_json v1.0.149
[INFO] [stderr]    Compiling tokio v1.50.0
[INFO] [stderr]    Compiling hl7v2-model v1.2.0
[INFO] [stderr]    Compiling getrandom v0.3.4
[INFO] [stderr]    Compiling getrandom v0.4.2
[INFO] [stderr]    Compiling wait-timeout v0.2.1
[INFO] [stderr]    Compiling is-terminal v0.4.17
[INFO] [stderr]    Compiling rand_core v0.9.5
[INFO] [stderr]    Compiling rand v0.9.2
[INFO] [stderr]    Compiling rand_xorshift v0.4.0
[INFO] [stderr]    Compiling tinytemplate v1.2.1
[INFO] [stderr]    Compiling regex v1.12.3
[INFO] [stderr]    Compiling tempfile v3.26.0
[INFO] [stderr]    Compiling rusty-fork v0.3.1
[INFO] [stderr]    Compiling clap v4.6.0
[INFO] [stderr]    Compiling hl7v2-stream v1.2.0 (/opt/rustwide/workdir)
[INFO] [stderr]    Compiling half v2.7.1
[INFO] [stderr]    Compiling ppv-lite86 v0.2.21
[INFO] [stderr]    Compiling ciborium-ll v0.2.2
[INFO] [stderr]    Compiling rand_chacha v0.9.0
[INFO] [stderr]    Compiling ciborium v0.2.2
[INFO] [stderr]    Compiling proptest v1.10.0
[INFO] [stderr]    Compiling criterion v0.5.1
[INFO] [stdout] error[E0433]: cannot find module or crate `hl7v2_test_utils` in this scope
[INFO] [stdout]   --> src/comprehensive_tests/unit_tests.rs:11:5
[INFO] [stdout]    |
[INFO] [stdout] 11 | use hl7v2_test_utils::{builders::MessageBuilder, fixtures::SampleMessages};
[INFO] [stdout]    |     ^^^^^^^^^^^^^^^^ use of unresolved module or unlinked crate `hl7v2_test_utils`
[INFO] [stdout]    |
[INFO] [stdout]    = help: if you wanted to use a crate named `hl7v2_test_utils`, use `cargo add hl7v2_test_utils` to add it to your `Cargo.toml`
[INFO] [stdout] 
[INFO] [stdout] 
[INFO] [stdout] error[E0433]: cannot find module or crate `hl7v2_test_utils` in this scope
[INFO] [stdout]   --> tests/integration_tests.rs:10:5
[INFO] [stdout]    |
[INFO] [stdout] 10 | use hl7v2_test_utils::{builders::MessageBuilder, fixtures::SampleMessages};
[INFO] [stdout]    |     ^^^^^^^^^^^^^^^^ use of unresolved module or unlinked crate `hl7v2_test_utils`
[INFO] [stdout]    |
[INFO] [stdout]    = help: if you wanted to use a crate named `hl7v2_test_utils`, use `cargo add hl7v2_test_utils` to add it to your `Cargo.toml`
[INFO] [stdout] 
[INFO] [stdout] 
[INFO] [stdout] error[E0433]: cannot find module or crate `hl7v2_test_utils` in this scope
[INFO] [stdout]    --> tests/integration_tests.rs:123:20
[INFO] [stdout]     |
[INFO] [stdout] 123 |     let hl7_text = hl7v2_test_utils::fixtures::SampleMessages::edge_case("empty_fields")
[INFO] [stdout]     |                    ^^^^^^^^^^^^^^^^ use of unresolved module or unlinked crate `hl7v2_test_utils`
[INFO] [stdout]     |
[INFO] [stdout]     = help: if you wanted to use a crate named `hl7v2_test_utils`, use `cargo add hl7v2_test_utils` to add it to your `Cargo.toml`
[INFO] [stdout] 
[INFO] [stdout] 
[INFO] [stdout] error[E0433]: cannot find module or crate `hl7v2_test_utils` in this scope
[INFO] [stdout]    --> tests/integration_tests.rs:159:20
[INFO] [stdout]     |
[INFO] [stdout] 159 |     let hl7_text = hl7v2_test_utils::fixtures::SampleMessages::edge_case("special_chars")
[INFO] [stdout]     |                    ^^^^^^^^^^^^^^^^ use of unresolved module or unlinked crate `hl7v2_test_utils`
[INFO] [stdout]     |
[INFO] [stdout]     = help: if you wanted to use a crate named `hl7v2_test_utils`, use `cargo add hl7v2_test_utils` to add it to your `Cargo.toml`
[INFO] [stdout] 
[INFO] [stdout] 
[INFO] [stdout] error[E0433]: cannot find module or crate `hl7v2_test_utils` in this scope
[INFO] [stdout]    --> tests/integration_tests.rs:178:20
[INFO] [stdout]     |
[INFO] [stdout] 178 |     let hl7_text = hl7v2_test_utils::fixtures::SampleMessages::edge_case("custom_delims")
[INFO] [stdout]     |                    ^^^^^^^^^^^^^^^^ use of unresolved module or unlinked crate `hl7v2_test_utils`
[INFO] [stdout]     |
[INFO] [stdout]     = help: if you wanted to use a crate named `hl7v2_test_utils`, use `cargo add hl7v2_test_utils` to add it to your `Cargo.toml`
[INFO] [stdout] 
[INFO] [stdout] 
[INFO] [stdout] error[E0433]: cannot find module or crate `hl7v2_test_utils` in this scope
[INFO] [stdout]    --> tests/integration_tests.rs:204:20
[INFO] [stdout]     |
[INFO] [stdout] 204 |     let hl7_text = hl7v2_test_utils::fixtures::SampleMessages::invalid("malformed")
[INFO] [stdout]     |                    ^^^^^^^^^^^^^^^^ use of unresolved module or unlinked crate `hl7v2_test_utils`
[INFO] [stdout]     |
[INFO] [stdout]     = help: if you wanted to use a crate named `hl7v2_test_utils`, use `cargo add hl7v2_test_utils` to add it to your `Cargo.toml`
[INFO] [stdout] 
[INFO] [stdout] 
[INFO] [stdout] error[E0433]: cannot find module or crate `hl7v2_test_utils` in this scope
[INFO] [stdout]    --> tests/integration_tests.rs:221:20
[INFO] [stdout]     |
[INFO] [stdout] 221 |     let hl7_text = hl7v2_test_utils::fixtures::SampleMessages::invalid("truncated")
[INFO] [stdout]     |                    ^^^^^^^^^^^^^^^^ use of unresolved module or unlinked crate `hl7v2_test_utils`
[INFO] [stdout]     |
[INFO] [stdout]     = help: if you wanted to use a crate named `hl7v2_test_utils`, use `cargo add hl7v2_test_utils` to add it to your `Cargo.toml`
[INFO] [stdout] 
[INFO] [stdout] 
[INFO] [stdout] For more information about this error, try `rustc --explain E0433`.
[INFO] [stdout] 
[INFO] [stderr] error: could not compile `hl7v2-stream` (test "integration_tests") due to 6 previous errors
[INFO] [stderr] warning: build failed, waiting for other jobs to finish...
[INFO] [stdout] For more information about this error, try `rustc --explain E0433`.
[INFO] [stdout] 
[INFO] [stderr] error: could not compile `hl7v2-stream` (lib test) due to 1 previous error
[INFO] running `Command { std: "docker" "inspect" "c9ba171567b9826a21827052bfa33d251b1b282e266a29b46efee73b60ed997a", kill_on_drop: false }`
[INFO] running `Command { std: "docker" "rm" "-f" "c9ba171567b9826a21827052bfa33d251b1b282e266a29b46efee73b60ed997a", kill_on_drop: false }`
[INFO] [stdout] c9ba171567b9826a21827052bfa33d251b1b282e266a29b46efee73b60ed997a
