[INFO] fetching crate hisui 2025.3.3...
[INFO] testing hisui-2025.3.3 against 1.100.0-beta.1+cargoflags=--release for beta-release-1.100-2
[INFO] extracting crate hisui 2025.3.3 into /workspace/builds/worker-7-tc2/source
[INFO] started tweaking crates.io crate hisui 2025.3.3
[INFO] removed 0 missing tests
[INFO] finished tweaking crates.io crate hisui 2025.3.3
[INFO] tweaked toml for crates.io crate hisui 2025.3.3 written to /workspace/builds/worker-7-tc2/source/Cargo.toml
[INFO] validating manifest of crates.io crate hisui 2025.3.3 on toolchain 1.100.0-beta.1
[INFO] running `Command { std: CARGO_HOME="/workspace/cargo-home" RUSTUP_HOME="/workspace/rustup-home" "/workspace/cargo-home/bin/cargo" "+1.100.0-beta.1" "metadata" "--manifest-path" "Cargo.toml" "--no-deps", kill_on_drop: false }`
[INFO] crate crates.io crate hisui 2025.3.3 already has a lockfile, it will not be regenerated
[INFO] running `Command { std: CARGO_HOME="/workspace/cargo-home" RUSTUP_HOME="/workspace/rustup-home" "/workspace/cargo-home/bin/cargo" "+1.100.0-beta.1" "fetch" "--manifest-path" "Cargo.toml", kill_on_drop: false }`
[INFO] [stderr] warning: `package.homepage` is redundant with `package.repository`
[INFO] [stderr]   --> Cargo.toml:73:12
[INFO] [stderr]    |
[INFO] [stderr] 73 | homepage = "https://github.com/shiguredo/hisui"
[INFO] [stderr]    |            ^^^^^^^^^^^^^^^^^^^^^^^^^^^^^^^^^^^^
[INFO] [stderr] ...
[INFO] [stderr] 77 | repository = "https://github.com/shiguredo/hisui"
[INFO] [stderr]    |              ------------------------------------
[INFO] [stderr]    |
[INFO] [stderr]    = note: `cargo::redundant_homepage` is set to `warn` by default
[INFO] [stderr] help: consider removing `package.homepage`
[INFO] [stderr] warning: `hisui` (manifest) generated 1 warning
[INFO] running `Command { std: "docker" "create" "-v" "/var/lib/crater-agent-workspace/builds/worker-7-tc2/source:/opt/rustwide/workdir:ro,Z" "-v" "/var/lib/crater-agent-workspace/builds/worker-7-tc2/target:/opt/rustwide/target:rw,Z" "-v" "/var/lib/crater-agent-workspace/cargo-home:/opt/rustwide/cargo-home:ro,Z" "-v" "/var/lib/crater-agent-workspace/rustup-home:/opt/rustwide/rustup-home:ro,Z" "-m" "1610612736" "--network" "none" "ghcr.io/rust-lang/crates-build-env/linux@sha256:77db811e55d90add9212f6832c23229e3de5f1c1f9905e8cb07319ea15df73ac" "sleep" "infinity", kill_on_drop: false }`
[INFO] [stdout] a6558ec2cbb119773b314ef8c7f295b52ac194892d87c8a3a0164912222f3cea
[INFO] running `Command { std: "docker" "start" "a6558ec2cbb119773b314ef8c7f295b52ac194892d87c8a3a0164912222f3cea", kill_on_drop: false }`
[INFO] running `Command { std: "docker" "inspect" "a6558ec2cbb119773b314ef8c7f295b52ac194892d87c8a3a0164912222f3cea", kill_on_drop: false }`
[INFO] running `Command { std: "docker" "exec" "-e" "SOURCE_DIR=/opt/rustwide/workdir" "-e" "CARGO_HOME=/opt/rustwide/cargo-home" "-e" "RUSTUP_HOME=/opt/rustwide/rustup-home" "-e" "CARGO_TARGET_DIR=/opt/rustwide/target" "-w" "/opt/rustwide/workdir" "--user" "0:0" "a6558ec2cbb119773b314ef8c7f295b52ac194892d87c8a3a0164912222f3cea" "/opt/rustwide/cargo-home/bin/cargo" "+1.100.0-beta.1" "metadata" "--no-deps" "--format-version=1", kill_on_drop: false }`
[INFO] running `Command { std: "docker" "inspect" "a6558ec2cbb119773b314ef8c7f295b52ac194892d87c8a3a0164912222f3cea", kill_on_drop: false }`
[INFO] running `Command { std: "docker" "exec" "-e" "SOURCE_DIR=/opt/rustwide/workdir" "-e" "CARGO_HOME=/opt/rustwide/cargo-home" "-e" "RUSTUP_HOME=/opt/rustwide/rustup-home" "-e" "CARGO_TARGET_DIR=/opt/rustwide/target" "-e" "CARGO_INCREMENTAL=0" "-e" "RUST_BACKTRACE=full" "-e" "RUSTFLAGS=--cap-lints=warn" "-e" "RUSTDOCFLAGS=--cap-lints=warn" "-w" "/opt/rustwide/workdir" "--user" "0:0" "a6558ec2cbb119773b314ef8c7f295b52ac194892d87c8a3a0164912222f3cea" "/opt/rustwide/cargo-home/bin/cargo" "+1.100.0-beta.1" "build" "--frozen" "--message-format=json" "--release", kill_on_drop: false }`
[INFO] [stderr] warning: `package.homepage` is redundant with `package.repository`
[INFO] [stderr]   --> Cargo.toml:73:12
[INFO] [stderr]    |
[INFO] [stderr] 73 | homepage = "https://github.com/shiguredo/hisui"
[INFO] [stderr]    |            ^^^^^^^^^^^^^^^^^^^^^^^^^^^^^^^^^^^^
[INFO] [stderr] ...
[INFO] [stderr] 77 | repository = "https://github.com/shiguredo/hisui"
[INFO] [stderr]    |              ------------------------------------
[INFO] [stderr]    |
[INFO] [stderr]    = note: `cargo::redundant_homepage` is set to `warn` by default
[INFO] [stderr] help: consider removing `package.homepage`
[INFO] [stderr] warning: `hisui` (manifest) generated 1 warning
[INFO] [stderr]    Compiling glob v0.3.3
[INFO] [stderr]    Compiling quote v1.0.45
[INFO] [stderr]    Compiling serde_core v1.0.228
[INFO] [stderr]    Compiling libc v0.2.184
[INFO] [stderr]    Compiling regex-syntax v0.8.10
[INFO] [stderr]    Compiling memchr v2.8.0
[INFO] [stderr]    Compiling winnow v1.0.1
[INFO] [stderr]    Compiling bindgen v0.72.1
[INFO] [stderr]    Compiling bitflags v2.11.0
[INFO] [stderr]    Compiling log v0.4.28
[INFO] [stderr]    Compiling prettyplease v0.2.37
[INFO] [stderr]    Compiling libloading v0.8.9
[INFO] [stderr]    Compiling itertools v0.13.0
[INFO] [stderr]    Compiling winnow v0.7.15
[INFO] [stderr]    Compiling rustc-hash v2.1.2
[INFO] [stderr]    Compiling toml_writer v1.1.1+spec-1.1.0
[INFO] [stderr]    Compiling portable-atomic v1.13.1
[INFO] [stderr]    Compiling console v0.16.3
[INFO] [stderr]    Compiling unit-prefix v0.5.2
[INFO] [stderr]    Compiling nojson v0.3.6
[INFO] [stderr]    Compiling shiguredo_mp4 v2025.2.0
[INFO] [stderr]    Compiling noargs v0.4.1
[INFO] [stderr]    Compiling orfail v1.1.0
[INFO] [stderr]    Compiling syn v2.0.117
[INFO] [stderr]    Compiling clang-sys v1.8.1
[INFO] [stderr]    Compiling toml_parser v1.1.2+spec-1.1.0
[INFO] [stderr]    Compiling nom v7.1.3
[INFO] [stderr]    Compiling indicatif v0.18.2
[INFO] [stderr]    Compiling regex-automata v0.4.14
[INFO] [stderr]    Compiling cexpr v0.6.0
[INFO] [stderr]    Compiling toml_datetime v0.7.5+spec-1.1.0
[INFO] [stderr]    Compiling serde_spanned v1.1.1
[INFO] [stderr]    Compiling toml v0.9.12+spec-1.1.0
[INFO] [stderr]    Compiling regex v1.12.3
[INFO] [stderr]    Compiling shiguredo_svt_av1 v2025.1.0
[INFO] [stderr]    Compiling shiguredo_opus v2025.1.0
[INFO] [stderr]    Compiling shiguredo_libvpx v2025.1.0
[INFO] [stderr]    Compiling shiguredo_dav1d v2025.1.0
[INFO] [stderr]    Compiling shiguredo_openh264 v2025.1.0
[INFO] [stderr]    Compiling shiguredo_libyuv v2025.2.0
[INFO] [stderr] error: failed to run custom build command for `shiguredo_dav1d v2025.1.0`
[INFO] [stderr] note: To improve backtraces for build dependencies, set the CARGO_PROFILE_RELEASE_BUILD_OVERRIDE_DEBUG=true environment variable to enable debug information generation.
[INFO] [stderr] 
[INFO] [stderr] Caused by:
[INFO] [stderr]   process didn't exit successfully: `/opt/rustwide/target/release/build/shiguredo_dav1d/17a66865830b3635/out/build_script_build` (exit status: 101)
[INFO] [stderr]   --- stdout
[INFO] [stderr]   cargo::rerun-if-changed=Cargo.toml
[INFO] [stderr]   cargo::rerun-if-changed=build.rs
[INFO] [stderr] 
[INFO] [stderr]   --- stderr
[INFO] [stderr]   Cloning into 'dav1d'...
[INFO] [stderr]   fatal: unable to access 'https://github.com/videolan/dav1d.git/': Could not resolve host: github.com
[INFO] [stderr] 
[INFO] [stderr]   thread 'main' (780) panicked at /opt/rustwide/cargo-home/registry/src/index.crates.io-1949cf8c6b5b557f/shiguredo_dav1d-2025.1.0/build.rs:104:9:
[INFO] [stderr]   failed to clone dav1d repository
[INFO] [stderr]   stack backtrace:
[INFO] [stderr]      0:     0x5944d5bbbf71 - <<std[617be2ca0a6fd877]::sys::backtrace::BacktraceLock>::print::DisplayBacktrace as core[a373ad73a504971]::fmt::Display>::fmt
[INFO] [stderr]      1:     0x5944d5bd237a - core[a373ad73a504971]::fmt::write
[INFO] [stderr]      2:     0x5944d5bc0c0c - <std[617be2ca0a6fd877]::sys::stdio::unix::Stderr as core[a373ad73a504971]::io::write::Write>::write_fmt
[INFO] [stderr]      3:     0x5944d5b9ab56 - std[617be2ca0a6fd877]::panicking::default_hook::{closure#0}
[INFO] [stderr]      4:     0x5944d5bb5e31 - std[617be2ca0a6fd877]::panicking::default_hook
[INFO] [stderr]      5:     0x5944d5bb615b - std[617be2ca0a6fd877]::panicking::panic_with_hook
[INFO] [stderr]      6:     0x5944d5b9ac02 - std[617be2ca0a6fd877]::panicking::panic_handler::{closure#0}
[INFO] [stderr]      7:     0x5944d5b93759 - std[617be2ca0a6fd877]::sys::backtrace::__rust_end_short_backtrace::<std[617be2ca0a6fd877]::panicking::panic_handler::{closure#0}, !>
[INFO] [stderr]      8:     0x5944d5b9b43d - __rustc[ea4f61d10b84890b]::rust_begin_unwind
[INFO] [stderr]      9:     0x5944d5bd2b9c - core[a373ad73a504971]::panicking::panic_fmt
[INFO] [stderr]     10:     0x5944d56503e5 - build_script_build[903d38665dbbe834]::git_clone_external_lib
[INFO] [stderr]     11:     0x5944d5650ea5 - build_script_build[903d38665dbbe834]::main
[INFO] [stderr]     12:     0x5944d5652a53 - <fn() as core[a373ad73a504971]::ops::function::FnOnce<()>>::call_once
[INFO] [stderr]     13:     0x5944d564fd1e - std[617be2ca0a6fd877]::sys::backtrace::__rust_begin_short_backtrace::<fn(), ()>
[INFO] [stderr]     14:     0x5944d564fef9 - std[617be2ca0a6fd877]::rt::lang_start::<()>::{closure#0}
[INFO] [stderr]     15:     0x5944d5bb5198 - std[617be2ca0a6fd877]::rt::lang_start_internal
[INFO] [stderr]     16:     0x5944d564fb51 - std[617be2ca0a6fd877]::rt::lang_start::<()>
[INFO] [stderr]     17:     0x5944d5652ca5 - main
[INFO] [stderr]     18:     0x7454ee4a6601 - <unknown>
[INFO] [stderr]     19:     0x7454ee4a6718 - __libc_start_main
[INFO] [stderr]     20:     0x5944d564edb5 - _start
[INFO] [stderr]     21:                0x0 - <unknown>
[INFO] [stderr] warning: build failed, waiting for other jobs to finish...
[INFO] [stderr] error: failed to run custom build command for `shiguredo_opus v2025.1.0`
[INFO] [stderr] note: To improve backtraces for build dependencies, set the CARGO_PROFILE_RELEASE_BUILD_OVERRIDE_DEBUG=true environment variable to enable debug information generation.
[INFO] [stderr] 
[INFO] [stderr] Caused by:
[INFO] [stderr]   process didn't exit successfully: `/opt/rustwide/target/release/build/shiguredo_opus/ef620d9c62875f94/out/build_script_build` (exit status: 101)
[INFO] [stderr]   --- stdout
[INFO] [stderr]   cargo::rerun-if-changed=Cargo.toml
[INFO] [stderr]   cargo::rerun-if-changed=build.rs
[INFO] [stderr] 
[INFO] [stderr]   --- stderr
[INFO] [stderr]   Cloning into 'opus'...
[INFO] [stderr]   fatal: unable to access 'https://github.com/xiph/opus.git/': Could not resolve host: github.com
[INFO] [stderr] 
[INFO] [stderr]   thread 'main' (775) panicked at /opt/rustwide/cargo-home/registry/src/index.crates.io-1949cf8c6b5b557f/shiguredo_opus-2025.1.0/build.rs:123:9:
[INFO] [stderr]   failed to clone opus repository
[INFO] [stderr]   stack backtrace:
[INFO] [stderr]      0:     0x61dac60f6651 - <<std[617be2ca0a6fd877]::sys::backtrace::BacktraceLock>::print::DisplayBacktrace as core[a373ad73a504971]::fmt::Display>::fmt
[INFO] [stderr]      1:     0x61dac610ca5a - core[a373ad73a504971]::fmt::write
[INFO] [stderr]      2:     0x61dac60fb2ec - <std[617be2ca0a6fd877]::sys::stdio::unix::Stderr as core[a373ad73a504971]::io::write::Write>::write_fmt
[INFO] [stderr]      3:     0x61dac60d5236 - std[617be2ca0a6fd877]::panicking::default_hook::{closure#0}
[INFO] [stderr]      4:     0x61dac60f0511 - std[617be2ca0a6fd877]::panicking::default_hook
[INFO] [stderr]      5:     0x61dac60f083b - std[617be2ca0a6fd877]::panicking::panic_with_hook
[INFO] [stderr]      6:     0x61dac60d52e2 - std[617be2ca0a6fd877]::panicking::panic_handler::{closure#0}
[INFO] [stderr]      7:     0x61dac60cde39 - std[617be2ca0a6fd877]::sys::backtrace::__rust_end_short_backtrace::<std[617be2ca0a6fd877]::panicking::panic_handler::{closure#0}, !>
[INFO] [stderr]      8:     0x61dac60d5b1d - __rustc[ea4f61d10b84890b]::rust_begin_unwind
[INFO] [stderr]      9:     0x61dac610d27c - core[a373ad73a504971]::panicking::panic_fmt
[INFO] [stderr]     10:     0x61dac5b8a745 - build_script_build[75f007187cade1c5]::git_clone_external_lib
[INFO] [stderr]     11:     0x61dac5b8b18a - build_script_build[75f007187cade1c5]::main
[INFO] [stderr]     12:     0x61dac5b8d003 - <fn() as core[a373ad73a504971]::ops::function::FnOnce<()>>::call_once
[INFO] [stderr]     13:     0x61dac5b8a03e - std[617be2ca0a6fd877]::sys::backtrace::__rust_begin_short_backtrace::<fn(), ()>
[INFO] [stderr]     14:     0x61dac5b8a219 - std[617be2ca0a6fd877]::rt::lang_start::<()>::{closure#0}
[INFO] [stderr]     15:     0x61dac60ef878 - std[617be2ca0a6fd877]::rt::lang_start_internal
[INFO] [stderr]     16:     0x61dac5b89e71 - std[617be2ca0a6fd877]::rt::lang_start::<()>
[INFO] [stderr]     17:     0x61dac5b8d255 - main
[INFO] [stderr]     18:     0x705e0da78601 - <unknown>
[INFO] [stderr]     19:     0x705e0da78718 - __libc_start_main
[INFO] [stderr]     20:     0x61dac5b88f95 - _start
[INFO] [stderr]     21:                0x0 - <unknown>
[INFO] [stderr] error: failed to run custom build command for `shiguredo_openh264 v2025.1.0`
[INFO] [stderr] note: To improve backtraces for build dependencies, set the CARGO_PROFILE_RELEASE_BUILD_OVERRIDE_DEBUG=true environment variable to enable debug information generation.
[INFO] [stderr] 
[INFO] [stderr] Caused by:
[INFO] [stderr]   process didn't exit successfully: `/opt/rustwide/target/release/build/shiguredo_openh264/cb4558d3cd13f2aa/out/build_script_build` (exit status: 101)
[INFO] [stderr]   --- stdout
[INFO] [stderr]   cargo::rerun-if-changed=Cargo.toml
[INFO] [stderr]   cargo::rerun-if-changed=build.rs
[INFO] [stderr] 
[INFO] [stderr]   --- stderr
[INFO] [stderr]   Cloning into 'openh264'...
[INFO] [stderr]   fatal: unable to access 'https://github.com/cisco/openh264.git/': Could not resolve host: github.com
[INFO] [stderr] 
[INFO] [stderr]   thread 'main' (784) panicked at /opt/rustwide/cargo-home/registry/src/index.crates.io-1949cf8c6b5b557f/shiguredo_openh264-2025.1.0/build.rs:88:9:
[INFO] [stderr]   failed to clone openh264 repository
[INFO] [stderr]   stack backtrace:
[INFO] [stderr]      0:     0x63a6696306f1 - <<std[617be2ca0a6fd877]::sys::backtrace::BacktraceLock>::print::DisplayBacktrace as core[a373ad73a504971]::fmt::Display>::fmt
[INFO] [stderr]      1:     0x63a669646afa - core[a373ad73a504971]::fmt::write
[INFO] [stderr]      2:     0x63a66963538c - <std[617be2ca0a6fd877]::sys::stdio::unix::Stderr as core[a373ad73a504971]::io::write::Write>::write_fmt
[INFO] [stderr]      3:     0x63a66960f2d6 - std[617be2ca0a6fd877]::panicking::default_hook::{closure#0}
[INFO] [stderr]      4:     0x63a66962a5b1 - std[617be2ca0a6fd877]::panicking::default_hook
[INFO] [stderr]      5:     0x63a66962a8db - std[617be2ca0a6fd877]::panicking::panic_with_hook
[INFO] [stderr]      6:     0x63a66960f382 - std[617be2ca0a6fd877]::panicking::panic_handler::{closure#0}
[INFO] [stderr]      7:     0x63a669607ed9 - std[617be2ca0a6fd877]::sys::backtrace::__rust_end_short_backtrace::<std[617be2ca0a6fd877]::panicking::panic_handler::{closure#0}, !>
[INFO] [stderr]      8:     0x63a66960fbbd - __rustc[ea4f61d10b84890b]::rust_begin_unwind
[INFO] [stderr]      9:     0x63a66964731c - core[a373ad73a504971]::panicking::panic_fmt
[INFO] [stderr]     10:     0x63a6690c5115 - build_script_build[4d5533b56fb3dfcd]::git_clone_external_lib
[INFO] [stderr]     11:     0x63a6690c5ab5 - build_script_build[4d5533b56fb3dfcd]::main
[INFO] [stderr]     12:     0x63a6690c71d3 - <fn() as core[a373ad73a504971]::ops::function::FnOnce<()>>::call_once
[INFO] [stderr]     13:     0x63a6690c4a8e - std[617be2ca0a6fd877]::sys::backtrace::__rust_begin_short_backtrace::<fn(), ()>
[INFO] [stderr]     14:     0x63a6690c4c69 - std[617be2ca0a6fd877]::rt::lang_start::<()>::{closure#0}
[INFO] [stderr]     15:     0x63a669629918 - std[617be2ca0a6fd877]::rt::lang_start_internal
[INFO] [stderr]     16:     0x63a6690c48c1 - std[617be2ca0a6fd877]::rt::lang_start::<()>
[INFO] [stderr]     17:     0x63a6690c7425 - main
[INFO] [stderr]     18:     0x7084c6897601 - <unknown>
[INFO] [stderr]     19:     0x7084c6897718 - __libc_start_main
[INFO] [stderr]     20:     0x63a6690c3cb5 - _start
[INFO] [stderr]     21:                0x0 - <unknown>
[INFO] running `Command { std: "docker" "inspect" "a6558ec2cbb119773b314ef8c7f295b52ac194892d87c8a3a0164912222f3cea", kill_on_drop: false }`
[INFO] running `Command { std: "docker" "rm" "-f" "a6558ec2cbb119773b314ef8c7f295b52ac194892d87c8a3a0164912222f3cea", kill_on_drop: false }`
[INFO] [stdout] a6558ec2cbb119773b314ef8c7f295b52ac194892d87c8a3a0164912222f3cea
