[INFO] fetching crate hiraku-opus 0.1.32...
[INFO] testing hiraku-opus-0.1.32 against 1.99.0-beta.8+cargoflags=--release for beta-release-1.100-2
[INFO] extracting crate hiraku-opus 0.1.32 into /workspace/builds/worker-2-tc1/source
[INFO] started tweaking crates.io crate hiraku-opus 0.1.32
[INFO] removed 0 missing examples
[INFO] removed 0 missing tests
[INFO] finished tweaking crates.io crate hiraku-opus 0.1.32
[INFO] tweaked toml for crates.io crate hiraku-opus 0.1.32 written to /workspace/builds/worker-2-tc1/source/Cargo.toml
[INFO] validating manifest of crates.io crate hiraku-opus 0.1.32 on toolchain 1.99.0-beta.8
[INFO] running `Command { std: CARGO_HOME="/workspace/cargo-home" RUSTUP_HOME="/workspace/rustup-home" "/workspace/cargo-home/bin/cargo" "+1.99.0-beta.8" "metadata" "--manifest-path" "Cargo.toml" "--no-deps", kill_on_drop: false }`
[INFO] crate crates.io crate hiraku-opus 0.1.32 already has a lockfile, it will not be regenerated
[INFO] running `Command { std: CARGO_HOME="/workspace/cargo-home" RUSTUP_HOME="/workspace/rustup-home" "/workspace/cargo-home/bin/cargo" "+1.99.0-beta.8" "fetch" "--manifest-path" "Cargo.toml", kill_on_drop: false }`
[INFO] [stderr]     Updating crates.io index
[INFO] [stderr]  Downloading crates ...
[INFO] [stderr]   Downloaded opus v0.3.1
[INFO] [stderr]   Downloaded audiopus_sys v0.2.2
[INFO] running `Command { std: "docker" "create" "-v" "/var/lib/crater-agent-workspace/builds/worker-2-tc1/source:/opt/rustwide/workdir:ro,Z" "-v" "/var/lib/crater-agent-workspace/builds/worker-2-tc1/target:/opt/rustwide/target:rw,Z" "-v" "/var/lib/crater-agent-workspace/cargo-home:/opt/rustwide/cargo-home:ro,Z" "-v" "/var/lib/crater-agent-workspace/rustup-home:/opt/rustwide/rustup-home:ro,Z" "-m" "1610612736" "--network" "none" "ghcr.io/rust-lang/crates-build-env/linux@sha256:77db811e55d90add9212f6832c23229e3de5f1c1f9905e8cb07319ea15df73ac" "sleep" "infinity", kill_on_drop: false }`
[INFO] [stdout] b6e3321789094cf3c9f304d2bcd3dfbb441e43f7754fb81b487cb9eb7583de0d
[INFO] running `Command { std: "docker" "start" "b6e3321789094cf3c9f304d2bcd3dfbb441e43f7754fb81b487cb9eb7583de0d", kill_on_drop: false }`
[INFO] running `Command { std: "docker" "inspect" "b6e3321789094cf3c9f304d2bcd3dfbb441e43f7754fb81b487cb9eb7583de0d", kill_on_drop: false }`
[INFO] running `Command { std: "docker" "exec" "-e" "SOURCE_DIR=/opt/rustwide/workdir" "-e" "CARGO_HOME=/opt/rustwide/cargo-home" "-e" "RUSTUP_HOME=/opt/rustwide/rustup-home" "-e" "CARGO_TARGET_DIR=/opt/rustwide/target" "-w" "/opt/rustwide/workdir" "--user" "0:0" "b6e3321789094cf3c9f304d2bcd3dfbb441e43f7754fb81b487cb9eb7583de0d" "/opt/rustwide/cargo-home/bin/cargo" "+1.99.0-beta.8" "metadata" "--no-deps" "--format-version=1", kill_on_drop: false }`
[INFO] running `Command { std: "docker" "inspect" "b6e3321789094cf3c9f304d2bcd3dfbb441e43f7754fb81b487cb9eb7583de0d", kill_on_drop: false }`
[INFO] running `Command { std: "docker" "exec" "-e" "SOURCE_DIR=/opt/rustwide/workdir" "-e" "CARGO_HOME=/opt/rustwide/cargo-home" "-e" "RUSTUP_HOME=/opt/rustwide/rustup-home" "-e" "CARGO_TARGET_DIR=/opt/rustwide/target" "-e" "CARGO_INCREMENTAL=0" "-e" "RUST_BACKTRACE=full" "-e" "RUSTFLAGS=--cap-lints=warn" "-e" "RUSTDOCFLAGS=--cap-lints=warn" "-w" "/opt/rustwide/workdir" "--user" "0:0" "b6e3321789094cf3c9f304d2bcd3dfbb441e43f7754fb81b487cb9eb7583de0d" "/opt/rustwide/cargo-home/bin/cargo" "+1.99.0-beta.8" "build" "--frozen" "--message-format=json" "--release", kill_on_drop: false }`
[INFO] [stderr]    Compiling hiraku-opus v0.1.32 (/opt/rustwide/workdir)
[INFO] [stdout] warning: unnecessary parentheses around `if` condition
[INFO] [stdout]     --> src/celt.rs:2059:12
[INFO] [stdout]      |
[INFO] [stdout] 2059 |         if (!vbr || (constrained_vbr && !is_transient)) {
[INFO] [stdout]      |            ^                                          ^
[INFO] [stdout]      |
[INFO] [stdout]      = note: `#[warn(unused_parens)]` (part of `#[warn(unused)]`) on by default
[INFO] [stdout] help: remove these parentheses
[INFO] [stdout]      |
[INFO] [stdout] 2059 -         if (!vbr || (constrained_vbr && !is_transient)) {
[INFO] [stdout] 2059 +         if !vbr || (constrained_vbr && !is_transient) {
[INFO] [stdout]      |
[INFO] [stdout] 
[INFO] [stdout] 
[INFO] [stdout] warning: unnecessary parentheses around assigned value
[INFO] [stdout]     --> src/celt.rs:2760:25
[INFO] [stdout]      |
[INFO] [stdout] 2760 |                         ((tell_initial_frac + (37 << BITRES) + tot_boost + (1 << (BITRES + 3))
[INFO] [stdout]      |                         ^
[INFO] [stdout] 2761 |                             - 1)
[INFO] [stdout] 2762 |                             >> (BITRES + 3));
[INFO] [stdout]      |                                            ^
[INFO] [stdout]      |
[INFO] [stdout] help: remove these parentheses
[INFO] [stdout]      |
[INFO] [stdout] 2760 ~                         (tell_initial_frac + (37 << BITRES) + tot_boost + (1 << (BITRES + 3))
[INFO] [stdout] 2761 |                             - 1)
[INFO] [stdout] 2762 ~                             >> (BITRES + 3);
[INFO] [stdout]      |
[INFO] [stdout] 
[INFO] [stdout] 
[INFO] [stdout] warning: variable does not need to be mutable
[INFO] [stdout]   --> src/celt.rs:77:13
[INFO] [stdout]    |
[INFO] [stdout] 77 |         let mut tonal = (analysis.tonality - 0.15).max(0.0) - 0.12;
[INFO] [stdout]    |             ----^^^^^
[INFO] [stdout]    |             |
[INFO] [stdout]    |             help: remove this `mut`
[INFO] [stdout]    |
[INFO] [stdout]    = note: `#[warn(unused_mut)]` (part of `#[warn(unused)]`) on by default
[INFO] [stdout] 
[INFO] [stdout] 
[INFO] [stdout] warning: value assigned to `pitch_index` is never read
[INFO] [stdout]     --> src/celt.rs:1375:27
[INFO] [stdout]      |
[INFO] [stdout] 1375 |     let mut pitch_index = COMBFILTER_MINPERIOD;
[INFO] [stdout]      |                           ^^^^^^^^^^^^^^^^^^^^ this value is reassigned later and never used
[INFO] [stdout] ...
[INFO] [stdout] 1438 |         pitch_index = COMBFILTER_MINPERIOD;
[INFO] [stdout]      |         ---------------------------------- `pitch_index` is overwritten here before the previous value is read
[INFO] [stdout]      |
[INFO] [stdout]      = note: `#[warn(unused_assignments)]` (part of `#[warn(unused)]`) on by default
[INFO] [stdout] 
[INFO] [stdout] 
[INFO] [stdout] warning: value assigned to `gain1` is never read
[INFO] [stdout]     --> src/celt.rs:1376:21
[INFO] [stdout]      |
[INFO] [stdout] 1376 |     let mut gain1 = 0.0f32;
[INFO] [stdout]      |                     ^^^^^^ this value is reassigned later and never used
[INFO] [stdout] ...
[INFO] [stdout] 1437 |         gain1 = 0.0;
[INFO] [stdout]      |         ----------- `gain1` is overwritten here before the previous value is read
[INFO] [stdout] 
[INFO] [stdout] 
[INFO] [stdout] warning: value assigned to `r11` is never read
[INFO] [stdout]     --> src/celt.rs:1775:19
[INFO] [stdout]      |
[INFO] [stdout] 1775 |     let mut r11 = 0.0f32;
[INFO] [stdout]      |                   ^^^^^^ this value is reassigned later and never used
[INFO] [stdout] ...
[INFO] [stdout] 1788 |     r11 = r00 + edges;
[INFO] [stdout]      |     ----------------- `r11` is overwritten here before the previous value is read
[INFO] [stdout] 
[INFO] [stdout] 
[INFO] [stdout] warning: value assigned to `r12` is never read
[INFO] [stdout]     --> src/celt.rs:1777:19
[INFO] [stdout]      |
[INFO] [stdout] 1777 |     let mut r12 = 0.0f32;
[INFO] [stdout]      |                   ^^^^^^ this value is reassigned later and never used
[INFO] [stdout] ...
[INFO] [stdout] 1798 |     r12 = r01 + edges;
[INFO] [stdout]      |     ----------------- `r12` is overwritten here before the previous value is read
[INFO] [stdout] 
[INFO] [stdout] 
[INFO] [stdout] warning: value assigned to `r22` is never read
[INFO] [stdout]     --> src/celt.rs:1778:19
[INFO] [stdout]      |
[INFO] [stdout] 1778 |     let mut r22 = 0.0f32;
[INFO] [stdout]      |                   ^^^^^^ this value is reassigned later and never used
[INFO] [stdout] ...
[INFO] [stdout] 1793 |     r22 = r11 + edges;
[INFO] [stdout]      |     ----------------- `r22` is overwritten here before the previous value is read
[INFO] [stdout] 
[INFO] [stdout] 
[INFO] [stdout] warning: value assigned to `r22` is never read
[INFO] [stdout]     --> src/celt.rs:1813:5
[INFO] [stdout]      |
[INFO] [stdout] 1813 |     r22 = rr22;
[INFO] [stdout]      |     ^^^^^^^^^^
[INFO] [stdout]      |
[INFO] [stdout]      = help: maybe it is overwritten before being read?
[INFO] [stdout] 
[INFO] [stdout] 
[INFO] [stdout] warning: unused variable: `tf_calib`
[INFO] [stdout]     --> src/celt.rs:2752:17
[INFO] [stdout]      |
[INFO] [stdout] 2752 |             let tf_calib = 0; // simplified
[INFO] [stdout]      |                 ^^^^^^^^ help: if this is intentional, prefix it with an underscore: `_tf_calib`
[INFO] [stdout]      |
[INFO] [stdout]      = note: `#[warn(unused_variables)]` (part of `#[warn(unused)]`) on by default
[INFO] [stdout] 
[INFO] [stdout] 
[INFO] [stdout] warning: value assigned to `tone_freq` is never read
[INFO] [stdout]     --> src/celt.rs:2272:29
[INFO] [stdout]      |
[INFO] [stdout] 2272 |         let mut tone_freq = -1.0f32;
[INFO] [stdout]      |                             ^^^^^^^ this value is reassigned later and never used
[INFO] [stdout] ...
[INFO] [stdout] 2276 |             tone_freq = f;
[INFO] [stdout]      |             ------------- `tone_freq` is overwritten here before the previous value is read
[INFO] [stdout] 
[INFO] [stdout] 
[INFO] [stdout] warning: value assigned to `toneishness` is never read
[INFO] [stdout]     --> src/celt.rs:2273:31
[INFO] [stdout]      |
[INFO] [stdout] 2273 |         let mut toneishness = 0.0f32;
[INFO] [stdout]      |                               ^^^^^^ this value is reassigned later and never used
[INFO] [stdout] ...
[INFO] [stdout] 2277 |             toneishness = t;
[INFO] [stdout]      |             --------------- `toneishness` is overwritten here before the previous value is read
[INFO] [stdout] 
[INFO] [stdout] 
[INFO] [stdout] warning: function `bits_to_bitrate` is never used
[INFO] [stdout]   --> src/celt.rs:21:4
[INFO] [stdout]    |
[INFO] [stdout] 21 | fn bits_to_bitrate(bits: i32, fs: i32, frame_size: i32) -> i32 {
[INFO] [stdout]    |    ^^^^^^^^^^^^^^^
[INFO] [stdout]    |
[INFO] [stdout]    = note: `#[warn(dead_code)]` (part of `#[warn(unused)]`) on by default
[INFO] [stdout] 
[INFO] [stdout] 
[INFO] [stdout] warning: fields `spec_avg` and `stereo_saving` are never read
[INFO] [stdout]     --> src/celt.rs:1621:5
[INFO] [stdout]      |
[INFO] [stdout] 1590 | pub struct CeltEncoder {
[INFO] [stdout]      |            ----------- fields in this struct
[INFO] [stdout] ...
[INFO] [stdout] 1621 |     spec_avg: f32,
[INFO] [stdout]      |     ^^^^^^^^
[INFO] [stdout] 1622 |     stereo_saving: f32,
[INFO] [stdout]      |     ^^^^^^^^^^^^^
[INFO] [stdout] 
[INFO] [stdout] 
[INFO] [stderr]     Finished `release` profile [optimized] target(s) in 11.22s
[INFO] running `Command { std: "docker" "inspect" "b6e3321789094cf3c9f304d2bcd3dfbb441e43f7754fb81b487cb9eb7583de0d", kill_on_drop: false }`
[INFO] running `Command { std: "docker" "exec" "-e" "SOURCE_DIR=/opt/rustwide/workdir" "-e" "CARGO_HOME=/opt/rustwide/cargo-home" "-e" "RUSTUP_HOME=/opt/rustwide/rustup-home" "-e" "CARGO_TARGET_DIR=/opt/rustwide/target" "-e" "CARGO_INCREMENTAL=0" "-e" "RUST_BACKTRACE=full" "-e" "RUSTFLAGS=--cap-lints=warn" "-e" "RUSTDOCFLAGS=--cap-lints=warn" "-w" "/opt/rustwide/workdir" "--user" "0:0" "b6e3321789094cf3c9f304d2bcd3dfbb441e43f7754fb81b487cb9eb7583de0d" "/opt/rustwide/cargo-home/bin/cargo" "+1.99.0-beta.8" "test" "--frozen" "--no-run" "--message-format=json" "--release", kill_on_drop: false }`
[INFO] [stderr]    Compiling find-msvc-tools v0.1.12
[INFO] [stderr]    Compiling rustix v1.1.4
[INFO] [stderr]    Compiling getrandom v0.4.3
[INFO] [stderr]    Compiling bitflags v2.13.1
[INFO] [stderr]    Compiling syn v2.0.119
[INFO] [stderr]    Compiling syn v3.0.4
[INFO] [stderr]    Compiling clap_lex v1.1.0
[INFO] [stderr]    Compiling anstyle v1.0.14
[INFO] [stderr]    Compiling wait-timeout v0.2.1
[INFO] [stderr]    Compiling itertools v0.13.0
[INFO] [stderr]    Compiling bit-vec v0.8.0
[INFO] [stderr]    Compiling rayon v1.12.0
[INFO] [stderr]    Compiling rand v0.9.5
[INFO] [stderr]    Compiling rand_xorshift v0.4.0
[INFO] [stderr]    Compiling page_size v0.6.0
[INFO] [stdout] warning: unnecessary parentheses around `if` condition
[INFO] [stdout]     --> src/celt.rs:2059:12
[INFO] [stdout]      |
[INFO] [stdout] 2059 |         if (!vbr || (constrained_vbr && !is_transient)) {
[INFO] [stdout]      |            ^                                          ^
[INFO] [stdout]      |
[INFO] [stdout]      = note: `#[warn(unused_parens)]` (part of `#[warn(unused)]`) on by default
[INFO] [stdout] help: remove these parentheses
[INFO] [stdout]      |
[INFO] [stdout] 2059 -         if (!vbr || (constrained_vbr && !is_transient)) {
[INFO] [stdout] 2059 +         if !vbr || (constrained_vbr && !is_transient) {
[INFO] [stdout]      |
[INFO] [stdout] 
[INFO] [stdout] 
[INFO] [stdout] warning: unnecessary parentheses around assigned value
[INFO] [stdout]     --> src/celt.rs:2760:25
[INFO] [stdout]      |
[INFO] [stdout] 2760 |                         ((tell_initial_frac + (37 << BITRES) + tot_boost + (1 << (BITRES + 3))
[INFO] [stdout]      |                         ^
[INFO] [stdout] 2761 |                             - 1)
[INFO] [stdout] 2762 |                             >> (BITRES + 3));
[INFO] [stdout]      |                                            ^
[INFO] [stdout]      |
[INFO] [stdout] help: remove these parentheses
[INFO] [stdout]      |
[INFO] [stdout] 2760 ~                         (tell_initial_frac + (37 << BITRES) + tot_boost + (1 << (BITRES + 3))
[INFO] [stdout] 2761 |                             - 1)
[INFO] [stdout] 2762 ~                             >> (BITRES + 3);
[INFO] [stdout]      |
[INFO] [stdout] 
[INFO] [stdout] 
[INFO] [stdout] warning: variable does not need to be mutable
[INFO] [stdout]   --> src/celt.rs:77:13
[INFO] [stdout]    |
[INFO] [stdout] 77 |         let mut tonal = (analysis.tonality - 0.15).max(0.0) - 0.12;
[INFO] [stdout]    |             ----^^^^^
[INFO] [stdout]    |             |
[INFO] [stdout]    |             help: remove this `mut`
[INFO] [stdout]    |
[INFO] [stdout]    = note: `#[warn(unused_mut)]` (part of `#[warn(unused)]`) on by default
[INFO] [stdout] 
[INFO] [stdout] 
[INFO] [stdout] warning: value assigned to `pitch_index` is never read
[INFO] [stdout]     --> src/celt.rs:1375:27
[INFO] [stdout]      |
[INFO] [stdout] 1375 |     let mut pitch_index = COMBFILTER_MINPERIOD;
[INFO] [stdout]      |                           ^^^^^^^^^^^^^^^^^^^^ this value is reassigned later and never used
[INFO] [stdout] ...
[INFO] [stdout] 1438 |         pitch_index = COMBFILTER_MINPERIOD;
[INFO] [stdout]      |         ---------------------------------- `pitch_index` is overwritten here before the previous value is read
[INFO] [stdout]      |
[INFO] [stdout]      = note: `#[warn(unused_assignments)]` (part of `#[warn(unused)]`) on by default
[INFO] [stdout] 
[INFO] [stdout] 
[INFO] [stdout] warning: value assigned to `gain1` is never read
[INFO] [stdout]     --> src/celt.rs:1376:21
[INFO] [stdout]      |
[INFO] [stdout] 1376 |     let mut gain1 = 0.0f32;
[INFO] [stdout]      |                     ^^^^^^ this value is reassigned later and never used
[INFO] [stdout] ...
[INFO] [stdout] 1437 |         gain1 = 0.0;
[INFO] [stdout]      |         ----------- `gain1` is overwritten here before the previous value is read
[INFO] [stdout] 
[INFO] [stdout] 
[INFO] [stdout] warning: value assigned to `r11` is never read
[INFO] [stdout]     --> src/celt.rs:1775:19
[INFO] [stdout]      |
[INFO] [stdout] 1775 |     let mut r11 = 0.0f32;
[INFO] [stdout]      |                   ^^^^^^ this value is reassigned later and never used
[INFO] [stdout] ...
[INFO] [stdout] 1788 |     r11 = r00 + edges;
[INFO] [stdout]      |     ----------------- `r11` is overwritten here before the previous value is read
[INFO] [stdout] 
[INFO] [stdout] 
[INFO] [stdout] warning: value assigned to `r12` is never read
[INFO] [stdout]     --> src/celt.rs:1777:19
[INFO] [stdout]      |
[INFO] [stdout] 1777 |     let mut r12 = 0.0f32;
[INFO] [stdout]      |                   ^^^^^^ this value is reassigned later and never used
[INFO] [stdout] ...
[INFO] [stdout] 1798 |     r12 = r01 + edges;
[INFO] [stdout]      |     ----------------- `r12` is overwritten here before the previous value is read
[INFO] [stdout] 
[INFO] [stdout] 
[INFO] [stdout] warning: value assigned to `r22` is never read
[INFO] [stdout]     --> src/celt.rs:1778:19
[INFO] [stdout]      |
[INFO] [stdout] 1778 |     let mut r22 = 0.0f32;
[INFO] [stdout]      |                   ^^^^^^ this value is reassigned later and never used
[INFO] [stdout] ...
[INFO] [stdout] 1793 |     r22 = r11 + edges;
[INFO] [stdout]      |     ----------------- `r22` is overwritten here before the previous value is read
[INFO] [stdout] 
[INFO] [stdout] 
[INFO] [stdout] warning: value assigned to `r22` is never read
[INFO] [stdout]     --> src/celt.rs:1813:5
[INFO] [stdout]      |
[INFO] [stdout] 1813 |     r22 = rr22;
[INFO] [stdout]      |     ^^^^^^^^^^
[INFO] [stdout]      |
[INFO] [stdout]      = help: maybe it is overwritten before being read?
[INFO] [stdout] 
[INFO] [stdout] 
[INFO] [stdout] warning: unused variable: `tf_calib`
[INFO] [stdout]     --> src/celt.rs:2752:17
[INFO] [stdout]      |
[INFO] [stdout] 2752 |             let tf_calib = 0; // simplified
[INFO] [stdout]      |                 ^^^^^^^^ help: if this is intentional, prefix it with an underscore: `_tf_calib`
[INFO] [stdout]      |
[INFO] [stdout]      = note: `#[warn(unused_variables)]` (part of `#[warn(unused)]`) on by default
[INFO] [stdout] 
[INFO] [stdout] 
[INFO] [stdout] warning: value assigned to `tone_freq` is never read
[INFO] [stdout]     --> src/celt.rs:2272:29
[INFO] [stdout]      |
[INFO] [stdout] 2272 |         let mut tone_freq = -1.0f32;
[INFO] [stdout]      |                             ^^^^^^^ this value is reassigned later and never used
[INFO] [stdout] ...
[INFO] [stdout] 2276 |             tone_freq = f;
[INFO] [stdout]      |             ------------- `tone_freq` is overwritten here before the previous value is read
[INFO] [stdout] 
[INFO] [stdout] 
[INFO] [stdout] warning: value assigned to `toneishness` is never read
[INFO] [stdout]     --> src/celt.rs:2273:31
[INFO] [stdout]      |
[INFO] [stdout] 2273 |         let mut toneishness = 0.0f32;
[INFO] [stdout]      |                               ^^^^^^ this value is reassigned later and never used
[INFO] [stdout] ...
[INFO] [stdout] 2277 |             toneishness = t;
[INFO] [stdout]      |             --------------- `toneishness` is overwritten here before the previous value is read
[INFO] [stdout] 
[INFO] [stdout] 
[INFO] [stdout] warning: function `bits_to_bitrate` is never used
[INFO] [stdout]   --> src/celt.rs:21:4
[INFO] [stdout]    |
[INFO] [stdout] 21 | fn bits_to_bitrate(bits: i32, fs: i32, frame_size: i32) -> i32 {
[INFO] [stdout]    |    ^^^^^^^^^^^^^^^
[INFO] [stdout]    |
[INFO] [stdout]    = note: `#[warn(dead_code)]` (part of `#[warn(unused)]`) on by default
[INFO] [stdout] 
[INFO] [stdout] 
[INFO] [stdout] warning: fields `spec_avg` and `stereo_saving` are never read
[INFO] [stdout]     --> src/celt.rs:1621:5
[INFO] [stdout]      |
[INFO] [stdout] 1590 | pub struct CeltEncoder {
[INFO] [stdout]      |            ----------- fields in this struct
[INFO] [stdout] ...
[INFO] [stdout] 1621 |     spec_avg: f32,
[INFO] [stdout]      |     ^^^^^^^^
[INFO] [stdout] 1622 |     stereo_saving: f32,
[INFO] [stdout]      |     ^^^^^^^^^^^^^
[INFO] [stdout] 
[INFO] [stdout] 
[INFO] [stderr]    Compiling cc v1.4.5
[INFO] [stderr]    Compiling bit-set v0.8.0
[INFO] [stderr]    Compiling clap_builder v4.6.6
[INFO] [stderr]    Compiling cmake v0.1.58
[INFO] [stderr]    Compiling alloca v0.4.0
[INFO] [stderr]    Compiling audiopus_sys v0.2.2
[INFO] [stderr]    Compiling opus v0.3.1
[INFO] [stderr]    Compiling clap v4.6.6
[INFO] [stderr]    Compiling criterion-plot v0.8.2
[INFO] [stderr]    Compiling serde_derive v1.0.229
[INFO] [stderr]    Compiling tempfile v3.27.0
[INFO] [stderr]    Compiling rusty-fork v0.3.1
[INFO] [stderr]    Compiling zerocopy-derive v0.8.56
[INFO] [stderr]    Compiling zerocopy v0.8.56
[INFO] [stderr]    Compiling serde v1.0.229
[INFO] [stderr]    Compiling tinytemplate v1.2.1
[INFO] [stderr]    Compiling half v2.7.1
[INFO] [stderr]    Compiling ppv-lite86 v0.2.21
[INFO] [stderr]    Compiling rand_chacha v0.9.0
[INFO] [stderr]    Compiling ciborium-ll v0.2.2
[INFO] [stderr]    Compiling ciborium v0.2.2
[INFO] [stderr]    Compiling proptest v1.11.0
[INFO] [stderr]    Compiling criterion v0.8.2
[INFO] [stderr]    Compiling hiraku-opus v0.1.32 (/opt/rustwide/workdir)
[INFO] [stdout] error[E0433]: cannot find module or crate `opus_rs` in this scope
[INFO] [stdout]  --> tests/mdct_basic_test.rs:4:9
[INFO] [stdout]   |
[INFO] [stdout] 4 |     use opus_rs::mdct::MdctLookup;
[INFO] [stdout]   |         ^^^^^^^ use of unresolved module or unlinked crate `opus_rs`
[INFO] [stdout]   |
[INFO] [stdout]   = help: if you wanted to use a crate named `opus_rs`, use `cargo add opus_rs` to add it to your `Cargo.toml`
[INFO] [stdout] 
[INFO] [stdout] 
[INFO] [stdout] error[E0433]: cannot find module or crate `opus_rs` in this scope
[INFO] [stdout]  --> tests/proptest_encode_indices.rs:2:5
[INFO] [stdout]   |
[INFO] [stdout] 2 | use opus_rs::silk::define::*;
[INFO] [stdout]   |     ^^^^^^^ use of unresolved module or unlinked crate `opus_rs`
[INFO] [stdout]   |
[INFO] [stdout]   = help: if you wanted to use a crate named `opus_rs`, use `cargo add opus_rs` to add it to your `Cargo.toml`
[INFO] [stdout] 
[INFO] [stdout] 
[INFO] [stdout] error[E0433]: cannot find module or crate `opus_rs` in this scope
[INFO] [stdout]  --> tests/celt_synthesis_test.rs:1:5
[INFO] [stdout]   |
[INFO] [stdout] 1 | use opus_rs::modes::default_mode;
[INFO] [stdout]   |     ^^^^^^^ use of unresolved module or unlinked crate `opus_rs`
[INFO] [stdout]   |
[INFO] [stdout]   = help: if you wanted to use a crate named `opus_rs`, use `cargo add opus_rs` to add it to your `Cargo.toml`
[INFO] [stdout] 
[INFO] [stdout] 
[INFO] [stdout] error[E0433]: cannot find module or crate `opus_rs` in this scope
[INFO] [stdout]    --> tests/celt_synthesis_test.rs:159:9
[INFO] [stdout]     |
[INFO] [stdout] 159 |     use opus_rs::bands::{amp2log2, compute_band_energies, denormalise_bands, normalise_bands};
[INFO] [stdout]     |         ^^^^^^^ use of unresolved module or unlinked crate `opus_rs`
[INFO] [stdout]     |
[INFO] [stdout]     = help: if you wanted to use a crate named `opus_rs`, use `cargo add opus_rs` to add it to your `Cargo.toml`
[INFO] [stdout] 
[INFO] [stdout] 
[INFO] [stdout] error[E0433]: cannot find module or crate `opus_rs` in this scope
[INFO] [stdout]    --> tests/celt_synthesis_test.rs:160:9
[INFO] [stdout]     |
[INFO] [stdout] 160 |     use opus_rs::quant_bands::{quant_coarse_energy, quant_energy_finalise, quant_fine_energy};
[INFO] [stdout]     |         ^^^^^^^ use of unresolved module or unlinked crate `opus_rs`
[INFO] [stdout]     |
[INFO] [stdout]     = help: if you wanted to use a crate named `opus_rs`, use `cargo add opus_rs` to add it to your `Cargo.toml`
[INFO] [stdout] 
[INFO] [stdout] 
[INFO] [stdout] error[E0433]: cannot find module or crate `opus_rs` in this scope
[INFO] [stdout]    --> tests/celt_synthesis_test.rs:161:9
[INFO] [stdout]     |
[INFO] [stdout] 161 |     use opus_rs::range_coder::RangeCoder;
[INFO] [stdout]     |         ^^^^^^^ use of unresolved module or unlinked crate `opus_rs`
[INFO] [stdout]     |
[INFO] [stdout]     = help: if you wanted to use a crate named `opus_rs`, use `cargo add opus_rs` to add it to your `Cargo.toml`
[INFO] [stdout] 
[INFO] [stdout] 
[INFO] [stdout] error[E0433]: cannot find module or crate `opus_rs` in this scope
[INFO] [stdout]    --> tests/celt_synthesis_test.rs:162:9
[INFO] [stdout]     |
[INFO] [stdout] 162 |     use opus_rs::rate::clt_compute_allocation;
[INFO] [stdout]     |         ^^^^^^^ use of unresolved module or unlinked crate `opus_rs`
[INFO] [stdout]     |
[INFO] [stdout]     = help: if you wanted to use a crate named `opus_rs`, use `cargo add opus_rs` to add it to your `Cargo.toml`
[INFO] [stdout] 
[INFO] [stdout] 
[INFO] [stdout] error[E0433]: cannot find module or crate `opus_rs` in this scope
[INFO] [stdout]  --> tests/proptest_encode_indices.rs:1:5
[INFO] [stdout]   |
[INFO] [stdout] 1 | use opus_rs::range_coder::RangeCoder;
[INFO] [stdout]   |     ^^^^^^^ use of unresolved module or unlinked crate `opus_rs`
[INFO] [stdout]   |
[INFO] [stdout]   = help: if you wanted to use a crate named `opus_rs`, use `cargo add opus_rs` to add it to your `Cargo.toml`
[INFO] [stdout] 
[INFO] [stdout] 
[INFO] [stdout] error[E0433]: cannot find module or crate `opus_rs` in this scope
[INFO] [stdout]  --> tests/proptest_encode_indices.rs:3:5
[INFO] [stdout]   |
[INFO] [stdout] 3 | use opus_rs::silk::encode_indices::silk_encode_indices;
[INFO] [stdout]   |     ^^^^^^^ use of unresolved module or unlinked crate `opus_rs`
[INFO] [stdout]   |
[INFO] [stdout]   = help: if you wanted to use a crate named `opus_rs`, use `cargo add opus_rs` to add it to your `Cargo.toml`
[INFO] [stdout] 
[INFO] [stdout] 
[INFO] [stdout] error[E0433]: cannot find module or crate `opus_rs` in this scope
[INFO] [stdout]  --> tests/proptest_encode_indices.rs:4:5
[INFO] [stdout]   |
[INFO] [stdout] 4 | use opus_rs::silk::structs::SilkEncoderState;
[INFO] [stdout]   |     ^^^^^^^ use of unresolved module or unlinked crate `opus_rs`
[INFO] [stdout]   |
[INFO] [stdout]   = help: if you wanted to use a crate named `opus_rs`, use `cargo add opus_rs` to add it to your `Cargo.toml`
[INFO] [stdout] 
[INFO] [stdout] 
[INFO] [stdout] error[E0433]: cannot find module or crate `opus_rs` in this scope
[INFO] [stdout]  --> tests/proptest_encode_indices.rs:5:5
[INFO] [stdout]   |
[INFO] [stdout] 5 | use opus_rs::silk::tables_nlsf::{SILK_NLSF_CB_NB_MB, SILK_NLSF_CB_WB};
[INFO] [stdout]   |     ^^^^^^^ use of unresolved module or unlinked crate `opus_rs`
[INFO] [stdout]   |
[INFO] [stdout]   = help: if you wanted to use a crate named `opus_rs`, use `cargo add opus_rs` to add it to your `Cargo.toml`
[INFO] [stdout] 
[INFO] [stdout] 
[INFO] [stdout] error[E0432]: unresolved imports `opus_rs::range_coder::RangeCoder`, `opus_rs::silk::encode_indices::silk_encode_indices`, `opus_rs::silk::structs::SilkEncoderState`, `opus_rs::silk::tables_nlsf::SILK_NLSF_CB_NB_MB`, `opus_rs::silk::tables_nlsf::SILK_NLSF_CB_WB`
[INFO] [stdout]  --> tests/proptest_encode_indices.rs:1:5
[INFO] [stdout]   |
[INFO] [stdout] 1 | use opus_rs::range_coder::RangeCoder;
[INFO] [stdout]   |     ^^^^^^^^^^^^^^^^^^^^^^^^^^^^^^^^
[INFO] [stdout] 2 | use opus_rs::silk::define::*;
[INFO] [stdout] 3 | use opus_rs::silk::encode_indices::silk_encode_indices;
[INFO] [stdout]   |     ^^^^^^^^^^^^^^^^^^^^^^^^^^^^^^^^^^^^^^^^^^^^^^^^^^
[INFO] [stdout] 4 | use opus_rs::silk::structs::SilkEncoderState;
[INFO] [stdout]   |     ^^^^^^^^^^^^^^^^^^^^^^^^^^^^^^^^^^^^^^^^
[INFO] [stdout] 5 | use opus_rs::silk::tables_nlsf::{SILK_NLSF_CB_NB_MB, SILK_NLSF_CB_WB};
[INFO] [stdout]   |                                  ^^^^^^^^^^^^^^^^^^  ^^^^^^^^^^^^^^^
[INFO] [stdout] 
[INFO] [stdout] 
[INFO] [stdout] error[E0433]: cannot find module or crate `opus_rs` in this scope
[INFO] [stdout]  --> tests/verify_bands_match.rs:1:5
[INFO] [stdout]   |
[INFO] [stdout] 1 | use opus_rs::bands::compute_band_energies;
[INFO] [stdout]   |     ^^^^^^^ use of unresolved module or unlinked crate `opus_rs`
[INFO] [stdout]   |
[INFO] [stdout]   = help: if you wanted to use a crate named `opus_rs`, use `cargo add opus_rs` to add it to your `Cargo.toml`
[INFO] [stdout] 
[INFO] [stdout] 
[INFO] [stdout] error[E0433]: cannot find module or crate `opus_rs` in this scope
[INFO] [stdout]  --> tests/verify_bands_match.rs:2:5
[INFO] [stdout]   |
[INFO] [stdout] 2 | use opus_rs::bands::normalise_bands;
[INFO] [stdout]   |     ^^^^^^^ use of unresolved module or unlinked crate `opus_rs`
[INFO] [stdout]   |
[INFO] [stdout]   = help: if you wanted to use a crate named `opus_rs`, use `cargo add opus_rs` to add it to your `Cargo.toml`
[INFO] [stdout] 
[INFO] [stdout] 
[INFO] [stdout] error[E0433]: cannot find module or crate `opus_rs` in this scope
[INFO] [stdout]  --> tests/verify_bands_match.rs:3:5
[INFO] [stdout]   |
[INFO] [stdout] 3 | use opus_rs::modes::default_mode;
[INFO] [stdout]   |     ^^^^^^^ use of unresolved module or unlinked crate `opus_rs`
[INFO] [stdout]   |
[INFO] [stdout]   = help: if you wanted to use a crate named `opus_rs`, use `cargo add opus_rs` to add it to your `Cargo.toml`
[INFO] [stdout] 
[INFO] [stdout] 
[INFO] [stdout] error[E0433]: cannot find module or crate `opus_rs` in this scope
[INFO] [stdout]  --> tests/mdct_pure_loopback.rs:1:5
[INFO] [stdout]   |
[INFO] [stdout] 1 | use opus_rs::mdct::MdctLookup;
[INFO] [stdout]   |     ^^^^^^^ use of unresolved module or unlinked crate `opus_rs`
[INFO] [stdout]   |
[INFO] [stdout]   = help: if you wanted to use a crate named `opus_rs`, use `cargo add opus_rs` to add it to your `Cargo.toml`
[INFO] [stdout] 
[INFO] [stdout] 
[INFO] [stdout] error[E0433]: cannot find module or crate `opus_rs` in this scope
[INFO] [stdout]  --> tests/silk_nsq_test.rs:1:5
[INFO] [stdout]   |
[INFO] [stdout] 1 | use opus_rs::silk::define::*;
[INFO] [stdout]   |     ^^^^^^^ use of unresolved module or unlinked crate `opus_rs`
[INFO] [stdout]   |
[INFO] [stdout]   = help: if you wanted to use a crate named `opus_rs`, use `cargo add opus_rs` to add it to your `Cargo.toml`
[INFO] [stdout] 
[INFO] [stdout] 
[INFO] [stdout] error[E0433]: cannot find module or crate `opus_rs` in this scope
[INFO] [stdout]  --> tests/hybrid_celt_fix_tests.rs:2:5
[INFO] [stdout]   |
[INFO] [stdout] 2 | use opus_rs::celt::{CeltDecoder, CeltEncoder};
[INFO] [stdout]   |     ^^^^^^^ use of unresolved module or unlinked crate `opus_rs`
[INFO] [stdout]   |
[INFO] [stdout]   = help: if you wanted to use a crate named `opus_rs`, use `cargo add opus_rs` to add it to your `Cargo.toml`
[INFO] [stdout] 
[INFO] [stdout] 
[INFO] [stdout] error[E0433]: cannot find module or crate `opus_rs` in this scope
[INFO] [stdout]  --> tests/silk_nsq_test.rs:2:5
[INFO] [stdout]   |
[INFO] [stdout] 2 | use opus_rs::silk::nsq::silk_nsq;
[INFO] [stdout]   |     ^^^^^^^ use of unresolved module or unlinked crate `opus_rs`
[INFO] [stdout]   |
[INFO] [stdout]   = help: if you wanted to use a crate named `opus_rs`, use `cargo add opus_rs` to add it to your `Cargo.toml`
[INFO] [stdout] 
[INFO] [stdout] 
[INFO] [stdout] error[E0433]: cannot find module or crate `opus_rs` in this scope
[INFO] [stdout]  --> tests/hybrid_celt_fix_tests.rs:3:5
[INFO] [stdout]   |
[INFO] [stdout] 3 | use opus_rs::modes::default_mode;
[INFO] [stdout]   |     ^^^^^^^ use of unresolved module or unlinked crate `opus_rs`
[INFO] [stdout]   |
[INFO] [stdout]   = help: if you wanted to use a crate named `opus_rs`, use `cargo add opus_rs` to add it to your `Cargo.toml`
[INFO] [stdout] 
[INFO] [stdout] 
[INFO] [stdout] error[E0433]: cannot find module or crate `opus_rs` in this scope
[INFO] [stdout]  --> tests/hybrid_celt_fix_tests.rs:4:5
[INFO] [stdout]   |
[INFO] [stdout] 4 | use opus_rs::range_coder::RangeCoder;
[INFO] [stdout]   |     ^^^^^^^ use of unresolved module or unlinked crate `opus_rs`
[INFO] [stdout]   |
[INFO] [stdout]   = help: if you wanted to use a crate named `opus_rs`, use `cargo add opus_rs` to add it to your `Cargo.toml`
[INFO] [stdout] 
[INFO] [stdout] 
[INFO] [stdout] error[E0433]: cannot find module or crate `opus_rs` in this scope
[INFO] [stdout]  --> tests/silk_nsq_test.rs:3:5
[INFO] [stdout]   |
[INFO] [stdout] 3 | use opus_rs::silk::nsq_del_dec::silk_nsq_del_dec;
[INFO] [stdout]   |     ^^^^^^^ use of unresolved module or unlinked crate `opus_rs`
[INFO] [stdout]   |
[INFO] [stdout]   = help: if you wanted to use a crate named `opus_rs`, use `cargo add opus_rs` to add it to your `Cargo.toml`
[INFO] [stdout] 
[INFO] [stdout] 
[INFO] [stdout] error[E0433]: cannot find module or crate `opus_rs` in this scope
[INFO] [stdout]  --> tests/silk_nsq_test.rs:4:5
[INFO] [stdout]   |
[INFO] [stdout] 4 | use opus_rs::silk::structs::*;
[INFO] [stdout]   |     ^^^^^^^ use of unresolved module or unlinked crate `opus_rs`
[INFO] [stdout]   |
[INFO] [stdout]   = help: if you wanted to use a crate named `opus_rs`, use `cargo add opus_rs` to add it to your `Cargo.toml`
[INFO] [stdout] 
[INFO] [stdout] 
[INFO] [stdout] error[E0432]: unresolved imports `opus_rs::silk::define::*`, `opus_rs::silk::nsq::silk_nsq`, `opus_rs::silk::nsq_del_dec::silk_nsq_del_dec`, `opus_rs::silk::structs::*`
[INFO] [stdout]  --> tests/silk_nsq_test.rs:1:5
[INFO] [stdout]   |
[INFO] [stdout] 1 | use opus_rs::silk::define::*;
[INFO] [stdout]   |     ^^^^^^^^^^^^^^^^^^^^^^^^
[INFO] [stdout] 2 | use opus_rs::silk::nsq::silk_nsq;
[INFO] [stdout]   |     ^^^^^^^^^^^^^^^^^^^^^^^^^^^^
[INFO] [stdout] 3 | use opus_rs::silk::nsq_del_dec::silk_nsq_del_dec;
[INFO] [stdout]   |     ^^^^^^^^^^^^^^^^^^^^^^^^^^^^^^^^^^^^^^^^^^^^
[INFO] [stdout] 4 | use opus_rs::silk::structs::*;
[INFO] [stdout]   |     ^^^^^^^^^^^^^^^^^^^^^^^^^
[INFO] [stdout] 
[INFO] [stdout] 
[INFO] [stdout] For more information about this error, try `rustc --explain E0433`.
[INFO] [stdout] 
[INFO] [stdout] error[E0432]: unresolved import `opus_rs`
[INFO] [stdout]  --> tests/high_bitrate_interop_test.rs:8:5
[INFO] [stdout]   |
[INFO] [stdout] 8 | use opus_rs::{Application, OpusDecoder, OpusEncoder};
[INFO] [stdout]   |     ^^^^^^^ use of unresolved module or unlinked crate `opus_rs`
[INFO] [stdout]   |
[INFO] [stdout]   = help: if you wanted to use a crate named `opus_rs`, use `cargo add opus_rs` to add it to your `Cargo.toml`
[INFO] [stdout] 
[INFO] [stdout] 
[INFO] [stdout] error[E0433]: cannot find module or crate `opus_rs` in this scope
[INFO] [stdout]  --> tests/verify_silk_decoder.rs:1:5
[INFO] [stdout]   |
[INFO] [stdout] 1 | use opus_rs::range_coder::RangeCoder;
[INFO] [stdout]   |     ^^^^^^^ use of unresolved module or unlinked crate `opus_rs`
[INFO] [stdout]   |
[INFO] [stdout]   = help: if you wanted to use a crate named `opus_rs`, use `cargo add opus_rs` to add it to your `Cargo.toml`
[INFO] [stdout] 
[INFO] [stdout] 
[INFO] [stdout] error[E0433]: cannot find module or crate `opus_rs` in this scope
[INFO] [stdout]  --> tests/verify_silk_decoder.rs:4:5
[INFO] [stdout]   |
[INFO] [stdout] 4 | use opus_rs::silk::dec_api::SilkDecoder;
[INFO] [stdout]   |     ^^^^^^^ use of unresolved module or unlinked crate `opus_rs`
[INFO] [stdout]   |
[INFO] [stdout]   = help: if you wanted to use a crate named `opus_rs`, use `cargo add opus_rs` to add it to your `Cargo.toml`
[INFO] [stdout] 
[INFO] [stdout] 
[INFO] [stdout] error[E0433]: cannot find module or crate `opus_rs` in this scope
[INFO] [stdout]  --> tests/verify_silk_decoder.rs:5:5
[INFO] [stdout]   |
[INFO] [stdout] 5 | use opus_rs::silk::decode_frame::FLAG_DECODE_NORMAL;
[INFO] [stdout]   |     ^^^^^^^ use of unresolved module or unlinked crate `opus_rs`
[INFO] [stdout]   |
[INFO] [stdout]   = help: if you wanted to use a crate named `opus_rs`, use `cargo add opus_rs` to add it to your `Cargo.toml`
[INFO] [stdout] 
[INFO] [stdout] 
[INFO] [stdout] error[E0433]: cannot find module or crate `opus_rs` in this scope
[INFO] [stdout]  --> tests/verify_silk_decoder.rs:6:5
[INFO] [stdout]   |
[INFO] [stdout] 6 | use opus_rs::silk::resampler::SilkResampler;
[INFO] [stdout]   |     ^^^^^^^ use of unresolved module or unlinked crate `opus_rs`
[INFO] [stdout]   |
[INFO] [stdout]   = help: if you wanted to use a crate named `opus_rs`, use `cargo add opus_rs` to add it to your `Cargo.toml`
[INFO] [stdout] 
[INFO] [stdout] 
[INFO] [stdout] error[E0432]: unresolved import `opus_rs`
[INFO] [stdout]  --> tests/opus_celt_roundtrip.rs:1:5
[INFO] [stdout]   |
[INFO] [stdout] 1 | use opus_rs::{Application, OpusDecoder, OpusEncoder};
[INFO] [stdout]   |     ^^^^^^^ use of unresolved module or unlinked crate `opus_rs`
[INFO] [stdout]   |
[INFO] [stdout]   = help: if you wanted to use a crate named `opus_rs`, use `cargo add opus_rs` to add it to your `Cargo.toml`
[INFO] [stdout] 
[INFO] [stdout] 
[INFO] [stdout] For more information about this error, try `rustc --explain E0433`.
[INFO] [stdout] 
[INFO] [stdout] error[E0432]: unresolved import `opus_rs`
[INFO] [stdout]  --> tests/silk_loopback_test.rs:4:5
[INFO] [stdout]   |
[INFO] [stdout] 4 | use opus_rs::{Application, OpusDecoder, OpusEncoder};
[INFO] [stdout]   |     ^^^^^^^ use of unresolved module or unlinked crate `opus_rs`
[INFO] [stdout]   |
[INFO] [stdout]   = help: if you wanted to use a crate named `opus_rs`, use `cargo add opus_rs` to add it to your `Cargo.toml`
[INFO] [stdout] 
[INFO] [stdout] 
[INFO] [stderr] error: could not compile `hiraku-opus` (test "mdct_basic_test") due to 1 previous error
[INFO] [stderr] warning: build failed, waiting for other jobs to finish...
[INFO] [stdout] error[E0432]: unresolved import `opus_rs`
[INFO] [stdout]  --> tests/hybrid_celt_fix_tests.rs:5:5
[INFO] [stdout]   |
[INFO] [stdout] 5 | use opus_rs::{Application, OpusDecoder, OpusEncoder};
[INFO] [stdout]   |     ^^^^^^^ use of unresolved module or unlinked crate `opus_rs`
[INFO] [stdout]   |
[INFO] [stdout]   = help: if you wanted to use a crate named `opus_rs`, use `cargo add opus_rs` to add it to your `Cargo.toml`
[INFO] [stdout] 
[INFO] [stdout] 
[INFO] [stdout] error[E0433]: cannot find module or crate `opus_rs` in this scope
[INFO] [stdout]  --> tests/mdct_loopback_test.rs:1:5
[INFO] [stdout]   |
[INFO] [stdout] 1 | use opus_rs::modes::default_mode;
[INFO] [stdout]   |     ^^^^^^^ use of unresolved module or unlinked crate `opus_rs`
[INFO] [stdout]   |
[INFO] [stdout]   = help: if you wanted to use a crate named `opus_rs`, use `cargo add opus_rs` to add it to your `Cargo.toml`
[INFO] [stdout] 
[INFO] [stdout] 
[INFO] [stderr] error: could not compile `hiraku-opus` (test "verify_bands_match") due to 3 previous errors
[INFO] [stdout] For more information about this error, try `rustc --explain E0433`.
[INFO] [stdout] 
[INFO] [stderr] error: could not compile `hiraku-opus` (test "mdct_pure_loopback") due to 1 previous error
[INFO] [stdout] error[E0689]: can't call method `log10` on ambiguous numeric type `{float}`
[INFO] [stdout]   --> tests/mdct_loopback_test.rs:41:42
[INFO] [stdout]    |
[INFO] [stdout] 41 |     let snr = 10.0 * (sig_nrg / err_nrg).log10();
[INFO] [stdout]    |                                          ^^^^^
[INFO] [stdout] 
[INFO] [stdout] 
[INFO] [stdout] Some errors have detailed explanations: E0433, E0689.
[INFO] [stdout] 
[INFO] [stdout] For more information about an error, try `rustc --explain E0433`.
[INFO] [stdout] 
[INFO] [stdout] error[E0433]: cannot find module or crate `opus_rs` in this scope
[INFO] [stdout]  --> tests/mdct_sine_test.rs:4:9
[INFO] [stdout]   |
[INFO] [stdout] 4 |     use opus_rs::mdct::MdctLookup;
[INFO] [stdout]   |         ^^^^^^^ use of unresolved module or unlinked crate `opus_rs`
[INFO] [stdout]   |
[INFO] [stdout]   = help: if you wanted to use a crate named `opus_rs`, use `cargo add opus_rs` to add it to your `Cargo.toml`
[INFO] [stdout] 
[INFO] [stdout] 
[INFO] [stderr] error: could not compile `hiraku-opus` (test "mdct_loopback_test") due to 2 previous errors
[INFO] [stdout] error[E0433]: cannot find module or crate `opus_rs` in this scope
[INFO] [stdout]    --> tests/celt_synthesis_test.rs:285:37
[INFO] [stdout]     |
[INFO] [stdout] 285 |         rc.encode_icdf(alloc_trim, &opus_rs::modes::TRIM_ICDF, 7);
[INFO] [stdout]     |                                     ^^^^^^^ use of unresolved module or unlinked crate `opus_rs`
[INFO] [stdout]     |
[INFO] [stdout]     = help: if you wanted to use a crate named `opus_rs`, use `cargo add opus_rs` to add it to your `Cargo.toml`
[INFO] [stdout] 
[INFO] [stdout] 
[INFO] [stdout] Some errors have detailed explanations: E0432, E0433.
[INFO] [stdout] 
[INFO] [stdout] For more information about an error, try `rustc --explain E0432`.
[INFO] [stdout] 
[INFO] [stdout] For more information about this error, try `rustc --explain E0432`.
[INFO] [stdout] 
[INFO] [stdout] error[E0433]: cannot find module or crate `opus_rs` in this scope
[INFO] [stdout]  --> tests/pvq_sync_test.rs:1:5
[INFO] [stdout]   |
[INFO] [stdout] 1 | use opus_rs::pvq::{cwrsi, icwrs};
[INFO] [stdout]   |     ^^^^^^^ use of unresolved module or unlinked crate `opus_rs`
[INFO] [stdout]   |
[INFO] [stdout]   = help: if you wanted to use a crate named `opus_rs`, use `cargo add opus_rs` to add it to your `Cargo.toml`
[INFO] [stdout] 
[INFO] [stdout] 
[INFO] [stderr] error: could not compile `hiraku-opus` (test "opus_celt_roundtrip") due to 1 previous error
[INFO] [stderr] error: could not compile `hiraku-opus` (test "hybrid_celt_fix_tests") due to 4 previous errors
[INFO] [stdout] For more information about this error, try `rustc --explain E0433`.
[INFO] [stdout] 
[INFO] [stderr] error: could not compile `hiraku-opus` (test "pvq_sync_test") due to 1 previous error
[INFO] [stdout] error[E0432]: unresolved import `opus_rs`
[INFO] [stdout]  --> tests/canary_mono.rs:1:5
[INFO] [stdout]   |
[INFO] [stdout] 1 | use opus_rs::{Application as RsApp, OpusDecoder as RsDec, OpusEncoder as RsEnc};
[INFO] [stdout]   |     ^^^^^^^ use of unresolved module or unlinked crate `opus_rs`
[INFO] [stdout]   |
[INFO] [stdout]   = help: if you wanted to use a crate named `opus_rs`, use `cargo add opus_rs` to add it to your `Cargo.toml`
[INFO] [stdout] 
[INFO] [stdout] 
[INFO] [stdout] For more information about this error, try `rustc --explain E0433`.
[INFO] [stdout] 
[INFO] [stderr] error: could not compile `hiraku-opus` (test "mdct_sine_test") due to 1 previous error
[INFO] [stdout] error[E0432]: unresolved import `opus_rs`
[INFO] [stdout]  --> tests/stereo_test.rs:2:5
[INFO] [stdout]   |
[INFO] [stdout] 2 | use opus_rs::{Application, OpusDecoder, OpusEncoder};
[INFO] [stdout]   |     ^^^^^^^ use of unresolved module or unlinked crate `opus_rs`
[INFO] [stdout]   |
[INFO] [stdout]   = help: if you wanted to use a crate named `opus_rs`, use `cargo add opus_rs` to add it to your `Cargo.toml`
[INFO] [stdout] 
[INFO] [stdout] 
[INFO] [stdout] error[E0425]: cannot find value `PE_MAX_LAG_MS` in this scope
[INFO] [stdout]   --> tests/proptest_encode_indices.rs:10:7
[INFO] [stdout]    |
[INFO] [stdout] 10 |     ((PE_MAX_LAG_MS - PE_MIN_LAG_MS) as i32 * fs_khz) as i16
[INFO] [stdout]    |       ^^^^^^^^^^^^^ not found in this scope
[INFO] [stdout] 
[INFO] [stdout] 
[INFO] [stdout] error[E0425]: cannot find value `PE_MIN_LAG_MS` in this scope
[INFO] [stdout]   --> tests/proptest_encode_indices.rs:10:23
[INFO] [stdout]    |
[INFO] [stdout] 10 |     ((PE_MAX_LAG_MS - PE_MIN_LAG_MS) as i32 * fs_khz) as i16
[INFO] [stdout]    |                       ^^^^^^^^^^^^^ not found in this scope
[INFO] [stdout] 
[INFO] [stdout] 
[INFO] [stdout] error[E0425]: cannot find value `TYPE_NO_VOICE_ACTIVITY` in this scope
[INFO] [stdout]   --> tests/proptest_encode_indices.rs:17:37
[INFO] [stdout]    |
[INFO] [stdout] 17 |     enc.s_cmn.ec_prev_signal_type = TYPE_NO_VOICE_ACTIVITY;
[INFO] [stdout]    |                                     ^^^^^^^^^^^^^^^^^^^^^^ not found in this scope
[INFO] [stdout] 
[INFO] [stdout] 
[INFO] [stdout] error[E0425]: cannot find value `TYPE_VOICED` in this scope
[INFO] [stdout]   --> tests/proptest_encode_indices.rs:24:37
[INFO] [stdout]    |
[INFO] [stdout] 24 |     enc.s_cmn.indices.signal_type = TYPE_VOICED as i8;
[INFO] [stdout]    |                                     ^^^^^^^^^^^ not found in this scope
[INFO] [stdout] 
[INFO] [stdout] 
[INFO] [stdout] error[E0425]: cannot find value `CODE_INDEPENDENTLY` in this scope
[INFO] [stdout]   --> tests/proptest_encode_indices.rs:53:58
[INFO] [stdout]    |
[INFO] [stdout] 53 |         silk_encode_indices(&mut enc, &mut rc, 0, false, CODE_INDEPENDENTLY);
[INFO] [stdout]    |                                                          ^^^^^^^^^^^^^^^^^^ not found in this scope
[INFO] [stdout] 
[INFO] [stdout] 
[INFO] [stdout] error[E0425]: cannot find value `TYPE_VOICED` in this scope
[INFO] [stdout]   --> tests/proptest_encode_indices.rs:71:41
[INFO] [stdout]    |
[INFO] [stdout] 71 |         enc.s_cmn.ec_prev_signal_type = TYPE_VOICED;
[INFO] [stdout]    |                                         ^^^^^^^^^^^ not found in this scope
[INFO] [stdout] 
[INFO] [stdout] 
[INFO] [stdout] error[E0425]: cannot find value `CODE_CONDITIONALLY` in this scope
[INFO] [stdout]   --> tests/proptest_encode_indices.rs:73:58
[INFO] [stdout]    |
[INFO] [stdout] 73 |         silk_encode_indices(&mut enc, &mut rc, 0, false, CODE_CONDITIONALLY);
[INFO] [stdout]    |                                                          ^^^^^^^^^^^^^^^^^^ not found in this scope
[INFO] [stdout] 
[INFO] [stdout] 
[INFO] [stdout] error[E0425]: cannot find value `CODE_INDEPENDENTLY` in this scope
[INFO] [stdout]   --> tests/proptest_encode_indices.rs:88:58
[INFO] [stdout]    |
[INFO] [stdout] 88 |         silk_encode_indices(&mut enc, &mut rc, 0, false, CODE_INDEPENDENTLY);
[INFO] [stdout]    |                                                          ^^^^^^^^^^^^^^^^^^ not found in this scope
[INFO] [stdout] 
[INFO] [stdout] 
[INFO] [stdout] error[E0425]: cannot find value `CODE_INDEPENDENTLY` in this scope
[INFO] [stdout]    --> tests/proptest_encode_indices.rs:104:66
[INFO] [stdout]     |
[INFO] [stdout] 104 |                 silk_encode_indices(&mut enc, &mut rc, 0, false, CODE_INDEPENDENTLY);
[INFO] [stdout]     |                                                                  ^^^^^^^^^^^^^^^^^^ not found in this scope
[INFO] [stdout] 
[INFO] [stdout] 
[INFO] [stdout] error[E0425]: cannot find value `TYPE_VOICED` in this scope
[INFO] [stdout]    --> tests/proptest_encode_indices.rs:121:49
[INFO] [stdout]     |
[INFO] [stdout] 121 |                 enc.s_cmn.ec_prev_signal_type = TYPE_VOICED;
[INFO] [stdout]     |                                                 ^^^^^^^^^^^ not found in this scope
[INFO] [stdout] 
[INFO] [stdout] 
[INFO] [stdout] error[E0425]: cannot find value `CODE_CONDITIONALLY` in this scope
[INFO] [stdout]    --> tests/proptest_encode_indices.rs:123:66
[INFO] [stdout]     |
[INFO] [stdout] 123 |                 silk_encode_indices(&mut enc, &mut rc, 0, false, CODE_CONDITIONALLY);
[INFO] [stdout]     |                                                                  ^^^^^^^^^^^^^^^^^^ not found in this scope
[INFO] [stdout] 
[INFO] [stdout] 
[INFO] [stdout] For more information about this error, try `rustc --explain E0433`.
[INFO] [stdout] 
[INFO] [stderr] error: could not compile `hiraku-opus` (test "verify_silk_decoder") due to 4 previous errors
[INFO] [stdout] For more information about this error, try `rustc --explain E0433`.
[INFO] [stdout] 
[INFO] [stdout] For more information about this error, try `rustc --explain E0432`.
[INFO] [stdout] 
[INFO] [stderr] error: could not compile `hiraku-opus` (test "celt_synthesis_test") due to 6 previous errors
[INFO] [stderr] error: could not compile `hiraku-opus` (test "silk_loopback_test") due to 1 previous error
[INFO] [stdout] Some errors have detailed explanations: E0425, E0432, E0433.
[INFO] [stdout] 
[INFO] [stdout] For more information about an error, try `rustc --explain E0425`.
[INFO] [stdout] 
[INFO] [stderr] error: could not compile `hiraku-opus` (test "proptest_encode_indices") due to 17 previous errors
[INFO] [stdout] For more information about this error, try `rustc --explain E0432`.
[INFO] [stdout] 
[INFO] [stderr] error: could not compile `hiraku-opus` (test "canary_mono") due to 1 previous error
[INFO] [stdout] For more information about this error, try `rustc --explain E0432`.
[INFO] [stdout] 
[INFO] [stderr] error: could not compile `hiraku-opus` (test "high_bitrate_interop_test") due to 1 previous error
[INFO] [stdout] For more information about this error, try `rustc --explain E0432`.
[INFO] [stdout] 
[INFO] [stderr] error: could not compile `hiraku-opus` (test "stereo_test") due to 1 previous error
[INFO] [stdout] error[E0425]: cannot find type `SilkEncoderStateCommon` in this scope
[INFO] [stdout]  --> tests/silk_nsq_test.rs:7:33
[INFO] [stdout]   |
[INFO] [stdout] 7 | fn create_wb_encoder_state() -> SilkEncoderStateCommon {
[INFO] [stdout]   |                                 ^^^^^^^^^^^^^^^^^^^^^^ not found in this scope
[INFO] [stdout] 
[INFO] [stdout] 
[INFO] [stdout] error[E0422]: cannot find struct, variant or union type `SilkEncoderStateCommon` in this scope
[INFO] [stdout]  --> tests/silk_nsq_test.rs:8:5
[INFO] [stdout]   |
[INFO] [stdout] 8 |     SilkEncoderStateCommon {
[INFO] [stdout]   |     ^^^^^^^^^^^^^^^^^^^^^^ not found in this scope
[INFO] [stdout] 
[INFO] [stdout] 
[INFO] [stdout] error[E0422]: cannot find struct, variant or union type `SideInfoIndices` in this scope
[INFO] [stdout]   --> tests/silk_nsq_test.rs:18:18
[INFO] [stdout]    |
[INFO] [stdout] 18 |         indices: SideInfoIndices {
[INFO] [stdout]    |                  ^^^^^^^^^^^^^^^ not found in this scope
[INFO] [stdout] 
[INFO] [stdout] 
[INFO] [stdout] error[E0425]: cannot find value `TYPE_UNVOICED` in this scope
[INFO] [stdout]   --> tests/silk_nsq_test.rs:19:26
[INFO] [stdout]    |
[INFO] [stdout] 19 |             signal_type: TYPE_UNVOICED as i8,
[INFO] [stdout]    |                          ^^^^^^^^^^^^^ not found in this scope
[INFO] [stdout] 
[INFO] [stdout] 
[INFO] [stdout] error[E0425]: cannot find type `SilkEncoderStateCommon` in this scope
[INFO] [stdout]   --> tests/silk_nsq_test.rs:27:33
[INFO] [stdout]    |
[INFO] [stdout] 27 | fn create_nb_encoder_state() -> SilkEncoderStateCommon {
[INFO] [stdout]    |                                 ^^^^^^^^^^^^^^^^^^^^^^ not found in this scope
[INFO] [stdout] 
[INFO] [stdout] 
[INFO] [stdout] error[E0422]: cannot find struct, variant or union type `SilkEncoderStateCommon` in this scope
[INFO] [stdout]   --> tests/silk_nsq_test.rs:28:5
[INFO] [stdout]    |
[INFO] [stdout] 28 |     SilkEncoderStateCommon {
[INFO] [stdout]    |     ^^^^^^^^^^^^^^^^^^^^^^ not found in this scope
[INFO] [stdout] 
[INFO] [stdout] 
[INFO] [stdout] error[E0422]: cannot find struct, variant or union type `SideInfoIndices` in this scope
[INFO] [stdout]   --> tests/silk_nsq_test.rs:38:18
[INFO] [stdout]    |
[INFO] [stdout] 38 |         indices: SideInfoIndices {
[INFO] [stdout]    |                  ^^^^^^^^^^^^^^^ not found in this scope
[INFO] [stdout] 
[INFO] [stdout] 
[INFO] [stdout] error[E0425]: cannot find value `TYPE_UNVOICED` in this scope
[INFO] [stdout]   --> tests/silk_nsq_test.rs:39:26
[INFO] [stdout]    |
[INFO] [stdout] 39 |             signal_type: TYPE_UNVOICED as i8,
[INFO] [stdout]    |                          ^^^^^^^^^^^^^ not found in this scope
[INFO] [stdout] 
[INFO] [stdout] 
[INFO] [stdout] error[E0425]: cannot find value `MAX_SHAPE_LPC_ORDER` in this scope
[INFO] [stdout]   --> tests/silk_nsq_test.rs:70:40
[INFO] [stdout]    |
[INFO] [stdout] 70 |     let mut ar = vec![0i16; nb_subfr * MAX_SHAPE_LPC_ORDER];
[INFO] [stdout]    |                                        ^^^^^^^^^^^^^^^^^^^ not found in this scope
[INFO] [stdout] 
[INFO] [stdout] 
[INFO] [stdout] error[E0425]: cannot find value `MAX_SHAPE_LPC_ORDER` in this scope
[INFO] [stdout]   --> tests/silk_nsq_test.rs:73:16
[INFO] [stdout]    |
[INFO] [stdout] 73 |         ar[k * MAX_SHAPE_LPC_ORDER] = 4096; // ~0.5 in Q13
[INFO] [stdout]    |                ^^^^^^^^^^^^^^^^^^^ not found in this scope
[INFO] [stdout] 
[INFO] [stdout] 
[INFO] [stdout] error[E0425]: cannot find value `MAX_SHAPE_LPC_ORDER` in this scope
[INFO] [stdout]   --> tests/silk_nsq_test.rs:74:16
[INFO] [stdout]    |
[INFO] [stdout] 74 |         ar[k * MAX_SHAPE_LPC_ORDER + 1] = 2048;
[INFO] [stdout]    |                ^^^^^^^^^^^^^^^^^^^ not found in this scope
[INFO] [stdout] 
[INFO] [stdout] 
[INFO] [stdout] error[E0425]: cannot find value `MAX_LPC_ORDER` in this scope
[INFO] [stdout]   --> tests/silk_nsq_test.rs:81:36
[INFO] [stdout]    |
[INFO] [stdout] 81 |     let mut coefs = vec![0i16; 2 * MAX_LPC_ORDER];
[INFO] [stdout]    |                                    ^^^^^^^^^^^^^ not found in this scope
[INFO] [stdout] 
[INFO] [stdout] 
[INFO] [stdout] error[E0425]: cannot find value `MAX_LPC_ORDER` in this scope
[INFO] [stdout]   --> tests/silk_nsq_test.rs:86:11
[INFO] [stdout]    |
[INFO] [stdout] 86 |     coefs[MAX_LPC_ORDER] = 3686;
[INFO] [stdout]    |           ^^^^^^^^^^^^^ not found in this scope
[INFO] [stdout] 
[INFO] [stdout] 
[INFO] [stdout] error[E0425]: cannot find value `MAX_LPC_ORDER` in this scope
[INFO] [stdout]   --> tests/silk_nsq_test.rs:87:11
[INFO] [stdout]    |
[INFO] [stdout] 87 |     coefs[MAX_LPC_ORDER + 1] = -1843;
[INFO] [stdout]    |           ^^^^^^^^^^^^^ not found in this scope
[INFO] [stdout] 
[INFO] [stdout] 
[INFO] [stdout] error[E0422]: cannot find struct, variant or union type `SilkNSQState` in this scope
[INFO] [stdout]   --> tests/silk_nsq_test.rs:94:19
[INFO] [stdout]    |
[INFO] [stdout] 94 |     let mut nsq = SilkNSQState {
[INFO] [stdout]    |                   ^^^^^^^^^^^^ not found in this scope
[INFO] [stdout] 
[INFO] [stdout] 
[INFO] [stdout] error[E0425]: cannot find value `MAX_NB_SUBFR` in this scope
[INFO] [stdout]    --> tests/silk_nsq_test.rs:103:35
[INFO] [stdout]     |
[INFO] [stdout] 103 |     let ltp_coef_q14 = vec![0i16; MAX_NB_SUBFR * LTP_ORDER]; // unvoiced: no LTP
[INFO] [stdout]     |                                   ^^^^^^^^^^^^ not found in this scope
[INFO] [stdout] 
[INFO] [stdout] 
[INFO] [stdout] error[E0425]: cannot find value `LTP_ORDER` in this scope
[INFO] [stdout]    --> tests/silk_nsq_test.rs:103:50
[INFO] [stdout]     |
[INFO] [stdout] 103 |     let ltp_coef_q14 = vec![0i16; MAX_NB_SUBFR * LTP_ORDER]; // unvoiced: no LTP
[INFO] [stdout]     |                                                  ^^^^^^^^^ not found in this scope
[INFO] [stdout] 
[INFO] [stdout] 
[INFO] [stdout] error[E0425]: cannot find value `MAX_NB_SUBFR` in this scope
[INFO] [stdout]    --> tests/silk_nsq_test.rs:105:42
[INFO] [stdout]     |
[INFO] [stdout] 105 |     let harm_shape_gain_q14 = vec![0i32; MAX_NB_SUBFR];
[INFO] [stdout]     |                                          ^^^^^^^^^^^^ not found in this scope
[INFO] [stdout] 
[INFO] [stdout] 
[INFO] [stdout] error[E0425]: cannot find value `MAX_NB_SUBFR` in this scope
[INFO] [stdout]    --> tests/silk_nsq_test.rs:106:31
[INFO] [stdout]     |
[INFO] [stdout] 106 |     let tilt_q14 = vec![0i32; MAX_NB_SUBFR];
[INFO] [stdout]     |                               ^^^^^^^^^^^^ not found in this scope
[INFO] [stdout] 
[INFO] [stdout] 
[INFO] [stdout] error[E0425]: cannot find value `MAX_NB_SUBFR` in this scope
[INFO] [stdout]    --> tests/silk_nsq_test.rs:107:33
[INFO] [stdout]     |
[INFO] [stdout] 107 |     let lf_shp_q14 = vec![0i32; MAX_NB_SUBFR];
[INFO] [stdout]     |                                 ^^^^^^^^^^^^ not found in this scope
[INFO] [stdout] 
[INFO] [stdout] 
[INFO] [stdout] error[E0425]: cannot find value `MAX_NB_SUBFR` in this scope
[INFO] [stdout]    --> tests/silk_nsq_test.rs:109:36
[INFO] [stdout]     |
[INFO] [stdout] 109 |     let gains_q16 = vec![65536i32; MAX_NB_SUBFR]; // gain = 1.0 in Q16
[INFO] [stdout]     |                                    ^^^^^^^^^^^^ not found in this scope
[INFO] [stdout] 
[INFO] [stdout] 
[INFO] [stdout] error[E0425]: cannot find value `MAX_NB_SUBFR` in this scope
[INFO] [stdout]    --> tests/silk_nsq_test.rs:110:30
[INFO] [stdout]     |
[INFO] [stdout] 110 |     let pitch_l = vec![0i32; MAX_NB_SUBFR]; // no pitch for unvoiced
[INFO] [stdout]     |                              ^^^^^^^^^^^^ not found in this scope
[INFO] [stdout] 
[INFO] [stdout] 
[INFO] [stdout] error[E0425]: cannot find value `TYPE_VOICED` in this scope
[INFO] [stdout]    --> tests/silk_nsq_test.rs:164:33
[INFO] [stdout]     |
[INFO] [stdout] 164 |     s_cmn.indices.signal_type = TYPE_VOICED as i8;
[INFO] [stdout]     |                                 ^^^^^^^^^^^ not found in this scope
[INFO] [stdout] 
[INFO] [stdout] 
[INFO] [stdout] error[E0422]: cannot find struct, variant or union type `SilkNSQState` in this scope
[INFO] [stdout]    --> tests/silk_nsq_test.rs:167:19
[INFO] [stdout]     |
[INFO] [stdout] 167 |     let mut nsq = SilkNSQState {
[INFO] [stdout]     |                   ^^^^^^^^^^^^ not found in this scope
[INFO] [stdout] 
[INFO] [stdout] 
[INFO] [stdout] error[E0425]: cannot find value `TYPE_VOICED` in this scope
[INFO] [stdout]    --> tests/silk_nsq_test.rs:169:24
[INFO] [stdout]     |
[INFO] [stdout] 169 |         prev_sig_type: TYPE_VOICED as i8,
[INFO] [stdout]     |                        ^^^^^^^^^^^ not found in this scope
[INFO] [stdout] 
[INFO] [stdout] 
[INFO] [stdout] error[E0425]: cannot find value `MAX_NB_SUBFR` in this scope
[INFO] [stdout]    --> tests/silk_nsq_test.rs:178:39
[INFO] [stdout]     |
[INFO] [stdout] 178 |     let mut ltp_coef_q14 = vec![0i16; MAX_NB_SUBFR * LTP_ORDER];
[INFO] [stdout]     |                                       ^^^^^^^^^^^^ not found in this scope
[INFO] [stdout] 
[INFO] [stdout] 
[INFO] [stdout] error[E0425]: cannot find value `LTP_ORDER` in this scope
[INFO] [stdout]    --> tests/silk_nsq_test.rs:178:54
[INFO] [stdout]     |
[INFO] [stdout] 178 |     let mut ltp_coef_q14 = vec![0i16; MAX_NB_SUBFR * LTP_ORDER];
[INFO] [stdout]     |                                                      ^^^^^^^^^ not found in this scope
[INFO] [stdout] 
[INFO] [stdout] 
[INFO] [stdout] error[E0425]: cannot find value `LTP_ORDER` in this scope
[INFO] [stdout]    --> tests/silk_nsq_test.rs:181:26
[INFO] [stdout]     |
[INFO] [stdout] 181 |         ltp_coef_q14[k * LTP_ORDER + 2] = 8192; // center tap ~0.5 in Q14
[INFO] [stdout]     |                          ^^^^^^^^^ not found in this scope
[INFO] [stdout] 
[INFO] [stdout] 
[INFO] [stdout] error[E0425]: cannot find value `MAX_NB_SUBFR` in this scope
[INFO] [stdout]    --> tests/silk_nsq_test.rs:184:45
[INFO] [stdout]     |
[INFO] [stdout] 184 |     let harm_shape_gain_q14 = vec![4096i32; MAX_NB_SUBFR]; // mild harmonic shaping
[INFO] [stdout]     |                                             ^^^^^^^^^^^^ not found in this scope
[INFO] [stdout] 
[INFO] [stdout] 
[INFO] [stdout] error[E0425]: cannot find value `MAX_NB_SUBFR` in this scope
[INFO] [stdout]    --> tests/silk_nsq_test.rs:185:31
[INFO] [stdout]     |
[INFO] [stdout] 185 |     let tilt_q14 = vec![0i32; MAX_NB_SUBFR];
[INFO] [stdout]     |                               ^^^^^^^^^^^^ not found in this scope
[INFO] [stdout] 
[INFO] [stdout] 
[INFO] [stdout] error[E0425]: cannot find value `MAX_NB_SUBFR` in this scope
[INFO] [stdout]    --> tests/silk_nsq_test.rs:186:33
[INFO] [stdout]     |
[INFO] [stdout] 186 |     let lf_shp_q14 = vec![0i32; MAX_NB_SUBFR];
[INFO] [stdout]     |                                 ^^^^^^^^^^^^ not found in this scope
[INFO] [stdout] 
[INFO] [stdout] 
[INFO] [stdout] error[E0425]: cannot find value `MAX_NB_SUBFR` in this scope
[INFO] [stdout]    --> tests/silk_nsq_test.rs:187:36
[INFO] [stdout]     |
[INFO] [stdout] 187 |     let gains_q16 = vec![65536i32; MAX_NB_SUBFR];
[INFO] [stdout]     |                                    ^^^^^^^^^^^^ not found in this scope
[INFO] [stdout] 
[INFO] [stdout] 
[INFO] [stdout] error[E0425]: cannot find value `MAX_NB_SUBFR` in this scope
[INFO] [stdout]    --> tests/silk_nsq_test.rs:188:38
[INFO] [stdout]     |
[INFO] [stdout] 188 |     let pitch_l = vec![pitch as i32; MAX_NB_SUBFR];
[INFO] [stdout]     |                                      ^^^^^^^^^^^^ not found in this scope
[INFO] [stdout] 
[INFO] [stdout] 
[INFO] [stdout] error[E0425]: cannot find value `TYPE_UNVOICED` in this scope
[INFO] [stdout]    --> tests/silk_nsq_test.rs:230:33
[INFO] [stdout]     |
[INFO] [stdout] 230 |     s_cmn.indices.signal_type = TYPE_UNVOICED as i8;
[INFO] [stdout]     |                                 ^^^^^^^^^^^^^ not found in this scope
[INFO] [stdout] 
[INFO] [stdout] 
[INFO] [stdout] error[E0422]: cannot find struct, variant or union type `SilkNSQState` in this scope
[INFO] [stdout]    --> tests/silk_nsq_test.rs:232:19
[INFO] [stdout]     |
[INFO] [stdout] 232 |     let mut nsq = SilkNSQState {
[INFO] [stdout]     |                   ^^^^^^^^^^^^ not found in this scope
[INFO] [stdout] 
[INFO] [stdout] 
[INFO] [stdout] error[E0425]: cannot find value `MAX_NB_SUBFR` in this scope
[INFO] [stdout]    --> tests/silk_nsq_test.rs:241:35
[INFO] [stdout]     |
[INFO] [stdout] 241 |     let ltp_coef_q14 = vec![0i16; MAX_NB_SUBFR * LTP_ORDER];
[INFO] [stdout]     |                                   ^^^^^^^^^^^^ not found in this scope
[INFO] [stdout] 
[INFO] [stdout] 
[INFO] [stdout] error[E0425]: cannot find value `LTP_ORDER` in this scope
[INFO] [stdout]    --> tests/silk_nsq_test.rs:241:50
[INFO] [stdout]     |
[INFO] [stdout] 241 |     let ltp_coef_q14 = vec![0i16; MAX_NB_SUBFR * LTP_ORDER];
[INFO] [stdout]     |                                                  ^^^^^^^^^ not found in this scope
[INFO] [stdout] 
[INFO] [stdout] 
[INFO] [stdout] error[E0425]: cannot find value `MAX_NB_SUBFR` in this scope
[INFO] [stdout]    --> tests/silk_nsq_test.rs:243:42
[INFO] [stdout]     |
[INFO] [stdout] 243 |     let harm_shape_gain_q14 = vec![0i32; MAX_NB_SUBFR];
[INFO] [stdout]     |                                          ^^^^^^^^^^^^ not found in this scope
[INFO] [stdout] 
[INFO] [stdout] 
[INFO] [stdout] error[E0425]: cannot find value `MAX_NB_SUBFR` in this scope
[INFO] [stdout]    --> tests/silk_nsq_test.rs:244:31
[INFO] [stdout]     |
[INFO] [stdout] 244 |     let tilt_q14 = vec![0i32; MAX_NB_SUBFR];
[INFO] [stdout]     |                               ^^^^^^^^^^^^ not found in this scope
[INFO] [stdout] 
[INFO] [stdout] 
[INFO] [stdout] error[E0425]: cannot find value `MAX_NB_SUBFR` in this scope
[INFO] [stdout]    --> tests/silk_nsq_test.rs:245:33
[INFO] [stdout]     |
[INFO] [stdout] 245 |     let lf_shp_q14 = vec![0i32; MAX_NB_SUBFR];
[INFO] [stdout]     |                                 ^^^^^^^^^^^^ not found in this scope
[INFO] [stdout] 
[INFO] [stdout] 
[INFO] [stdout] error[E0425]: cannot find value `MAX_NB_SUBFR` in this scope
[INFO] [stdout]    --> tests/silk_nsq_test.rs:246:36
[INFO] [stdout]     |
[INFO] [stdout] 246 |     let gains_q16 = vec![65536i32; MAX_NB_SUBFR];
[INFO] [stdout]     |                                    ^^^^^^^^^^^^ not found in this scope
[INFO] [stdout] 
[INFO] [stdout] 
[INFO] [stdout] error[E0425]: cannot find value `MAX_NB_SUBFR` in this scope
[INFO] [stdout]    --> tests/silk_nsq_test.rs:247:30
[INFO] [stdout]     |
[INFO] [stdout] 247 |     let pitch_l = vec![0i32; MAX_NB_SUBFR];
[INFO] [stdout]     |                              ^^^^^^^^^^^^ not found in this scope
[INFO] [stdout] 
[INFO] [stdout] 
[INFO] [stdout] error[E0422]: cannot find struct, variant or union type `SilkNSQState` in this scope
[INFO] [stdout]    --> tests/silk_nsq_test.rs:286:19
[INFO] [stdout]     |
[INFO] [stdout] 286 |     let mut nsq = SilkNSQState {
[INFO] [stdout]     |                   ^^^^^^^^^^^^ not found in this scope
[INFO] [stdout] 
[INFO] [stdout] 
[INFO] [stdout] error[E0425]: cannot find value `MAX_NB_SUBFR` in this scope
[INFO] [stdout]    --> tests/silk_nsq_test.rs:296:35
[INFO] [stdout]     |
[INFO] [stdout] 296 |     let ltp_coef_q14 = vec![0i16; MAX_NB_SUBFR * LTP_ORDER];
[INFO] [stdout]     |                                   ^^^^^^^^^^^^ not found in this scope
[INFO] [stdout] 
[INFO] [stdout] 
[INFO] [stdout] error[E0425]: cannot find value `LTP_ORDER` in this scope
[INFO] [stdout]    --> tests/silk_nsq_test.rs:296:50
[INFO] [stdout]     |
[INFO] [stdout] 296 |     let ltp_coef_q14 = vec![0i16; MAX_NB_SUBFR * LTP_ORDER];
[INFO] [stdout]     |                                                  ^^^^^^^^^ not found in this scope
[INFO] [stdout] 
[INFO] [stdout] 
[INFO] [stdout] error[E0425]: cannot find value `MAX_NB_SUBFR` in this scope
[INFO] [stdout]    --> tests/silk_nsq_test.rs:298:42
[INFO] [stdout]     |
[INFO] [stdout] 298 |     let harm_shape_gain_q14 = vec![0i32; MAX_NB_SUBFR];
[INFO] [stdout]     |                                          ^^^^^^^^^^^^ not found in this scope
[INFO] [stdout] 
[INFO] [stdout] 
[INFO] [stdout] error[E0425]: cannot find value `MAX_NB_SUBFR` in this scope
[INFO] [stdout]    --> tests/silk_nsq_test.rs:299:31
[INFO] [stdout]     |
[INFO] [stdout] 299 |     let tilt_q14 = vec![0i32; MAX_NB_SUBFR];
[INFO] [stdout]     |                               ^^^^^^^^^^^^ not found in this scope
[INFO] [stdout] 
[INFO] [stdout] 
[INFO] [stdout] error[E0425]: cannot find value `MAX_NB_SUBFR` in this scope
[INFO] [stdout]    --> tests/silk_nsq_test.rs:300:33
[INFO] [stdout]     |
[INFO] [stdout] 300 |     let lf_shp_q14 = vec![0i32; MAX_NB_SUBFR];
[INFO] [stdout]     |                                 ^^^^^^^^^^^^ not found in this scope
[INFO] [stdout] 
[INFO] [stdout] 
[INFO] [stdout] error[E0425]: cannot find value `MAX_NB_SUBFR` in this scope
[INFO] [stdout]    --> tests/silk_nsq_test.rs:301:36
[INFO] [stdout]     |
[INFO] [stdout] 301 |     let gains_q16 = vec![65536i32; MAX_NB_SUBFR];
[INFO] [stdout]     |                                    ^^^^^^^^^^^^ not found in this scope
[INFO] [stdout] 
[INFO] [stdout] 
[INFO] [stdout] error[E0425]: cannot find value `MAX_NB_SUBFR` in this scope
[INFO] [stdout]    --> tests/silk_nsq_test.rs:302:30
[INFO] [stdout]     |
[INFO] [stdout] 302 |     let pitch_l = vec![0i32; MAX_NB_SUBFR];
[INFO] [stdout]     |                              ^^^^^^^^^^^^ not found in this scope
[INFO] [stdout] 
[INFO] [stdout] 
[INFO] [stdout] error[E0422]: cannot find struct, variant or union type `SilkNSQState` in this scope
[INFO] [stdout]    --> tests/silk_nsq_test.rs:337:23
[INFO] [stdout]     |
[INFO] [stdout] 337 |     let mut nsq_low = SilkNSQState {
[INFO] [stdout]     |                       ^^^^^^^^^^^^ not found in this scope
[INFO] [stdout] 
[INFO] [stdout] 
[INFO] [stdout] error[E0425]: cannot find value `MAX_NB_SUBFR` in this scope
[INFO] [stdout]    --> tests/silk_nsq_test.rs:345:35
[INFO] [stdout]     |
[INFO] [stdout] 345 |     let ltp_coef_q14 = vec![0i16; MAX_NB_SUBFR * LTP_ORDER];
[INFO] [stdout]     |                                   ^^^^^^^^^^^^ not found in this scope
[INFO] [stdout] 
[INFO] [stdout] 
[INFO] [stdout] error[E0425]: cannot find value `LTP_ORDER` in this scope
[INFO] [stdout]    --> tests/silk_nsq_test.rs:345:50
[INFO] [stdout]     |
[INFO] [stdout] 345 |     let ltp_coef_q14 = vec![0i16; MAX_NB_SUBFR * LTP_ORDER];
[INFO] [stdout]     |                                                  ^^^^^^^^^ not found in this scope
[INFO] [stdout] 
[INFO] [stdout] 
[INFO] [stdout] error[E0425]: cannot find value `MAX_NB_SUBFR` in this scope
[INFO] [stdout]    --> tests/silk_nsq_test.rs:347:42
[INFO] [stdout]     |
[INFO] [stdout] 347 |     let harm_shape_gain_q14 = vec![0i32; MAX_NB_SUBFR];
[INFO] [stdout]     |                                          ^^^^^^^^^^^^ not found in this scope
[INFO] [stdout] 
[INFO] [stdout] 
[INFO] [stdout] error[E0425]: cannot find value `MAX_NB_SUBFR` in this scope
[INFO] [stdout]    --> tests/silk_nsq_test.rs:348:31
[INFO] [stdout]     |
[INFO] [stdout] 348 |     let tilt_q14 = vec![0i32; MAX_NB_SUBFR];
[INFO] [stdout]     |                               ^^^^^^^^^^^^ not found in this scope
[INFO] [stdout] 
[INFO] [stdout] 
[INFO] [stdout] error[E0425]: cannot find value `MAX_NB_SUBFR` in this scope
[INFO] [stdout]    --> tests/silk_nsq_test.rs:349:33
[INFO] [stdout]     |
[INFO] [stdout] 349 |     let lf_shp_q14 = vec![0i32; MAX_NB_SUBFR];
[INFO] [stdout]     |                                 ^^^^^^^^^^^^ not found in this scope
[INFO] [stdout] 
[INFO] [stdout] 
[INFO] [stdout] error[E0425]: cannot find value `MAX_NB_SUBFR` in this scope
[INFO] [stdout]    --> tests/silk_nsq_test.rs:350:30
[INFO] [stdout]     |
[INFO] [stdout] 350 |     let pitch_l = vec![0i32; MAX_NB_SUBFR];
[INFO] [stdout]     |                              ^^^^^^^^^^^^ not found in this scope
[INFO] [stdout] 
[INFO] [stdout] 
[INFO] [stdout] error[E0425]: cannot find value `MAX_NB_SUBFR` in this scope
[INFO] [stdout]    --> tests/silk_nsq_test.rs:355:36
[INFO] [stdout]     |
[INFO] [stdout] 355 |     let gains_low = vec![32768i32; MAX_NB_SUBFR]; // 0.5 in Q16
[INFO] [stdout]     |                                    ^^^^^^^^^^^^ not found in this scope
[INFO] [stdout] 
[INFO] [stdout] 
[INFO] [stdout] error[E0422]: cannot find struct, variant or union type `SilkNSQState` in this scope
[INFO] [stdout]    --> tests/silk_nsq_test.rs:375:24
[INFO] [stdout]     |
[INFO] [stdout] 375 |     let mut nsq_high = SilkNSQState {
[INFO] [stdout]     |                        ^^^^^^^^^^^^ not found in this scope
[INFO] [stdout] 
[INFO] [stdout] 
[INFO] [stdout] error[E0425]: cannot find value `MAX_NB_SUBFR` in this scope
[INFO] [stdout]    --> tests/silk_nsq_test.rs:380:38
[INFO] [stdout]     |
[INFO] [stdout] 380 |     let gains_high = vec![131072i32; MAX_NB_SUBFR]; // 2.0 in Q16
[INFO] [stdout]     |                                      ^^^^^^^^^^^^ not found in this scope
[INFO] [stdout] 
[INFO] [stdout] 
[INFO] [stdout] error[E0425]: cannot find type `SilkEncoderStateCommon` in this scope
[INFO] [stdout]    --> tests/silk_nsq_test.rs:419:13
[INFO] [stdout]     |
[INFO] [stdout] 419 |     s_cmn: &SilkEncoderStateCommon,
[INFO] [stdout]     |             ^^^^^^^^^^^^^^^^^^^^^^ not found in this scope
[INFO] [stdout] 
[INFO] [stdout] 
[INFO] [stdout] error[E0425]: cannot find type `SilkNSQState` in this scope
[INFO] [stdout]    --> tests/silk_nsq_test.rs:431:16
[INFO] [stdout]     |
[INFO] [stdout] 431 | ) -> (Vec<i8>, SilkNSQState) {
[INFO] [stdout]     |                ^^^^^^^^^^^^ not found in this scope
[INFO] [stdout] 
[INFO] [stdout] 
[INFO] [stdout] error[E0422]: cannot find struct, variant or union type `SilkNSQState` in this scope
[INFO] [stdout]    --> tests/silk_nsq_test.rs:432:19
[INFO] [stdout]     |
[INFO] [stdout] 432 |     let mut nsq = SilkNSQState {
[INFO] [stdout]     |                   ^^^^^^^^^^^^ not found in this scope
[INFO] [stdout] 
[INFO] [stdout] 
[INFO] [stdout] error[E0425]: cannot find value `TYPE_VOICED` in this scope
[INFO] [stdout]    --> tests/silk_nsq_test.rs:436:37
[INFO] [stdout]     |
[INFO] [stdout] 436 |     if s_cmn.indices.signal_type == TYPE_VOICED as i8 {
[INFO] [stdout]     |                                     ^^^^^^^^^^^ not found in this scope
[INFO] [stdout] 
[INFO] [stdout] 
[INFO] [stdout] error[E0425]: cannot find value `TYPE_VOICED` in this scope
[INFO] [stdout]    --> tests/silk_nsq_test.rs:437:29
[INFO] [stdout]     |
[INFO] [stdout] 437 |         nsq.prev_sig_type = TYPE_VOICED as i8;
[INFO] [stdout]     |                             ^^^^^^^^^^^ not found in this scope
[INFO] [stdout] 
[INFO] [stdout] 
[INFO] [stdout] error[E0425]: cannot find value `MAX_NB_SUBFR` in this scope
[INFO] [stdout]    --> tests/silk_nsq_test.rs:471:35
[INFO] [stdout]     |
[INFO] [stdout] 471 |     let ltp_coef_q14 = vec![0i16; MAX_NB_SUBFR * LTP_ORDER];
[INFO] [stdout]     |                                   ^^^^^^^^^^^^ not found in this scope
[INFO] [stdout] 
[INFO] [stdout] 
[INFO] [stdout] error[E0425]: cannot find value `LTP_ORDER` in this scope
[INFO] [stdout]    --> tests/silk_nsq_test.rs:471:50
[INFO] [stdout]     |
[INFO] [stdout] 471 |     let ltp_coef_q14 = vec![0i16; MAX_NB_SUBFR * LTP_ORDER];
[INFO] [stdout]     |                                                  ^^^^^^^^^ not found in this scope
[INFO] [stdout] 
[INFO] [stdout] 
[INFO] [stdout] error[E0425]: cannot find value `MAX_NB_SUBFR` in this scope
[INFO] [stdout]    --> tests/silk_nsq_test.rs:473:42
[INFO] [stdout]     |
[INFO] [stdout] 473 |     let harm_shape_gain_q14 = vec![0i32; MAX_NB_SUBFR];
[INFO] [stdout]     |                                          ^^^^^^^^^^^^ not found in this scope
[INFO] [stdout] 
[INFO] [stdout] 
[INFO] [stdout] error[E0425]: cannot find value `MAX_NB_SUBFR` in this scope
[INFO] [stdout]    --> tests/silk_nsq_test.rs:474:31
[INFO] [stdout]     |
[INFO] [stdout] 474 |     let tilt_q14 = vec![0i32; MAX_NB_SUBFR];
[INFO] [stdout]     |                               ^^^^^^^^^^^^ not found in this scope
[INFO] [stdout] 
[INFO] [stdout] 
[INFO] [stdout] error[E0425]: cannot find value `MAX_NB_SUBFR` in this scope
[INFO] [stdout]    --> tests/silk_nsq_test.rs:475:33
[INFO] [stdout]     |
[INFO] [stdout] 475 |     let lf_shp_q14 = vec![0i32; MAX_NB_SUBFR];
[INFO] [stdout]     |                                 ^^^^^^^^^^^^ not found in this scope
[INFO] [stdout] 
[INFO] [stdout] 
[INFO] [stdout] error[E0425]: cannot find value `MAX_NB_SUBFR` in this scope
[INFO] [stdout]    --> tests/silk_nsq_test.rs:476:36
[INFO] [stdout]     |
[INFO] [stdout] 476 |     let gains_q16 = vec![65536i32; MAX_NB_SUBFR];
[INFO] [stdout]     |                                    ^^^^^^^^^^^^ not found in this scope
[INFO] [stdout] 
[INFO] [stdout] 
[INFO] [stdout] error[E0425]: cannot find value `MAX_NB_SUBFR` in this scope
[INFO] [stdout]    --> tests/silk_nsq_test.rs:477:30
[INFO] [stdout]     |
[INFO] [stdout] 477 |     let pitch_l = vec![0i32; MAX_NB_SUBFR];
[INFO] [stdout]     |                              ^^^^^^^^^^^^ not found in this scope
[INFO] [stdout] 
[INFO] [stdout] 
[INFO] [stdout] error[E0425]: cannot find value `TYPE_VOICED` in this scope
[INFO] [stdout]    --> tests/silk_nsq_test.rs:526:33
[INFO] [stdout]     |
[INFO] [stdout] 526 |     s_cmn.indices.signal_type = TYPE_VOICED as i8;
[INFO] [stdout]     |                                 ^^^^^^^^^^^ not found in this scope
[INFO] [stdout] 
[INFO] [stdout] 
[INFO] [stdout] error[E0425]: cannot find value `MAX_NB_SUBFR` in this scope
[INFO] [stdout]    --> tests/silk_nsq_test.rs:533:39
[INFO] [stdout]     |
[INFO] [stdout] 533 |     let mut ltp_coef_q14 = vec![0i16; MAX_NB_SUBFR * LTP_ORDER];
[INFO] [stdout]     |                                       ^^^^^^^^^^^^ not found in this scope
[INFO] [stdout] 
[INFO] [stdout] 
[INFO] [stdout] error[E0425]: cannot find value `LTP_ORDER` in this scope
[INFO] [stdout]    --> tests/silk_nsq_test.rs:533:54
[INFO] [stdout]     |
[INFO] [stdout] 533 |     let mut ltp_coef_q14 = vec![0i16; MAX_NB_SUBFR * LTP_ORDER];
[INFO] [stdout]     |                                                      ^^^^^^^^^ not found in this scope
[INFO] [stdout] 
[INFO] [stdout] 
[INFO] [stdout] error[E0425]: cannot find value `LTP_ORDER` in this scope
[INFO] [stdout]    --> tests/silk_nsq_test.rs:535:26
[INFO] [stdout]     |
[INFO] [stdout] 535 |         ltp_coef_q14[k * LTP_ORDER + 2] = 8192;
[INFO] [stdout]     |                          ^^^^^^^^^ not found in this scope
[INFO] [stdout] 
[INFO] [stdout] 
[INFO] [stdout] error[E0425]: cannot find value `MAX_NB_SUBFR` in this scope
[INFO] [stdout]    --> tests/silk_nsq_test.rs:538:45
[INFO] [stdout]     |
[INFO] [stdout] 538 |     let harm_shape_gain_q14 = vec![4096i32; MAX_NB_SUBFR];
[INFO] [stdout]     |                                             ^^^^^^^^^^^^ not found in this scope
[INFO] [stdout] 
[INFO] [stdout] 
[INFO] [stdout] error[E0425]: cannot find value `MAX_NB_SUBFR` in this scope
[INFO] [stdout]    --> tests/silk_nsq_test.rs:539:31
[INFO] [stdout]     |
[INFO] [stdout] 539 |     let tilt_q14 = vec![0i32; MAX_NB_SUBFR];
[INFO] [stdout]     |                               ^^^^^^^^^^^^ not found in this scope
[INFO] [stdout] 
[INFO] [stdout] 
[INFO] [stdout] error[E0425]: cannot find value `MAX_NB_SUBFR` in this scope
[INFO] [stdout]    --> tests/silk_nsq_test.rs:540:33
[INFO] [stdout]     |
[INFO] [stdout] 540 |     let lf_shp_q14 = vec![0i32; MAX_NB_SUBFR];
[INFO] [stdout]     |                                 ^^^^^^^^^^^^ not found in this scope
[INFO] [stdout] 
[INFO] [stdout] 
[INFO] [stdout] error[E0425]: cannot find value `MAX_NB_SUBFR` in this scope
[INFO] [stdout]    --> tests/silk_nsq_test.rs:541:36
[INFO] [stdout]     |
[INFO] [stdout] 541 |     let gains_q16 = vec![65536i32; MAX_NB_SUBFR];
[INFO] [stdout]     |                                    ^^^^^^^^^^^^ not found in this scope
[INFO] [stdout] 
[INFO] [stdout] 
[INFO] [stdout] error[E0425]: cannot find value `MAX_NB_SUBFR` in this scope
[INFO] [stdout]    --> tests/silk_nsq_test.rs:542:38
[INFO] [stdout]     |
[INFO] [stdout] 542 |     let pitch_l = vec![pitch as i32; MAX_NB_SUBFR];
[INFO] [stdout]     |                                      ^^^^^^^^^^^^ not found in this scope
[INFO] [stdout] 
[INFO] [stdout] 
[INFO] [stdout] error[E0425]: cannot find value `MAX_NB_SUBFR` in this scope
[INFO] [stdout]    --> tests/silk_nsq_test.rs:585:35
[INFO] [stdout]     |
[INFO] [stdout] 585 |     let ltp_coef_q14 = vec![0i16; MAX_NB_SUBFR * LTP_ORDER];
[INFO] [stdout]     |                                   ^^^^^^^^^^^^ not found in this scope
[INFO] [stdout] 
[INFO] [stdout] 
[INFO] [stdout] error[E0425]: cannot find value `LTP_ORDER` in this scope
[INFO] [stdout]    --> tests/silk_nsq_test.rs:585:50
[INFO] [stdout]     |
[INFO] [stdout] 585 |     let ltp_coef_q14 = vec![0i16; MAX_NB_SUBFR * LTP_ORDER];
[INFO] [stdout]     |                                                  ^^^^^^^^^ not found in this scope
[INFO] [stdout] 
[INFO] [stdout] 
[INFO] [stdout] error[E0425]: cannot find value `MAX_NB_SUBFR` in this scope
[INFO] [stdout]    --> tests/silk_nsq_test.rs:587:42
[INFO] [stdout]     |
[INFO] [stdout] 587 |     let harm_shape_gain_q14 = vec![0i32; MAX_NB_SUBFR];
[INFO] [stdout]     |                                          ^^^^^^^^^^^^ not found in this scope
[INFO] [stdout] 
[INFO] [stdout] 
[INFO] [stdout] error[E0425]: cannot find value `MAX_NB_SUBFR` in this scope
[INFO] [stdout]    --> tests/silk_nsq_test.rs:588:31
[INFO] [stdout]     |
[INFO] [stdout] 588 |     let tilt_q14 = vec![0i32; MAX_NB_SUBFR];
[INFO] [stdout]     |                               ^^^^^^^^^^^^ not found in this scope
[INFO] [stdout] 
[INFO] [stdout] 
[INFO] [stdout] error[E0425]: cannot find value `MAX_NB_SUBFR` in this scope
[INFO] [stdout]    --> tests/silk_nsq_test.rs:589:33
[INFO] [stdout]     |
[INFO] [stdout] 589 |     let lf_shp_q14 = vec![0i32; MAX_NB_SUBFR];
[INFO] [stdout]     |                                 ^^^^^^^^^^^^ not found in this scope
[INFO] [stdout] 
[INFO] [stdout] 
[INFO] [stdout] error[E0425]: cannot find value `MAX_NB_SUBFR` in this scope
[INFO] [stdout]    --> tests/silk_nsq_test.rs:590:36
[INFO] [stdout]     |
[INFO] [stdout] 590 |     let gains_q16 = vec![65536i32; MAX_NB_SUBFR];
[INFO] [stdout]     |                                    ^^^^^^^^^^^^ not found in this scope
[INFO] [stdout] 
[INFO] [stdout] 
[INFO] [stdout] error[E0425]: cannot find value `MAX_NB_SUBFR` in this scope
[INFO] [stdout]    --> tests/silk_nsq_test.rs:591:30
[INFO] [stdout]     |
[INFO] [stdout] 591 |     let pitch_l = vec![0i32; MAX_NB_SUBFR];
[INFO] [stdout]     |                              ^^^^^^^^^^^^ not found in this scope
[INFO] [stdout] 
[INFO] [stdout] 
[INFO] [stdout] error[E0425]: cannot find value `TYPE_VOICED` in this scope
[INFO] [stdout]    --> tests/silk_nsq_test.rs:631:33
[INFO] [stdout]     |
[INFO] [stdout] 631 |     s_cmn.indices.signal_type = TYPE_VOICED as i8;
[INFO] [stdout]     |                                 ^^^^^^^^^^^ not found in this scope
[INFO] [stdout] 
[INFO] [stdout] 
[INFO] [stdout] error[E0425]: cannot find value `MAX_NB_SUBFR` in this scope
[INFO] [stdout]    --> tests/silk_nsq_test.rs:638:39
[INFO] [stdout]     |
[INFO] [stdout] 638 |     let mut ltp_coef_q14 = vec![0i16; MAX_NB_SUBFR * LTP_ORDER];
[INFO] [stdout]     |                                       ^^^^^^^^^^^^ not found in this scope
[INFO] [stdout] 
[INFO] [stdout] 
[INFO] [stdout] error[E0425]: cannot find value `LTP_ORDER` in this scope
[INFO] [stdout]    --> tests/silk_nsq_test.rs:638:54
[INFO] [stdout]     |
[INFO] [stdout] 638 |     let mut ltp_coef_q14 = vec![0i16; MAX_NB_SUBFR * LTP_ORDER];
[INFO] [stdout]     |                                                      ^^^^^^^^^ not found in this scope
[INFO] [stdout] 
[INFO] [stdout] 
[INFO] [stdout] error[E0425]: cannot find value `LTP_ORDER` in this scope
[INFO] [stdout]    --> tests/silk_nsq_test.rs:640:26
[INFO] [stdout]     |
[INFO] [stdout] 640 |         ltp_coef_q14[k * LTP_ORDER + 2] = 8192;
[INFO] [stdout]     |                          ^^^^^^^^^ not found in this scope
[INFO] [stdout] 
[INFO] [stdout] 
[INFO] [stdout] error[E0425]: cannot find value `MAX_NB_SUBFR` in this scope
[INFO] [stdout]    --> tests/silk_nsq_test.rs:643:45
[INFO] [stdout]     |
[INFO] [stdout] 643 |     let harm_shape_gain_q14 = vec![4096i32; MAX_NB_SUBFR];
[INFO] [stdout]     |                                             ^^^^^^^^^^^^ not found in this scope
[INFO] [stdout] 
[INFO] [stdout] 
[INFO] [stdout] error[E0425]: cannot find value `MAX_NB_SUBFR` in this scope
[INFO] [stdout]    --> tests/silk_nsq_test.rs:644:31
[INFO] [stdout]     |
[INFO] [stdout] 644 |     let tilt_q14 = vec![0i32; MAX_NB_SUBFR];
[INFO] [stdout]     |                               ^^^^^^^^^^^^ not found in this scope
[INFO] [stdout] 
[INFO] [stdout] 
[INFO] [stdout] error[E0425]: cannot find value `MAX_NB_SUBFR` in this scope
[INFO] [stdout]    --> tests/silk_nsq_test.rs:645:33
[INFO] [stdout]     |
[INFO] [stdout] 645 |     let lf_shp_q14 = vec![0i32; MAX_NB_SUBFR];
[INFO] [stdout]     |                                 ^^^^^^^^^^^^ not found in this scope
[INFO] [stdout] 
[INFO] [stdout] 
[INFO] [stdout] error[E0425]: cannot find value `MAX_NB_SUBFR` in this scope
[INFO] [stdout]    --> tests/silk_nsq_test.rs:646:36
[INFO] [stdout]     |
[INFO] [stdout] 646 |     let gains_q16 = vec![65536i32; MAX_NB_SUBFR];
[INFO] [stdout]     |                                    ^^^^^^^^^^^^ not found in this scope
[INFO] [stdout] 
[INFO] [stdout] 
[INFO] [stdout] error[E0425]: cannot find value `MAX_NB_SUBFR` in this scope
[INFO] [stdout]    --> tests/silk_nsq_test.rs:647:38
[INFO] [stdout]     |
[INFO] [stdout] 647 |     let pitch_l = vec![pitch as i32; MAX_NB_SUBFR];
[INFO] [stdout]     |                                      ^^^^^^^^^^^^ not found in this scope
[INFO] [stdout] 
[INFO] [stdout] 
[INFO] [stdout] Some errors have detailed explanations: E0422, E0425, E0432, E0433.
[INFO] [stdout] 
[INFO] [stdout] For more information about an error, try `rustc --explain E0422`.
[INFO] [stdout] 
[INFO] [stderr] error: could not compile `hiraku-opus` (test "silk_nsq_test") due to 102 previous errors
[INFO] running `Command { std: "docker" "inspect" "b6e3321789094cf3c9f304d2bcd3dfbb441e43f7754fb81b487cb9eb7583de0d", kill_on_drop: false }`
[INFO] running `Command { std: "docker" "rm" "-f" "b6e3321789094cf3c9f304d2bcd3dfbb441e43f7754fb81b487cb9eb7583de0d", kill_on_drop: false }`
[INFO] [stdout] b6e3321789094cf3c9f304d2bcd3dfbb441e43f7754fb81b487cb9eb7583de0d
