[INFO] fetching crate hickory-dns 0.26.3...
[INFO] testing hickory-dns-0.26.3 against 1.99.0-beta.8+cargoflags=--release for beta-release-1.100-2
[INFO] extracting crate hickory-dns 0.26.3 into /workspace/builds/worker-0-tc1/source
[INFO] started tweaking crates.io crate hickory-dns 0.26.3
[INFO] removed 0 missing tests
[INFO] finished tweaking crates.io crate hickory-dns 0.26.3
[INFO] tweaked toml for crates.io crate hickory-dns 0.26.3 written to /workspace/builds/worker-0-tc1/source/Cargo.toml
[INFO] validating manifest of crates.io crate hickory-dns 0.26.3 on toolchain 1.99.0-beta.8
[INFO] running `Command { std: CARGO_HOME="/workspace/cargo-home" RUSTUP_HOME="/workspace/rustup-home" "/workspace/cargo-home/bin/cargo" "+1.99.0-beta.8" "metadata" "--manifest-path" "Cargo.toml" "--no-deps", kill_on_drop: false }`
[INFO] crate crates.io crate hickory-dns 0.26.3 already has a lockfile, it will not be regenerated
[INFO] running `Command { std: CARGO_HOME="/workspace/cargo-home" RUSTUP_HOME="/workspace/rustup-home" "/workspace/cargo-home/bin/cargo" "+1.99.0-beta.8" "fetch" "--manifest-path" "Cargo.toml", kill_on_drop: false }`
[INFO] [stderr]     Updating crates.io index
[INFO] [stderr]  Downloading crates ...
[INFO] [stderr]   Downloaded sd-notify v0.5.0
[INFO] [stderr]   Downloaded hashlink v0.11.0
[INFO] [stderr]   Downloaded prometheus-parse v0.2.5
[INFO] [stderr]   Downloaded metrics-process v2.4.3
[INFO] [stderr]   Downloaded rlimit v0.11.0
[INFO] [stderr]   Downloaded procfs v0.18.0
[INFO] [stderr]   Downloaded mach2 v0.6.0
[INFO] [stderr]   Downloaded h2 v0.4.16
[INFO] [stderr]   Downloaded libproc v0.14.11
[INFO] [stderr]   Downloaded procfs-core v0.18.0
[INFO] [stderr]   Downloaded metrics-exporter-prometheus v0.18.1
[INFO] [stderr]   Downloaded hickory-server v0.26.3
[INFO] [stderr]   Downloaded hickory-resolver v0.26.3
[INFO] [stderr]   Downloaded tokio v1.52.0
[INFO] [stderr]   Downloaded hickory-proto v0.26.3
[INFO] [stderr]   Downloaded hickory-net v0.26.3
[INFO] [stderr]   Downloaded sqlite-wasm-rs v0.5.2
[INFO] running `Command { std: "docker" "create" "-v" "/var/lib/crater-agent-workspace/builds/worker-0-tc1/source:/opt/rustwide/workdir:ro,Z" "-v" "/var/lib/crater-agent-workspace/builds/worker-0-tc1/target:/opt/rustwide/target:rw,Z" "-v" "/var/lib/crater-agent-workspace/cargo-home:/opt/rustwide/cargo-home:ro,Z" "-v" "/var/lib/crater-agent-workspace/rustup-home:/opt/rustwide/rustup-home:ro,Z" "-m" "1610612736" "--network" "none" "ghcr.io/rust-lang/crates-build-env/linux@sha256:77db811e55d90add9212f6832c23229e3de5f1c1f9905e8cb07319ea15df73ac" "sleep" "infinity", kill_on_drop: false }`
[INFO] [stdout] 08e8a39d53377fa8c3b422cd38d2d818a5bd55a6a2a9b5f9556854011c2d1a60
[INFO] running `Command { std: "docker" "start" "08e8a39d53377fa8c3b422cd38d2d818a5bd55a6a2a9b5f9556854011c2d1a60", kill_on_drop: false }`
[INFO] running `Command { std: "docker" "inspect" "08e8a39d53377fa8c3b422cd38d2d818a5bd55a6a2a9b5f9556854011c2d1a60", kill_on_drop: false }`
[INFO] running `Command { std: "docker" "exec" "-e" "SOURCE_DIR=/opt/rustwide/workdir" "-e" "CARGO_HOME=/opt/rustwide/cargo-home" "-e" "RUSTUP_HOME=/opt/rustwide/rustup-home" "-e" "CARGO_TARGET_DIR=/opt/rustwide/target" "-w" "/opt/rustwide/workdir" "--user" "0:0" "08e8a39d53377fa8c3b422cd38d2d818a5bd55a6a2a9b5f9556854011c2d1a60" "/opt/rustwide/cargo-home/bin/cargo" "+1.99.0-beta.8" "metadata" "--no-deps" "--format-version=1", kill_on_drop: false }`
[INFO] running `Command { std: "docker" "inspect" "08e8a39d53377fa8c3b422cd38d2d818a5bd55a6a2a9b5f9556854011c2d1a60", kill_on_drop: false }`
[INFO] running `Command { std: "docker" "exec" "-e" "SOURCE_DIR=/opt/rustwide/workdir" "-e" "CARGO_HOME=/opt/rustwide/cargo-home" "-e" "RUSTUP_HOME=/opt/rustwide/rustup-home" "-e" "CARGO_TARGET_DIR=/opt/rustwide/target" "-e" "CARGO_INCREMENTAL=0" "-e" "RUST_BACKTRACE=full" "-e" "RUSTFLAGS=--cap-lints=warn" "-e" "RUSTDOCFLAGS=--cap-lints=warn" "-w" "/opt/rustwide/workdir" "--user" "0:0" "08e8a39d53377fa8c3b422cd38d2d818a5bd55a6a2a9b5f9556854011c2d1a60" "/opt/rustwide/cargo-home/bin/cargo" "+1.99.0-beta.8" "build" "--frozen" "--message-format=json" "--release", kill_on_drop: false }`
[INFO] [stderr]    Compiling thiserror v2.0.18
[INFO] [stderr]    Compiling rustls v0.23.38
[INFO] [stderr]    Compiling once_cell v1.21.4
[INFO] [stderr]    Compiling getrandom v0.4.2
[INFO] [stderr]    Compiling cc v1.2.60
[INFO] [stderr]    Compiling mio v1.2.0
[INFO] [stderr]    Compiling chacha20 v0.10.2
[INFO] [stderr]    Compiling rustls-webpki v0.103.13
[INFO] [stderr]    Compiling serde v1.0.228
[INFO] [stderr]    Compiling socket2 v0.6.3
[INFO] [stderr]    Compiling either v1.15.0
[INFO] [stderr]    Compiling tinyvec v1.11.0
[INFO] [stderr]    Compiling parking_lot_core v0.9.12
[INFO] [stderr]    Compiling winnow v1.0.1
[INFO] [stderr]    Compiling idna_adapter v1.2.1
[INFO] [stderr]    Compiling data-encoding v2.10.0
[INFO] [stderr]    Compiling futures-util v0.3.32
[INFO] [stderr]    Compiling idna v1.1.0
[INFO] [stderr]    Compiling rand v0.10.1
[INFO] [stderr]    Compiling tracing-core v0.1.36
[INFO] [stderr]    Compiling parking_lot v0.12.5
[INFO] [stderr]    Compiling uuid v1.23.0
[INFO] [stderr]    Compiling hashbrown v0.16.1
[INFO] [stderr]    Compiling crossbeam-epoch v0.9.20
[INFO] [stderr]    Compiling tokio v1.52.0
[INFO] [stderr]    Compiling ipnet v2.12.0
[INFO] [stderr]    Compiling url v2.5.8
[INFO] [stderr]    Compiling toml_parser v1.1.2+spec-1.1.0
[INFO] [stderr]    Compiling toml_datetime v1.1.1+spec-1.1.0
[INFO] [stderr]    Compiling prefix-trie v0.8.4
[INFO] [stderr]    Compiling serde_spanned v1.1.1
[INFO] [stderr]    Compiling tracing v0.1.44
[INFO] [stderr]    Compiling futures-channel v0.3.32
[INFO] [stderr]    Compiling regex-syntax v0.8.10
[INFO] [stderr]    Compiling moka v0.12.15
[INFO] [stderr]    Compiling hashlink v0.11.0
[INFO] [stderr]    Compiling fallible-streaming-iterator v0.1.9
[INFO] [stderr]    Compiling toml v1.1.2+spec-1.1.0
[INFO] [stderr]    Compiling fallible-iterator v0.3.0
[INFO] [stderr]    Compiling hickory-proto v0.26.3
[INFO] [stderr]    Compiling clap_builder v4.6.0
[INFO] [stderr]    Compiling libsqlite3-sys v0.37.0
[INFO] [stderr]    Compiling clap_derive v4.6.0
[INFO] [stderr]    Compiling hostname v0.4.2
[INFO] [stderr]    Compiling regex-automata v0.4.14
[INFO] [stderr]    Compiling clap v4.6.0
[INFO] [stderr]    Compiling rustls-platform-verifier v0.7.0
[INFO] [stderr]    Compiling matchers v0.2.0
[INFO] [stderr]    Compiling tokio-util v0.7.18
[INFO] [stderr]    Compiling tracing-subscriber v0.3.23
[INFO] [stderr]    Compiling hickory-net v0.26.3
[INFO] [stderr]    Compiling hickory-resolver v0.26.3
[INFO] [stderr]    Compiling rusqlite v0.39.0
[INFO] [stderr]    Compiling hickory-server v0.26.3
[INFO] [stderr]    Compiling hickory-dns v0.26.3 (/opt/rustwide/workdir)
[INFO] [stderr]     Finished `release` profile [optimized] target(s) in 2m 32s
[INFO] running `Command { std: "docker" "inspect" "08e8a39d53377fa8c3b422cd38d2d818a5bd55a6a2a9b5f9556854011c2d1a60", kill_on_drop: false }`
[INFO] running `Command { std: "docker" "exec" "-e" "SOURCE_DIR=/opt/rustwide/workdir" "-e" "CARGO_HOME=/opt/rustwide/cargo-home" "-e" "RUSTUP_HOME=/opt/rustwide/rustup-home" "-e" "CARGO_TARGET_DIR=/opt/rustwide/target" "-e" "CARGO_INCREMENTAL=0" "-e" "RUST_BACKTRACE=full" "-e" "RUSTFLAGS=--cap-lints=warn" "-e" "RUSTDOCFLAGS=--cap-lints=warn" "-w" "/opt/rustwide/workdir" "--user" "0:0" "08e8a39d53377fa8c3b422cd38d2d818a5bd55a6a2a9b5f9556854011c2d1a60" "/opt/rustwide/cargo-home/bin/cargo" "+1.99.0-beta.8" "test" "--frozen" "--no-run" "--message-format=json" "--release", kill_on_drop: false }`
[INFO] [stderr]    Compiling regex-automata v0.4.14
[INFO] [stderr]    Compiling parking_lot_core v0.9.12
[INFO] [stderr]    Compiling icu_normalizer v2.2.0
[INFO] [stderr]    Compiling rusqlite v0.39.0
[INFO] [stderr]    Compiling tower v0.5.3
[INFO] [stderr]    Compiling chrono v0.4.44
[INFO] [stderr]    Compiling itertools v0.12.1
[INFO] [stderr]    Compiling futures-executor v0.3.32
[INFO] [stderr]    Compiling webpki-roots v1.0.6
[INFO] [stderr]    Compiling hyper v1.9.0
[INFO] [stderr]    Compiling parking_lot v0.12.5
[INFO] [stderr]    Compiling moka v0.12.15
[INFO] [stderr]    Compiling idna_adapter v1.2.1
[INFO] [stderr]    Compiling idna v1.1.0
[INFO] [stderr]    Compiling hyper-util v0.1.20
[INFO] [stderr]    Compiling url v2.5.8
[INFO] [stderr]    Compiling hickory-proto v0.26.3
[INFO] [stderr]    Compiling tower-http v0.6.10
[INFO] [stderr]    Compiling reqwest v0.13.2
[INFO] [stderr]    Compiling matchers v0.2.0
[INFO] [stderr]    Compiling regex v1.12.3
[INFO] [stderr]    Compiling tracing-subscriber v0.3.23
[INFO] [stderr]    Compiling prometheus-parse v0.2.5
[INFO] [stderr]    Compiling hickory-net v0.26.3
[INFO] [stderr]    Compiling hickory-resolver v0.26.3
[INFO] [stderr]    Compiling hickory-server v0.26.3
[INFO] [stderr]    Compiling hickory-dns v0.26.3 (/opt/rustwide/workdir)
[INFO] [stdout] error[E0432]: unresolved import `test_support`
[INFO] [stdout]   --> tests/integration/forwarder.rs:11:5
[INFO] [stdout]    |
[INFO] [stdout] 11 | use test_support::subscribe;
[INFO] [stdout]    |     ^^^^^^^^^^^^ use of unresolved module or unlinked crate `test_support`
[INFO] [stdout]    |
[INFO] [stdout]    = help: if you wanted to use a crate named `test_support`, use `cargo add test_support` to add it to your `Cargo.toml`
[INFO] [stdout] 
[INFO] [stdout] 
[INFO] [stdout] error[E0432]: unresolved import `test_support`
[INFO] [stdout]  --> tests/integration/in_memory.rs:3:5
[INFO] [stdout]   |
[INFO] [stdout] 3 | use test_support::subscribe;
[INFO] [stdout]   |     ^^^^^^^^^^^^ use of unresolved module or unlinked crate `test_support`
[INFO] [stdout]   |
[INFO] [stdout]   = help: if you wanted to use a crate named `test_support`, use `cargo add test_support` to add it to your `Cargo.toml`
[INFO] [stdout] 
[INFO] [stdout] 
[INFO] [stdout] error[E0432]: unresolved import `test_support`
[INFO] [stdout]   --> tests/integration/named_tests.rs:22:5
[INFO] [stdout]    |
[INFO] [stdout] 22 | use test_support::subscribe;
[INFO] [stdout]    |     ^^^^^^^^^^^^ use of unresolved module or unlinked crate `test_support`
[INFO] [stdout]    |
[INFO] [stdout]    = help: if you wanted to use a crate named `test_support`, use `cargo add test_support` to add it to your `Cargo.toml`
[INFO] [stdout] 
[INFO] [stdout] 
[INFO] [stdout] error[E0432]: unresolved import `test_support`
[INFO] [stdout]   --> tests/integration/store_file_tests.rs:11:5
[INFO] [stdout]    |
[INFO] [stdout] 11 | use test_support::subscribe;
[INFO] [stdout]    |     ^^^^^^^^^^^^ use of unresolved module or unlinked crate `test_support`
[INFO] [stdout]    |
[INFO] [stdout]    = help: if you wanted to use a crate named `test_support`, use `cargo add test_support` to add it to your `Cargo.toml`
[INFO] [stdout] 
[INFO] [stdout] 
[INFO] [stdout] error[E0432]: unresolved import `test_support`
[INFO] [stdout]   --> tests/integration/txt_tests.rs:11:5
[INFO] [stdout]    |
[INFO] [stdout] 11 | use test_support::subscribe;
[INFO] [stdout]    |     ^^^^^^^^^^^^ use of unresolved module or unlinked crate `test_support`
[INFO] [stdout]    |
[INFO] [stdout]    = help: if you wanted to use a crate named `test_support`, use `cargo add test_support` to add it to your `Cargo.toml`
[INFO] [stdout] 
[INFO] [stdout] 
[INFO] [stdout] error[E0432]: unresolved import `test_support`
[INFO] [stdout]    --> tests/integration/zone_handler_battery/basic.rs:848:21
[INFO] [stdout]     |
[INFO] [stdout] 848 |                 use test_support::subscribe;
[INFO] [stdout]     |                     ^^^^^^^^^^^^ use of unresolved module or unlinked crate `test_support`
[INFO] [stdout]     |
[INFO] [stdout]    ::: tests/integration/store_file_tests.rs:30:1
[INFO] [stdout]     |
[INFO] [stdout]  30 | basic_battery!(file, crate::store_file_tests::file);
[INFO] [stdout]     | --------------------------------------------------- in this macro invocation
[INFO] [stdout]     |
[INFO] [stdout]     = help: if you wanted to use a crate named `test_support`, use `cargo add test_support` to add it to your `Cargo.toml`
[INFO] [stdout]     = note: this error originates in the macro `basic_battery` (in Nightly builds, run with -Z macro-backtrace for more info)
[INFO] [stdout] 
[INFO] [stdout] 
[INFO] [stdout] error[E0432]: unresolved import `test_support`
[INFO] [stdout]    --> tests/integration/zone_handler_battery/basic.rs:848:21
[INFO] [stdout]     |
[INFO] [stdout] 848 |                 use test_support::subscribe;
[INFO] [stdout]     |                     ^^^^^^^^^^^^ use of unresolved module or unlinked crate `test_support`
[INFO] [stdout]     |
[INFO] [stdout]    ::: tests/integration/store_sqlite_tests.rs:80:1
[INFO] [stdout]     |
[INFO] [stdout]  80 | basic_battery!(sqlite, crate::store_sqlite_tests::sqlite);
[INFO] [stdout]     | --------------------------------------------------------- in this macro invocation
[INFO] [stdout]     |
[INFO] [stdout]     = help: if you wanted to use a crate named `test_support`, use `cargo add test_support` to add it to your `Cargo.toml`
[INFO] [stdout]     = note: this error originates in the macro `basic_battery` (in Nightly builds, run with -Z macro-backtrace for more info)
[INFO] [stdout] 
[INFO] [stdout] 
[INFO] [stdout] For more information about this error, try `rustc --explain E0432`.
[INFO] [stdout] 
[INFO] [stderr] error: could not compile `hickory-dns` (test "integration") due to 7 previous errors
[INFO] [stderr] warning: build failed, waiting for other jobs to finish...
[INFO] running `Command { std: "docker" "inspect" "08e8a39d53377fa8c3b422cd38d2d818a5bd55a6a2a9b5f9556854011c2d1a60", kill_on_drop: false }`
[INFO] running `Command { std: "docker" "rm" "-f" "08e8a39d53377fa8c3b422cd38d2d818a5bd55a6a2a9b5f9556854011c2d1a60", kill_on_drop: false }`
[INFO] [stdout] 08e8a39d53377fa8c3b422cd38d2d818a5bd55a6a2a9b5f9556854011c2d1a60
