[INFO] fetching crate hermes-engine 0.0.1...
[INFO] testing hermes-engine-0.0.1 against 1.100.0-beta.1+cargoflags=--release for beta-release-1.100-2
[INFO] extracting crate hermes-engine 0.0.1 into /workspace/builds/worker-2-tc2/source
[INFO] started tweaking crates.io crate hermes-engine 0.0.1
[INFO] finished tweaking crates.io crate hermes-engine 0.0.1
[INFO] tweaked toml for crates.io crate hermes-engine 0.0.1 written to /workspace/builds/worker-2-tc2/source/Cargo.toml
[INFO] validating manifest of crates.io crate hermes-engine 0.0.1 on toolchain 1.100.0-beta.1
[INFO] running `Command { std: CARGO_HOME="/workspace/cargo-home" RUSTUP_HOME="/workspace/rustup-home" "/workspace/cargo-home/bin/cargo" "+1.100.0-beta.1" "metadata" "--manifest-path" "Cargo.toml" "--no-deps", kill_on_drop: false }`
[INFO] crate crates.io crate hermes-engine 0.0.1 already has a lockfile, it will not be regenerated
[INFO] running `Command { std: CARGO_HOME="/workspace/cargo-home" RUSTUP_HOME="/workspace/rustup-home" "/workspace/cargo-home/bin/cargo" "+1.100.0-beta.1" "fetch" "--manifest-path" "Cargo.toml", kill_on_drop: false }`
[INFO] running `Command { std: "docker" "create" "-v" "/var/lib/crater-agent-workspace/builds/worker-2-tc2/source:/opt/rustwide/workdir:ro,Z" "-v" "/var/lib/crater-agent-workspace/builds/worker-2-tc2/target:/opt/rustwide/target:rw,Z" "-v" "/var/lib/crater-agent-workspace/cargo-home:/opt/rustwide/cargo-home:ro,Z" "-v" "/var/lib/crater-agent-workspace/rustup-home:/opt/rustwide/rustup-home:ro,Z" "-m" "1610612736" "--network" "none" "ghcr.io/rust-lang/crates-build-env/linux@sha256:77db811e55d90add9212f6832c23229e3de5f1c1f9905e8cb07319ea15df73ac" "sleep" "infinity", kill_on_drop: false }`
[INFO] [stdout] 6daedff958ebe13e0096594d8da7d244ac1c903ba1ebc503be8c785d196a110a
[INFO] running `Command { std: "docker" "start" "6daedff958ebe13e0096594d8da7d244ac1c903ba1ebc503be8c785d196a110a", kill_on_drop: false }`
[INFO] running `Command { std: "docker" "inspect" "6daedff958ebe13e0096594d8da7d244ac1c903ba1ebc503be8c785d196a110a", kill_on_drop: false }`
[INFO] running `Command { std: "docker" "exec" "-e" "SOURCE_DIR=/opt/rustwide/workdir" "-e" "CARGO_HOME=/opt/rustwide/cargo-home" "-e" "RUSTUP_HOME=/opt/rustwide/rustup-home" "-e" "CARGO_TARGET_DIR=/opt/rustwide/target" "-w" "/opt/rustwide/workdir" "--user" "0:0" "6daedff958ebe13e0096594d8da7d244ac1c903ba1ebc503be8c785d196a110a" "/opt/rustwide/cargo-home/bin/cargo" "+1.100.0-beta.1" "metadata" "--no-deps" "--format-version=1", kill_on_drop: false }`
[INFO] running `Command { std: "docker" "inspect" "6daedff958ebe13e0096594d8da7d244ac1c903ba1ebc503be8c785d196a110a", kill_on_drop: false }`
[INFO] running `Command { std: "docker" "exec" "-e" "SOURCE_DIR=/opt/rustwide/workdir" "-e" "CARGO_HOME=/opt/rustwide/cargo-home" "-e" "RUSTUP_HOME=/opt/rustwide/rustup-home" "-e" "CARGO_TARGET_DIR=/opt/rustwide/target" "-e" "CARGO_INCREMENTAL=0" "-e" "RUST_BACKTRACE=full" "-e" "RUSTFLAGS=--cap-lints=warn" "-e" "RUSTDOCFLAGS=--cap-lints=warn" "-w" "/opt/rustwide/workdir" "--user" "0:0" "6daedff958ebe13e0096594d8da7d244ac1c903ba1ebc503be8c785d196a110a" "/opt/rustwide/cargo-home/bin/cargo" "+1.100.0-beta.1" "build" "--frozen" "--message-format=json" "--release", kill_on_drop: false }`
[INFO] [stderr]    Compiling proc-macro2 v1.0.104
[INFO] [stderr]    Compiling glob v0.3.3
[INFO] [stderr]    Compiling quote v1.0.42
[INFO] [stderr]    Compiling prettyplease v0.2.37
[INFO] [stderr]    Compiling libc v0.2.179
[INFO] [stderr]    Compiling regex-syntax v0.8.8
[INFO] [stderr]    Compiling bindgen v0.70.1
[INFO] [stderr]    Compiling libloading v0.8.9
[INFO] [stderr]    Compiling nom v7.1.3
[INFO] [stderr]    Compiling cc v1.2.51
[INFO] [stderr]    Compiling clang-sys v1.8.1
[INFO] [stderr]    Compiling syn v2.0.112
[INFO] [stderr]    Compiling cmake v0.1.57
[INFO] [stderr]    Compiling regex-automata v0.4.13
[INFO] [stderr]    Compiling cexpr v0.6.0
[INFO] [stderr]    Compiling regex v1.12.2
[INFO] [stderr]    Compiling hermes-engine v0.0.1 (/opt/rustwide/workdir)
[INFO] [stderr] error: failed to run custom build command for `hermes-engine v0.0.1 (/opt/rustwide/workdir)`
[INFO] [stderr] note: To improve backtraces for build dependencies, set the CARGO_PROFILE_RELEASE_BUILD_OVERRIDE_DEBUG=true environment variable to enable debug information generation.
[INFO] [stderr] 
[INFO] [stderr] Caused by:
[INFO] [stderr]   process didn't exit successfully: `/opt/rustwide/target/release/build/hermes-engine/f103ddc7ebbc08af/out/build_script_build` (exit status: 101)
[INFO] [stderr]   --- stdout
[INFO] [stderr]   CMAKE_TOOLCHAIN_FILE_x86_64-unknown-linux-gnu = None
[INFO] [stderr]   CMAKE_TOOLCHAIN_FILE_x86_64_unknown_linux_gnu = None
[INFO] [stderr]   HOST_CMAKE_TOOLCHAIN_FILE = None
[INFO] [stderr]   CMAKE_TOOLCHAIN_FILE = None
[INFO] [stderr]   CMAKE_PREFIX_PATH_x86_64-unknown-linux-gnu = None
[INFO] [stderr]   CMAKE_PREFIX_PATH_x86_64_unknown_linux_gnu = None
[INFO] [stderr]   HOST_CMAKE_PREFIX_PATH = None
[INFO] [stderr]   CMAKE_PREFIX_PATH = None
[INFO] [stderr]   CMAKE_x86_64-unknown-linux-gnu = None
[INFO] [stderr]   CMAKE_x86_64_unknown_linux_gnu = None
[INFO] [stderr]   HOST_CMAKE = None
[INFO] [stderr]   CMAKE = None
[INFO] [stderr]   -- The C compiler identification is GNU 15.2.0
[INFO] [stderr]   -- The CXX compiler identification is GNU 15.2.0
[INFO] [stderr]   -- Detecting C compiler ABI info
[INFO] [stderr]   -- Detecting C compiler ABI info - done
[INFO] [stderr]   -- Check for working C compiler: /usr/bin/cc - skipped
[INFO] [stderr]   -- Detecting C compile features
[INFO] [stderr]   -- Detecting C compile features - done
[INFO] [stderr]   -- Detecting CXX compiler ABI info
[INFO] [stderr]   -- Detecting CXX compiler ABI info - done
[INFO] [stderr]   -- Check for working CXX compiler: /usr/bin/c++ - skipped
[INFO] [stderr]   -- Detecting CXX compile features
[INFO] [stderr]   -- Detecting CXX compile features - done
[INFO] [stderr]   -- Performing Test CXX_SUPPORTS_MISSING_FIELD_INITIALIZERS_FLAG
[INFO] [stderr]   -- Performing Test CXX_SUPPORTS_MISSING_FIELD_INITIALIZERS_FLAG - Success
[INFO] [stderr]   -- Performing Test MAYBE_UNINITIALIZED_FLAG
[INFO] [stderr]   -- Performing Test MAYBE_UNINITIALIZED_FLAG - Success
[INFO] [stderr]   -- Performing Test INIT_LIST_LIFETIME_FLAG
[INFO] [stderr]   -- Performing Test INIT_LIST_LIFETIME_FLAG - Success
[INFO] [stderr]   -- Performing Test REDUNDANT_MOVE_FLAG
[INFO] [stderr]   -- Performing Test REDUNDANT_MOVE_FLAG - Success
[INFO] [stderr]   -- Performing Test DEPRECATED_COPY_FLAG
[INFO] [stderr]   -- Performing Test DEPRECATED_COPY_FLAG - Success
[INFO] [stderr]   -- Performing Test CXX_SUPPORTS_CLASS_MEMACCESS_FLAG
[INFO] [stderr]   -- Performing Test CXX_SUPPORTS_CLASS_MEMACCESS_FLAG - Success
[INFO] [stderr]   -- Performing Test CXX_SUPPORTS_NOEXCEPT_TYPE_FLAG
[INFO] [stderr]   -- Performing Test CXX_SUPPORTS_NOEXCEPT_TYPE_FLAG - Success
[INFO] [stderr]   -- Performing Test C_SUPPORTS_DELETE_NON_VIRTUAL_DTOR_FLAG
[INFO] [stderr]   -- Performing Test C_SUPPORTS_DELETE_NON_VIRTUAL_DTOR_FLAG - Failed
[INFO] [stderr]   -- Performing Test CXX_SUPPORTS_DELETE_NON_VIRTUAL_DTOR_FLAG
[INFO] [stderr]   -- Performing Test CXX_SUPPORTS_DELETE_NON_VIRTUAL_DTOR_FLAG - Success
[INFO] [stderr]   -- Performing Test C_SUPPORTS_FP_CONTRACT_FLAG
[INFO] [stderr]   -- Performing Test C_SUPPORTS_FP_CONTRACT_FLAG - Failed
[INFO] [stderr]   -- Performing Test CXX_SUPPORTS_FP_CONTRACT_FLAG
[INFO] [stderr]   -- Performing Test CXX_SUPPORTS_FP_CONTRACT_FLAG - Success
[INFO] [stderr]   -- Performing Test RANGE_ANALYSIS_FLAG
[INFO] [stderr]   -- Performing Test RANGE_ANALYSIS_FLAG - Failed
[INFO] [stderr]   -- Found Python: /usr/bin/python3 (found version "3.14.4") found components: Interpreter
[INFO] [stderr]   -- Performing Test HAVE_COMPUTED_GOTO
[INFO] [stderr]   -- Performing Test HAVE_COMPUTED_GOTO - Success
[INFO] [stderr]   -- Performing Test HAVE_GC_SECTIONS
[INFO] [stderr]   -- Performing Test HAVE_GC_SECTIONS - Success
[INFO] [stderr]   -- Performing Test HAVE_ICF
[INFO] [stderr]   -- Performing Test HAVE_ICF - Failed
[INFO] [stderr]   -- Performing Test C_SUPPORTS_FUNCTION_SECTIONS
[INFO] [stderr]   -- Performing Test C_SUPPORTS_FUNCTION_SECTIONS - Failed
[INFO] [stderr]   -- Performing Test CXX_SUPPORTS_FUNCTION_SECTIONS
[INFO] [stderr]   -- Performing Test CXX_SUPPORTS_FUNCTION_SECTIONS - Success
[INFO] [stderr]   -- Performing Test C_SUPPORTS_DATA_SECTIONS
[INFO] [stderr]   -- Performing Test C_SUPPORTS_DATA_SECTIONS - Failed
[INFO] [stderr]   -- Performing Test CXX_SUPPORTS_DATA_SECTIONS
[INFO] [stderr]   -- Performing Test CXX_SUPPORTS_DATA_SECTIONS - Success
[INFO] [stderr]   -- Found ICU: /usr/include (found suitable version "78.2", minimum required is "52") found components: uc i18n data uc
[INFO] [stderr]   -- Looking for dlfcn.h
[INFO] [stderr]   -- Looking for dlfcn.h - found
[INFO] [stderr]   -- Looking for errno.h
[INFO] [stderr]   -- Looking for errno.h - found
[INFO] [stderr]   -- Looking for fcntl.h
[INFO] [stderr]   -- Looking for fcntl.h - found
[INFO] [stderr]   -- Looking for link.h
[INFO] [stderr]   -- Looking for link.h - found
[INFO] [stderr]   -- Looking for malloc.h
[INFO] [stderr]   -- Looking for malloc.h - found
[INFO] [stderr]   -- Looking for malloc/malloc.h
[INFO] [stderr]   -- Looking for malloc/malloc.h - not found
[INFO] [stderr]   -- Looking for pthread.h
[INFO] [stderr]   -- Looking for pthread.h - found
[INFO] [stderr]   -- Looking for signal.h
[INFO] [stderr]   -- Looking for signal.h - found
[INFO] [stderr]   -- Looking for sys/ioctl.h
[INFO] [stderr]   -- Looking for sys/ioctl.h - found
[INFO] [stderr]   -- Looking for sys/mman.h
[INFO] [stderr]   -- Looking for sys/mman.h - found
[INFO] [stderr]   -- Looking for sys/param.h
[INFO] [stderr]   -- Looking for sys/param.h - found
[INFO] [stderr]   -- Looking for sys/resource.h
[INFO] [stderr]   -- Looking for sys/resource.h - found
[INFO] [stderr]   -- Looking for sys/stat.h
[INFO] [stderr]   -- Looking for sys/stat.h - found
[INFO] [stderr]   -- Looking for sys/time.h
[INFO] [stderr]   -- Looking for sys/time.h - found
[INFO] [stderr]   -- Looking for sys/types.h
[INFO] [stderr]   -- Looking for sys/types.h - found
[INFO] [stderr]   -- Looking for termios.h
[INFO] [stderr]   -- Looking for termios.h - found
[INFO] [stderr]   -- Looking for unistd.h
[INFO] [stderr]   -- Looking for unistd.h - found
[INFO] [stderr]   -- Looking for valgrind/valgrind.h
[INFO] [stderr]   -- Looking for valgrind/valgrind.h - not found
[INFO] [stderr]   -- Looking for zlib.h
[INFO] [stderr]   -- Looking for zlib.h - found
[INFO] [stderr]   -- Looking for fenv.h
[INFO] [stderr]   -- Looking for fenv.h - found
[INFO] [stderr]   -- Looking for FE_ALL_EXCEPT
[INFO] [stderr]   -- Looking for FE_ALL_EXCEPT - found
[INFO] [stderr]   -- Looking for FE_INEXACT
[INFO] [stderr]   -- Looking for FE_INEXACT - found
[INFO] [stderr]   -- Looking for mach/mach.h
[INFO] [stderr]   -- Looking for mach/mach.h - not found
[INFO] [stderr]   -- Looking for histedit.h
[INFO] [stderr]   -- Looking for histedit.h - not found
[INFO] [stderr]   -- Looking for CrashReporterClient.h
[INFO] [stderr]   -- Looking for CrashReporterClient.h - not found
[INFO] [stderr]   -- Looking for linux/magic.h
[INFO] [stderr]   -- Looking for linux/magic.h - found
[INFO] [stderr]   -- Looking for pthread_create in pthread
[INFO] [stderr]   -- Looking for pthread_create in pthread - found
[INFO] [stderr]   -- Looking for pthread_getspecific in pthread
[INFO] [stderr]   -- Looking for pthread_getspecific in pthread - found
[INFO] [stderr]   -- Looking for pthread_rwlock_init in pthread
[INFO] [stderr]   -- Looking for pthread_rwlock_init in pthread - found
[INFO] [stderr]   -- Looking for pthread_mutex_lock in pthread
[INFO] [stderr]   -- Looking for pthread_mutex_lock in pthread - found
[INFO] [stderr]   -- Looking for dlopen in dl
[INFO] [stderr]   -- Looking for dlopen in dl - found
[INFO] [stderr]   -- Looking for clock_gettime in rt
[INFO] [stderr]   -- Looking for clock_gettime in rt - found
[INFO] [stderr]   -- Performing Test CMAKE_HAVE_LIBC_PTHREAD
[INFO] [stderr]   -- Performing Test CMAKE_HAVE_LIBC_PTHREAD - Success
[INFO] [stderr]   -- Found Threads: TRUE
[INFO] [stderr]   -- Looking for xar_open in xar
[INFO] [stderr]   -- Looking for xar_open in xar - not found
[INFO] [stderr]   -- Looking for arc4random
[INFO] [stderr]   -- Looking for arc4random - found
[INFO] [stderr]   -- Looking for backtrace
[INFO] [stderr]   -- Looking for backtrace - found
[INFO] [stderr]   -- backtrace facility detected in default set of libraries
[INFO] [stderr]   -- Found Backtrace: /usr/include
[INFO] [stderr]   -- Performing Test C_SUPPORTS_WERROR_UNGUARDED_AVAILABILITY_NEW
[INFO] [stderr]   -- Performing Test C_SUPPORTS_WERROR_UNGUARDED_AVAILABILITY_NEW - Failed
[INFO] [stderr]   -- Looking for _Unwind_Backtrace
[INFO] [stderr]   -- Looking for _Unwind_Backtrace - found
[INFO] [stderr]   -- Looking for getpagesize
[INFO] [stderr]   -- Looking for getpagesize - found
[INFO] [stderr]   -- Looking for sysconf
[INFO] [stderr]   -- Looking for sysconf - found
[INFO] [stderr]   -- Looking for getrusage
[INFO] [stderr]   -- Looking for getrusage - found
[INFO] [stderr]   -- Looking for setrlimit
[INFO] [stderr]   -- Looking for setrlimit - found
[INFO] [stderr]   -- Looking for isatty
[INFO] [stderr]   -- Looking for isatty - found
[INFO] [stderr]   -- Looking for futimens
[INFO] [stderr]   -- Looking for futimens - found
[INFO] [stderr]   -- Looking for futimes
[INFO] [stderr]   -- Looking for futimes - found
[INFO] [stderr]   -- Looking for posix_fallocate
[INFO] [stderr]   -- Looking for posix_fallocate - found
[INFO] [stderr]   -- Looking for sigaltstack
[INFO] [stderr]   -- Looking for sigaltstack - found
[INFO] [stderr]   -- Looking for lseek64
[INFO] [stderr]   -- Looking for lseek64 - found
[INFO] [stderr]   -- Looking for mallctl
[INFO] [stderr]   -- Looking for mallctl - not found
[INFO] [stderr]   -- Looking for mallinfo
[INFO] [stderr]   -- Looking for mallinfo - found
[INFO] [stderr]   -- Looking for malloc_zone_statistics
[INFO] [stderr]   -- Looking for malloc_zone_statistics - not found
[INFO] [stderr]   -- Looking for getrlimit
[INFO] [stderr]   -- Looking for getrlimit - found
[INFO] [stderr]   -- Looking for posix_spawn
[INFO] [stderr]   -- Looking for posix_spawn - found
[INFO] [stderr]   -- Looking for pread
[INFO] [stderr]   -- Looking for pread - found
[INFO] [stderr]   -- Looking for realpath
[INFO] [stderr]   -- Looking for realpath - found
[INFO] [stderr]   -- Looking for sbrk
[INFO] [stderr]   -- Looking for sbrk - found
[INFO] [stderr]   -- Looking for strerror
[INFO] [stderr]   -- Looking for strerror - found
[INFO] [stderr]   -- Looking for strerror_r
[INFO] [stderr]   -- Looking for strerror_r - found
[INFO] [stderr]   -- Looking for strerror_s
[INFO] [stderr]   -- Looking for strerror_s - not found
[INFO] [stderr]   -- Looking for setenv
[INFO] [stderr]   -- Looking for setenv - found
[INFO] [stderr]   -- Looking for dlopen
[INFO] [stderr]   -- Looking for dlopen - found
[INFO] [stderr]   -- Looking for dladdr
[INFO] [stderr]   -- Looking for dladdr - not found
[INFO] [stderr]   -- Looking for __GLIBC__
[INFO] [stderr]   -- Looking for __GLIBC__ - found
[INFO] [stderr]   -- Looking for sched_getaffinity
[INFO] [stderr]   -- Looking for sched_getaffinity - found
[INFO] [stderr]   -- Looking for CPU_COUNT
[INFO] [stderr]   -- Looking for CPU_COUNT - found
[INFO] [stderr]   -- Looking for pthread_getname_np
[INFO] [stderr]   -- Looking for pthread_getname_np - found
[INFO] [stderr]   -- Looking for pthread_setname_np
[INFO] [stderr]   -- Looking for pthread_setname_np - found
[INFO] [stderr]   -- Performing Test HAVE_CXX_ATOMICS_WITHOUT_LIB
[INFO] [stderr]   -- Performing Test HAVE_CXX_ATOMICS_WITHOUT_LIB - Success
[INFO] [stderr]   -- Performing Test HAVE_CXX_ATOMICS64_WITHOUT_LIB
[INFO] [stderr]   -- Performing Test HAVE_CXX_ATOMICS64_WITHOUT_LIB - Success
[INFO] [stderr]   -- Performing Test LLVM_HAS_ATOMICS
[INFO] [stderr]   -- Performing Test LLVM_HAS_ATOMICS - Success
[INFO] [stderr]   -- Performing Test SUPPORTS_NO_PIE_FLAG
[INFO] [stderr]   -- Performing Test SUPPORTS_NO_PIE_FLAG - Success
[INFO] [stderr]   -- Performing Test SUPPORTS_VARIADIC_MACROS_FLAG
[INFO] [stderr]   -- Performing Test SUPPORTS_VARIADIC_MACROS_FLAG - Success
[INFO] [stderr]   -- Performing Test SUPPORTS_GNU_ZERO_VARIADIC_MACRO_ARGUMENTS_FLAG
[INFO] [stderr]   -- Performing Test SUPPORTS_GNU_ZERO_VARIADIC_MACRO_ARGUMENTS_FLAG - Failed
[INFO] [stderr]   -- Performing Test HAS_MAYBE_UNINITIALIZED
[INFO] [stderr]   -- Performing Test HAS_MAYBE_UNINITIALIZED - Success
[INFO] [stderr]   -- Threads enabled.
[INFO] [stderr]   -- Doxygen disabled.
[INFO] [stderr]   -- Go bindings disabled.
[INFO] [stderr]   -- Found Python module pygments
[INFO] [stderr]   -- Found Python module pygments.lexers.c_cpp
[INFO] [stderr]   -- Found Python module yaml
[INFO] [stderr]   -- Boost.Context: architecture x86_64, binary format elf, ABI sysv, assembler gas, suffix .S, implementation fcontext
[INFO] [stderr]   -- The ASM compiler identification is GNU
[INFO] [stderr]   -- Found assembler: /usr/bin/cc
[INFO] [stderr]   -- Looking for readline
[INFO] [stderr]   -- Looking for readline - found
[INFO] [stderr]   -- Configuring done (16.7s)
[INFO] [stderr]   -- Generating done (1.0s)
[INFO] [stderr]   -- Build files have been written to: /opt/rustwide/target/release/build/hermes-engine/a7d828664200fde8/out/build
[INFO] [stderr]   [1/542] Building ASM object external/boost/boost_1_86_0/libs/context/CMakeFiles/boost_context_obj.dir/src/asm/ontop_x86_64_sysv_elf_gas.S.o
[INFO] [stderr]   [2/542] Building ASM object external/boost/boost_1_86_0/libs/context/CMakeFiles/boost_context_obj.dir/src/asm/jump_x86_64_sysv_elf_gas.S.o
[INFO] [stderr]   [3/542] Building ASM object external/boost/boost_1_86_0/libs/context/CMakeFiles/boost_context_obj.dir/src/asm/make_x86_64_sysv_elf_gas.S.o
[INFO] [stderr]   [4/542] Building CXX object external/boost/boost_1_86_0/libs/context/CMakeFiles/boost_context_obj.dir/src/posix/stack_traits.cpp.o
[INFO] [stderr]   [5/542] Building CXX object external/llvh/lib/Support/CMakeFiles/LLVHSupport_obj.dir/Errno.cpp.o
[INFO] [stderr]   [6/542] Building CXX object external/llvh/lib/Support/CMakeFiles/LLVHSupport_obj.dir/Hashing.cpp.o
[INFO] [stderr]   [7/542] Building CXX object external/llvh/lib/Support/CMakeFiles/LLVHSupport_obj.dir/ConvertUTFWrapper.cpp.o
[INFO] [stderr]   [8/542] Building CXX object external/llvh/lib/Support/CMakeFiles/LLVHSupport_obj.dir/circular_raw_ostream.cpp.o
[INFO] [stderr]   [9/542] Building CXX object external/llvh/lib/Support/CMakeFiles/LLVHSupport_obj.dir/FormatVariadic.cpp.o
[INFO] [stderr]   [10/542] Building CXX object external/llvh/lib/Support/CMakeFiles/LLVHSupport_obj.dir/Debug.cpp.o
[INFO] [stderr]   [11/542] Building CXX object external/llvh/lib/Support/CMakeFiles/LLVHSupport_obj.dir/Locale.cpp.o
[INFO] [stderr]   [12/542] Building CXX object external/llvh/lib/Support/CMakeFiles/LLVHSupport_obj.dir/ConvertUTF.cpp.o
[INFO] [stderr]   [13/542] Building CXX object external/llvh/lib/Support/CMakeFiles/LLVHSupport_obj.dir/ManagedStatic.cpp.o
[INFO] [stderr]   [14/542] Building CXX object external/llvh/lib/Support/CMakeFiles/LLVHSupport_obj.dir/FoldingSet.cpp.o
[INFO] [stderr]   [15/542] Building CXX object external/llvh/lib/Support/CMakeFiles/LLVHSupport_obj.dir/CommandLine.cpp.o
[INFO] [stderr]   FAILED: [code=1] external/llvh/lib/Support/CMakeFiles/LLVHSupport_obj.dir/CommandLine.cpp.o 
[INFO] [stderr]   /usr/bin/c++ -DHERMESVM_ALLOW_CONCURRENT_GC -DHERMESVM_ALLOW_INLINE_ASM -DHERMESVM_GC_HADES -DHERMESVM_INDIRECT_THREADING -DHERMESVM_LOG_HEAP_SEGMENT_SIZE=22 -DHERMES_CHECK_NATIVE_STACK -DHERMES_ENABLE_UNICODE_REGEXP_PROPERTY_ESCAPES -DHERMES_LLVM -DHERMES_RELEASE_VERSION=\"1.0.0\" -DHERMES_USE_BOOST_CONTEXT=1 -DJSI_UNSTABLE -DSTATIC_HERMES -D_GNU_SOURCE -I/opt/rustwide/workdir/hermes-vendor/external -I/opt/rustwide/workdir/hermes-vendor/include -I/opt/rustwide/target/release/build/hermes-engine/a7d828664200fde8/out/build/include -I/opt/rustwide/target/release/build/hermes-engine/a7d828664200fde8/out/build/lib/config -I/opt/rustwide/workdir/hermes-vendor/external/llvh/include -I/opt/rustwide/workdir/hermes-vendor/external/llvh/gen/include -I/opt/rustwide/target/release/build/hermes-engine/a7d828664200fde8/out/build/external/llvh/include -ffunction-sections -fdata-sections -fPIC -m64 -w -Wall -Wextra -Wno-unused-parameter -Wwrite-strings -Wcast-qual -Wno-invalid-offsetof -Wno-missing-field-initializers -Wno-maybe-uninitialized -Wno-init-list-lifetime -Wno-redundant-move -Wno-deprecated-copy -Wno-class-memaccess -Wno-noexcept-type -Wdelete-non-virtual-dtor -ffp-contract=on -ffunction-sections -fdata-sections -fvisibility=hidden -fno-strict-aliasing -fno-strict-overflow -O3 -DNDEBUG -std=c++17 -fPIC -fno-exceptions -fno-rtti -MD -MT external/llvh/lib/Support/CMakeFiles/LLVHSupport_obj.dir/CommandLine.cpp.o -MF external/llvh/lib/Support/CMakeFiles/LLVHSupport_obj.dir/CommandLine.cpp.o.d -o external/llvh/lib/Support/CMakeFiles/LLVHSupport_obj.dir/CommandLine.cpp.o -c /opt/rustwide/workdir/hermes-vendor/external/llvh/lib/Support/CommandLine.cpp
[INFO] [stderr]   c++: fatal error: Killed signal terminated program cc1plus
[INFO] [stderr]   compilation terminated.
[INFO] [stderr]   [16/542] Building CXX object external/llvh/lib/Support/CMakeFiles/LLVHSupport_obj.dir/Error.cpp.o
[INFO] [stderr]   FAILED: [code=1] external/llvh/lib/Support/CMakeFiles/LLVHSupport_obj.dir/Error.cpp.o 
[INFO] [stderr]   /usr/bin/c++ -DHERMESVM_ALLOW_CONCURRENT_GC -DHERMESVM_ALLOW_INLINE_ASM -DHERMESVM_GC_HADES -DHERMESVM_INDIRECT_THREADING -DHERMESVM_LOG_HEAP_SEGMENT_SIZE=22 -DHERMES_CHECK_NATIVE_STACK -DHERMES_ENABLE_UNICODE_REGEXP_PROPERTY_ESCAPES -DHERMES_LLVM -DHERMES_RELEASE_VERSION=\"1.0.0\" -DHERMES_USE_BOOST_CONTEXT=1 -DJSI_UNSTABLE -DSTATIC_HERMES -D_GNU_SOURCE -I/opt/rustwide/workdir/hermes-vendor/external -I/opt/rustwide/workdir/hermes-vendor/include -I/opt/rustwide/target/release/build/hermes-engine/a7d828664200fde8/out/build/include -I/opt/rustwide/target/release/build/hermes-engine/a7d828664200fde8/out/build/lib/config -I/opt/rustwide/workdir/hermes-vendor/external/llvh/include -I/opt/rustwide/workdir/hermes-vendor/external/llvh/gen/include -I/opt/rustwide/target/release/build/hermes-engine/a7d828664200fde8/out/build/external/llvh/include -ffunction-sections -fdata-sections -fPIC -m64 -w -Wall -Wextra -Wno-unused-parameter -Wwrite-strings -Wcast-qual -Wno-invalid-offsetof -Wno-missing-field-initializers -Wno-maybe-uninitialized -Wno-init-list-lifetime -Wno-redundant-move -Wno-deprecated-copy -Wno-class-memaccess -Wno-noexcept-type -Wdelete-non-virtual-dtor -ffp-contract=on -ffunction-sections -fdata-sections -fvisibility=hidden -fno-strict-aliasing -fno-strict-overflow -O3 -DNDEBUG -std=c++17 -fPIC -fno-exceptions -fno-rtti -MD -MT external/llvh/lib/Support/CMakeFiles/LLVHSupport_obj.dir/Error.cpp.o -MF external/llvh/lib/Support/CMakeFiles/LLVHSupport_obj.dir/Error.cpp.o.d -o external/llvh/lib/Support/CMakeFiles/LLVHSupport_obj.dir/Error.cpp.o -c /opt/rustwide/workdir/hermes-vendor/external/llvh/lib/Support/Error.cpp
[INFO] [stderr]   c++: fatal error: Killed signal terminated program cc1plus
[INFO] [stderr]   compilation terminated.
[INFO] [stderr]   [17/542] Building CXX object external/llvh/lib/Support/CMakeFiles/LLVHSupport_obj.dir/FileCheck.cpp.o
[INFO] [stderr]   FAILED: [code=1] external/llvh/lib/Support/CMakeFiles/LLVHSupport_obj.dir/FileCheck.cpp.o 
[INFO] [stderr]   /usr/bin/c++ -DHERMESVM_ALLOW_CONCURRENT_GC -DHERMESVM_ALLOW_INLINE_ASM -DHERMESVM_GC_HADES -DHERMESVM_INDIRECT_THREADING -DHERMESVM_LOG_HEAP_SEGMENT_SIZE=22 -DHERMES_CHECK_NATIVE_STACK -DHERMES_ENABLE_UNICODE_REGEXP_PROPERTY_ESCAPES -DHERMES_LLVM -DHERMES_RELEASE_VERSION=\"1.0.0\" -DHERMES_USE_BOOST_CONTEXT=1 -DJSI_UNSTABLE -DSTATIC_HERMES -D_GNU_SOURCE -I/opt/rustwide/workdir/hermes-vendor/external -I/opt/rustwide/workdir/hermes-vendor/include -I/opt/rustwide/target/release/build/hermes-engine/a7d828664200fde8/out/build/include -I/opt/rustwide/target/release/build/hermes-engine/a7d828664200fde8/out/build/lib/config -I/opt/rustwide/workdir/hermes-vendor/external/llvh/include -I/opt/rustwide/workdir/hermes-vendor/external/llvh/gen/include -I/opt/rustwide/target/release/build/hermes-engine/a7d828664200fde8/out/build/external/llvh/include -ffunction-sections -fdata-sections -fPIC -m64 -w -Wall -Wextra -Wno-unused-parameter -Wwrite-strings -Wcast-qual -Wno-invalid-offsetof -Wno-missing-field-initializers -Wno-maybe-uninitialized -Wno-init-list-lifetime -Wno-redundant-move -Wno-deprecated-copy -Wno-class-memaccess -Wno-noexcept-type -Wdelete-non-virtual-dtor -ffp-contract=on -ffunction-sections -fdata-sections -fvisibility=hidden -fno-strict-aliasing -fno-strict-overflow -O3 -DNDEBUG -std=c++17 -fPIC -fno-exceptions -fno-rtti -MD -MT external/llvh/lib/Support/CMakeFiles/LLVHSupport_obj.dir/FileCheck.cpp.o -MF external/llvh/lib/Support/CMakeFiles/LLVHSupport_obj.dir/FileCheck.cpp.o.d -o external/llvh/lib/Support/CMakeFiles/LLVHSupport_obj.dir/FileCheck.cpp.o -c /opt/rustwide/workdir/hermes-vendor/external/llvh/lib/Support/FileCheck.cpp
[INFO] [stderr]   c++: fatal error: Killed signal terminated program cc1plus
[INFO] [stderr]   compilation terminated.
[INFO] [stderr]   [18/542] Building CXX object external/llvh/lib/Support/CMakeFiles/LLVHSupport_obj.dir/InitLLVM.cpp.o
[INFO] [stderr]   [19/542] Building CXX object external/llvh/lib/Support/CMakeFiles/LLVHSupport_obj.dir/MD5.cpp.o
[INFO] [stderr]   [20/542] Building CXX object external/llvh/lib/Support/CMakeFiles/LLVHSupport_obj.dir/Mutex.cpp.o
[INFO] [stderr]   [21/542] Building CXX object external/llvh/lib/Support/CMakeFiles/LLVHSupport_obj.dir/Memory.cpp.o
[INFO] [stderr]   [22/542] Building CXX object external/llvh/lib/Support/CMakeFiles/LLVHSupport_obj.dir/ErrorHandling.cpp.o
[INFO] [stderr]   [23/542] Building CXX object external/llvh/lib/Support/CMakeFiles/LLVHSupport_obj.dir/GraphWriter.cpp.o
[INFO] [stderr]   [24/542] Building CXX object external/llvh/lib/Support/CMakeFiles/LLVHSupport_obj.dir/LineIterator.cpp.o
[INFO] [stderr]   [25/542] Building CXX object external/llvh/lib/Support/CMakeFiles/LLVHSupport_obj.dir/MemoryBuffer.cpp.o
[INFO] [stderr]   [26/542] Building CXX object external/llvh/lib/Support/CMakeFiles/LLVHSupport_obj.dir/NativeFormatting.cpp.o
[INFO] [stderr]   [27/542] Building CXX object external/llvh/lib/Support/CMakeFiles/LLVHSupport_obj.dir/APInt.cpp.o
[INFO] [stderr]   [28/542] Building CXX object external/llvh/lib/Support/CMakeFiles/LLVHSupport_obj.dir/Host.cpp.o
[INFO] [stderr]   [29/542] Building CXX object external/llvh/lib/Support/CMakeFiles/LLVHSupport_obj.dir/JSON.cpp.o
[INFO] [stderr]   [30/542] Building CXX object external/llvh/lib/Support/CMakeFiles/LLVHSupport_obj.dir/APFloat.cpp.o
[INFO] [stderr]   ninja: build stopped: subcommand failed.
[INFO] [stderr] 
[INFO] [stderr]   --- stderr
[INFO] [stderr]   running: cd "/opt/rustwide/target/release/build/hermes-engine/a7d828664200fde8/out/build" && CMAKE_PREFIX_PATH="" LC_ALL="C" "cmake" "/opt/rustwide/workdir/hermes-vendor" "-B" "/opt/rustwide/target/release/build/hermes-engine/a7d828664200fde8/out/build" "-G" "Ninja" "-DCMAKE_BUILD_TYPE=Release" "-DHERMES_ENABLE_DEBUGGER=OFF" "-DHERMES_ENABLE_INTL=OFF" "-DHERMES_BUILD_APPLE_FRAMEWORK=OFF" "-DHERMES_BUILD_SHARED_JSI=OFF" "-DHERMES_ENABLE_TEST_SUITE=OFF" "-DCMAKE_INSTALL_PREFIX=/opt/rustwide/target/release/build/hermes-engine/a7d828664200fde8/out" "-DCMAKE_C_FLAGS= -ffunction-sections -fdata-sections -fPIC -m64 -w" "-DCMAKE_C_COMPILER=/usr/bin/cc" "-DCMAKE_CXX_FLAGS= -ffunction-sections -fdata-sections -fPIC -m64 -w" "-DCMAKE_CXX_COMPILER=/usr/bin/c++" "-DCMAKE_ASM_FLAGS= -ffunction-sections -fdata-sections -fPIC -m64 -w" "-DCMAKE_ASM_COMPILER=/usr/bin/cc"
[INFO] [stderr]   icu dir: /usr/lib/x86_64-linux-gnu
[INFO] [stderr]   running: cd "/opt/rustwide/target/release/build/hermes-engine/a7d828664200fde8/out/build" && LC_ALL="C" "cmake" "--build" "/opt/rustwide/target/release/build/hermes-engine/a7d828664200fde8/out/build" "--target" "install" "--config" "Release" "--parallel" "16"
[INFO] [stderr] 
[INFO] [stderr]   thread 'main' (520) panicked at /opt/rustwide/cargo-home/registry/src/index.crates.io-1949cf8c6b5b557f/cmake-0.1.57/src/lib.rs:1132:5:
[INFO] [stderr] 
[INFO] [stderr]   command did not execute successfully, got: exit status: 1
[INFO] [stderr] 
[INFO] [stderr]   build script failed, must exit now
[INFO] [stderr]   stack backtrace:
[INFO] [stderr]      0:     0x57eadcf2aec1 - <<std[617be2ca0a6fd877]::sys::backtrace::BacktraceLock>::print::DisplayBacktrace as core[a373ad73a504971]::fmt::Display>::fmt
[INFO] [stderr]      1:     0x57eadcf438da - core[a373ad73a504971]::fmt::write
[INFO] [stderr]      2:     0x57eadcf310ac - <std[617be2ca0a6fd877]::sys::stdio::unix::Stderr as core[a373ad73a504971]::io::write::Write>::write_fmt
[INFO] [stderr]      3:     0x57eadcf06ad6 - std[617be2ca0a6fd877]::panicking::default_hook::{closure#0}
[INFO] [stderr]      4:     0x57eadcf23d81 - std[617be2ca0a6fd877]::panicking::default_hook
[INFO] [stderr]      5:     0x57eadcf240ab - std[617be2ca0a6fd877]::panicking::panic_with_hook
[INFO] [stderr]      6:     0x57eadcf06b82 - std[617be2ca0a6fd877]::panicking::panic_handler::{closure#0}
[INFO] [stderr]      7:     0x57eadceff639 - std[617be2ca0a6fd877]::sys::backtrace::__rust_end_short_backtrace::<std[617be2ca0a6fd877]::panicking::panic_handler::{closure#0}, !>
[INFO] [stderr]      8:     0x57eadcf074ad - __rustc[ea4f61d10b84890b]::rust_begin_unwind
[INFO] [stderr]      9:     0x57eadcf440fc - core[a373ad73a504971]::panicking::panic_fmt
[INFO] [stderr]     10:     0x57eadce82e87 - cmake[db7b8a221e18aa7c]::fail
[INFO] [stderr]     11:     0x57eadce82b13 - cmake[db7b8a221e18aa7c]::run
[INFO] [stderr]     12:     0x57eadce88ae5 - <cmake[db7b8a221e18aa7c]::Config>::build
[INFO] [stderr]     13:     0x57eadc9abb46 - build_script_build[a9fac1d82bd810c8]::main
[INFO] [stderr]     14:     0x57eadc9af55b - <fn() as core[a373ad73a504971]::ops::function::FnOnce<()>>::call_once
[INFO] [stderr]     15:     0x57eadc9ab46e - std[617be2ca0a6fd877]::sys::backtrace::__rust_begin_short_backtrace::<fn(), ()>
[INFO] [stderr]     16:     0x57eadc9ab479 - std[617be2ca0a6fd877]::rt::lang_start::<()>::{closure#0}
[INFO] [stderr]     17:     0x57eadcf23078 - std[617be2ca0a6fd877]::rt::lang_start_internal
[INFO] [stderr]     18:     0x57eadc9aae71 - std[617be2ca0a6fd877]::rt::lang_start::<()>
[INFO] [stderr]     19:     0x57eadc9af775 - main
[INFO] [stderr]     20:     0x703e6fc69601 - <unknown>
[INFO] [stderr]     21:     0x703e6fc69718 - __libc_start_main
[INFO] [stderr]     22:     0x57eadc9a9b75 - _start
[INFO] [stderr]     23:                0x0 - <unknown>
[INFO] running `Command { std: "docker" "inspect" "6daedff958ebe13e0096594d8da7d244ac1c903ba1ebc503be8c785d196a110a", kill_on_drop: false }`
[INFO] running `Command { std: "docker" "rm" "-f" "6daedff958ebe13e0096594d8da7d244ac1c903ba1ebc503be8c785d196a110a", kill_on_drop: false }`
[INFO] [stdout] 6daedff958ebe13e0096594d8da7d244ac1c903ba1ebc503be8c785d196a110a
