[INFO] fetching crate herculesabqp 0.1.2...
[INFO] testing herculesabqp-0.1.2 against 1.99.0-beta.8+cargoflags=--release for beta-release-1.100-2
[INFO] extracting crate herculesabqp 0.1.2 into /workspace/builds/worker-5-tc1/source
[INFO] started tweaking crates.io crate herculesabqp 0.1.2
[INFO] removed 0 missing examples
[INFO] removed 0 missing tests
[INFO] finished tweaking crates.io crate herculesabqp 0.1.2
[INFO] tweaked toml for crates.io crate herculesabqp 0.1.2 written to /workspace/builds/worker-5-tc1/source/Cargo.toml
[INFO] validating manifest of crates.io crate herculesabqp 0.1.2 on toolchain 1.99.0-beta.8
[INFO] running `Command { std: CARGO_HOME="/workspace/cargo-home" RUSTUP_HOME="/workspace/rustup-home" "/workspace/cargo-home/bin/cargo" "+1.99.0-beta.8" "metadata" "--manifest-path" "Cargo.toml" "--no-deps", kill_on_drop: false }`
[INFO] crate crates.io crate herculesabqp 0.1.2 already has a lockfile, it will not be regenerated
[INFO] running `Command { std: CARGO_HOME="/workspace/cargo-home" RUSTUP_HOME="/workspace/rustup-home" "/workspace/cargo-home/bin/cargo" "+1.99.0-beta.8" "fetch" "--manifest-path" "Cargo.toml", kill_on_drop: false }`
[INFO] [stderr]     Updating crates.io index
[INFO] [stderr]  Downloading crates ...
[INFO] [stderr]   Downloaded cblas-sys v0.1.4
[INFO] [stderr]   Downloaded approx v0.3.2
[INFO] [stderr]   Downloaded smolprng v0.1.6
[INFO] [stderr]   Downloaded katexit v0.1.5
[INFO] [stderr]   Downloaded sprs v0.11.4
[INFO] [stderr]   Downloaded intel-mkl-src v0.8.1
[INFO] [stderr]   Downloaded ocipkg v0.2.9
[INFO] [stderr]   Downloaded intel-mkl-tool v0.8.1
[INFO] [stderr]   Downloaded cauchy v0.4.0
[INFO] [stderr]   Downloaded alga v0.9.3
[INFO] [stderr]   Downloaded lax v0.18.0
[INFO] [stderr]   Downloaded oci-spec v0.6.8
[INFO] [stderr]   Downloaded ndarray-linalg v0.18.1
[INFO] [stderr]   Downloaded derive_builder_macro v0.11.2
[INFO] [stderr]   Downloaded web-time v0.2.4
[INFO] [stderr]   Downloaded ndarray v0.17.2
[INFO] [stderr]   Downloaded derive_builder v0.11.2
[INFO] [stderr]   Downloaded derive_builder_core v0.11.2
[INFO] [stderr]   Downloaded amd v0.2.2
[INFO] [stderr]   Downloaded clarabel v0.11.1
[INFO] [stderr]   Downloaded lapack-sys v0.15.0
[INFO] running `Command { std: "docker" "create" "-v" "/var/lib/crater-agent-workspace/builds/worker-5-tc1/source:/opt/rustwide/workdir:ro,Z" "-v" "/var/lib/crater-agent-workspace/builds/worker-5-tc1/target:/opt/rustwide/target:rw,Z" "-v" "/var/lib/crater-agent-workspace/cargo-home:/opt/rustwide/cargo-home:ro,Z" "-v" "/var/lib/crater-agent-workspace/rustup-home:/opt/rustwide/rustup-home:ro,Z" "-m" "1610612736" "--network" "none" "ghcr.io/rust-lang/crates-build-env/linux@sha256:77db811e55d90add9212f6832c23229e3de5f1c1f9905e8cb07319ea15df73ac" "sleep" "infinity", kill_on_drop: false }`
[INFO] [stdout] 989447b7e521742537cc5c9e2fe6b5b2756e4bb3e22d73fa49378f869f879b43
[INFO] running `Command { std: "docker" "start" "989447b7e521742537cc5c9e2fe6b5b2756e4bb3e22d73fa49378f869f879b43", kill_on_drop: false }`
[INFO] running `Command { std: "docker" "inspect" "989447b7e521742537cc5c9e2fe6b5b2756e4bb3e22d73fa49378f869f879b43", kill_on_drop: false }`
[INFO] running `Command { std: "docker" "exec" "-e" "SOURCE_DIR=/opt/rustwide/workdir" "-e" "CARGO_HOME=/opt/rustwide/cargo-home" "-e" "RUSTUP_HOME=/opt/rustwide/rustup-home" "-e" "CARGO_TARGET_DIR=/opt/rustwide/target" "-w" "/opt/rustwide/workdir" "--user" "0:0" "989447b7e521742537cc5c9e2fe6b5b2756e4bb3e22d73fa49378f869f879b43" "/opt/rustwide/cargo-home/bin/cargo" "+1.99.0-beta.8" "metadata" "--no-deps" "--format-version=1", kill_on_drop: false }`
[INFO] running `Command { std: "docker" "inspect" "989447b7e521742537cc5c9e2fe6b5b2756e4bb3e22d73fa49378f869f879b43", kill_on_drop: false }`
[INFO] running `Command { std: "docker" "exec" "-e" "SOURCE_DIR=/opt/rustwide/workdir" "-e" "CARGO_HOME=/opt/rustwide/cargo-home" "-e" "RUSTUP_HOME=/opt/rustwide/rustup-home" "-e" "CARGO_TARGET_DIR=/opt/rustwide/target" "-e" "CARGO_INCREMENTAL=0" "-e" "RUST_BACKTRACE=full" "-e" "RUSTFLAGS=--cap-lints=warn" "-e" "RUSTDOCFLAGS=--cap-lints=warn" "-w" "/opt/rustwide/workdir" "--user" "0:0" "989447b7e521742537cc5c9e2fe6b5b2756e4bb3e22d73fa49378f869f879b43" "/opt/rustwide/cargo-home/bin/cargo" "+1.99.0-beta.8" "build" "--frozen" "--message-format=json" "--release", kill_on_drop: false }`
[INFO] [stderr]    Compiling proc-macro2 v1.0.106
[INFO] [stderr]    Compiling unicode-ident v1.0.24
[INFO] [stderr]    Compiling quote v1.0.45
[INFO] [stderr]    Compiling libc v0.2.186
[INFO] [stderr]    Compiling autocfg v1.5.0
[INFO] [stderr]    Compiling serde_core v1.0.228
[INFO] [stderr]    Compiling stable_deref_trait v1.2.1
[INFO] [stderr]    Compiling cfg-if v1.0.4
[INFO] [stderr]    Compiling shlex v1.3.0
[INFO] [stderr]    Compiling serde v1.0.228
[INFO] [stderr]    Compiling libm v0.2.16
[INFO] [stderr]    Compiling find-msvc-tools v0.1.9
[INFO] [stderr]    Compiling litemap v0.8.2
[INFO] [stderr]    Compiling writeable v0.6.3
[INFO] [stderr]    Compiling num-traits v0.2.19
[INFO] [stderr]    Compiling cc v1.2.62
[INFO] [stderr]    Compiling utf8_iter v1.0.4
[INFO] [stderr]    Compiling icu_properties_data v2.2.0
[INFO] [stderr]    Compiling strsim v0.11.1
[INFO] [stderr]    Compiling fnv v1.0.7
[INFO] [stderr]    Compiling icu_normalizer_data v2.2.0
[INFO] [stderr]    Compiling ident_case v1.0.1
[INFO] [stderr]    Compiling version_check v0.9.5
[INFO] [stderr]    Compiling generic-array v0.14.7
[INFO] [stderr]    Compiling zeroize v1.8.2
[INFO] [stderr]    Compiling memchr v2.8.0
[INFO] [stderr]    Compiling syn v2.0.117
[INFO] [stderr]    Compiling rustls-pki-types v1.14.1
[INFO] [stderr]    Compiling smallvec v1.15.1
[INFO] [stderr]    Compiling ring v0.17.14
[INFO] [stderr]    Compiling typenum v1.20.0
[INFO] [stderr]    Compiling zerocopy v0.8.48
[INFO] [stderr]    Compiling zmij v1.0.21
[INFO] [stderr]    Compiling getrandom v0.2.17
[INFO] [stderr]    Compiling crc32fast v1.5.0
[INFO] [stderr]    Compiling untrusted v0.9.0
[INFO] [stderr]    Compiling serde_json v1.0.149
[INFO] [stderr]    Compiling rustix v1.1.4
[INFO] [stderr]    Compiling anyhow v1.0.102
[INFO] [stderr]    Compiling rustversion v1.0.22
[INFO] [stderr]    Compiling aho-corasick v1.1.4
[INFO] [stderr]    Compiling proc-macro-error-attr2 v2.0.0
[INFO] [stderr]    Compiling regex-syntax v0.8.10
[INFO] [stderr]    Compiling bitflags v2.11.1
[INFO] [stderr]    Compiling log v0.4.29
[INFO] [stderr]    Compiling adler2 v2.0.1
[INFO] [stderr]    Compiling percent-encoding v2.3.2
[INFO] [stderr]    Compiling once_cell v1.19.0
[INFO] [stderr]    Compiling itoa v1.0.18
[INFO] [stderr]    Compiling simd-adler32 v0.3.9
[INFO] [stderr]    Compiling thiserror v1.0.69
[INFO] [stderr]    Compiling getrandom v0.4.2
[INFO] [stderr]    Compiling equivalent v1.0.2
[INFO] [stderr]    Compiling rustls v0.23.40
[INFO] [stderr]    Compiling hashbrown v0.17.1
[INFO] [stderr]    Compiling linux-raw-sys v0.12.1
[INFO] [stderr]    Compiling miniz_oxide v0.8.9
[INFO] [stderr]    Compiling indexmap v2.14.0
[INFO] [stderr]    Compiling form_urlencoded v1.2.2
[INFO] [stderr]    Compiling block-buffer v0.10.4
[INFO] [stderr]    Compiling crypto-common v0.1.7
[INFO] [stderr]    Compiling rand_core v0.6.4
[INFO] [stderr]    Compiling webpki-roots v1.0.7
[INFO] [stderr]    Compiling regex-automata v0.4.14
[INFO] [stderr]    Compiling synstructure v0.13.2
[INFO] [stderr]    Compiling darling_core v0.20.11
[INFO] [stderr]    Compiling proc-macro-error2 v2.0.1
[INFO] [stderr]    Compiling heck v0.5.0
[INFO] [stderr]    Compiling subtle v2.6.1
[INFO] [stderr]    Compiling same-file v1.0.6
[INFO] [stderr]    Compiling toml_write v0.1.2
[INFO] [stderr]    Compiling option-ext v0.2.0
[INFO] [stderr]    Compiling winnow v0.7.15
[INFO] [stderr]    Compiling dirs-sys v0.4.1
[INFO] [stderr]    Compiling walkdir v2.5.0
[INFO] [stderr]    Compiling rustls-webpki v0.103.13
[INFO] [stderr]    Compiling xattr v1.6.1
[INFO] [stderr]    Compiling zerofrom-derive v0.1.7
[INFO] [stderr]    Compiling yoke-derive v0.8.2
[INFO] [stderr]    Compiling zerovec-derive v0.11.3
[INFO] [stderr]    Compiling displaydoc v0.2.5
[INFO] [stderr]    Compiling serde_derive v1.0.228
[INFO] [stderr]    Compiling zerofrom v0.1.8
[INFO] [stderr]    Compiling ppv-lite86 v0.2.21
[INFO] [stderr]    Compiling yoke v0.8.2
[INFO] [stderr]    Compiling thiserror-impl v1.0.69
[INFO] [stderr]    Compiling darling_macro v0.20.11
[INFO] [stderr]    Compiling zerotrie v0.2.4
[INFO] [stderr]    Compiling darling v0.20.11
[INFO] [stderr]    Compiling derive_builder_core v0.20.2
[INFO] [stderr]    Compiling rand_chacha v0.3.1
[INFO] [stderr]    Compiling zerovec v0.11.6
[INFO] [stderr]    Compiling regex v1.10.6
[INFO] [stderr]    Compiling getset v0.1.6
[INFO] [stderr]    Compiling strum_macros v0.26.4
[INFO] [stderr]    Compiling webpki-roots v0.26.11
[INFO] [stderr]    Compiling flate2 v1.1.9
[INFO] [stderr]    Compiling tinystr v0.8.3
[INFO] [stderr]    Compiling potential_utf v0.1.5
[INFO] [stderr]    Compiling icu_collections v2.2.0
[INFO] [stderr]    Compiling icu_locale_core v2.2.0
[INFO] [stderr]    Compiling derive_builder_macro v0.20.2
[INFO] [stderr]    Compiling digest v0.10.7
[INFO] [stderr]    Compiling derive_builder v0.20.2
[INFO] [stderr]    Compiling filetime v0.2.29
[INFO] [stderr]    Compiling cpufeatures v0.2.17
[INFO] [stderr]    Compiling strum v0.26.3
[INFO] [stderr]    Compiling base64 v0.22.1
[INFO] [stderr]    Compiling iana-time-zone v0.1.65
[INFO] [stderr]    Compiling crossbeam-utils v0.8.21
[INFO] [stderr]    Compiling chrono v0.4.44
[INFO] [stderr]    Compiling tar v0.4.46
[INFO] [stderr]    Compiling sha2 v0.10.9
[INFO] [stderr]    Compiling uuid v1.23.1
[INFO] [stderr]    Compiling icu_provider v2.2.0
[INFO] [stderr]    Compiling icu_normalizer v2.2.0
[INFO] [stderr]    Compiling icu_properties v2.2.0
[INFO] [stderr]    Compiling rand v0.8.6
[INFO] [stderr]    Compiling directories v5.0.1
[INFO] [stderr]    Compiling lazy_static v1.5.0
[INFO] [stderr]    Compiling base16ct v0.2.0
[INFO] [stderr]    Compiling intel-mkl-tool v0.8.1
[INFO] [stderr]    Compiling matrixmultiply v0.3.10
[INFO] [stderr]    Compiling num-complex v0.2.4
[INFO] [stderr]    Compiling rayon-core v1.13.0
[INFO] [stderr]    Compiling rawpointer v0.2.1
[INFO] [stderr]    Compiling thiserror v2.0.18
[INFO] [stderr]    Compiling num-complex v0.4.6
[INFO] [stderr]    Compiling thiserror-impl v2.0.18
[INFO] [stderr]    Compiling approx v0.5.1
[INFO] [stderr]    Compiling serde_spanned v0.6.9
[INFO] [stderr]    Compiling idna_adapter v1.2.2
[INFO] [stderr]    Compiling toml_datetime v0.6.11
[INFO] [stderr]    Compiling oci-spec v0.6.8
[INFO] [stderr]    Compiling crossbeam-epoch v0.9.18
[INFO] [stderr]    Compiling idna v1.1.0
[INFO] [stderr]    Compiling toml_edit v0.22.27
[INFO] [stderr]    Compiling num-integer v0.1.46
[INFO] [stderr]    Compiling crossbeam-deque v0.8.6
[INFO] [stderr]    Compiling url v2.5.8
[INFO] [stderr]    Compiling cblas-sys v0.1.4
[INFO] [stderr]    Compiling cauchy v0.4.0
[INFO] [stderr]    Compiling ndarray v0.17.2
[INFO] [stderr]    Compiling katexit v0.1.5
[INFO] [stderr]    Compiling ureq v2.12.1
[INFO] [stderr]    Compiling approx v0.3.2
[INFO] [stderr]    Compiling lapack-sys v0.15.0
[INFO] [stderr]    Compiling either v1.15.0
[INFO] [stderr]    Compiling alga v0.9.3
[INFO] [stderr]    Compiling rayon v1.12.0
[INFO] [stderr]    Compiling num_cpus v1.17.0
[INFO] [stderr]    Compiling smolprng v0.1.6
[INFO] [stderr]    Compiling toml v0.8.23
[INFO] [stderr]    Compiling ocipkg v0.2.9
[INFO] [stderr]    Compiling intel-mkl-src v0.8.1
[INFO] [stderr]    Compiling lax v0.18.0
[INFO] [stderr]    Compiling ndarray-linalg v0.18.1
[INFO] [stderr]    Compiling sprs v0.11.4
[INFO] [stderr]    Compiling herculesabqp v0.1.2 (/opt/rustwide/workdir)
[INFO] [stderr]     Finished `release` profile [optimized] target(s) in 2m 20s
[INFO] [stderr] warning: the following packages contain code that will be rejected by a future version of Rust: proc-macro-error2 v2.0.1
[INFO] [stderr] note: to see what the problems were, use the option `--future-incompat-report`, or run `cargo report future-incompatibilities --id 2`
[INFO] running `Command { std: "docker" "inspect" "989447b7e521742537cc5c9e2fe6b5b2756e4bb3e22d73fa49378f869f879b43", kill_on_drop: false }`
[INFO] running `Command { std: "docker" "exec" "-e" "SOURCE_DIR=/opt/rustwide/workdir" "-e" "CARGO_HOME=/opt/rustwide/cargo-home" "-e" "RUSTUP_HOME=/opt/rustwide/rustup-home" "-e" "CARGO_TARGET_DIR=/opt/rustwide/target" "-e" "CARGO_INCREMENTAL=0" "-e" "RUST_BACKTRACE=full" "-e" "RUSTFLAGS=--cap-lints=warn" "-e" "RUSTDOCFLAGS=--cap-lints=warn" "-w" "/opt/rustwide/workdir" "--user" "0:0" "989447b7e521742537cc5c9e2fe6b5b2756e4bb3e22d73fa49378f869f879b43" "/opt/rustwide/cargo-home/bin/cargo" "+1.99.0-beta.8" "test" "--frozen" "--no-run" "--message-format=json" "--release", kill_on_drop: false }`
[INFO] [stderr]    Compiling serde_core v1.0.228
[INFO] [stderr]    Compiling libm v0.2.16
[INFO] [stderr]    Compiling zerocopy v0.8.48
[INFO] [stderr]    Compiling cfg-if v1.0.4
[INFO] [stderr]    Compiling zerocopy-derive v0.8.48
[INFO] [stderr]    Compiling serde v1.0.228
[INFO] [stderr]    Compiling syn v1.0.109
[INFO] [stderr]    Compiling either v1.15.0
[INFO] [stderr]    Compiling getrandom v0.2.17
[INFO] [stderr]    Compiling rand_core v0.6.4
[INFO] [stderr]    Compiling strsim v0.10.0
[INFO] [stderr]    Compiling zmij v1.0.21
[INFO] [stderr]    Compiling serde_json v1.0.149
[INFO] [stderr]    Compiling itoa v1.0.18
[INFO] [stderr]    Compiling memchr v2.8.0
[INFO] [stderr]    Compiling rayon v1.12.0
[INFO] [stderr]    Compiling alloca v0.4.0
[INFO] [stderr]    Compiling clap_lex v1.1.0
[INFO] [stderr]    Compiling plotters-backend v0.3.7
[INFO] [stderr]    Compiling ciborium-io v0.2.2
[INFO] [stderr]    Compiling regex-syntax v0.8.10
[INFO] [stderr]    Compiling num-traits v0.2.19
[INFO] [stderr]    Compiling anstyle v1.0.14
[INFO] [stderr]    Compiling clap_builder v4.6.0
[INFO] [stderr]    Compiling plotters-svg v0.3.7
[INFO] [stderr]    Compiling approx v0.5.1
[INFO] [stderr]    Compiling num-integer v0.1.46
[INFO] [stderr]    Compiling num-complex v0.2.4
[INFO] [stderr]    Compiling approx v0.3.2
[INFO] [stderr]    Compiling alga v0.9.3
[INFO] [stderr]    Compiling regex-automata v0.4.14
[INFO] [stderr]    Compiling darling_core v0.14.4
[INFO] [stderr]    Compiling itertools v0.13.0
[INFO] [stderr]    Compiling thiserror v1.0.69
[INFO] [stderr]    Compiling same-file v1.0.6
[INFO] [stderr]    Compiling clarabel v0.11.1
[INFO] [stderr]    Compiling cast v0.3.0
[INFO] [stderr]    Compiling walkdir v2.5.0
[INFO] [stderr]    Compiling clap v4.6.1
[INFO] [stderr]    Compiling regex v1.10.6
[INFO] [stderr]    Compiling tinytemplate v1.2.1
[INFO] [stderr]    Compiling darling_macro v0.14.4
[INFO] [stderr]    Compiling darling v0.14.4
[INFO] [stderr]    Compiling derive_builder_core v0.11.2
[INFO] [stderr]    Compiling serde-big-array v0.5.1
[INFO] [stderr]    Compiling plotters v0.3.7
[INFO] [stderr]    Compiling amd v0.2.2
[INFO] [stderr]    Compiling criterion-plot v0.8.2
[INFO] [stderr]    Compiling ppv-lite86 v0.2.21
[INFO] [stderr]    Compiling half v2.7.1
[INFO] [stderr]    Compiling derive_builder_macro v0.11.2
[INFO] [stderr]    Compiling derive_builder v0.11.2
[INFO] [stderr]    Compiling ciborium-ll v0.2.2
[INFO] [stderr]    Compiling itertools v0.11.0
[INFO] [stderr]    Compiling rand_chacha v0.3.1
[INFO] [stderr]    Compiling ciborium v0.2.2
[INFO] [stderr]    Compiling rand v0.8.6
[INFO] [stderr]    Compiling enum_dispatch v0.3.13
[INFO] [stderr]    Compiling page_size v0.6.0
[INFO] [stderr]    Compiling lazy_static v1.5.0
[INFO] [stderr]    Compiling oorandom v11.1.5
[INFO] [stderr]    Compiling anes v0.1.6
[INFO] [stderr]    Compiling criterion v0.8.2
[INFO] [stderr]    Compiling num-complex v0.4.6
[INFO] [stderr]    Compiling ndarray v0.17.2
[INFO] [stderr]    Compiling cauchy v0.4.0
[INFO] [stderr]    Compiling lax v0.18.0
[INFO] [stderr]    Compiling ndarray-linalg v0.18.1
[INFO] [stderr]    Compiling sprs v0.11.4
[INFO] [stderr]    Compiling herculesabqp v0.1.2 (/opt/rustwide/workdir)
[INFO] [stdout] error: linking with `cc` failed: exit status: 1
[INFO] [stdout]   |
[INFO] [stdout]   = note:  "cc" "-m64" "<58 object files omitted>" "-Wl,--as-needed" "-Wl,-Bstatic" "<sysroot>/lib/rustlib/x86_64-unknown-linux-gnu/lib/libcompiler_builtins-*.rlib" "-Wl,-Bdynamic" "-lgcc_s" "-lutil" "-lrt" "-lpthread" "-lm" "-ldl" "-lc" "-L" "/opt/rustwide/target/release/examples/rustcMWvNTU/raw-dylibs" "-B<sysroot>/lib/rustlib/x86_64-unknown-linux-gnu/bin/gcc-ld" "-fuse-ld=lld" "-Wl,--eh-frame-hdr" "-Wl,-z,noexecstack" "-L" "/opt/rustwide/target/release/build/alloca-76b162934eb771e7/out" "-L" "<sysroot>/lib/rustlib/x86_64-unknown-linux-gnu/lib" "-o" "/opt/rustwide/target/release/examples/rust_explicit_solver-d326242c7c86e7c5" "-Wl,--gc-sections" "-pie" "-Wl,-z,relro,-z,now" "-Wl,-O1" "-Wl,--strip-debug" "-nodefaultlibs"
[INFO] [stdout]   = note: some arguments are omitted. use `--verbose` to show all linker arguments
[INFO] [stdout]   = note: rust-lld: error: undefined symbol: cblas_dgemv
[INFO] [stdout]           >>> referenced by herculesabqp.111cc47f9e287646-cgu.0
[INFO] [stdout]           >>>               /opt/rustwide/target/release/examples/rust_explicit_solver-d326242c7c86e7c5.herculesabqp-a535057cc44d1a03.herculesabqp.111cc47f9e287646-cgu.0.rcgu.o.rcgu.o:(<herculesabqp::matrix::QuadraticMatrix>::matvec_into)
[INFO] [stdout]           
[INFO] [stdout]           rust-lld: error: undefined symbol: dsytrs_
[INFO] [stdout]           >>> referenced by lax.7e46d09a16ddc290-cgu.0
[INFO] [stdout]           >>>               /opt/rustwide/target/release/examples/rust_explicit_solver-d326242c7c86e7c5.lax-f5a6f44ab78cd3c9.lax.7e46d09a16ddc290-cgu.0.rcgu.o.rcgu.o:(<f64 as lax::Lapack>::solveh)
[INFO] [stdout]           
[INFO] [stdout]           rust-lld: error: undefined symbol: cblas_ddot
[INFO] [stdout]           >>> referenced by herculesabqp.111cc47f9e287646-cgu.0
[INFO] [stdout]           >>>               /opt/rustwide/target/release/examples/rust_explicit_solver-d326242c7c86e7c5.herculesabqp-a535057cc44d1a03.herculesabqp.111cc47f9e287646-cgu.0.rcgu.o.rcgu.o:(<ndarray::ArrayRef<f64, ndarray::dimension::dim::Dim<[usize; 1]>>>::dot_impl)
[INFO] [stdout]           
[INFO] [stdout]           rust-lld: error: undefined symbol: dsytrf_
[INFO] [stdout]           >>> referenced by lax.7e46d09a16ddc290-cgu.0
[INFO] [stdout]           >>>               /opt/rustwide/target/release/examples/rust_explicit_solver-d326242c7c86e7c5.lax-f5a6f44ab78cd3c9.lax.7e46d09a16ddc290-cgu.0.rcgu.o.rcgu.o:(<lax::solveh::BkWork<f64> as lax::solveh::BkWorkImpl>::new)
[INFO] [stdout]           >>> referenced by lax.7e46d09a16ddc290-cgu.0
[INFO] [stdout]           >>>               /opt/rustwide/target/release/examples/rust_explicit_solver-d326242c7c86e7c5.lax-f5a6f44ab78cd3c9.lax.7e46d09a16ddc290-cgu.0.rcgu.o.rcgu.o:(<lax::solveh::BkWork<f64> as lax::solveh::BkWorkImpl>::eval)
[INFO] [stdout]           collect2: error: ld returned 1 exit status
[INFO] [stdout]           
[INFO] [stdout] 
[INFO] [stdout] 
[INFO] [stderr] error: could not compile `herculesabqp` (example "rust_explicit_solver") due to 1 previous error
[INFO] [stderr] warning: build failed, waiting for other jobs to finish...
[INFO] [stdout] error: linking with `cc` failed: exit status: 1
[INFO] [stdout]   |
[INFO] [stdout]   = note:  "cc" "-m64" "<58 object files omitted>" "-Wl,--as-needed" "-Wl,-Bstatic" "<sysroot>/lib/rustlib/x86_64-unknown-linux-gnu/lib/libcompiler_builtins-*.rlib" "-Wl,-Bdynamic" "-lgcc_s" "-lutil" "-lrt" "-lpthread" "-lm" "-ldl" "-lc" "-L" "/opt/rustwide/target/release/examples/rustclJLwRn/raw-dylibs" "-B<sysroot>/lib/rustlib/x86_64-unknown-linux-gnu/bin/gcc-ld" "-fuse-ld=lld" "-Wl,--eh-frame-hdr" "-Wl,-z,noexecstack" "-L" "/opt/rustwide/target/release/build/alloca-76b162934eb771e7/out" "-L" "<sysroot>/lib/rustlib/x86_64-unknown-linux-gnu/lib" "-o" "/opt/rustwide/target/release/examples/rust_implicit_solver-46b7640ed0409b3b" "-Wl,--gc-sections" "-pie" "-Wl,-z,relro,-z,now" "-Wl,-O1" "-Wl,--strip-debug" "-nodefaultlibs"
[INFO] [stdout]   = note: some arguments are omitted. use `--verbose` to show all linker arguments
[INFO] [stdout]   = note: rust-lld: error: undefined symbol: cblas_ddot
[INFO] [stdout]           >>> referenced by herculesabqp.111cc47f9e287646-cgu.0
[INFO] [stdout]           >>>               /opt/rustwide/target/release/examples/rust_implicit_solver-46b7640ed0409b3b.herculesabqp-a535057cc44d1a03.herculesabqp.111cc47f9e287646-cgu.0.rcgu.o.rcgu.o:(<ndarray::ArrayRef<f64, ndarray::dimension::dim::Dim<[usize; 1]>>>::dot_impl)
[INFO] [stdout]           collect2: error: ld returned 1 exit status
[INFO] [stdout]           
[INFO] [stdout] 
[INFO] [stdout] 
[INFO] [stderr] error: could not compile `herculesabqp` (example "rust_implicit_solver") due to 1 previous error
[INFO] [stdout] error: linking with `cc` failed: exit status: 1
[INFO] [stdout]   |
[INFO] [stdout]   = note:  "cc" "-m64" "<60 object files omitted>" "-Wl,--as-needed" "-Wl,-Bstatic" "<sysroot>/lib/rustlib/x86_64-unknown-linux-gnu/lib/libcompiler_builtins-*.rlib" "-Wl,-Bdynamic" "-lgcc_s" "-lutil" "-lrt" "-lpthread" "-lm" "-ldl" "-lc" "-L" "/opt/rustwide/target/release/deps/rustc2IWN2q/raw-dylibs" "-B<sysroot>/lib/rustlib/x86_64-unknown-linux-gnu/bin/gcc-ld" "-fuse-ld=lld" "-Wl,--eh-frame-hdr" "-Wl,-z,noexecstack" "-L" "/opt/rustwide/target/release/build/alloca-76b162934eb771e7/out" "-L" "<sysroot>/lib/rustlib/x86_64-unknown-linux-gnu/lib" "-o" "/opt/rustwide/target/release/deps/herculesabqp-ba0d60840f8438fd" "-Wl,--gc-sections" "-pie" "-Wl,-z,relro,-z,now" "-Wl,-O1" "-Wl,--strip-debug" "-nodefaultlibs"
[INFO] [stdout]   = note: some arguments are omitted. use `--verbose` to show all linker arguments
[INFO] [stdout]   = note: rust-lld: error: undefined symbol: cblas_dgemv
[INFO] [stdout]           >>> referenced by herculesabqp.e0366da5fcb5885a-cgu.0
[INFO] [stdout]           >>>               /opt/rustwide/target/release/deps/herculesabqp-ba0d60840f8438fd.herculesabqp.e0366da5fcb5885a-cgu.0.rcgu.o:(<herculesabqp::matrix::QuadraticMatrix>::matvec_into)
[INFO] [stdout]           
[INFO] [stdout]           rust-lld: error: undefined symbol: cblas_ddot
[INFO] [stdout]           >>> referenced by herculesabqp.e0366da5fcb5885a-cgu.0
[INFO] [stdout]           >>>               /opt/rustwide/target/release/deps/herculesabqp-ba0d60840f8438fd.herculesabqp.e0366da5fcb5885a-cgu.0.rcgu.o:(<ndarray::ArrayRef<f64, ndarray::dimension::dim::Dim<[usize; 1]>>>::dot_impl)
[INFO] [stdout]           
[INFO] [stdout]           rust-lld: error: undefined symbol: dsytrs_
[INFO] [stdout]           >>> referenced by lax.7e46d09a16ddc290-cgu.0
[INFO] [stdout]           >>>               /opt/rustwide/target/release/deps/herculesabqp-ba0d60840f8438fd.lax-f5a6f44ab78cd3c9.lax.7e46d09a16ddc290-cgu.0.rcgu.o.rcgu.o:(<f64 as lax::Lapack>::solveh)
[INFO] [stdout]           
[INFO] [stdout]           rust-lld: error: undefined symbol: dsytrf_
[INFO] [stdout]           >>> referenced by lax.7e46d09a16ddc290-cgu.0
[INFO] [stdout]           >>>               /opt/rustwide/target/release/deps/herculesabqp-ba0d60840f8438fd.lax-f5a6f44ab78cd3c9.lax.7e46d09a16ddc290-cgu.0.rcgu.o.rcgu.o:(<lax::solveh::BkWork<f64> as lax::solveh::BkWorkImpl>::new)
[INFO] [stdout]           >>> referenced by lax.7e46d09a16ddc290-cgu.0
[INFO] [stdout]           >>>               /opt/rustwide/target/release/deps/herculesabqp-ba0d60840f8438fd.lax-f5a6f44ab78cd3c9.lax.7e46d09a16ddc290-cgu.0.rcgu.o.rcgu.o:(<lax::solveh::BkWork<f64> as lax::solveh::BkWorkImpl>::eval)
[INFO] [stdout]           collect2: error: ld returned 1 exit status
[INFO] [stdout]           
[INFO] [stdout] 
[INFO] [stdout] 
[INFO] [stderr] error: could not compile `herculesabqp` (lib test) due to 1 previous error
[INFO] [stdout] error: linking with `cc` failed: exit status: 1
[INFO] [stdout]   |
[INFO] [stdout]   = note:  "cc" "-m64" "<72 object files omitted>" "-Wl,--as-needed" "-Wl,-Bstatic" "<sysroot>/lib/rustlib/x86_64-unknown-linux-gnu/lib/libcompiler_builtins-*.rlib" "-Wl,-Bdynamic" "-lgcc_s" "-lutil" "-lrt" "-lpthread" "-lm" "-ldl" "-lc" "-L" "/opt/rustwide/target/release/deps/rustcbVTtYA/raw-dylibs" "-B<sysroot>/lib/rustlib/x86_64-unknown-linux-gnu/bin/gcc-ld" "-fuse-ld=lld" "-Wl,--eh-frame-hdr" "-Wl,-z,noexecstack" "-L" "/opt/rustwide/target/release/build/alloca-76b162934eb771e7/out" "-L" "<sysroot>/lib/rustlib/x86_64-unknown-linux-gnu/lib" "-o" "/opt/rustwide/target/release/deps/clarabel_compare-e217462bcb8f771c" "-Wl,--gc-sections" "-pie" "-Wl,-z,relro,-z,now" "-Wl,-O1" "-Wl,--strip-debug" "-nodefaultlibs"
[INFO] [stdout]   = note: some arguments are omitted. use `--verbose` to show all linker arguments
[INFO] [stdout]   = note: rust-lld: error: undefined symbol: cblas_ddot
[INFO] [stdout]           >>> referenced by clarabel_compare.2f4a72d1beee2e80-cgu.0
[INFO] [stdout]           >>>               /opt/rustwide/target/release/deps/clarabel_compare-e217462bcb8f771c.clarabel_compare.2f4a72d1beee2e80-cgu.0.rcgu.o:(<ndarray::ArrayRef<f64, ndarray::dimension::dim::Dim<[usize; 1]>>>::dot_impl)
[INFO] [stdout]           >>> referenced by herculesabqp.111cc47f9e287646-cgu.0
[INFO] [stdout]           >>>               /opt/rustwide/target/release/deps/clarabel_compare-e217462bcb8f771c.herculesabqp-a535057cc44d1a03.herculesabqp.111cc47f9e287646-cgu.0.rcgu.o.rcgu.o:(<ndarray::ArrayRef<f64, ndarray::dimension::dim::Dim<[usize; 1]>>>::dot_impl)
[INFO] [stdout]           
[INFO] [stdout]           rust-lld: error: undefined symbol: cblas_dgemv
[INFO] [stdout]           >>> referenced by herculesabqp.111cc47f9e287646-cgu.0
[INFO] [stdout]           >>>               /opt/rustwide/target/release/deps/clarabel_compare-e217462bcb8f771c.herculesabqp-a535057cc44d1a03.herculesabqp.111cc47f9e287646-cgu.0.rcgu.o.rcgu.o:(<herculesabqp::matrix::QuadraticMatrix>::matvec_into)
[INFO] [stdout]           
[INFO] [stdout]           rust-lld: error: undefined symbol: dsytrs_
[INFO] [stdout]           >>> referenced by lax.7e46d09a16ddc290-cgu.0
[INFO] [stdout]           >>>               /opt/rustwide/target/release/deps/clarabel_compare-e217462bcb8f771c.lax-f5a6f44ab78cd3c9.lax.7e46d09a16ddc290-cgu.0.rcgu.o.rcgu.o:(<f64 as lax::Lapack>::solveh)
[INFO] [stdout]           
[INFO] [stdout]           rust-lld: error: undefined symbol: dsytrf_
[INFO] [stdout]           >>> referenced by lax.7e46d09a16ddc290-cgu.0
[INFO] [stdout]           >>>               /opt/rustwide/target/release/deps/clarabel_compare-e217462bcb8f771c.lax-f5a6f44ab78cd3c9.lax.7e46d09a16ddc290-cgu.0.rcgu.o.rcgu.o:(<lax::solveh::BkWork<f64> as lax::solveh::BkWorkImpl>::new)
[INFO] [stdout]           >>> referenced by lax.7e46d09a16ddc290-cgu.0
[INFO] [stdout]           >>>               /opt/rustwide/target/release/deps/clarabel_compare-e217462bcb8f771c.lax-f5a6f44ab78cd3c9.lax.7e46d09a16ddc290-cgu.0.rcgu.o.rcgu.o:(<lax::solveh::BkWork<f64> as lax::solveh::BkWorkImpl>::eval)
[INFO] [stdout]           collect2: error: ld returned 1 exit status
[INFO] [stdout]           
[INFO] [stdout] 
[INFO] [stdout] 
[INFO] [stderr] error: could not compile `herculesabqp` (test "clarabel_compare") due to 1 previous error
[INFO] running `Command { std: "docker" "inspect" "989447b7e521742537cc5c9e2fe6b5b2756e4bb3e22d73fa49378f869f879b43", kill_on_drop: false }`
[INFO] running `Command { std: "docker" "rm" "-f" "989447b7e521742537cc5c9e2fe6b5b2756e4bb3e22d73fa49378f869f879b43", kill_on_drop: false }`
[INFO] [stdout] 989447b7e521742537cc5c9e2fe6b5b2756e4bb3e22d73fa49378f869f879b43
